Results for 8.0.0 20170923 (experimental) (GCC) testsuite on x86_64-pc-linux-gnu WSL
Tim Prince
tprince818.tp@gmail.com
Mon Sep 25 00:58:00 GMT 2017
Native configuration is x86_64-pc-linux-gnu
      === gcc tests ===
Running target unix
FAIL: gcc.c-torture/compile/limits-exprparen.c  -O0 (internal compiler
error)
...
FAIL: gcc.target/i386/pr70021.c scan-tree-dump-times vect "vectorized 1
loops" 2
      === gcc Summary ===
# of expected passes      127246
# of unexpected failures   706
# of unexpected successes   25
# of expected failures      356
# of unsupported tests      2747
/mnt/c/Users/tim/gnu/wsl/gcc/xgcc version 8.0.0 20170923 (experimental)
(GCC)
      === gfortran tests ===
Running target unix
FAIL: gfortran.dg/elemental_dependency_4.f90Â Â -O0Â execution test
FAIL: gfortran.dg/internal_dummy_2.f08Â Â -O0Â execution test
FAIL: gfortran.dg/internal_dummy_2.f08Â Â -O1Â execution test
FAIL: gfortran.dg/internal_dummy_2.f08Â Â -O2Â execution test
FAIL: gfortran.dg/internal_dummy_2.f08Â Â -O3 -fomit-frame-pointer
-funroll-loops -fpeel-loops -ftracer -finline-functions execution test
FAIL: gfortran.dg/internal_dummy_2.f08  -O3 -g execution test
FAIL: gfortran.dg/internal_dummy_2.f08  -Os execution test
FAIL: gfortran.dg/internal_dummy_3.f08Â Â -O0Â execution test
FAIL: gfortran.dg/internal_dummy_3.f08Â Â -O1Â execution test
FAIL: gfortran.dg/internal_dummy_3.f08Â Â -O2Â execution test
FAIL: gfortran.dg/internal_dummy_3.f08Â Â -O3 -fomit-frame-pointer
-funroll-loops -fpeel-loops -ftracer -finline-functions execution test
FAIL: gfortran.dg/internal_dummy_3.f08  -O3 -g execution test
FAIL: gfortran.dg/internal_dummy_3.f08  -Os execution test
FAIL: gfortran.dg/internal_dummy_4.f08Â Â -O0Â execution test
FAIL: gfortran.dg/norm2_3.f90Â Â -O0Â execution test
FAIL: gfortran.dg/norm2_3.f90Â Â -O1Â execution test
FAIL: gfortran.dg/norm2_3.f90Â Â -O2Â execution test
FAIL: gfortran.dg/norm2_3.f90Â Â -O3 -fomit-frame-pointer -funroll-loops
-fpeel-loops -ftracer -finline-functions execution test
FAIL: gfortran.dg/norm2_3.f90  -O3 -g execution test
FAIL: gfortran.dg/norm2_3.f90  -Os execution test
FAIL: gfortran.dg/pointer_check_1.f90Â Â -O0Â output pattern test, is
FAIL: gfortran.dg/pointer_check_2.f90Â Â -O0Â output pattern test, is
FAIL: gfortran.dg/pointer_check_3.f90Â Â -O0Â output pattern test, is
FAIL: gfortran.dg/pointer_check_4.f90Â Â -O0Â output pattern test, is
WARNING: program timed out.
FAIL: gfortran.dg/pr68078.f90Â Â -O0Â execution test
WARNING: program timed out.
FAIL: gfortran.dg/pr68078.f90Â Â -O1Â execution test
WARNING: program timed out.
FAIL: gfortran.dg/pr68078.f90Â Â -O2Â execution test
FAIL: gfortran.dg/pr68078.f90Â Â -O3 -fomit-frame-pointer -funroll-loops
-fpeel-loops -ftracer -finline-functions (test for excess errors)
FAIL: gfortran.dg/pr68078.f90Â Â -O3 -fomit-frame-pointer -funroll-loops
-fpeel-loops -ftracer -finline-functions execution test
FAIL: gfortran.dg/pr68078.f90  -O3 -g (test for excess errors)
FAIL: gfortran.dg/pr68078.f90  -O3 -g execution test
FAIL: gfortran.dg/pr68078.f90  -Os (test for excess errors)
FAIL: gfortran.dg/pr68078.f90  -Os execution test
FAIL: gfortran.dg/pr68146.f  -O (test for excess errors)
FAIL: gfortran.dg/pr68151.f90Â Â -OÂ Â (test for errors, line 9)
FAIL: gfortran.dg/pr68151.f90Â Â -OÂ Â (test for errors, line 10)
FAIL: gfortran.dg/pr68151.f90Â Â -OÂ Â (test for errors, line 11)
FAIL: gfortran.dg/pr68151.f90Â Â -OÂ (test for excess errors)
FAIL: gfortran.dg/proc_ptr_18.f90Â Â -O0Â execution test
FAIL: gfortran.dg/proc_ptr_19.f90Â Â -O0Â execution test
FAIL: gfortran.dg/proc_ptr_20.f90Â Â -O0Â execution test
FAIL: gfortran.dg/proc_ptr_21.f90Â Â -O0Â execution test
FAIL: gfortran.dg/proc_ptr_23.f90Â Â -O0Â execution test
FAIL: gfortran.dg/proc_ptr_25.f90Â Â -O0Â execution test
FAIL: gfortran.dg/proc_ptr_47.f90Â Â -O0Â execution test
FAIL: gfortran.dg/proc_ptr_48.f90Â Â -O0Â execution test
FAIL: gfortran.dg/proc_ptr_5.f90Â Â -O0Â execution test
FAIL: gfortran.dg/proc_ptr_7.f90Â Â -O0Â execution test
FAIL: gfortran.dg/proc_ptr_comp_1.f90Â Â -O0Â execution test
FAIL: gfortran.dg/proc_ptr_comp_11.f90Â Â -O0Â execution test
FAIL: gfortran.dg/proc_ptr_comp_13.f90Â Â -O0Â execution test
FAIL: gfortran.dg/proc_ptr_comp_14.f90Â Â -O0Â execution test
FAIL: gfortran.dg/proc_ptr_comp_18.f90Â Â -O0Â execution test
FAIL: gfortran.dg/proc_ptr_comp_19.f90Â Â -O0Â execution test
FAIL: gfortran.dg/proc_ptr_comp_2.f90Â Â -O0Â execution test
FAIL: gfortran.dg/proc_ptr_comp_29.f90Â Â -O0Â execution test
FAIL: gfortran.dg/proc_ptr_comp_34.f90Â Â -O0Â execution test
FAIL: gfortran.dg/proc_ptr_comp_5.f90Â Â -O0Â execution test
FAIL: gfortran.dg/proc_ptr_comp_8.f90Â Â -O0Â execution test
FAIL: gfortran.dg/proc_ptr_comp_9.f90Â Â -O0Â execution test
FAIL: gfortran.dg/proc_ptr_comp_pass_3.f90Â Â -O0Â execution test
FAIL: gfortran.dg/proc_ptr_result_7.f90Â Â -O0Â execution test
FAIL: gfortran.dg/stat_1.f90Â Â -O0Â execution test
FAIL: gfortran.dg/stat_1.f90Â Â -O1Â execution test
FAIL: gfortran.dg/stat_1.f90Â Â -O2Â execution test
FAIL: gfortran.dg/stat_1.f90Â Â -O3 -fomit-frame-pointer -funroll-loops
-fpeel-loops -ftracer -finline-functions execution test
FAIL: gfortran.dg/stat_1.f90  -O3 -g execution test
FAIL: gfortran.dg/stat_1.f90  -Os execution test
FAIL: gfortran.dg/stat_2.f90Â Â -O0Â execution test
FAIL: gfortran.dg/stat_2.f90Â Â -O1Â execution test
FAIL: gfortran.dg/stat_2.f90Â Â -O2Â execution test
FAIL: gfortran.dg/stat_2.f90Â Â -O3 -fomit-frame-pointer -funroll-loops
-fpeel-loops -ftracer -finline-functions execution test
FAIL: gfortran.dg/stat_2.f90  -O3 -g execution test
FAIL: gfortran.dg/stat_2.f90  -Os execution test
FAIL: gfortran.dg/structure_constructor_11.f90Â Â -O0Â execution test
FAIL: gfortran.dg/structure_constructor_11.f90Â Â -O1Â execution test
FAIL: gfortran.dg/structure_constructor_11.f90Â Â -O2Â execution test
FAIL: gfortran.dg/structure_constructor_11.f90Â Â -O3
-fomit-frame-pointer -funroll-loops -fpeel-loops -ftracer
-finline-functions execution test
FAIL: gfortran.dg/structure_constructor_11.f90  -O3 -g execution test
FAIL: gfortran.dg/structure_constructor_11.f90  -Os execution test
FAIL: gfortran.dg/unlimited_polymorphic_19.f90Â Â -O0Â execution test
FAIL: gfortran.dg/ieee/large_1.f90Â Â -O0Â execution test
FAIL: gfortran.dg/ieee/large_2.f90Â Â -O0Â execution test
FAIL: gfortran.dg/ieee/large_2.f90Â Â -O1Â execution test
FAIL: gfortran.dg/ieee/large_2.f90Â Â -O2Â execution test
FAIL: gfortran.dg/ieee/large_2.f90Â Â -O3 -fomit-frame-pointer
-funroll-loops -fpeel-loops -ftracer -finline-functions execution test
FAIL: gfortran.dg/ieee/large_2.f90  -O3 -g execution test
FAIL: gfortran.dg/ieee/large_2.f90  -Os execution test
      === gfortran Summary ===
# of expected passes      45627
# of unexpected failures   88
# of expected failures      81
# of unsupported tests      77
/mnt/c/Users/tim/gnu/wsl/gcc/testsuite/gfortran/../../gfortran version
8.0.0 20170923 (experimental) (GCC)
      === g++ tests ===
Running target unix
FAIL: c-c++-common/asan/alloca_big_alignment.c  -O0 output pattern
test, is ==32303==AddressSanitizer CHECK failed:
...
FAIL: c-c++-common/ubsan/float-cast-overflow-7.c  -O2 -flto
-fuse-linker-plugin -fno-fat-lto-objects execution test
      === g++ Summary ===
# of expected passes      115207
# of unexpected failures   456
# of expected failures      371
# of unsupported tests      4439
/mnt/c/Users/tim/gnu/wsl/gcc/testsuite/g++/../../xg++Â version 8.0.0
20170923 (experimental) (GCC)
      === libatomic tests ===
Running target unix
      === libatomic Summary ===
# of expected passes      54
      === libgomp tests ===
Running target unix
FAIL: libgomp.c/pr52547.c execution test
      === libgomp Summary ===
# of expected passes      5210
# of unexpected failures   1
# of unsupported tests      328
      === libstdc++ tests ===
Running target unix
FAIL: 26_numerics/headers/cmath/hypot.cc execution test
FAIL: 27_io/basic_filebuf/close/char/4879.cc execution test
FAIL: 27_io/basic_filebuf/close/char/9964.cc execution test
FAIL: 27_io/basic_filebuf/seekoff/char/26777.cc execution test
FAIL: 27_io/basic_filebuf/showmanyc/char/9533-1.cc execution test
FAIL: 27_io/basic_filebuf/underflow/char/10097.cc execution test
FAIL: 27_io/objects/char/7.cc execution test
WARNING: program timed out.
FAIL: 27_io/objects/char/9661-1.cc execution test
FAIL: 27_io/objects/wchar_t/7.cc execution test
FAIL: 27_io/objects/wchar_t/9661-1.cc execution test
FAIL: experimental/filesystem/iterators/directory_iterator.cc execution test
FAIL: experimental/filesystem/iterators/recursive_directory_iterator.cc
execution test
FAIL: experimental/filesystem/operations/exists.cc execution test
FAIL: experimental/filesystem/operations/is_empty.cc execution test
FAIL: experimental/filesystem/operations/last_write_time.cc execution test
FAIL: experimental/filesystem/operations/permissions.cc execution test
FAIL: experimental/filesystem/operations/temp_directory_path.cc
execution test
      === libstdc++ Summary ===
# of expected passes      11615
# of unexpected failures   17
# of expected failures      70
# of unsupported tests      565
Compiler version: 8.0.0 20170923 (experimental) (GCC)
Platform: x86_64-pc-linux-gnu
configure flags: --enable-languages='c c++ fortran'
--prefix=/usr/local/gcc8 --disable-multilib --disable-libcilkrts
More information about the Gcc-testresults
mailing list