Results for 8.0.0 20170919 (experimental) [trunk revision 252981] (GCC) libstdc++ testsuite on x86_64-pc-linux-gnu
Jonathan Wakely
jwakely.gcc@gmail.com
Wed Sep 20 00:43:00 GMT 2017
Native configuration is x86_64-pc-linux-gnu
=== libstdc++ tests ===
Running target unix/-std=gnu++11
=== libstdc++ Summary for unix/-std=gnu++11 ===
# of expected passes 11828
# of expected failures 70
# of unsupported tests 572
Running target unix/-std=gnu++11/-D_GLIBCXX_USE_CXX11_ABI=0
=== libstdc++ Summary for unix/-std=gnu++11/-D_GLIBCXX_USE_CXX11_ABI=0 ===
# of expected passes 11795
# of expected failures 70
# of unsupported tests 590
Running target unix/-std=gnu++11/-m32
=== libstdc++ Summary for unix/-std=gnu++11/-m32 ===
# of expected passes 11836
# of expected failures 70
# of unsupported tests 568
Running target unix/-std=gnu++11/-m32/-D_GLIBCXX_USE_CXX11_ABI=0
=== libstdc++ Summary for unix/-std=gnu++11/-m32/-D_GLIBCXX_USE_CXX11_ABI=0 ===
# of expected passes 11803
# of expected failures 70
# of unsupported tests 586
Running target unix/-std=gnu++14
=== libstdc++ Summary for unix/-std=gnu++14 ===
# of expected passes 12433
# of expected failures 70
# of unsupported tests 251
Running target unix/-std=gnu++14/-D_GLIBCXX_USE_CXX11_ABI=0
=== libstdc++ Summary for unix/-std=gnu++14/-D_GLIBCXX_USE_CXX11_ABI=0 ===
# of expected passes 12400
# of expected failures 70
# of unsupported tests 269
Running target unix/-std=gnu++14/-m32
=== libstdc++ Summary for unix/-std=gnu++14/-m32 ===
# of expected passes 12441
# of expected failures 70
# of unsupported tests 247
Running target unix/-std=gnu++14/-m32/-D_GLIBCXX_USE_CXX11_ABI=0
=== libstdc++ Summary for unix/-std=gnu++14/-m32/-D_GLIBCXX_USE_CXX11_ABI=0 ===
# of expected passes 12408
# of expected failures 70
# of unsupported tests 265
Running target unix/-std=gnu++17
FAIL: 21_strings/basic_string/cons/char/moveable2.cc execution test
FAIL: 21_strings/basic_string/cons/wchar_t/moveable2.cc execution test
FAIL: 24_iterators/range_access_cpp17.cc (test for excess errors)
=== libstdc++ Summary for unix/-std=gnu++17 ===
# of expected passes 12385
# of unexpected failures 3
# of expected failures 71
# of unsupported tests 262
Running target unix/-std=gnu++17/-D_GLIBCXX_USE_CXX11_ABI=0
FAIL: 21_strings/basic_string/cons/char/moveable2.cc execution test
FAIL: 21_strings/basic_string/cons/wchar_t/moveable2.cc execution test
FAIL: 24_iterators/range_access_cpp17.cc (test for excess errors)
=== libstdc++ Summary for unix/-std=gnu++17/-D_GLIBCXX_USE_CXX11_ABI=0 ===
# of expected passes 12352
# of unexpected failures 3
# of expected failures 71
# of unsupported tests 280
Running target unix/-std=gnu++17/-m32
FAIL: 21_strings/basic_string/cons/char/moveable2.cc execution test
FAIL: 21_strings/basic_string/cons/wchar_t/moveable2.cc execution test
FAIL: 24_iterators/range_access_cpp17.cc (test for excess errors)
=== libstdc++ Summary for unix/-std=gnu++17/-m32 ===
# of expected passes 12393
# of unexpected failures 3
# of expected failures 71
# of unsupported tests 258
Running target unix/-std=gnu++17/-m32/-D_GLIBCXX_USE_CXX11_ABI=0
FAIL: 21_strings/basic_string/cons/char/moveable2.cc execution test
FAIL: 21_strings/basic_string/cons/wchar_t/moveable2.cc execution test
FAIL: 24_iterators/range_access_cpp17.cc (test for excess errors)
=== libstdc++ Summary for unix/-std=gnu++17/-m32/-D_GLIBCXX_USE_CXX11_ABI=0 ===
# of expected passes 12360
# of unexpected failures 3
# of expected failures 71
# of unsupported tests 276
Running target unix/-std=gnu++98
=== libstdc++ Summary for unix/-std=gnu++98 ===
# of expected passes 6648
# of expected failures 23
# of unsupported tests 3467
Running target unix/-std=gnu++98/-D_GLIBCXX_USE_CXX11_ABI=0
=== libstdc++ Summary for unix/-std=gnu++98/-D_GLIBCXX_USE_CXX11_ABI=0 ===
# of expected passes 6648
# of expected failures 23
# of unsupported tests 3467
Running target unix/-std=gnu++98/-m32
=== libstdc++ Summary for unix/-std=gnu++98/-m32 ===
# of expected passes 6648
# of expected failures 23
# of unsupported tests 3467
Running target unix/-std=gnu++98/-m32/-D_GLIBCXX_USE_CXX11_ABI=0
=== libstdc++ Summary for unix/-std=gnu++98/-m32/-D_GLIBCXX_USE_CXX11_ABI=0 ===
# of expected passes 6648
# of expected failures 23
# of unsupported tests 3467
=== libstdc++ Summary ===
# of expected passes 173026
# of unexpected failures 12
# of expected failures 936
# of unsupported tests 18292
gcc version 8.0.0 20170919 (experimental) [trunk revision 252981] (GCC)
Compiler version: 8.0.0 20170919 (experimental) [trunk revision 252981] (GCC) libstdc++
Platform: x86_64-pc-linux-gnu
configure flags: --enable-languages=c++ --disable-bootstrap --disable-libcc1 --disable-libcilkrts --disable-libhsail-rt --disable-libmpx --disable-liboffloadmic --disable-libvtv --with-system-zlib --with-gnu-ld --with-gnu-as --without-isl
Fedora release 26 (Twenty Six)
GNU C Library (GNU libc) stable release version 2.25, by Roland McGrath et al.
GNU assembler version 2.27-24.fc26
GNU ld version 2.27-24.fc26
DejaGnu version 1.6
Expect version 5.45
Tcl version 8.6
More information about the Gcc-testresults
mailing list