Results for 8.0.0 20170917 (experimental) [master revision 61cfebc:958630e:dba5ed0deba7aaa788d221e04aadc2fc2efa54d1] (Cavium Inc. (Build 1951)) testsuite on aarch64-unknown-linux-gnu
jenkins@cavium.com
jenkins@cavium.com
Sun Sep 17 22:57:00 GMT 2017
LAST_UPDATED: Sun Sep 17 19:23:35 UTC 2017 (revision 61cfebc:958630e:dba5ed0deba7aaa788d221e04aadc2fc2efa54d1)
Native configuration is aarch64-unknown-linux-gnu
=== libatomic tests ===
Running target unix
=== libatomic Summary ===
# of expected passes 54
=== libffi tests ===
Running target unix
=== libffi Summary ===
# of expected passes 2214
=== libgo tests ===
Running target unix
=== libgo Summary ===
# of expected passes 154
/data1/jenkins/workspace/BuildThunderX_native_gcc_upstream/objdir/./gcc/gccgo version 8.0.0 20170917 (experimental) [master revision 61cfebc:958630e:dba5ed0deba7aaa788d221e04aadc2fc2efa54d1] (Cavium Inc. (Build 1951))
=== libgomp tests ===
Running target unix
=== libgomp Summary ===
# of expected passes 5113
# of unsupported tests 377
=== libitm tests ===
Running target unix
=== libitm Summary ===
# of expected passes 42
# of expected failures 3
# of unsupported tests 1
=== libstdc++ tests ===
Running target unix
FAIL: 27_io/manipulators/extended/get_money/char/1.cc execution test
=== libstdc++ Summary ===
# of expected passes 11629
# of unexpected failures 1
# of expected failures 70
# of unsupported tests 558
=== gcc tests ===
Running target unix
XPASS: gcc.dg/pr78768.c -Wformat-overflow (test for warnings, line 12)
FAIL: gcc.dg/sancov/cmp0.c -O0 scan-tree-dump-times optimized "__builtin___sanitizer_cov_trace_const_cmp" 7
FAIL: gcc.dg/sancov/cmp0.c -O0 scan-tree-dump-times optimized "__builtin___sanitizer_cov_trace_switch \\\\(" 2
FAIL: gcc.dg/sancov/cmp0.c -O0 -g scan-tree-dump-times optimized "__builtin___sanitizer_cov_trace_const_cmp" 7
FAIL: gcc.dg/sancov/cmp0.c -O0 -g scan-tree-dump-times optimized "__builtin___sanitizer_cov_trace_switch \\\\(" 2
FAIL: gcc.dg/vect/pr65947-14.c -flto -ffat-lto-objects execution test
FAIL: gcc.dg/vect/pr65947-14.c execution test
FAIL: gcc.dg/vect/pr65947-9.c -flto -ffat-lto-objects scan-tree-dump vect "loop size is greater than data size"
FAIL: gcc.dg/vect/pr65947-9.c scan-tree-dump vect "loop size is greater than data size"
FAIL: gcc.dg/vect/slp-perm-9.c -flto -ffat-lto-objects scan-tree-dump-times vect "vectorized 1 loops" 1
FAIL: gcc.dg/vect/slp-perm-9.c scan-tree-dump-times vect "vectorized 1 loops" 1
XPASS: gcc.dg/vect/vect-95.c -flto -ffat-lto-objects scan-tree-dump-times vect "Alignment of access forced using peeling" 0
XPASS: gcc.dg/vect/vect-95.c scan-tree-dump-times vect "Alignment of access forced using peeling" 0
FAIL: gcc.target/aarch64/vect-abs-compile.c scan-assembler abs\\\\tv[0-9]+.16b
FAIL: gcc.target/aarch64/vect-abs-compile.c scan-assembler abs\\\\tv[0-9]+.8h
=== gcc Summary ===
# of expected passes 115163
# of unexpected failures 12
# of unexpected successes 3
# of expected failures 343
# of unsupported tests 3231
/data1/jenkins/workspace/BuildThunderX_native_gcc_upstream/objdir/gcc/xgcc version 8.0.0 20170917 (experimental) [master revision 61cfebc:958630e:dba5ed0deba7aaa788d221e04aadc2fc2efa54d1] (Cavium Inc. (Build 1951))
=== gfortran tests ===
Running target unix
=== gfortran Summary ===
# of expected passes 45026
# of expected failures 88
# of unsupported tests 74
/data1/jenkins/workspace/BuildThunderX_native_gcc_upstream/objdir/gcc/testsuite/gfortran/../../gfortran version 8.0.0 20170917 (experimental) [master revision 61cfebc:958630e:dba5ed0deba7aaa788d221e04aadc2fc2efa54d1] (Cavium Inc. (Build 1951))
=== g++ tests ===
Running target unix
FAIL: g++.dg/vect/slp-pr56812.cc -std=c++11 scan-tree-dump-times slp1 "basic block vectorized" 1
FAIL: g++.dg/vect/slp-pr56812.cc -std=c++14 scan-tree-dump-times slp1 "basic block vectorized" 1
FAIL: g++.dg/vect/slp-pr56812.cc -std=c++98 scan-tree-dump-times slp1 "basic block vectorized" 1
=== g++ Summary ===
# of expected passes 113508
# of unexpected failures 3
# of expected failures 374
# of unsupported tests 4861
/data1/jenkins/workspace/BuildThunderX_native_gcc_upstream/objdir/gcc/testsuite/g++/../../xg++ version 8.0.0 20170917 (experimental) [master revision 61cfebc:958630e:dba5ed0deba7aaa788d221e04aadc2fc2efa54d1] (Cavium Inc. (Build 1951))
=== go tests ===
Running target unix
FAIL: go.test/test/cmplxdivide.go
FAIL: go.test/test/ken/cplx2.go execution, -O2 -g
WARNING: program timed out.
=== go Summary ===
# of expected passes 7242
# of unexpected failures 2
# of expected failures 1
# of untested testcases 10
# of unsupported tests 3
/data1/jenkins/workspace/BuildThunderX_native_gcc_upstream/objdir/gcc/testsuite/go/../../gccgo version 8.0.0 20170917 (experimental) [master revision 61cfebc:958630e:dba5ed0deba7aaa788d221e04aadc2fc2efa54d1] (Cavium Inc. (Build 1951))
=== gotools tests ===
=== gotools Summary ===
# of expected passes 361
# of untested testcases 132
/data1/jenkins/workspace/BuildThunderX_native_gcc_upstream/objdir/./gcc/gccgo version 8.0.0 20170917 (experimental) [master revision 61cfebc:958630e:dba5ed0deba7aaa788d221e04aadc2fc2efa54d1] (Cavium Inc. (Build 1951))
Compiler version: 8.0.0 20170917 (experimental) [master revision 61cfebc:958630e:dba5ed0deba7aaa788d221e04aadc2fc2efa54d1] (Cavium Inc. (Build 1951))
Platform: aarch64-unknown-linux-gnu
configure flags: --prefix=/data1/jenkins/workspace/BuildThunderX_native_gcc_upstream/objdir/../tools --enable-languages=c,c++,fortran,go --disable-werror --with-sysroot=/ --enable-plugins --enable-gnu-indirect-function --with-pkgversion='Cavium Inc. (Build 1951)'
More information about the Gcc-testresults
mailing list