Results for 8.0.0 20170913 (experimental) [trunk revision 252732] (GCC) testsuite on x86_64-pc-linux-gnu
Andreas Tobler
andreast@m91pl.andreas.nets
Thu Sep 14 04:42:00 GMT 2017
LAST_UPDATED: Wed Sep 13 19:38:10 UTC 2017 (revision 252732)
Native configuration is x86_64-pc-linux-gnu
=== gcc tests ===
Running target unix
FAIL: gcc.dg/20050503-1.c scan-assembler-not call
XPASS: gcc.dg/pr78768.c -Wformat-overflow (test for warnings, line 12)
UNRESOLVED: gcc.dg/lto/chkp-ctor-merge c_lto_chkp-ctor-merge_0.o-c_lto_chkp-ctor-merge_0.o execute -O2 -flto -fcheck-pointer-bounds -mmpx -nodefaultlibs -lc
FAIL: gcc.dg/lto/chkp-ctor-merge c_lto_chkp-ctor-merge_0.o-c_lto_chkp-ctor-merge_0.o link, -O2 -flto -fcheck-pointer-bounds -mmpx -nodefaultlibs -lc (internal compiler error)
FAIL: gcc.dg/vect/pr65947-14.c -flto -ffat-lto-objects execution test
FAIL: gcc.dg/vect/pr65947-14.c execution test
FAIL: gcc.target/i386/pr70021.c scan-tree-dump-times vect "vectorized 1 loops" 2
=== gcc Summary for unix ===
# of expected passes 130148
# of unexpected failures 5
# of unexpected successes 1
# of expected failures 362
# of unresolved testcases 1
# of unsupported tests 1931
Running target unix/-m32
FAIL: gcc.dg/20050503-1.c scan-assembler-not call
XPASS: gcc.dg/pr78768.c -Wformat-overflow (test for warnings, line 12)
UNRESOLVED: gcc.dg/lto/chkp-ctor-merge c_lto_chkp-ctor-merge_0.o-c_lto_chkp-ctor-merge_0.o execute -O2 -flto -fcheck-pointer-bounds -mmpx -nodefaultlibs -lc
FAIL: gcc.dg/lto/chkp-ctor-merge c_lto_chkp-ctor-merge_0.o-c_lto_chkp-ctor-merge_0.o link, -O2 -flto -fcheck-pointer-bounds -mmpx -nodefaultlibs -lc (internal compiler error)
FAIL: gcc.dg/vect/pr65947-14.c -flto -ffat-lto-objects execution test
FAIL: gcc.dg/vect/pr65947-14.c execution test
FAIL: gcc.target/i386/pr70021.c scan-tree-dump-times vect "vectorized 1 loops" 2
FAIL: gcc.target/i386/pr71245-1.c scan-assembler-not (fistp|fild)
FAIL: gcc.target/i386/pr71245-2.c scan-assembler-not movlps
=== gcc Summary for unix/-m32 ===
# of expected passes 128500
# of unexpected failures 7
# of unexpected successes 1
# of expected failures 367
# of unresolved testcases 1
# of unsupported tests 2002
=== gcc Summary ===
# of expected passes 258648
# of unexpected failures 12
# of unexpected successes 2
# of expected failures 729
# of unresolved testcases 2
# of unsupported tests 3933
/export/devel/build/gcc/head/objdir/gcc/xgcc version 8.0.0 20170913 (experimental) [trunk revision 252732] (GCC)
=== gfortran tests ===
Running target unix
=== gfortran Summary for unix ===
# of expected passes 45599
# of expected failures 82
# of unsupported tests 71
Running target unix/-m32
=== gfortran Summary for unix/-m32 ===
# of expected passes 45380
# of expected failures 82
# of unsupported tests 176
=== gfortran Summary ===
# of expected passes 90979
# of expected failures 164
# of unsupported tests 247
/export/devel/build/gcc/head/objdir/gcc/gfortran version 8.0.0 20170913 (experimental) [trunk revision 252732] (GCC)
=== g++ tests ===
Running target unix
=== g++ Summary for unix ===
# of expected passes 116418
# of expected failures 380
# of unsupported tests 4265
Running target unix/-m32
FAIL: g++.dg/pr62079.C (internal compiler error)
FAIL: g++.dg/pr62079.C (test for excess errors)
FAIL: g++.dg/template/nontype10.C -std=c++11 (test for excess errors)
FAIL: g++.dg/template/nontype10.C -std=c++14 (test for excess errors)
FAIL: g++.dg/template/nontype10.C -std=c++98 (test for excess errors)
=== g++ Summary for unix/-m32 ===
# of expected passes 114849
# of unexpected failures 5
# of expected failures 380
# of unsupported tests 4039
=== g++ Summary ===
# of expected passes 231267
# of unexpected failures 5
# of expected failures 760
# of unsupported tests 8304
/export/devel/build/gcc/head/objdir/gcc/xg++ version 8.0.0 20170913 (experimental) [trunk revision 252732] (GCC)
=== objc tests ===
Running target unix
=== objc Summary for unix ===
# of expected passes 2797
# of expected failures 6
# of unsupported tests 68
Running target unix/-m32
=== objc Summary for unix/-m32 ===
# of expected passes 2797
# of expected failures 6
# of unsupported tests 68
=== objc Summary ===
# of expected passes 5594
# of expected failures 12
# of unsupported tests 136
/export/devel/build/gcc/head/objdir/gcc/xgcc version 8.0.0 20170913 (experimental) [trunk revision 252732] (GCC)
=== libatomic tests ===
Running target unix/-m32
=== libatomic Summary for unix/-m32 ===
# of expected passes 44
# of unsupported tests 5
Running target unix
=== libatomic Summary for unix ===
# of expected passes 54
=== libatomic Summary ===
# of expected passes 98
# of unsupported tests 5
=== libgomp tests ===
Running target unix/-m32
=== libgomp Summary for unix/-m32 ===
# of expected passes 5230
# of unsupported tests 316
Running target unix
=== libgomp Summary for unix ===
# of expected passes 5230
# of unsupported tests 316
=== libgomp Summary ===
# of expected passes 10460
# of unsupported tests 632
=== libitm tests ===
Running target unix/-m32
=== libitm Summary for unix/-m32 ===
# of expected passes 42
# of expected failures 3
# of unsupported tests 1
Running target unix
=== libitm Summary for unix ===
# of expected passes 42
# of expected failures 3
# of unsupported tests 1
=== libitm Summary ===
# of expected passes 84
# of expected failures 6
# of unsupported tests 2
=== libstdc++ tests ===
Running target unix
=== libstdc++ Summary for unix ===
# of expected passes 11803
# of expected failures 70
# of unsupported tests 565
Running target unix/-m32
=== libstdc++ Summary for unix/-m32 ===
# of expected passes 11811
# of expected failures 70
# of unsupported tests 561
=== libstdc++ Summary ===
# of expected passes 23614
# of expected failures 140
# of unsupported tests 1126
Compiler version: 8.0.0 20170913 (experimental) [trunk revision 252732] (GCC)
Platform: x86_64-pc-linux-gnu
configure flags: --prefix=/export/devel/build/gcc/head/testbin
More information about the Gcc-testresults
mailing list