Results for 8.0.0 20170910 (experimental) [trunk revision 251951] (GCC) testsuite on powerpc64-unknown-linux-gnu
Bill Seurer (POWER7)
seurer@linux.vnet.ibm.com
Sun Sep 10 22:58:00 GMT 2017
Linux 2.6.32-696.10.1.el6.ppc64 ppc64
GNU C Library stable release version 2.12
GNU ld (GNU Binutils) 2.26.20160125
GNU assembler (GNU Binutils) 2.26.20160125
GNU Make 3.81
DejaGnu:
Expect version is 5.44.1.15
Tcl version is 8.5
Framework version is 1.4.4
64-bit
LAST_UPDATED: Sun Sep 10 17:59:16 UTC 2017 (revision 251951)
Native configuration is powerpc64-unknown-linux-gnu
=== g++ tests ===
Running target unix/-m32
=== g++ Summary ===
# of expected passes 2669
# of expected failures 2
# of unsupported tests 251
/home/gccbuild/build/nightly/build-gcc-trunk/gcc/testsuite/g++10/../../xg++ version 8.0.0 20170910 (experimental) [trunk revision 251951] (GCC)
=== g++ tests ===
Running target unix/-m32
=== g++ Summary ===
# of expected passes 1189
# of expected failures 9
# of unsupported tests 222
/home/gccbuild/build/nightly/build-gcc-trunk/gcc/testsuite/g++11/../../xg++ version 8.0.0 20170910 (experimental) [trunk revision 251951] (GCC)
=== g++ tests ===
Running target unix/-m32
=== g++ Summary ===
# of expected passes 482
# of unsupported tests 138
/home/gccbuild/build/nightly/build-gcc-trunk/gcc/testsuite/g++12/../../xg++ version 8.0.0 20170910 (experimental) [trunk revision 251951] (GCC)
=== g++ tests ===
Running target unix/-m32
=== g++ Summary ===
# of expected passes 229
# of unsupported tests 53
/home/gccbuild/build/nightly/build-gcc-trunk/gcc/testsuite/g++13/../../xg++ version 8.0.0 20170910 (experimental) [trunk revision 251951] (GCC)
=== g++ tests ===
Running target unix/-m32
=== g++ Summary ===
# of expected passes 357
# of unsupported tests 107
/home/gccbuild/build/nightly/build-gcc-trunk/gcc/testsuite/g++14/../../xg++ version 8.0.0 20170910 (experimental) [trunk revision 251951] (GCC)
=== g++ tests ===
Running target unix/-m32
=== g++ Summary ===
# of expected passes 93
# of unsupported tests 50
/home/gccbuild/build/nightly/build-gcc-trunk/gcc/testsuite/g++15/../../xg++ version 8.0.0 20170910 (experimental) [trunk revision 251951] (GCC)
=== g++ tests ===
Running target unix/-m32
=== g++ Summary ===
# of expected passes 3328
# of unsupported tests 293
/home/gccbuild/build/nightly/build-gcc-trunk/gcc/testsuite/g++1/../../xg++ version 8.0.0 20170910 (experimental) [trunk revision 251951] (GCC)
=== g++ tests ===
Running target unix/-m32
=== g++ Summary ===
# of expected passes 1061
# of unsupported tests 155
/home/gccbuild/build/nightly/build-gcc-trunk/gcc/testsuite/g++2/../../xg++ version 8.0.0 20170910 (experimental) [trunk revision 251951] (GCC)
=== g++ tests ===
Running target unix/-m32
=== g++ Summary ===
# of expected passes 1489
# of unsupported tests 242
/home/gccbuild/build/nightly/build-gcc-trunk/gcc/testsuite/g++3/../../xg++ version 8.0.0 20170910 (experimental) [trunk revision 251951] (GCC)
=== g++ tests ===
Running target unix/-m32
=== g++ Summary ===
# of expected passes 1142
# of unsupported tests 201
/home/gccbuild/build/nightly/build-gcc-trunk/gcc/testsuite/g++4/../../xg++ version 8.0.0 20170910 (experimental) [trunk revision 251951] (GCC)
=== g++ tests ===
Running target unix/-m32
=== g++ Summary ===
# of expected passes 2425
# of expected failures 3
# of unsupported tests 247
/home/gccbuild/build/nightly/build-gcc-trunk/gcc/testsuite/g++5/../../xg++ version 8.0.0 20170910 (experimental) [trunk revision 251951] (GCC)
=== g++ tests ===
Running target unix/-m32
=== g++ Summary ===
# of expected passes 1686
# of unsupported tests 300
/home/gccbuild/build/nightly/build-gcc-trunk/gcc/testsuite/g++6/../../xg++ version 8.0.0 20170910 (experimental) [trunk revision 251951] (GCC)
=== g++ tests ===
Running target unix/-m32
=== g++ Summary ===
# of expected passes 1455
# of unsupported tests 202
/home/gccbuild/build/nightly/build-gcc-trunk/gcc/testsuite/g++7/../../xg++ version 8.0.0 20170910 (experimental) [trunk revision 251951] (GCC)
=== g++ tests ===
Running target unix/-m32
=== g++ Summary ===
# of expected passes 2258
# of unsupported tests 210
/home/gccbuild/build/nightly/build-gcc-trunk/gcc/testsuite/g++8/../../xg++ version 8.0.0 20170910 (experimental) [trunk revision 251951] (GCC)
=== g++ tests ===
Running target unix/-m32
=== g++ Summary ===
# of expected passes 1560
# of expected failures 2
# of unsupported tests 174
/home/gccbuild/build/nightly/build-gcc-trunk/gcc/testsuite/g++9/../../xg++ version 8.0.0 20170910 (experimental) [trunk revision 251951] (GCC)
=== gcc tests ===
Running target unix/-m32
=== gcc Summary ===
# of expected passes 849
/home/gccbuild/build/nightly/build-gcc-trunk/gcc/xgcc version 8.0.0 20170910 (experimental) [trunk revision 251951] (GCC)
=== gcc tests ===
Running target unix/-m32
=== gcc Summary ===
# of expected passes 752
# of unsupported tests 1
/home/gccbuild/build/nightly/build-gcc-trunk/gcc/xgcc version 8.0.0 20170910 (experimental) [trunk revision 251951] (GCC)
=== gcc tests ===
Running target unix/-m32
=== gcc Summary ===
# of expected passes 775
# of unsupported tests 1
/home/gccbuild/build/nightly/build-gcc-trunk/gcc/xgcc version 8.0.0 20170910 (experimental) [trunk revision 251951] (GCC)
=== gcc tests ===
Running target unix/-m32
=== gcc Summary ===
# of expected passes 814
/home/gccbuild/build/nightly/build-gcc-trunk/gcc/xgcc version 8.0.0 20170910 (experimental) [trunk revision 251951] (GCC)
=== gcc tests ===
Running target unix/-m32
=== gcc Summary ===
# of expected passes 668
# of unsupported tests 15
/home/gccbuild/build/nightly/build-gcc-trunk/gcc/xgcc version 8.0.0 20170910 (experimental) [trunk revision 251951] (GCC)
=== gcc tests ===
Running target unix/-m32
=== gcc Summary ===
# of expected passes 386
/home/gccbuild/build/nightly/build-gcc-trunk/gcc/xgcc version 8.0.0 20170910 (experimental) [trunk revision 251951] (GCC)
=== gcc tests ===
Running target unix/-m32
=== gcc Summary ===
# of expected passes 388
/home/gccbuild/build/nightly/build-gcc-trunk/gcc/xgcc version 8.0.0 20170910 (experimental) [trunk revision 251951] (GCC)
=== gcc tests ===
Running target unix/-m32
=== gcc Summary ===
# of expected passes 368
/home/gccbuild/build/nightly/build-gcc-trunk/gcc/xgcc version 8.0.0 20170910 (experimental) [trunk revision 251951] (GCC)
=== gcc tests ===
Running target unix/-m32
=== gcc Summary ===
# of expected passes 272
/home/gccbuild/build/nightly/build-gcc-trunk/gcc/xgcc version 8.0.0 20170910 (experimental) [trunk revision 251951] (GCC)
=== gcc tests ===
Running target unix/-m32
=== gcc Summary ===
# of expected passes 191
/home/gccbuild/build/nightly/build-gcc-trunk/gcc/xgcc version 8.0.0 20170910 (experimental) [trunk revision 251951] (GCC)
=== gcc tests ===
Running target unix/-m32
=== gcc Summary ===
# of expected passes 3015
# of unsupported tests 14
/home/gccbuild/build/nightly/build-gcc-trunk/gcc/xgcc version 8.0.0 20170910 (experimental) [trunk revision 251951] (GCC)
=== gcc tests ===
Running target unix/-m32
=== gcc Summary ===
# of expected passes 180
/home/gccbuild/build/nightly/build-gcc-trunk/gcc/xgcc version 8.0.0 20170910 (experimental) [trunk revision 251951] (GCC)
=== gcc tests ===
Running target unix/-m32
=== gcc Summary ===
# of expected passes 56
/home/gccbuild/build/nightly/build-gcc-trunk/gcc/xgcc version 8.0.0 20170910 (experimental) [trunk revision 251951] (GCC)
=== gcc tests ===
Running target unix/-m32
=== gcc Summary ===
# of expected passes 2346
/home/gccbuild/build/nightly/build-gcc-trunk/gcc/xgcc version 8.0.0 20170910 (experimental) [trunk revision 251951] (GCC)
=== gcc tests ===
Running target unix/-m32
=== gcc Summary ===
# of expected passes 1034
# of unsupported tests 28
/home/gccbuild/build/nightly/build-gcc-trunk/gcc/xgcc version 8.0.0 20170910 (experimental) [trunk revision 251951] (GCC)
=== gcc tests ===
Running target unix/-m32
=== gcc Summary ===
# of expected passes 789
/home/gccbuild/build/nightly/build-gcc-trunk/gcc/xgcc version 8.0.0 20170910 (experimental) [trunk revision 251951] (GCC)
=== gcc tests ===
Running target unix/-m32
=== gcc Summary ===
# of expected passes 991
/home/gccbuild/build/nightly/build-gcc-trunk/gcc/xgcc version 8.0.0 20170910 (experimental) [trunk revision 251951] (GCC)
=== gcc tests ===
Running target unix/-m32
=== gcc Summary ===
# of expected passes 734
# of unsupported tests 7
/home/gccbuild/build/nightly/build-gcc-trunk/gcc/xgcc version 8.0.0 20170910 (experimental) [trunk revision 251951] (GCC)
=== gcc tests ===
Running target unix/-m32
=== gcc Summary ===
# of expected passes 412
# of unsupported tests 8
/home/gccbuild/build/nightly/build-gcc-trunk/gcc/xgcc version 8.0.0 20170910 (experimental) [trunk revision 251951] (GCC)
=== gcc tests ===
Running target unix/-m32
=== gcc Summary ===
# of expected passes 558
# of unsupported tests 7
/home/gccbuild/build/nightly/build-gcc-trunk/gcc/xgcc version 8.0.0 20170910 (experimental) [trunk revision 251951] (GCC)
=== gcc tests ===
Running target unix/-m32
=== gcc Summary ===
# of expected passes 858
/home/gccbuild/build/nightly/build-gcc-trunk/gcc/xgcc version 8.0.0 20170910 (experimental) [trunk revision 251951] (GCC)
=== gcc tests ===
Running target unix/-m32
=== gcc Summary ===
# of expected passes 3117
# of unsupported tests 7
/home/gccbuild/build/nightly/build-gcc-trunk/gcc/xgcc version 8.0.0 20170910 (experimental) [trunk revision 251951] (GCC)
=== gfortran tests ===
Running target unix/-m32
=== gfortran Summary ===
# of expected passes 1268
# of unsupported tests 6
/home/gccbuild/build/nightly/build-gcc-trunk/gcc/testsuite/gfortran10/../../gfortran version 8.0.0 20170910 (experimental) [trunk revision 251951] (GCC)
=== gfortran tests ===
Running target unix/-m32
=== gfortran Summary ===
# of expected passes 1161
# of expected failures 10
/home/gccbuild/build/nightly/build-gcc-trunk/gcc/testsuite/gfortran11/../../gfortran version 8.0.0 20170910 (experimental) [trunk revision 251951] (GCC)
=== gfortran tests ===
Running target unix/-m32
=== gfortran Summary ===
# of expected passes 958
/home/gccbuild/build/nightly/build-gcc-trunk/gcc/testsuite/gfortran12/../../gfortran version 8.0.0 20170910 (experimental) [trunk revision 251951] (GCC)
=== gfortran tests ===
Running target unix/-m32
=== gfortran Summary ===
# of expected passes 1164
# of expected failures 5
# of unsupported tests 6
/home/gccbuild/build/nightly/build-gcc-trunk/gcc/testsuite/gfortran13/../../gfortran version 8.0.0 20170910 (experimental) [trunk revision 251951] (GCC)
=== gfortran tests ===
Running target unix/-m32
=== gfortran Summary ===
# of expected passes 1326
/home/gccbuild/build/nightly/build-gcc-trunk/gcc/testsuite/gfortran14/../../gfortran version 8.0.0 20170910 (experimental) [trunk revision 251951] (GCC)
=== gfortran tests ===
Running target unix/-m32
=== gfortran Summary ===
# of expected passes 880
# of expected failures 7
# of unsupported tests 12
/home/gccbuild/build/nightly/build-gcc-trunk/gcc/testsuite/gfortran15/../../gfortran version 8.0.0 20170910 (experimental) [trunk revision 251951] (GCC)
=== gfortran tests ===
Running target unix/-m32
=== gfortran Summary ===
# of expected passes 693
# of unsupported tests 3
/home/gccbuild/build/nightly/build-gcc-trunk/gcc/testsuite/gfortran16/../../gfortran version 8.0.0 20170910 (experimental) [trunk revision 251951] (GCC)
=== gfortran tests ===
Running target unix/-m32
=== gfortran Summary ===
# of expected passes 762
# of unsupported tests 12
/home/gccbuild/build/nightly/build-gcc-trunk/gcc/testsuite/gfortran17/../../gfortran version 8.0.0 20170910 (experimental) [trunk revision 251951] (GCC)
=== gfortran tests ===
Running target unix/-m32
=== gfortran Summary ===
# of expected passes 597
# of expected failures 2
/home/gccbuild/build/nightly/build-gcc-trunk/gcc/testsuite/gfortran18/../../gfortran version 8.0.0 20170910 (experimental) [trunk revision 251951] (GCC)
=== gfortran tests ===
Running target unix/-m32
=== gfortran Summary ===
# of expected passes 544
# of expected failures 2
/home/gccbuild/build/nightly/build-gcc-trunk/gcc/testsuite/gfortran19/../../gfortran version 8.0.0 20170910 (experimental) [trunk revision 251951] (GCC)
=== gfortran tests ===
Running target unix/-m32
=== gfortran Summary ===
# of expected passes 1209
# of unsupported tests 7
/home/gccbuild/build/nightly/build-gcc-trunk/gcc/testsuite/gfortran1/../../gfortran version 8.0.0 20170910 (experimental) [trunk revision 251951] (GCC)
=== gfortran tests ===
Running target unix/-m32
=== gfortran Summary ===
# of expected passes 217
/home/gccbuild/build/nightly/build-gcc-trunk/gcc/testsuite/gfortran20/../../gfortran version 8.0.0 20170910 (experimental) [trunk revision 251951] (GCC)
=== gfortran tests ===
Running target unix/-m32
=== gfortran Summary ===
# of expected passes 256
# of unsupported tests 6
/home/gccbuild/build/nightly/build-gcc-trunk/gcc/testsuite/gfortran21/../../gfortran version 8.0.0 20170910 (experimental) [trunk revision 251951] (GCC)
=== gfortran tests ===
Running target unix/-m32
=== gfortran Summary ===
# of expected passes 1323
# of expected failures 2
# of unsupported tests 6
/home/gccbuild/build/nightly/build-gcc-trunk/gcc/testsuite/gfortran2/../../gfortran version 8.0.0 20170910 (experimental) [trunk revision 251951] (GCC)
=== gfortran tests ===
Running target unix/-m32
=== gfortran Summary ===
# of expected passes 1304
# of expected failures 12
# of unsupported tests 8
/home/gccbuild/build/nightly/build-gcc-trunk/gcc/testsuite/gfortran3/../../gfortran version 8.0.0 20170910 (experimental) [trunk revision 251951] (GCC)
=== gfortran tests ===
Running target unix/-m32
=== gfortran Summary ===
# of expected passes 1412
# of expected failures 1
# of unsupported tests 6
/home/gccbuild/build/nightly/build-gcc-trunk/gcc/testsuite/gfortran4/../../gfortran version 8.0.0 20170910 (experimental) [trunk revision 251951] (GCC)
=== gfortran tests ===
Running target unix/-m32
=== gfortran Summary ===
# of expected passes 1317
# of expected failures 4
# of unsupported tests 6
/home/gccbuild/build/nightly/build-gcc-trunk/gcc/testsuite/gfortran5/../../gfortran version 8.0.0 20170910 (experimental) [trunk revision 251951] (GCC)
=== gfortran tests ===
Running target unix/-m32
=== gfortran Summary ===
# of expected passes 1086
# of expected failures 7
# of unsupported tests 6
/home/gccbuild/build/nightly/build-gcc-trunk/gcc/testsuite/gfortran6/../../gfortran version 8.0.0 20170910 (experimental) [trunk revision 251951] (GCC)
=== gfortran tests ===
Running target unix/-m32
=== gfortran Summary ===
# of expected passes 1308
# of expected failures 1
# of unsupported tests 6
/home/gccbuild/build/nightly/build-gcc-trunk/gcc/testsuite/gfortran7/../../gfortran version 8.0.0 20170910 (experimental) [trunk revision 251951] (GCC)
=== gfortran tests ===
Running target unix/-m32
=== gfortran Summary ===
# of expected passes 1361
/home/gccbuild/build/nightly/build-gcc-trunk/gcc/testsuite/gfortran8/../../gfortran version 8.0.0 20170910 (experimental) [trunk revision 251951] (GCC)
=== gfortran tests ===
Running target unix/-m32
=== gfortran Summary ===
# of expected passes 1544
# of expected failures 12
# of unsupported tests 6
/home/gccbuild/build/nightly/build-gcc-trunk/gcc/testsuite/gfortran9/../../gfortran version 8.0.0 20170910 (experimental) [trunk revision 251951] (GCC)
=== gfortran tests ===
Running target unix/-m32
FAIL: gfortran.dg/elemental_subroutine_3.f90 -O1 (test for excess errors)
FAIL: gfortran.dg/elemental_subroutine_3.f90 -O2 (test for excess errors)
FAIL: gfortran.dg/elemental_subroutine_3.f90 -O3 -fomit-frame-pointer -funroll-loops -fpeel-loops -ftracer -finline-functions (test for excess errors)
FAIL: gfortran.dg/elemental_subroutine_3.f90 -O3 -g (test for excess errors)
FAIL: gfortran.dg/elemental_subroutine_3.f90 -Os (test for excess errors)
=== gfortran Summary ===
# of expected passes 2598
# of unexpected failures 5
# of expected failures 1
# of unsupported tests 32
/home/gccbuild/build/nightly/build-gcc-trunk/gcc/testsuite/gfortran/../../gfortran version 8.0.0 20170910 (experimental) [trunk revision 251951] (GCC)
=== g++ tests ===
Running target unix/-m32
FAIL: c-c++-common/asan/heap-overflow-1.c -O1 output pattern test, is =================================================================
FAIL: c-c++-common/asan/heap-overflow-1.c -O2 output pattern test, is =================================================================
FAIL: c-c++-common/asan/heap-overflow-1.c -O3 -g output pattern test, is =================================================================
FAIL: c-c++-common/asan/heap-overflow-1.c -Os output pattern test, is =================================================================
FAIL: c-c++-common/asan/heap-overflow-1.c -O2 -flto -fno-use-linker-plugin -flto-partition=none output pattern test, is =================================================================
FAIL: c-c++-common/asan/heap-overflow-1.c -O2 -flto -fuse-linker-plugin -fno-fat-lto-objects output pattern test, is =================================================================
FAIL: c-c++-common/asan/sanity-check-pure-c-1.c -O1 output pattern test, is =================================================================
FAIL: c-c++-common/asan/sanity-check-pure-c-1.c -O2 output pattern test, is =================================================================
FAIL: c-c++-common/asan/sanity-check-pure-c-1.c -O3 -g output pattern test, is =================================================================
FAIL: c-c++-common/asan/sanity-check-pure-c-1.c -Os output pattern test, is =================================================================
FAIL: c-c++-common/asan/sanity-check-pure-c-1.c -O2 -flto -fno-use-linker-plugin -flto-partition=none output pattern test, is =================================================================
FAIL: c-c++-common/asan/sanity-check-pure-c-1.c -O2 -flto -fuse-linker-plugin -fno-fat-lto-objects output pattern test, is =================================================================
FAIL: c-c++-common/asan/strncpy-overflow-1.c -O1 output pattern test, is =================================================================
FAIL: c-c++-common/asan/strncpy-overflow-1.c -O2 output pattern test, is =================================================================
FAIL: c-c++-common/asan/strncpy-overflow-1.c -O3 -g output pattern test, is =================================================================
FAIL: c-c++-common/asan/strncpy-overflow-1.c -Os output pattern test, is =================================================================
FAIL: c-c++-common/asan/strncpy-overflow-1.c -O2 -flto -fno-use-linker-plugin -flto-partition=none output pattern test, is =================================================================
FAIL: c-c++-common/asan/strncpy-overflow-1.c -O2 -flto -fuse-linker-plugin -fno-fat-lto-objects output pattern test, is =================================================================
FAIL: c-c++-common/asan/use-after-free-1.c -O1 output pattern test, is =================================================================
FAIL: c-c++-common/asan/use-after-free-1.c -O2 output pattern test, is =================================================================
FAIL: c-c++-common/asan/use-after-free-1.c -O3 -g output pattern test, is =================================================================
FAIL: c-c++-common/asan/use-after-free-1.c -Os output pattern test, is =================================================================
FAIL: c-c++-common/asan/use-after-free-1.c -O2 -flto -fno-use-linker-plugin -flto-partition=none output pattern test, is =================================================================
FAIL: c-c++-common/asan/use-after-free-1.c -O2 -flto -fuse-linker-plugin -fno-fat-lto-objects output pattern test, is =================================================================
FAIL: g++.dg/asan/deep-stack-uaf-1.C -O0 output pattern test, is =================================================================
FAIL: g++.dg/asan/deep-stack-uaf-1.C -O1 output pattern test, is =================================================================
FAIL: g++.dg/asan/deep-stack-uaf-1.C -O2 output pattern test, is =================================================================
FAIL: g++.dg/asan/deep-stack-uaf-1.C -O3 -g output pattern test, is =================================================================
FAIL: g++.dg/asan/deep-stack-uaf-1.C -Os output pattern test, is =================================================================
=== g++ Summary ===
# of expected passes 4005
# of unexpected failures 29
# of expected failures 6
# of unsupported tests 346
/home/gccbuild/build/nightly/build-gcc-trunk/gcc/testsuite/g++/../../xg++ version 8.0.0 20170910 (experimental) [trunk revision 251951] (GCC)
=== go tests ===
Running target unix/-m32
FAIL: ./index0-out.go execution, -O0 -g -fno-var-tracking-assignments
FAIL: go.test/test/ken/cplx2.go execution, -O2 -g
=== go Summary for unix/-m32 ===
# of expected passes 6874
# of unexpected failures 2
# of expected failures 1
# of untested testcases 11
# of unsupported tests 3
Running target unix/-m64
FAIL: ./index0-out.go execution, -O0 -g -fno-var-tracking-assignments
FAIL: go.test/test/ken/cplx2.go execution, -O2 -g
=== go Summary for unix/-m64 ===
# of expected passes 6754
# of unexpected failures 2
# of expected failures 1
# of untested testcases 11
# of unsupported tests 3
=== go Summary ===
# of expected passes 13628
# of unexpected failures 4
# of expected failures 2
# of untested testcases 22
# of unsupported tests 6
/home/gccbuild/build/nightly/build-gcc-trunk/gcc/testsuite/go/../../gccgo version 8.0.0 20170910 (experimental) [trunk revision 251951] (GCC)
=== obj-c++ tests ===
Running target unix/-m32
=== obj-c++ Summary for unix/-m32 ===
# of expected passes 56
Running target unix/-m64
=== obj-c++ Summary ===
# of expected passes 2476
# of expected failures 12
# of unsupported tests 88
/home/gccbuild/build/nightly/build-gcc-trunk/gcc/testsuite/obj-c++/../../xg++ version 8.0.0 20170910 (experimental) [trunk revision 251951] (GCC)
=== objc tests ===
Running target unix/-m32
=== objc Summary for unix/-m32 ===
# of expected passes 56
Running target unix/-m64
=== objc Summary for unix/-m64 ===
# of expected passes 56
=== objc Summary ===
# of expected passes 112
/home/gccbuild/build/nightly/build-gcc-trunk/gcc/xgcc version 8.0.0 20170910 (experimental) [trunk revision 251951] (GCC)
=== gotools tests ===
FAIL: TestVersionControlErrorMessageIncludesCorrectDirectory
FAIL: TestCrashHandler
=== gotools Summary ===
# of expected passes 295
# of unexpected failures 2
# of untested testcases 116
/home/gccbuild/build/nightly/build-gcc-trunk/./gcc/gccgo version 8.0.0 20170910 (experimental) [trunk revision 251951] (GCC)
=== libatomic tests ===
Running target unix/-m32
=== libatomic Summary for unix/-m32 ===
# of expected passes 44
# of unsupported tests 5
Running target unix/-m64
=== libatomic Summary for unix/-m64 ===
# of expected passes 54
=== libatomic Summary ===
# of expected passes 98
# of unsupported tests 5
=== libffi tests ===
Running target unix/-m32
=== libffi Summary for unix/-m32 ===
# of expected passes 24
Running target unix/-m64
=== libffi Summary for unix/-m64 ===
# of expected passes 24
=== libffi Summary ===
# of expected passes 3868
# of unsupported tests 56
=== libgomp tests ===
Running target unix/-m32
=== libgomp Summary ===
# of expected passes 1858
# of unsupported tests 58
=== libitm tests ===
Running target unix/-m32
=== libitm Summary for unix/-m32 ===
# of expected passes 16
# of expected failures 1
# of unsupported tests 1
Running target unix/-m64
=== libitm Summary for unix/-m64 ===
# of expected passes 16
# of expected failures 1
# of unsupported tests 1
=== libitm Summary ===
# of expected passes 84
# of expected failures 6
# of unsupported tests 2
=== libstdc++ tests ===
Running target unix/-m32
=== libstdc++ Summary for unix/-m32 ===
# of unsupported tests 1
Running target unix/-m64
=== libstdc++ Summary for unix/-m64 ===
# of unsupported tests 1
=== libstdc++ Summary ===
# of unsupported tests 2
Compiler version: 8.0.0 20170910 (experimental) [trunk revision 251951] (GCC)
Platform: powerpc64-unknown-linux-gnu
configure flags: --prefix=/opt/gcc-nightly/trunk --with-as=/home/gccbuild/binutils/install/binutils-2.26/bin/as --with-ld=/home/gccbuild/binutils/install/binutils-2.26/bin/ld --enable-languages=c,c++,fortran,objc,obj-c++,go --with-cpu=power7
fail WARNING: Could not generate test framework tests
fail WARNING: Could not generate test framework tests
fail WARNING: Could not generate test framework tests
fail WARNING: Could not generate test framework tests
fail WARNING: Could not generate test framework tests
fail WARNING: Could not generate test framework tests
fail WARNING: Could not generate test framework tests
fail WARNING: Could not generate test framework tests
fail WARNING: Could not generate test framework tests
fail WARNING: Could not generate test framework tests
fail WARNING: Could not generate test framework tests
fail WARNING: Could not generate test framework tests
fail WARNING: Could not generate test framework tests
fail WARNING: Could not generate test framework tests
fail WARNING: Could not generate test framework tests
fail WARNING: Could not generate test framework tests
fail WARNING: Could not generate test framework tests
fail WARNING: Could not generate test framework tests
fail WARNING: Could not generate test framework tests
fail WARNING: Could not generate test framework tests
fail WARNING: Could not generate test framework tests
fail WARNING: Could not generate test framework tests
fail WARNING: Could not generate test framework tests
fail WARNING: Could not generate test framework tests
fail WARNING: Could not generate test framework tests
fail WARNING: Could not generate test framework tests
fail WARNING: Could not generate test framework tests
fail WARNING: Could not generate test framework tests
fail WARNING: Could not generate test framework tests
fail WARNING: Could not generate test framework tests
fail WARNING: Could not generate test framework tests
fail WARNING: Could not generate test framework tests
fail WARNING: Could not generate test framework tests
fail WARNING: Could not generate test framework tests
fail WARNING: Could not generate test framework tests
fail WARNING: Could not generate test framework tests
fail WARNING: Could not generate test framework tests
fail WARNING: Could not generate test framework tests
fail WARNING: Could not generate test framework tests
fail WARNING: Could not generate test framework tests
fail WARNING: Could not generate test framework tests
fail WARNING: Could not generate test framework tests
fail WARNING: Could not generate test framework tests
fail WARNING: Could not generate test framework tests
fail WARNING: Could not generate test framework tests
fail WARNING: Could not generate test framework tests
fail WARNING: Could not generate test framework tests
fail WARNING: Could not generate test framework tests
fail WARNING: Could not generate test framework tests
fail WARNING: Could not generate test framework tests
fail WARNING: Could not generate test framework tests
fail WARNING: Could not generate test framework tests
fail WARNING: Could not generate test framework tests
fail WARNING: Could not generate test framework tests
fail XPASS: gcc.test-framework/dg-bogus-exp-XF.c (test for excess errors)
fail FAIL: gcc.test-framework/dg-do-assemble-exp-P.c (test for excess errors) (PRMS 42)
fail FAIL: gcc.test-framework/dg-do-compile-exp-P.c (test for excess errors) (PRMS 42)
fail FAIL: gcc.test-framework/dg-do-link-exp-P.c (test for excess errors) (PRMS 42)
fail FAIL: gcc.test-framework/dg-do-run-exp-P.c (test for excess errors) (PRMS 42)
fail FAIL: gcc.test-framework/dg-dot-run-exp-P.c (test for excess errors) (PRMS 42)
fail FAIL: gcc.test-framework/dg-dox-run-exp-XF.c (test for excess errors) (PRMS 42)
fail FAIL: gcc.test-framework/dg-output-exp-P.c (test for excess errors) (PRMS 42)
fail FAIL: gcc.test-framework/dg-output-exp-XF.c (test for excess errors) (PRMS 42)
fail FAIL: gcc.test-framework/dg-warning-exp-P.c warning test (test for warnings, line 9) (PRMS 42)
=== Test Framework Summary ===
# of expected passes 68
# of unexpected failures 64
More information about the Gcc-testresults
mailing list