Results for 6.4.1 20170909 [gcc-6-branch revision 251926] (GCC) testsuite on powerpc64-unknown-linux-gnu
Bill Seurer (POWER6)
seurer@linux.vnet.ibm.com
Sat Sep 9 16:34:00 GMT 2017
Linux 2.6.32-696.10.1.el6.ppc64 ppc64
GNU C Library stable release version 2.12
GNU ld (GNU Binutils) 2.26.20160125
GNU assembler (GNU Binutils) 2.26.20160125
GNU Make 3.81
DejaGnu:
Expect version is 5.44.1.15
Tcl version is 8.5
Framework version is 1.4.4
64-bit
LAST_UPDATED: Sat Sep 9 11:37:13 UTC 2017 (revision 251926)
Native configuration is powerpc64-unknown-linux-gnu
=== g++ tests ===
Running target unix/-m32
=== g++ Summary for unix/-m32 ===
# of expected passes 947
# of unsupported tests 30
Running target unix/-m64
=== g++ Summary ===
# of expected passes 7170
# of expected failures 35
# of unsupported tests 381
/home/gccbuild/build/nightly/build-gcc-6/gcc/testsuite/g++10/../../xg++ version 6.4.1 20170909 [gcc-6-branch revision 251926] (GCC)
=== g++ tests ===
Running target unix/-m32
=== g++ Summary for unix/-m32 ===
# of expected passes 998
# of expected failures 3
# of unsupported tests 13
Running target unix/-m64
=== g++ Summary ===
# of expected passes 7474
# of expected failures 25
# of unsupported tests 275
/home/gccbuild/build/nightly/build-gcc-6/gcc/testsuite/g++11/../../xg++ version 6.4.1 20170909 [gcc-6-branch revision 251926] (GCC)
=== g++ tests ===
Running target unix/-m32
=== g++ Summary for unix/-m32 ===
# of expected passes 834
Running target unix/-m64
=== g++ Summary ===
# of expected passes 7731
# of expected failures 15
# of unsupported tests 347
/home/gccbuild/build/nightly/build-gcc-6/gcc/testsuite/g++12/../../xg++ version 6.4.1 20170909 [gcc-6-branch revision 251926] (GCC)
=== g++ tests ===
Running target unix/-m32
=== g++ Summary for unix/-m32 ===
# of expected passes 1078
Running target unix/-m64
=== g++ Summary ===
# of expected passes 7760
# of unsupported tests 310
/home/gccbuild/build/nightly/build-gcc-6/gcc/testsuite/g++13/../../xg++ version 6.4.1 20170909 [gcc-6-branch revision 251926] (GCC)
=== g++ tests ===
Running target unix/-m32
=== g++ Summary for unix/-m32 ===
# of expected passes 635
Running target unix/-m64
=== g++ Summary ===
# of expected passes 7307
# of expected failures 10
# of unsupported tests 295
/home/gccbuild/build/nightly/build-gcc-6/gcc/testsuite/g++14/../../xg++ version 6.4.1 20170909 [gcc-6-branch revision 251926] (GCC)
=== g++ tests ===
Running target unix/-m32
=== g++ Summary for unix/-m32 ===
# of expected passes 1291
Running target unix/-m64
=== g++ Summary ===
# of expected passes 6426
# of expected failures 10
# of unsupported tests 332
/home/gccbuild/build/nightly/build-gcc-6/gcc/testsuite/g++15/../../xg++ version 6.4.1 20170909 [gcc-6-branch revision 251926] (GCC)
=== g++ tests ===
Running target unix/-m32
=== g++ Summary for unix/-m32 ===
# of expected passes 857
# of expected failures 3
Running target unix/-m64
=== g++ Summary ===
# of expected passes 7148
# of expected failures 8
# of unsupported tests 270
/home/gccbuild/build/nightly/build-gcc-6/gcc/testsuite/g++16/../../xg++ version 6.4.1 20170909 [gcc-6-branch revision 251926] (GCC)
=== g++ tests ===
Running target unix/-m32
=== g++ Summary for unix/-m32 ===
# of expected passes 924
# of unsupported tests 3
Running target unix/-m64
=== g++ Summary ===
# of expected passes 8318
# of expected failures 4
# of unsupported tests 216
/home/gccbuild/build/nightly/build-gcc-6/gcc/testsuite/g++17/../../xg++ version 6.4.1 20170909 [gcc-6-branch revision 251926] (GCC)
=== g++ tests ===
Running target unix/-m32
=== g++ Summary for unix/-m32 ===
# of expected passes 899
# of expected failures 10
# of unsupported tests 4
Running target unix/-m64
=== g++ Summary ===
# of expected passes 5913
# of expected failures 79
# of unsupported tests 271
/home/gccbuild/build/nightly/build-gcc-6/gcc/testsuite/g++18/../../xg++ version 6.4.1 20170909 [gcc-6-branch revision 251926] (GCC)
=== g++ tests ===
Running target unix/-m32
=== g++ Summary for unix/-m32 ===
# of expected passes 862
# of expected failures 3
Running target unix/-m64
=== g++ Summary ===
# of expected passes 5136
# of expected failures 30
# of unsupported tests 213
/home/gccbuild/build/nightly/build-gcc-6/gcc/testsuite/g++19/../../xg++ version 6.4.1 20170909 [gcc-6-branch revision 251926] (GCC)
=== g++ tests ===
Running target unix/-m32
FAIL: c-c++-common/asan/heap-overflow-1.c -O1 output pattern test, is =================================================================
FAIL: c-c++-common/asan/heap-overflow-1.c -O2 output pattern test, is =================================================================
FAIL: c-c++-common/asan/heap-overflow-1.c -O3 -g output pattern test, is =================================================================
FAIL: c-c++-common/asan/heap-overflow-1.c -Os output pattern test, is =================================================================
FAIL: c-c++-common/asan/heap-overflow-1.c -O2 -flto -fno-use-linker-plugin -flto-partition=none output pattern test, is =================================================================
FAIL: c-c++-common/asan/heap-overflow-1.c -O2 -flto -fuse-linker-plugin -fno-fat-lto-objects output pattern test, is =================================================================
=== g++ Summary for unix/-m32 ===
# of expected passes 946
# of expected failures 6
Running target unix/-m64
=== g++ Summary ===
# of expected passes 7194
# of unexpected failures 6
# of expected failures 29
# of unsupported tests 303
/home/gccbuild/build/nightly/build-gcc-6/gcc/testsuite/g++1/../../xg++ version 6.4.1 20170909 [gcc-6-branch revision 251926] (GCC)
=== g++ tests ===
Running target unix/-m32
=== g++ Summary for unix/-m32 ===
# of expected passes 564
# of unsupported tests 9
Running target unix/-m64
FAIL: c-c++-common/asan/swapcontext-test-1.c -O0 execution test
FAIL: c-c++-common/asan/swapcontext-test-1.c -O1 execution test
FAIL: c-c++-common/asan/swapcontext-test-1.c -O2 execution test
FAIL: c-c++-common/asan/swapcontext-test-1.c -O3 -fomit-frame-pointer -funroll-loops -fpeel-loops -ftracer -finline-functions execution test
FAIL: c-c++-common/asan/swapcontext-test-1.c -O3 -g execution test
FAIL: c-c++-common/asan/swapcontext-test-1.c -Os execution test
FAIL: c-c++-common/asan/swapcontext-test-1.c -O2 -flto -fno-use-linker-plugin -flto-partition=none execution test
FAIL: c-c++-common/asan/swapcontext-test-1.c -O2 -flto -fuse-linker-plugin -fno-fat-lto-objects execution test
=== g++ Summary ===
# of expected passes 5868
# of unexpected failures 8
# of expected failures 42
# of unsupported tests 353
/home/gccbuild/build/nightly/build-gcc-6/gcc/testsuite/g++20/../../xg++ version 6.4.1 20170909 [gcc-6-branch revision 251926] (GCC)
=== g++ tests ===
Running target unix/-m32
=== g++ Summary for unix/-m32 ===
# of expected passes 968
# of expected failures 3
Running target unix/-m64
=== g++ Summary ===
# of expected passes 7869
# of expected failures 8
# of unsupported tests 234
/home/gccbuild/build/nightly/build-gcc-6/gcc/testsuite/g++21/../../xg++ version 6.4.1 20170909 [gcc-6-branch revision 251926] (GCC)
=== g++ tests ===
Running target unix/-m32
=== g++ Summary for unix/-m32 ===
# of expected passes 607
# of unsupported tests 3
Running target unix/-m64
=== g++ Summary ===
# of expected passes 5718
# of expected failures 12
# of unsupported tests 163
/home/gccbuild/build/nightly/build-gcc-6/gcc/testsuite/g++22/../../xg++ version 6.4.1 20170909 [gcc-6-branch revision 251926] (GCC)
=== g++ tests ===
Running target unix/-m32
=== g++ Summary for unix/-m32 ===
# of expected passes 204
Running target unix/-m64
=== g++ Summary ===
# of expected passes 3337
# of expected failures 3
# of unsupported tests 167
/home/gccbuild/build/nightly/build-gcc-6/gcc/testsuite/g++23/../../xg++ version 6.4.1 20170909 [gcc-6-branch revision 251926] (GCC)
=== g++ tests ===
Running target unix/-m32
=== g++ Summary for unix/-m32 ===
Running target unix/-m64
=== g++ Summary ===
# of expected passes 3549
# of expected failures 3
# of unsupported tests 95
/home/gccbuild/build/nightly/build-gcc-6/gcc/testsuite/g++24/../../xg++ version 6.4.1 20170909 [gcc-6-branch revision 251926] (GCC)
=== g++ tests ===
Running target unix/-m32
=== g++ Summary for unix/-m32 ===
Running target unix/-m64
=== g++ Summary ===
# of expected passes 2552
# of expected failures 21
# of unsupported tests 119
/home/gccbuild/build/nightly/build-gcc-6/gcc/testsuite/g++25/../../xg++ version 6.4.1 20170909 [gcc-6-branch revision 251926] (GCC)
=== g++ tests ===
Running target unix/-m32
=== g++ Summary for unix/-m32 ===
Running target unix/-m64
=== g++ Summary ===
# of expected passes 2956
# of expected failures 6
# of unsupported tests 147
/home/gccbuild/build/nightly/build-gcc-6/gcc/testsuite/g++26/../../xg++ version 6.4.1 20170909 [gcc-6-branch revision 251926] (GCC)
=== g++ tests ===
Running target unix/-m32
=== g++ Summary for unix/-m32 ===
Running target unix/-m64
=== g++ Summary ===
# of expected passes 2964
# of unsupported tests 109
/home/gccbuild/build/nightly/build-gcc-6/gcc/testsuite/g++27/../../xg++ version 6.4.1 20170909 [gcc-6-branch revision 251926] (GCC)
=== g++ tests ===
Running target unix/-m32
=== g++ Summary for unix/-m32 ===
Running target unix/-m64
=== g++ Summary ===
# of expected passes 2708
# of expected failures 3
# of unsupported tests 140
/home/gccbuild/build/nightly/build-gcc-6/gcc/testsuite/g++28/../../xg++ version 6.4.1 20170909 [gcc-6-branch revision 251926] (GCC)
=== g++ tests ===
Running target unix/-m32
=== g++ Summary for unix/-m32 ===
Running target unix/-m64
=== g++ Summary ===
# of expected passes 2256
# of expected failures 28
# of unsupported tests 151
/home/gccbuild/build/nightly/build-gcc-6/gcc/testsuite/g++29/../../xg++ version 6.4.1 20170909 [gcc-6-branch revision 251926] (GCC)
=== g++ tests ===
Running target unix/-m32
=== g++ Summary for unix/-m32 ===
# of expected passes 941
# of expected failures 9
# of unsupported tests 2
Running target unix/-m64
=== g++ Summary ===
# of expected passes 6618
# of expected failures 19
# of unsupported tests 322
/home/gccbuild/build/nightly/build-gcc-6/gcc/testsuite/g++2/../../xg++ version 6.4.1 20170909 [gcc-6-branch revision 251926] (GCC)
=== g++ tests ===
Running target unix/-m32
=== g++ Summary for unix/-m32 ===
Running target unix/-m64
=== g++ Summary ===
# of expected passes 2301
# of unsupported tests 156
/home/gccbuild/build/nightly/build-gcc-6/gcc/testsuite/g++30/../../xg++ version 6.4.1 20170909 [gcc-6-branch revision 251926] (GCC)
=== g++ tests ===
Running target unix/-m32
=== g++ Summary for unix/-m32 ===
Running target unix/-m64
=== g++ Summary ===
# of expected passes 3470
# of unsupported tests 105
/home/gccbuild/build/nightly/build-gcc-6/gcc/testsuite/g++31/../../xg++ version 6.4.1 20170909 [gcc-6-branch revision 251926] (GCC)
=== g++ tests ===
Running target unix/-m32
=== g++ Summary for unix/-m32 ===
# of expected passes 871
# of unsupported tests 10
Running target unix/-m64
=== g++ Summary ===
# of expected passes 6107
# of expected failures 27
# of unsupported tests 342
/home/gccbuild/build/nightly/build-gcc-6/gcc/testsuite/g++3/../../xg++ version 6.4.1 20170909 [gcc-6-branch revision 251926] (GCC)
=== g++ tests ===
Running target unix/-m32
FAIL: c-c++-common/asan/null-deref-1.c -O2 output pattern test, is ASAN:DEADLYSIGNAL
FAIL: c-c++-common/asan/null-deref-1.c -O3 -g output pattern test, is ASAN:DEADLYSIGNAL
FAIL: c-c++-common/asan/null-deref-1.c -O2 -flto -fno-use-linker-plugin -flto-partition=none output pattern test, is ASAN:DEADLYSIGNAL
FAIL: c-c++-common/asan/null-deref-1.c -O2 -flto -fuse-linker-plugin -fno-fat-lto-objects output pattern test, is ASAN:DEADLYSIGNAL
=== g++ Summary for unix/-m32 ===
# of expected passes 593
# of expected failures 6
# of unsupported tests 3
Running target unix/-m64
=== g++ Summary ===
# of expected passes 6633
# of unexpected failures 4
# of expected failures 56
# of unsupported tests 347
/home/gccbuild/build/nightly/build-gcc-6/gcc/testsuite/g++4/../../xg++ version 6.4.1 20170909 [gcc-6-branch revision 251926] (GCC)
=== g++ tests ===
Running target unix/-m32
=== g++ Summary for unix/-m32 ===
# of expected passes 981
# of expected failures 6
# of unsupported tests 6
Running target unix/-m64
=== g++ Summary ===
# of expected passes 8024
# of expected failures 13
# of unsupported tests 370
/home/gccbuild/build/nightly/build-gcc-6/gcc/testsuite/g++5/../../xg++ version 6.4.1 20170909 [gcc-6-branch revision 251926] (GCC)
=== g++ tests ===
Running target unix/-m32
FAIL: c-c++-common/asan/sanity-check-pure-c-1.c -O1 output pattern test, is =================================================================
FAIL: c-c++-common/asan/sanity-check-pure-c-1.c -O2 output pattern test, is =================================================================
FAIL: c-c++-common/asan/sanity-check-pure-c-1.c -O3 -g output pattern test, is =================================================================
FAIL: c-c++-common/asan/sanity-check-pure-c-1.c -Os output pattern test, is =================================================================
FAIL: c-c++-common/asan/sanity-check-pure-c-1.c -O2 -flto -fno-use-linker-plugin -flto-partition=none output pattern test, is =================================================================
FAIL: c-c++-common/asan/sanity-check-pure-c-1.c -O2 -flto -fuse-linker-plugin -fno-fat-lto-objects output pattern test, is =================================================================
FAIL: c-c++-common/asan/strncpy-overflow-1.c -O1 output pattern test, is =================================================================
FAIL: c-c++-common/asan/strncpy-overflow-1.c -O2 output pattern test, is =================================================================
FAIL: c-c++-common/asan/strncpy-overflow-1.c -O3 -g output pattern test, is =================================================================
FAIL: c-c++-common/asan/strncpy-overflow-1.c -Os output pattern test, is =================================================================
FAIL: c-c++-common/asan/strncpy-overflow-1.c -O2 -flto -fno-use-linker-plugin -flto-partition=none output pattern test, is =================================================================
FAIL: c-c++-common/asan/strncpy-overflow-1.c -O2 -flto -fuse-linker-plugin -fno-fat-lto-objects output pattern test, is =================================================================
=== g++ Summary for unix/-m32 ===
# of expected passes 768
# of expected failures 3
Running target unix/-m64
FAIL: c-c++-common/asan/null-deref-1.c -O2 output pattern test, is ASAN:DEADLYSIGNAL
FAIL: c-c++-common/asan/null-deref-1.c -O3 -g output pattern test, is ASAN:DEADLYSIGNAL
FAIL: c-c++-common/asan/null-deref-1.c -O2 -flto -fno-use-linker-plugin -flto-partition=none output pattern test, is ASAN:DEADLYSIGNAL
FAIL: c-c++-common/asan/null-deref-1.c -O2 -flto -fuse-linker-plugin -fno-fat-lto-objects output pattern test, is ASAN:DEADLYSIGNAL
=== g++ Summary ===
# of expected passes 7277
# of unexpected failures 16
# of expected failures 21
# of unsupported tests 379
/home/gccbuild/build/nightly/build-gcc-6/gcc/testsuite/g++6/../../xg++ version 6.4.1 20170909 [gcc-6-branch revision 251926] (GCC)
=== g++ tests ===
Running target unix/-m32
FAIL: c-c++-common/asan/use-after-free-1.c -O1 output pattern test, is =================================================================
FAIL: c-c++-common/asan/use-after-free-1.c -O2 output pattern test, is =================================================================
FAIL: c-c++-common/asan/use-after-free-1.c -O3 -g output pattern test, is =================================================================
FAIL: c-c++-common/asan/use-after-free-1.c -Os output pattern test, is =================================================================
FAIL: c-c++-common/asan/use-after-free-1.c -O2 -flto -fno-use-linker-plugin -flto-partition=none output pattern test, is =================================================================
FAIL: c-c++-common/asan/use-after-free-1.c -O2 -flto -fuse-linker-plugin -fno-fat-lto-objects output pattern test, is =================================================================
FAIL: g++.dg/asan/deep-stack-uaf-1.C -O0 output pattern test, is =================================================================
FAIL: g++.dg/asan/deep-stack-uaf-1.C -O1 output pattern test, is =================================================================
FAIL: g++.dg/asan/deep-stack-uaf-1.C -O2 output pattern test, is =================================================================
FAIL: g++.dg/asan/deep-stack-uaf-1.C -O3 -g output pattern test, is =================================================================
FAIL: g++.dg/asan/deep-stack-uaf-1.C -Os output pattern test, is =================================================================
=== g++ Summary for unix/-m32 ===
# of expected passes 864
# of expected failures 6
Running target unix/-m64
=== g++ Summary ===
# of expected passes 7678
# of unexpected failures 11
# of expected failures 20
# of unsupported tests 335
/home/gccbuild/build/nightly/build-gcc-6/gcc/testsuite/g++7/../../xg++ version 6.4.1 20170909 [gcc-6-branch revision 251926] (GCC)
=== g++ tests ===
Running target unix/-m32
=== g++ Summary for unix/-m32 ===
# of expected passes 761
Running target unix/-m64
=== g++ Summary ===
# of expected passes 9787
# of expected failures 21
# of unsupported tests 368
/home/gccbuild/build/nightly/build-gcc-6/gcc/testsuite/g++8/../../xg++ version 6.4.1 20170909 [gcc-6-branch revision 251926] (GCC)
=== g++ tests ===
Running target unix/-m32
=== g++ Summary for unix/-m32 ===
# of expected passes 1060
# of expected failures 3
Running target unix/-m64
=== g++ Summary ===
# of expected passes 6695
# of expected failures 11
# of unsupported tests 329
/home/gccbuild/build/nightly/build-gcc-6/gcc/testsuite/g++9/../../xg++ version 6.4.1 20170909 [gcc-6-branch revision 251926] (GCC)
=== gcc tests ===
Running target unix/-m32
=== gcc Summary for unix/-m32 ===
Running target unix/-m64
=== gcc Summary ===
# of expected passes 4080
# of expected failures 11
# of unsupported tests 40
/home/gccbuild/build/nightly/build-gcc-6/gcc/xgcc version 6.4.1 20170909 [gcc-6-branch revision 251926] (GCC)
=== gcc tests ===
Running target unix/-m32
=== gcc Summary for unix/-m32 ===
Running target unix/-m64
=== gcc Summary ===
# of expected passes 4661
# of expected failures 7
# of unsupported tests 117
/home/gccbuild/build/nightly/build-gcc-6/gcc/xgcc version 6.4.1 20170909 [gcc-6-branch revision 251926] (GCC)
=== gcc tests ===
Running target unix/-m32
=== gcc Summary for unix/-m32 ===
Running target unix/-m64
=== gcc Summary ===
# of expected passes 4097
# of expected failures 19
# of unsupported tests 64
/home/gccbuild/build/nightly/build-gcc-6/gcc/xgcc version 6.4.1 20170909 [gcc-6-branch revision 251926] (GCC)
=== gcc tests ===
Running target unix/-m32
=== gcc Summary for unix/-m32 ===
Running target unix/-m64
=== gcc Summary ===
# of expected passes 4338
# of expected failures 4
# of unsupported tests 86
/home/gccbuild/build/nightly/build-gcc-6/gcc/xgcc version 6.4.1 20170909 [gcc-6-branch revision 251926] (GCC)
=== gcc tests ===
Running target unix/-m32
FAIL: gcc.dg/ipa/iinline-attr.c scan-ipa-dump inline "hooray[^\\\\n]*inline copy in test"
=== gcc Summary for unix/-m32 ===
Running target unix/-m64
=== gcc Summary ===
# of expected passes 2708
# of unexpected failures 1
# of expected failures 4
# of unsupported tests 40
/home/gccbuild/build/nightly/build-gcc-6/gcc/xgcc version 6.4.1 20170909 [gcc-6-branch revision 251926] (GCC)
=== gcc tests ===
Running target unix/-m32
FAIL: gcc.dg/vect/vect-31.c scan-tree-dump-times vect "vectorized 4 loops" 1
=== gcc Summary for unix/-m32 ===
Running target unix/-m64
=== gcc Summary ===
# of expected passes 2565
# of unexpected failures 1
# of expected failures 14
# of unsupported tests 11
/home/gccbuild/build/nightly/build-gcc-6/gcc/xgcc version 6.4.1 20170909 [gcc-6-branch revision 251926] (GCC)
=== gcc tests ===
Running target unix/-m32
FAIL: gcc.dg/vect/pr62171.c -flto -ffat-lto-objects scan-tree-dump-not vect "versioned"
FAIL: gcc.dg/vect/bb-slp-pr65935.c -flto -ffat-lto-objects scan-tree-dump-times slp1 "basic block vectorized" 1
FAIL: gcc.dg/vect/bb-slp-pr69907.c -flto -ffat-lto-objects scan-tree-dump slp1 "BB vectorization with gaps at the end of a load is not supported"
=== gcc Summary for unix/-m32 ===
Running target unix/-m64
=== gcc Summary ===
# of expected passes 1740
# of unexpected failures 3
# of expected failures 9
# of unsupported tests 71
/home/gccbuild/build/nightly/build-gcc-6/gcc/xgcc version 6.4.1 20170909 [gcc-6-branch revision 251926] (GCC)
=== gcc tests ===
Running target unix/-m32
=== gcc Summary for unix/-m32 ===
Running target unix/-m64
=== gcc Summary ===
# of expected passes 1842
# of expected failures 20
# of unsupported tests 19
/home/gccbuild/build/nightly/build-gcc-6/gcc/xgcc version 6.4.1 20170909 [gcc-6-branch revision 251926] (GCC)
=== gcc tests ===
Running target unix/-m32
FAIL: gcc.dg/vect/pr25413.c scan-tree-dump-times vect "vectorized 1 loops" 0
FAIL: gcc.dg/vect/pr25413.c scan-tree-dump-times vect "vector alignment may not be reachable" 1
FAIL: gcc.dg/vect/pr25413.c scan-tree-dump-times vect "not vectorized: unsupported unaligned store" 1
=== gcc Summary for unix/-m32 ===
Running target unix/-m64
=== gcc Summary ===
# of expected passes 1796
# of unexpected failures 3
# of expected failures 12
# of unsupported tests 59
/home/gccbuild/build/nightly/build-gcc-6/gcc/xgcc version 6.4.1 20170909 [gcc-6-branch revision 251926] (GCC)
=== gcc tests ===
Running target unix/-m32
XPASS: gcc.target/powerpc/20050830-1.c scan-assembler bdn
=== gcc Summary for unix/-m32 ===
Running target unix/-m64
=== gcc Summary ===
# of expected passes 1754
# of unexpected successes 1
# of expected failures 4
# of unsupported tests 114
/home/gccbuild/build/nightly/build-gcc-6/gcc/xgcc version 6.4.1 20170909 [gcc-6-branch revision 251926] (GCC)
=== gcc tests ===
Running target unix/-m32
FAIL: c-c++-common/asan/heap-overflow-1.c -O1 output pattern test, is =================================================================
FAIL: c-c++-common/asan/heap-overflow-1.c -O2 output pattern test, is =================================================================
FAIL: c-c++-common/asan/heap-overflow-1.c -O3 -g output pattern test, is =================================================================
FAIL: c-c++-common/asan/heap-overflow-1.c -Os output pattern test, is =================================================================
FAIL: c-c++-common/asan/heap-overflow-1.c -O2 -flto -fno-use-linker-plugin -flto-partition=none output pattern test, is =================================================================
FAIL: c-c++-common/asan/heap-overflow-1.c -O2 -flto -fuse-linker-plugin -fno-fat-lto-objects output pattern test, is =================================================================
=== gcc Summary for unix/-m32 ===
Running target unix/-m64
=== gcc Summary ===
# of expected passes 6873
# of unexpected failures 6
# of expected failures 15
# of unsupported tests 62
/home/gccbuild/build/nightly/build-gcc-6/gcc/xgcc version 6.4.1 20170909 [gcc-6-branch revision 251926] (GCC)
=== gcc tests ===
Running target unix/-m32
=== gcc Summary for unix/-m32 ===
Running target unix/-m64
=== gcc Summary ===
# of expected passes 1675
# of expected failures 4
# of unsupported tests 82
/home/gccbuild/build/nightly/build-gcc-6/gcc/xgcc version 6.4.1 20170909 [gcc-6-branch revision 251926] (GCC)
=== gcc tests ===
Running target unix/-m32
FAIL: gcc.dg/uninit-22.c (test for excess errors)
=== gcc Summary for unix/-m32 ===
Running target unix/-m64
=== gcc Summary ===
# of expected passes 1675
# of unexpected failures 1
# of expected failures 8
# of unsupported tests 71
/home/gccbuild/build/nightly/build-gcc-6/gcc/xgcc version 6.4.1 20170909 [gcc-6-branch revision 251926] (GCC)
=== gcc tests ===
Running target unix/-m32
=== gcc Summary for unix/-m32 ===
Running target unix/-m64
=== gcc Summary ===
# of expected passes 1895
# of expected failures 5
# of unsupported tests 53
/home/gccbuild/build/nightly/build-gcc-6/gcc/xgcc version 6.4.1 20170909 [gcc-6-branch revision 251926] (GCC)
=== gcc tests ===
Running target unix/-m32
FAIL: gcc.dg/vect/bb-slp-pr65935.c scan-tree-dump-times slp1 "basic block vectorized" 1
FAIL: gcc.dg/vect/bb-slp-pr69907.c scan-tree-dump slp1 "BB vectorization with gaps at the end of a load is not supported"
=== gcc Summary for unix/-m32 ===
Running target unix/-m64
=== gcc Summary ===
# of expected passes 1951
# of unexpected failures 2
# of expected failures 8
# of unsupported tests 45
/home/gccbuild/build/nightly/build-gcc-6/gcc/xgcc version 6.4.1 20170909 [gcc-6-branch revision 251926] (GCC)
=== gcc tests ===
Running target unix/-m32
=== gcc Summary for unix/-m32 ===
Running target unix/-m64
=== gcc Summary ===
# of expected passes 2188
# of expected failures 8
# of unsupported tests 48
/home/gccbuild/build/nightly/build-gcc-6/gcc/xgcc version 6.4.1 20170909 [gcc-6-branch revision 251926] (GCC)
=== gcc tests ===
Running target unix/-m32
FAIL: gcc.dg/vect/pr25413.c -flto -ffat-lto-objects scan-tree-dump-times vect "vectorized 1 loops" 0
FAIL: gcc.dg/vect/pr25413.c -flto -ffat-lto-objects scan-tree-dump-times vect "vector alignment may not be reachable" 1
FAIL: gcc.dg/vect/pr25413.c -flto -ffat-lto-objects scan-tree-dump-times vect "not vectorized: unsupported unaligned store" 1
=== gcc Summary for unix/-m32 ===
Running target unix/-m64
=== gcc Summary ===
# of expected passes 2075
# of unexpected failures 3
# of expected failures 4
# of unsupported tests 69
/home/gccbuild/build/nightly/build-gcc-6/gcc/xgcc version 6.4.1 20170909 [gcc-6-branch revision 251926] (GCC)
=== gcc tests ===
Running target unix/-m32
=== gcc Summary for unix/-m32 ===
Running target unix/-m64
=== gcc Summary ===
# of expected passes 2200
# of expected failures 4
# of unsupported tests 115
/home/gccbuild/build/nightly/build-gcc-6/gcc/xgcc version 6.4.1 20170909 [gcc-6-branch revision 251926] (GCC)
=== gcc tests ===
Running target unix/-m32
=== gcc Summary for unix/-m32 ===
Running target unix/-m64
=== gcc Summary ===
# of expected passes 1644
# of expected failures 9
# of unsupported tests 42
/home/gccbuild/build/nightly/build-gcc-6/gcc/xgcc version 6.4.1 20170909 [gcc-6-branch revision 251926] (GCC)
=== gcc tests ===
Running target unix/-m32
FAIL: gcc.dg/vect/pr62171.c scan-tree-dump-not vect "versioned"
FAIL: gcc.dg/vect/pr46032.c -flto -ffat-lto-objects scan-tree-dump-times vect "note: vectorized 1 loop" 1
=== gcc Summary for unix/-m32 ===
Running target unix/-m64
=== gcc Summary ===
# of expected passes 2557
# of unexpected failures 2
# of expected failures 15
# of unsupported tests 19
/home/gccbuild/build/nightly/build-gcc-6/gcc/xgcc version 6.4.1 20170909 [gcc-6-branch revision 251926] (GCC)
=== gcc tests ===
Running target unix/-m32
FAIL: gcc.dg/vect/costmodel/ppc/costmodel-vect-33.c scan-tree-dump-times vect "vectorization not profitable" 1
FAIL: gcc.dg/vect/no-tree-sra-bb-slp-pr50730.c scan-tree-dump-times slp2 "basic block vectorized" 1
=== gcc Summary for unix/-m32 ===
Running target unix/-m64
=== gcc Summary ===
# of expected passes 1862
# of unexpected failures 2
# of expected failures 5
# of unsupported tests 60
/home/gccbuild/build/nightly/build-gcc-6/gcc/xgcc version 6.4.1 20170909 [gcc-6-branch revision 251926] (GCC)
=== gcc tests ===
Running target unix/-m32
FAIL: c-c++-common/asan/null-deref-1.c -O2 output pattern test, is ASAN:DEADLYSIGNAL
FAIL: c-c++-common/asan/null-deref-1.c -O3 -g output pattern test, is ASAN:DEADLYSIGNAL
FAIL: c-c++-common/asan/null-deref-1.c -O2 -flto -fno-use-linker-plugin -flto-partition=none output pattern test, is ASAN:DEADLYSIGNAL
FAIL: c-c++-common/asan/null-deref-1.c -O2 -flto -fuse-linker-plugin -fno-fat-lto-objects output pattern test, is ASAN:DEADLYSIGNAL
XPASS: gcc.dg/tree-ssa/ssa-dom-cse-2.c scan-tree-dump optimized "return 28;"
=== gcc Summary for unix/-m32 ===
Running target unix/-m64
=== gcc Summary ===
# of expected passes 8972
# of unexpected failures 4
# of unexpected successes 1
# of expected failures 14
# of unsupported tests 169
/home/gccbuild/build/nightly/build-gcc-6/gcc/xgcc version 6.4.1 20170909 [gcc-6-branch revision 251926] (GCC)
=== gcc tests ===
Running target unix/-m32
FAIL: gcc.dg/tree-ssa/ivopts-lt-2.c scan-tree-dump-times ivopts "PHI" 1
FAIL: gcc.dg/tree-ssa/ivopts-lt-2.c scan-tree-dump-times ivopts "PHI <p_" 1
FAIL: gcc.dg/tree-ssa/ivopts-lt-2.c scan-tree-dump-times ivopts "p_[0-9]* <" 1
FAIL: gcc.dg/vect/vect-31.c -flto -ffat-lto-objects scan-tree-dump-times vect "vectorized 4 loops" 1
=== gcc Summary for unix/-m32 ===
Running target unix/-m64
=== gcc Summary ===
# of expected passes 1210
# of unexpected failures 4
# of expected failures 7
# of unsupported tests 45
/home/gccbuild/build/nightly/build-gcc-6/gcc/xgcc version 6.4.1 20170909 [gcc-6-branch revision 251926] (GCC)
=== gcc tests ===
Running target unix/-m32
FAIL: gcc.dg/vect/no-vfa-vect-depend-2.c scan-tree-dump-times vect "vectorized 1 loops" 1
FAIL: gcc.dg/vect/no-vfa-vect-depend-3.c scan-tree-dump-times vect "vectorized 1 loops" 4
=== gcc Summary for unix/-m32 ===
Running target unix/-m64
=== gcc Summary ===
# of expected passes 6565
# of unexpected failures 2
# of expected failures 13
# of unsupported tests 46
/home/gccbuild/build/nightly/build-gcc-6/gcc/xgcc version 6.4.1 20170909 [gcc-6-branch revision 251926] (GCC)
=== gcc tests ===
Running target unix/-m32
=== gcc Summary for unix/-m32 ===
Running target unix/-m64
=== gcc Summary ===
# of expected passes 5972
# of expected failures 14
# of unsupported tests 114
/home/gccbuild/build/nightly/build-gcc-6/gcc/xgcc version 6.4.1 20170909 [gcc-6-branch revision 251926] (GCC)
=== gcc tests ===
Running target unix/-m32
=== gcc Summary for unix/-m32 ===
Running target unix/-m64
=== gcc Summary ===
# of expected passes 4842
# of expected failures 2
# of unsupported tests 188
/home/gccbuild/build/nightly/build-gcc-6/gcc/xgcc version 6.4.1 20170909 [gcc-6-branch revision 251926] (GCC)
=== gcc tests ===
Running target unix/-m32
FAIL: c-c++-common/asan/sanity-check-pure-c-1.c -O1 output pattern test, is =================================================================
FAIL: c-c++-common/asan/sanity-check-pure-c-1.c -O2 output pattern test, is =================================================================
FAIL: c-c++-common/asan/sanity-check-pure-c-1.c -O3 -g output pattern test, is =================================================================
FAIL: c-c++-common/asan/sanity-check-pure-c-1.c -Os output pattern test, is =================================================================
FAIL: c-c++-common/asan/sanity-check-pure-c-1.c -O2 -flto -fno-use-linker-plugin -flto-partition=none output pattern test, is =================================================================
FAIL: c-c++-common/asan/sanity-check-pure-c-1.c -O2 -flto -fuse-linker-plugin -fno-fat-lto-objects output pattern test, is =================================================================
FAIL: c-c++-common/asan/strncpy-overflow-1.c -O1 output pattern test, is =================================================================
FAIL: c-c++-common/asan/strncpy-overflow-1.c -O2 output pattern test, is =================================================================
FAIL: c-c++-common/asan/strncpy-overflow-1.c -O3 -g output pattern test, is =================================================================
FAIL: c-c++-common/asan/strncpy-overflow-1.c -Os output pattern test, is =================================================================
FAIL: c-c++-common/asan/strncpy-overflow-1.c -O2 -flto -fno-use-linker-plugin -flto-partition=none output pattern test, is =================================================================
FAIL: c-c++-common/asan/strncpy-overflow-1.c -O2 -flto -fuse-linker-plugin -fno-fat-lto-objects output pattern test, is =================================================================
FAIL: c-c++-common/asan/use-after-free-1.c -O1 output pattern test, is =================================================================
FAIL: c-c++-common/asan/use-after-free-1.c -O2 output pattern test, is =================================================================
FAIL: c-c++-common/asan/use-after-free-1.c -O3 -g output pattern test, is =================================================================
FAIL: c-c++-common/asan/use-after-free-1.c -Os output pattern test, is =================================================================
FAIL: c-c++-common/asan/use-after-free-1.c -O2 -flto -fno-use-linker-plugin -flto-partition=none output pattern test, is =================================================================
FAIL: c-c++-common/asan/use-after-free-1.c -O2 -flto -fuse-linker-plugin -fno-fat-lto-objects output pattern test, is =================================================================
=== gcc Summary for unix/-m32 ===
Running target unix/-m64
=== gcc Summary ===
# of expected passes 4137
# of unexpected failures 18
# of expected failures 3
# of unsupported tests 49
/home/gccbuild/build/nightly/build-gcc-6/gcc/xgcc version 6.4.1 20170909 [gcc-6-branch revision 251926] (GCC)
=== gcc tests ===
Running target unix/-m32
=== gcc Summary for unix/-m32 ===
Running target unix/-m64
=== gcc Summary ===
# of expected passes 5700
# of expected failures 9
# of unsupported tests 105
/home/gccbuild/build/nightly/build-gcc-6/gcc/xgcc version 6.4.1 20170909 [gcc-6-branch revision 251926] (GCC)
=== gcc tests ===
Running target unix/-m32
FAIL: gcc.dg/sms-8.c scan-rtl-dump-times sms "SMS succeeded" 0
FAIL: gcc.dg/vect/pr46032.c scan-tree-dump-times vect "note: vectorized 1 loop" 1
=== gcc Summary for unix/-m32 ===
Running target unix/-m64
=== gcc Summary ===
# of expected passes 7040
# of unexpected failures 2
# of expected failures 10
# of unsupported tests 41
/home/gccbuild/build/nightly/build-gcc-6/gcc/xgcc version 6.4.1 20170909 [gcc-6-branch revision 251926] (GCC)
=== gcc tests ===
Running target unix/-m32
WARNING: profopt.exp does not support dg-error
=== gcc Summary for unix/-m32 ===
Running target unix/-m64
=== gcc Summary ===
# of expected passes 5069
# of expected failures 5
# of unsupported tests 39
/home/gccbuild/build/nightly/build-gcc-6/gcc/xgcc version 6.4.1 20170909 [gcc-6-branch revision 251926] (GCC)
=== gcc tests ===
Running target unix/-m32
=== gcc Summary for unix/-m32 ===
Running target unix/-m64
=== gcc Summary ===
# of expected passes 9285
# of expected failures 7
# of unsupported tests 129
/home/gccbuild/build/nightly/build-gcc-6/gcc/xgcc version 6.4.1 20170909 [gcc-6-branch revision 251926] (GCC)
=== gfortran tests ===
Running target unix/-m32
XPASS: gfortran.dg/nint_2.f90 -O0 execution test
FAIL: gfortran.dg/ieee/large_2.f90 -O0 execution test
FAIL: gfortran.dg/ieee/large_2.f90 -O1 execution test
FAIL: gfortran.dg/ieee/large_2.f90 -O2 execution test
FAIL: gfortran.dg/ieee/large_2.f90 -O3 -fomit-frame-pointer -funroll-loops -fpeel-loops -ftracer -finline-functions execution test
FAIL: gfortran.dg/ieee/large_2.f90 -O3 -g execution test
FAIL: gfortran.dg/ieee/large_2.f90 -Os execution test
FAIL: gfortran.dg/vect/fast-math-pr37021.f90 -O scan-tree-dump vect "vectorized 2 loops"
FAIL: gfortran.dg/vect/pr52580.f -O scan-tree-dump-times vect "LOOP VECTORIZED" 1
FAIL: gfortran.dg/vect/pr62283-2.f -O scan-tree-dump slp2 "basic block vectorized"
FAIL: gfortran.dg/vect/vect-8.f90 -O scan-tree-dump-times vect "vectorized 20 loops" 1
FAIL: gfortran.dg/vect/vect-gems.f90 -O scan-tree-dump-times vect "vectorized 1 loops" 1
=== gfortran Summary for unix/-m32 ===
# of expected passes 4050
Running target unix/-m64
XPASS: gfortran.dg/nint_2.f90 -O0 execution test
FAIL: gfortran.dg/ieee/large_2.f90 -O0 execution test
FAIL: gfortran.dg/ieee/large_2.f90 -O1 execution test
FAIL: gfortran.dg/ieee/large_2.f90 -O2 execution test
FAIL: gfortran.dg/ieee/large_2.f90 -O3 -fomit-frame-pointer -funroll-loops -fpeel-loops -ftracer -finline-functions execution test
FAIL: gfortran.dg/ieee/large_2.f90 -O3 -g execution test
FAIL: gfortran.dg/ieee/large_2.f90 -Os execution test
FAIL: gfortran.dg/vect/fast-math-pr37021.f90 -O scan-tree-dump vect "vectorized 2 loops"
FAIL: gfortran.dg/vect/pr52580.f -O scan-tree-dump-times vect "LOOP VECTORIZED" 1
FAIL: gfortran.dg/vect/pr62283-2.f -O scan-tree-dump slp2 "basic block vectorized"
FAIL: gfortran.dg/vect/vect-8.f90 -O scan-tree-dump-times vect "vectorized 20 loops" 1
FAIL: gfortran.dg/vect/vect-gems.f90 -O scan-tree-dump-times vect "vectorized 1 loops" 1
=== gfortran Summary for unix/-m64 ===
# of expected passes 4050
=== gfortran Summary ===
# of expected passes 8100
/home/gccbuild/build/nightly/build-gcc-6/gcc/testsuite/gfortran/../../gfortran version 6.4.1 20170909 [gcc-6-branch revision 251926] (GCC)
=== g++ tests ===
Running target unix/-m32
=== g++ Summary for unix/-m32 ===
# of expected passes 829
# of unsupported tests 3
Running target unix/-m64
=== g++ Summary ===
# of expected passes 7455
# of expected failures 23
# of unsupported tests 325
/home/gccbuild/build/nightly/build-gcc-6/gcc/testsuite/g++/../../xg++ version 6.4.1 20170909 [gcc-6-branch revision 251926] (GCC)
=== go tests ===
Running target unix/-m32
FAIL: go.test/test/ken/cplx2.go execution, -O2 -g
=== go Summary for unix/-m32 ===
# of expected passes 6876
# of unexpected failures 1
# of expected failures 1
# of untested testcases 11
# of unsupported tests 3
Running target unix/-m64
FAIL: go.test/test/ken/cplx2.go execution, -O2 -g
=== go Summary for unix/-m64 ===
# of expected passes 6756
# of unexpected failures 1
# of expected failures 1
# of untested testcases 11
# of unsupported tests 3
=== go Summary ===
# of expected passes 13632
# of unexpected failures 2
# of expected failures 2
# of untested testcases 22
# of unsupported tests 6
/home/gccbuild/build/nightly/build-gcc-6/gcc/testsuite/go/../../gccgo version 6.4.1 20170909 [gcc-6-branch revision 251926] (GCC)
=== obj-c++ tests ===
Running target unix/-m32
=== obj-c++ Summary for unix/-m32 ===
# of expected passes 56
Running target unix/-m64
=== obj-c++ Summary for unix/-m64 ===
# of expected passes 56
=== obj-c++ Summary ===
# of expected passes 2900
# of expected failures 12
# of unsupported tests 154
/home/gccbuild/build/nightly/build-gcc-6/gcc/testsuite/obj-c++/../../xg++ version 6.4.1 20170909 [gcc-6-branch revision 251926] (GCC)
=== objc tests ===
Running target unix/-m32
=== objc Summary for unix/-m32 ===
# of expected passes 56
Running target unix/-m64
=== objc Summary for unix/-m64 ===
# of expected passes 56
=== objc Summary ===
# of expected passes 112
/home/gccbuild/build/nightly/build-gcc-6/gcc/xgcc version 6.4.1 20170909 [gcc-6-branch revision 251926] (GCC)
=== libatomic tests ===
Running target unix/-m32
=== libatomic Summary for unix/-m32 ===
# of expected passes 44
# of unsupported tests 5
Running target unix/-m64
=== libatomic Summary for unix/-m64 ===
# of expected passes 54
=== libatomic Summary ===
# of expected passes 98
# of unsupported tests 5
=== libffi tests ===
Running target unix/-m32
=== libffi Summary for unix/-m32 ===
# of expected passes 24
Running target unix/-m64
=== libffi Summary for unix/-m64 ===
# of expected passes 24
=== libffi Summary ===
# of expected passes 3868
# of unsupported tests 56
=== libgo tests ===
Running target unix
FAIL: time
=== libgo Summary for unix ===
# of expected passes 133
# of unexpected failures 1
Running target unix/-m32
FAIL: runtime
FAIL: time
FAIL: sync/atomic
=== libgo Summary for unix/-m32 ===
# of expected passes 131
# of unexpected failures 3
=== libgo Summary ===
# of expected passes 264
# of unexpected failures 4
/home/gccbuild/build/nightly/build-gcc-6/./gcc/gccgo version 6.4.1 20170909 [gcc-6-branch revision 251926] (GCC)
=== libgomp tests ===
Running target unix/-m32
FAIL: libgomp.oacc-c/../libgomp.oacc-c-c++-common/atomic_update-1.c -DACC_DEVICE_TYPE_host=1 -DACC_MEM_SHARED=1 -O2 execution test
FAIL: libgomp.oacc-c++/../libgomp.oacc-c-c++-common/atomic_update-1.c -DACC_DEVICE_TYPE_host=1 -DACC_MEM_SHARED=1 -O2 execution test
=== libgomp Summary ===
# of expected passes 4564
# of unexpected failures 2
# of unsupported tests 314
=== libitm tests ===
Running target unix/-m32
=== libitm Summary for unix/-m32 ===
# of expected passes 16
# of expected failures 1
# of unsupported tests 1
Running target unix/-m64
=== libitm Summary for unix/-m64 ===
# of expected passes 16
# of expected failures 1
# of unsupported tests 1
=== libitm Summary ===
# of expected passes 84
# of expected failures 6
# of unsupported tests 2
=== libstdc++ tests ===
Running target unix/-m32
=== libstdc++ Summary for unix/-m32 ===
# of unsupported tests 1
Running target unix/-m64
XPASS: 26_numerics/complex/13450.cc execution test
XPASS: 26_numerics/complex/pow.cc execution test
XPASS: 26_numerics/complex/value_operations/1.cc execution test
=== libstdc++ Summary for unix/-m64 ===
# of unsupported tests 1
=== libstdc++ Summary ===
# of unsupported tests 2
Compiler version: 6.4.1 20170909 [gcc-6-branch revision 251926] (GCC)
Platform: powerpc64-unknown-linux-gnu
configure flags: --prefix=/opt/gcc-nightly/6 --with-as=/home/gccbuild/binutils/install/binutils-2.26/bin/as --with-ld=/home/gccbuild/binutils/install/binutils-2.26/bin/ld --enable-languages=c,c++,fortran,objc,obj-c++,go --with-cpu=power7
More information about the Gcc-testresults
mailing list