Results for 5.5.0 (GCC) testsuite on hppa2.0w-hp-hpux11.11
John David Anglin
dave@hiauly3.hia.nrc.ca
Wed Oct 25 00:02:00 GMT 2017
=== acats tests ===
FAIL: c974013
=== acats Summary ===
# of expected passes 2319
# of unexpected failures 1
Native configuration is hppa2.0w-hp-hpux11.11
=== g++ tests ===
Running target unix
WARNING: program timed out.
FAIL: g++.dg/tls/pr77285-2.C -std=c++11 scan-assembler _ZTH4var1B3tag
FAIL: g++.dg/tls/pr77285-2.C -std=c++14 scan-assembler _ZTH4var1B3tag
=== g++ Summary ===
# of expected passes 76460
# of unexpected failures 2
# of expected failures 286
# of unsupported tests 4291
/mnt/gnu/gcc/objdir-test/gcc/testsuite/g++/../../xg++ version 5.5.0 (GCC)
=== gcc tests ===
Running target unix
FAIL: gcc.dg/atomic/c11-atomic-exec-5.c -O0 execution test
FAIL: gcc.dg/atomic/c11-atomic-exec-5.c -O1 execution test
FAIL: gcc.dg/atomic/c11-atomic-exec-5.c -O2 execution test
FAIL: gcc.dg/atomic/c11-atomic-exec-5.c -O3 -fomit-frame-pointer execution test
FAIL: gcc.dg/atomic/c11-atomic-exec-5.c -O3 -fomit-frame-pointer -funroll-loops execution test
FAIL: gcc.dg/atomic/c11-atomic-exec-5.c -O3 -fomit-frame-pointer -funroll-all-loops -finline-functions execution test
FAIL: gcc.dg/atomic/c11-atomic-exec-5.c -O3 -g execution test
FAIL: gcc.dg/atomic/c11-atomic-exec-5.c -Os execution test
FAIL: gcc.dg/pr77587.c (test for excess errors)
UNRESOLVED: gcc.dg/pr77587.c compilation failed to produce executable
FAIL: gcc.dg/pr77587a.c (test for excess errors)
FAIL: c-c++-common/Wunused-var-16.c -Wc++-compat (test for excess errors)
FAIL: c-c++-common/builtin-shuffle-1.c -Wc++-compat (test for excess errors)
WARNING: program timed out.
FAIL: gcc.dg/torture/pr79732.c -O0 (test for excess errors)
FAIL: gcc.dg/torture/pr79732.c -O1 (test for excess errors)
FAIL: gcc.dg/torture/pr79732.c -O2 (test for excess errors)
FAIL: gcc.dg/torture/pr79732.c -O3 -fomit-frame-pointer (test for excess errors)
FAIL: gcc.dg/torture/pr79732.c -O3 -g (test for excess errors)
FAIL: gcc.dg/torture/pr79732.c -Os (test for excess errors)
=== gcc Summary ===
# of expected passes 71557
# of unexpected failures 18
# of expected failures 132
# of unresolved testcases 1
# of unsupported tests 1949
/mnt/gnu/gcc/objdir-test/gcc/xgcc version 5.5.0 (GCC)
=== gfortran tests ===
Running target unix
FAIL: gfortran.dg/coarray/event_2.f90 -fcoarray=lib -O2 -lcaf_single -latomic execution test
FAIL: gfortran.dg/derived_constructor_comps_6.f90 -O0 execution test
=== gfortran Summary ===
# of expected passes 48118
# of unexpected failures 2
# of expected failures 90
# of unsupported tests 438
/mnt/gnu/gcc/objdir-test/gcc/testsuite/gfortran/../../gfortran version 5.5.0 (GCC)
=== gnat tests ===
Running target unix
=== gnat Summary ===
# of expected passes 1311
# of expected failures 20
# of unsupported tests 21
/mnt/gnu/gcc/objdir-test/gcc/gnatmake version 5.5.0
=== obj-c++ tests ===
Running target unix
=== obj-c++ Summary ===
# of expected passes 1411
# of expected failures 2
# of unsupported tests 69
/mnt/gnu/gcc/objdir-test/gcc/testsuite/obj-c++/../../xg++ version 5.5.0 (GCC)
=== objc tests ===
Running target unix
=== objc Summary ===
# of expected passes 2934
# of unsupported tests 67
/mnt/gnu/gcc/objdir-test/gcc/xgcc version 5.5.0 (GCC)
=== boehm-gc tests ===
Running target unix
FAIL: boehm-gc.c/gctest.c -O2 (test for excess errors)
FAIL: boehm-gc.c/leak_test.c -O2 (test for excess errors)
FAIL: boehm-gc.c/middle.c -O2 (test for excess errors)
FAIL: boehm-gc.c/thread_leak_test.c -O2 (test for excess errors)
FAIL: boehm-gc.lib/staticrootstest.c -O2 (test for excess errors)
=== boehm-gc Summary ===
# of expected passes 7
# of unexpected failures 5
# of unsupported tests 1
=== libatomic tests ===
Running target unix
=== libatomic Summary ===
# of expected passes 44
# of unsupported tests 5
=== libffi tests ===
Running target unix
=== libffi Summary ===
# of expected passes 1904
# of unsupported tests 35
=== libgomp tests ===
Running target unix
=== libgomp Summary ===
# of expected passes 4698
# of unsupported tests 257
=== libjava tests ===
Running target unix
FAIL: LargeFile execution - source compiled test
FAIL: LargeFile -findirect-dispatch execution - source compiled test
FAIL: LargeFile -O3 execution - source compiled test
FAIL: LargeFile -O3 -findirect-dispatch execution - source compiled test
XPASS: sourcelocation output - source compiled test
XPASS: sourcelocation -findirect-dispatch output - source compiled test
XPASS: sourcelocation -O3 output - source compiled test
XPASS: sourcelocation -O3 -findirect-dispatch output - source compiled test
=== libjava Summary ===
# of expected passes 2574
# of unexpected failures 4
# of unexpected successes 4
# of untested testcases 4
=== libstdc++ tests ===
Running target unix
FAIL: 17_intro/names.cc (test for excess errors)
FAIL: 30_threads/thread/70503.cc (test for excess errors)
=== libstdc++ Summary ===
# of expected passes 8765
# of unexpected failures 2
# of expected failures 65
# of unsupported tests 1050
Compiler version: 5.5.0 (GCC)
Platform: hppa2.0w-hp-hpux11.11
configure flags:Test Run By dave on Sun Oct 22 00:31:44 2017
More information about the Gcc-testresults
mailing list