Results for 8.0.0 20171017 (experimental) [master revision b4c97b8:6b351b3:5f531f13a21580ea3414193d69afa2f283618aef] (Cavium Inc. (Build 2099)) testsuite on aarch64-unknown-linux-gnu
jenkins@cavium.com
jenkins@cavium.com
Tue Oct 17 21:59:00 GMT 2017
LAST_UPDATED: Tue Oct 17 19:23:12 UTC 2017 (revision b4c97b8:6b351b3:5f531f13a21580ea3414193d69afa2f283618aef)
Native configuration is aarch64-unknown-linux-gnu
=== libatomic tests ===
Running target unix
=== libatomic Summary ===
# of expected passes 54
=== libffi tests ===
Running target unix
=== libffi Summary ===
# of expected passes 2214
=== libgo tests ===
Running target unix
=== libgo Summary ===
# of expected passes 155
/data1/jenkins/workspace/BuildThunderX_native_gcc_upstream/objdir/./gcc/gccgo version 8.0.0 20171017 (experimental) [master revision b4c97b8:6b351b3:5f531f13a21580ea3414193d69afa2f283618aef] (Cavium Inc. (Build 2099))
=== libgomp tests ===
Running target unix
=== libgomp Summary ===
# of expected passes 5161
# of unsupported tests 353
=== libitm tests ===
Running target unix
=== libitm Summary ===
# of expected passes 42
# of expected failures 3
# of unsupported tests 1
=== libstdc++ tests ===
Running target unix
FAIL: 27_io/manipulators/extended/get_money/char/1.cc execution test
=== libstdc++ Summary ===
# of expected passes 11665
# of unexpected failures 1
# of expected failures 70
# of unsupported tests 557
=== gcc tests ===
Running target unix
XPASS: gcc.dg/pr78768.c -Wformat-overflow (test for warnings, line 12)
FAIL: gcc.dg/sancov/cmp0.c -O0 scan-tree-dump-times optimized "__builtin___sanitizer_cov_trace_const_cmp" 7 (found 23 times)
FAIL: gcc.dg/sancov/cmp0.c -O0 scan-tree-dump-times optimized "__builtin___sanitizer_cov_trace_switch \\\\(" 2 (found 0 times)
FAIL: gcc.dg/sancov/cmp0.c -O0 -g scan-tree-dump-times optimized "__builtin___sanitizer_cov_trace_const_cmp" 7 (found 23 times)
FAIL: gcc.dg/sancov/cmp0.c -O0 -g scan-tree-dump-times optimized "__builtin___sanitizer_cov_trace_switch \\\\(" 2 (found 0 times)
FAIL: gcc.dg/tree-prof/switch-case-1.c scan-rtl-dump-times expand ";; basic block[^\\\\n]*count 2000" 1 (found 2 times)
FAIL: gcc.dg/tree-prof/switch-case-2.c scan-rtl-dump-times expand ";; basic block[^\\\\n]*count 2000" 1 (found 2 times)
FAIL: gcc.dg/vect/pr65947-14.c -flto -ffat-lto-objects execution test
FAIL: gcc.dg/vect/pr65947-14.c execution test
XPASS: gcc.dg/vect/vect-95.c -flto -ffat-lto-objects scan-tree-dump-times vect "Alignment of access forced using peeling" 0
XPASS: gcc.dg/vect/vect-95.c scan-tree-dump-times vect "Alignment of access forced using peeling" 0
FAIL: gcc.target/aarch64/vect-abs-compile.c scan-assembler abs\\\\tv[0-9]+.16b
FAIL: gcc.target/aarch64/vect-abs-compile.c scan-assembler abs\\\\tv[0-9]+.8h
=== gcc Summary ===
# of expected passes 115541
# of unexpected failures 10
# of unexpected successes 3
# of expected failures 340
# of unsupported tests 3248
/data1/jenkins/workspace/BuildThunderX_native_gcc_upstream/objdir/gcc/xgcc version 8.0.0 20171017 (experimental) [master revision b4c97b8:6b351b3:5f531f13a21580ea3414193d69afa2f283618aef] (Cavium Inc. (Build 2099))
=== gfortran tests ===
Running target unix
=== gfortran Summary ===
# of expected passes 45192
# of expected failures 88
# of unsupported tests 80
/data1/jenkins/workspace/BuildThunderX_native_gcc_upstream/objdir/gcc/testsuite/gfortran/../../gfortran version 8.0.0 20171017 (experimental) [master revision b4c97b8:6b351b3:5f531f13a21580ea3414193d69afa2f283618aef] (Cavium Inc. (Build 2099))
=== g++ tests ===
Running target unix
FAIL: g++.dg/vect/slp-pr56812.cc -std=c++11 scan-tree-dump-times slp1 "basic block vectorized" 1 (found 0 times)
FAIL: g++.dg/vect/slp-pr56812.cc -std=c++14 scan-tree-dump-times slp1 "basic block vectorized" 1 (found 0 times)
FAIL: g++.dg/vect/slp-pr56812.cc -std=c++98 scan-tree-dump-times slp1 "basic block vectorized" 1 (found 0 times)
=== g++ Summary ===
# of expected passes 114169
# of unexpected failures 3
# of expected failures 374
# of unsupported tests 4957
/data1/jenkins/workspace/BuildThunderX_native_gcc_upstream/objdir/gcc/testsuite/g++/../../xg++ version 8.0.0 20171017 (experimental) [master revision b4c97b8:6b351b3:5f531f13a21580ea3414193d69afa2f283618aef] (Cavium Inc. (Build 2099))
=== go tests ===
Running target unix
FAIL: go.test/test/cmplxdivide.go
FAIL: go.test/test/ken/cplx2.go execution, -O2 -g
WARNING: program timed out.
=== go Summary ===
# of expected passes 7242
# of unexpected failures 2
# of expected failures 1
# of untested testcases 10
# of unsupported tests 3
/data1/jenkins/workspace/BuildThunderX_native_gcc_upstream/objdir/gcc/testsuite/go/../../gccgo version 8.0.0 20171017 (experimental) [master revision b4c97b8:6b351b3:5f531f13a21580ea3414193d69afa2f283618aef] (Cavium Inc. (Build 2099))
=== gotools tests ===
=== gotools Summary ===
# of expected passes 361
# of untested testcases 132
/data1/jenkins/workspace/BuildThunderX_native_gcc_upstream/objdir/./gcc/gccgo version 8.0.0 20171017 (experimental) [master revision b4c97b8:6b351b3:5f531f13a21580ea3414193d69afa2f283618aef] (Cavium Inc. (Build 2099))
Compiler version: 8.0.0 20171017 (experimental) [master revision b4c97b8:6b351b3:5f531f13a21580ea3414193d69afa2f283618aef] (Cavium Inc. (Build 2099))
Platform: aarch64-unknown-linux-gnu
configure flags: --prefix=/data1/jenkins/workspace/BuildThunderX_native_gcc_upstream/objdir/../tools --enable-languages=c,c++,fortran,go --disable-werror --with-sysroot=/ --enable-plugins --enable-gnu-indirect-function --with-pkgversion='Cavium Inc. (Build 2099)'
More information about the Gcc-testresults
mailing list