Results for 8.0.0 20171017 (experimental) [trunk revision 253808] (GCC) testsuite on x86_64-pc-linux-gnu
Andreas Tobler
andreast@m91pl.andreas.nets
Tue Oct 17 16:25:00 GMT 2017
LAST_UPDATED: Tue Oct 17 11:57:23 UTC 2017 (revision 253808)
Native configuration is x86_64-pc-linux-gnu
=== gcc tests ===
Running target unix
FAIL: gcc.dg/20050503-1.c scan-assembler-not call
XPASS: gcc.dg/pr78768.c -Wformat-overflow (test for warnings, line 12)
UNRESOLVED: gcc.dg/lto/chkp-ctor-merge c_lto_chkp-ctor-merge_0.o-c_lto_chkp-ctor-merge_0.o execute -O2 -flto -fcheck-pointer-bounds -mmpx -nodefaultlibs -lc
FAIL: gcc.dg/lto/chkp-ctor-merge c_lto_chkp-ctor-merge_0.o-c_lto_chkp-ctor-merge_0.o link, -O2 -flto -fcheck-pointer-bounds -mmpx -nodefaultlibs -lc (internal compiler error)
FAIL: gcc.dg/tree-prof/switch-case-2.c scan-rtl-dump-times expand ";; basic block[^\\\\n]*count 2000" 1 (found 2 times)
FAIL: gcc.dg/vect/pr65947-14.c -flto -ffat-lto-objects execution test
FAIL: gcc.dg/vect/pr65947-14.c execution test
FAIL: gcc.target/i386/pr70021.c scan-tree-dump-times vect "vectorized 1 loops" 2 (found 1 times)
=== gcc Summary for unix ===
# of expected passes 130631
# of unexpected failures 6
# of unexpected successes 1
# of expected failures 360
# of unresolved testcases 1
# of unsupported tests 1935
Running target unix/-m32
FAIL: gcc.dg/20050503-1.c scan-assembler-not call
XPASS: gcc.dg/pr78768.c -Wformat-overflow (test for warnings, line 12)
UNRESOLVED: gcc.dg/lto/chkp-ctor-merge c_lto_chkp-ctor-merge_0.o-c_lto_chkp-ctor-merge_0.o execute -O2 -flto -fcheck-pointer-bounds -mmpx -nodefaultlibs -lc
FAIL: gcc.dg/lto/chkp-ctor-merge c_lto_chkp-ctor-merge_0.o-c_lto_chkp-ctor-merge_0.o link, -O2 -flto -fcheck-pointer-bounds -mmpx -nodefaultlibs -lc (internal compiler error)
FAIL: gcc.dg/tree-prof/switch-case-2.c scan-rtl-dump-times expand ";; basic block[^\\\\n]*count 2000" 1 (found 2 times)
FAIL: c-c++-common/ubsan/ptr-overflow-sanitization-1.c -O0 scan-tree-dump-times optimized "__ubsan_handle_pointer_overflow" 17 (found 14 times)
FAIL: c-c++-common/ubsan/ptr-overflow-sanitization-1.c -O1 scan-tree-dump-times optimized "__ubsan_handle_pointer_overflow" 17 (found 14 times)
FAIL: c-c++-common/ubsan/ptr-overflow-sanitization-1.c -O2 scan-tree-dump-times optimized "__ubsan_handle_pointer_overflow" 17 (found 14 times)
FAIL: c-c++-common/ubsan/ptr-overflow-sanitization-1.c -O3 -g scan-tree-dump-times optimized "__ubsan_handle_pointer_overflow" 17 (found 14 times)
FAIL: c-c++-common/ubsan/ptr-overflow-sanitization-1.c -Os scan-tree-dump-times optimized "__ubsan_handle_pointer_overflow" 17 (found 14 times)
FAIL: gcc.dg/vect/pr65947-14.c -flto -ffat-lto-objects execution test
FAIL: gcc.dg/vect/pr65947-14.c execution test
FAIL: gcc.target/i386/pr70021.c scan-tree-dump-times vect "vectorized 1 loops" 2 (found 1 times)
=== gcc Summary for unix/-m32 ===
# of expected passes 128962
# of unexpected failures 11
# of unexpected successes 1
# of expected failures 365
# of unresolved testcases 1
# of unsupported tests 2013
=== gcc Summary ===
# of expected passes 259593
# of unexpected failures 17
# of unexpected successes 2
# of expected failures 725
# of unresolved testcases 2
# of unsupported tests 3948
/export/devel/build/gcc/head/objdir/gcc/xgcc version 8.0.0 20171017 (experimental) [trunk revision 253808] (GCC)
=== gfortran tests ===
Running target unix
=== gfortran Summary for unix ===
# of expected passes 45851
# of expected failures 81
# of unsupported tests 71
Running target unix/-m32
=== gfortran Summary for unix/-m32 ===
# of expected passes 45632
# of expected failures 81
# of unsupported tests 176
=== gfortran Summary ===
# of expected passes 91483
# of expected failures 162
# of unsupported tests 247
/export/devel/build/gcc/head/objdir/gcc/gfortran version 8.0.0 20171017 (experimental) [trunk revision 253808] (GCC)
=== g++ tests ===
Running target unix
=== g++ Summary for unix ===
# of expected passes 117140
# of expected failures 380
# of unsupported tests 4353
Running target unix/-m32
FAIL: g++.dg/pr62079.C (internal compiler error)
FAIL: g++.dg/pr62079.C (test for excess errors)
FAIL: g++.dg/template/nontype10.C -std=c++11 (test for excess errors)
FAIL: g++.dg/template/nontype10.C -std=c++14 (test for excess errors)
FAIL: g++.dg/template/nontype10.C -std=c++98 (test for excess errors)
FAIL: c-c++-common/ubsan/ptr-overflow-sanitization-1.c -O0 scan-tree-dump-times optimized "__ubsan_handle_pointer_overflow" 17 (found 14 times)
FAIL: c-c++-common/ubsan/ptr-overflow-sanitization-1.c -O1 scan-tree-dump-times optimized "__ubsan_handle_pointer_overflow" 17 (found 14 times)
FAIL: c-c++-common/ubsan/ptr-overflow-sanitization-1.c -O2 scan-tree-dump-times optimized "__ubsan_handle_pointer_overflow" 17 (found 14 times)
FAIL: c-c++-common/ubsan/ptr-overflow-sanitization-1.c -O3 -g scan-tree-dump-times optimized "__ubsan_handle_pointer_overflow" 17 (found 14 times)
FAIL: c-c++-common/ubsan/ptr-overflow-sanitization-1.c -Os scan-tree-dump-times optimized "__ubsan_handle_pointer_overflow" 17 (found 14 times)
=== g++ Summary for unix/-m32 ===
# of expected passes 115552
# of unexpected failures 10
# of expected failures 380
# of unsupported tests 4134
=== g++ Summary ===
# of expected passes 232692
# of unexpected failures 10
# of expected failures 760
# of unsupported tests 8487
/export/devel/build/gcc/head/objdir/gcc/xg++ version 8.0.0 20171017 (experimental) [trunk revision 253808] (GCC)
=== objc tests ===
Running target unix
=== objc Summary for unix ===
# of expected passes 2797
# of expected failures 6
# of unsupported tests 68
Running target unix/-m32
=== objc Summary for unix/-m32 ===
# of expected passes 2797
# of expected failures 6
# of unsupported tests 68
=== objc Summary ===
# of expected passes 5594
# of expected failures 12
# of unsupported tests 136
/export/devel/build/gcc/head/objdir/gcc/xgcc version 8.0.0 20171017 (experimental) [trunk revision 253808] (GCC)
=== libatomic tests ===
Running target unix/-m32
=== libatomic Summary for unix/-m32 ===
# of expected passes 44
# of unsupported tests 5
Running target unix
=== libatomic Summary for unix ===
# of expected passes 54
=== libatomic Summary ===
# of expected passes 98
# of unsupported tests 5
=== libgomp tests ===
Running target unix/-m32
=== libgomp Summary for unix/-m32 ===
# of expected passes 5283
# of unsupported tests 292
Running target unix
=== libgomp Summary for unix ===
# of expected passes 5283
# of unsupported tests 292
=== libgomp Summary ===
# of expected passes 10566
# of unsupported tests 584
=== libitm tests ===
Running target unix/-m32
=== libitm Summary for unix/-m32 ===
# of expected passes 42
# of expected failures 3
# of unsupported tests 1
Running target unix
=== libitm Summary for unix ===
# of expected passes 42
# of expected failures 3
# of unsupported tests 1
=== libitm Summary ===
# of expected passes 84
# of expected failures 6
# of unsupported tests 2
=== libstdc++ tests ===
Running target unix
=== libstdc++ Summary for unix ===
# of expected passes 11839
# of expected failures 70
# of unsupported tests 564
Running target unix/-m32
=== libstdc++ Summary for unix/-m32 ===
# of expected passes 11847
# of expected failures 70
# of unsupported tests 560
=== libstdc++ Summary ===
# of expected passes 23686
# of expected failures 140
# of unsupported tests 1124
Compiler version: 8.0.0 20171017 (experimental) [trunk revision 253808] (GCC)
Platform: x86_64-pc-linux-gnu
configure flags: --prefix=/export/devel/build/gcc/head/testbin
More information about the Gcc-testresults
mailing list