Results for 8.0.0 20171013 (experimental) [trunk revision 253740] (GCC) testsuite on i586-unknown-freebsd12.0
Andreas Tobler
andreast@fgznet.ch
Sun Oct 15 21:43:00 GMT 2017
LAST_UPDATED: Fri Oct 13 19:15:34 UTC 2017 (revision 253740)
Native configuration is i586-unknown-freebsd12.0
=== g++ tests ===
Running target unix
FAIL: c-c++-common/asan/pr59063-2.c -O0 execution test
FAIL: c-c++-common/asan/pr59063-2.c -O1 execution test
FAIL: c-c++-common/asan/pr59063-2.c -O2 execution test
FAIL: c-c++-common/asan/pr59063-2.c -O3 -g execution test
FAIL: c-c++-common/asan/pr59063-2.c -Os execution test
FAIL: c-c++-common/asan/pr59063-2.c -O2 -flto -fno-use-linker-plugin -flto-partition=none execution test
FAIL: c-c++-common/asan/pr59063-2.c -O2 -flto -fuse-linker-plugin -fno-fat-lto-objects execution test
FAIL: c-c++-common/asan/swapcontext-test-1.c -O0 execution test
FAIL: c-c++-common/asan/swapcontext-test-1.c -O1 execution test
FAIL: c-c++-common/asan/swapcontext-test-1.c -O2 execution test
FAIL: c-c++-common/asan/swapcontext-test-1.c -O3 -fomit-frame-pointer -funroll-loops -fpeel-loops -ftracer -finline-functions execution test
FAIL: c-c++-common/asan/swapcontext-test-1.c -O3 -g execution test
FAIL: c-c++-common/asan/swapcontext-test-1.c -Os execution test
FAIL: c-c++-common/asan/swapcontext-test-1.c -O2 -flto -fno-use-linker-plugin -flto-partition=none execution test
FAIL: c-c++-common/asan/swapcontext-test-1.c -O2 -flto -fuse-linker-plugin -fno-fat-lto-objects execution test
FAIL: g++.dg/asan/asan_test.C -O2 (test for excess errors)
UNRESOLVED: g++.dg/asan/asan_test.C -O2 compilation failed to produce executable
FAIL: g++.dg/asan/default-options-1.C -O2 -flto -fuse-linker-plugin -fno-fat-lto-objects output pattern test
FAIL: g++.dg/asan/pr69276.C -O0 output pattern test
FAIL: g++.dg/pr62079.C (internal compiler error)
FAIL: g++.dg/pr62079.C (test for excess errors)
FAIL: g++.dg/template/nontype10.C -std=c++98 (test for excess errors)
FAIL: g++.dg/template/nontype10.C -std=c++11 (test for excess errors)
FAIL: g++.dg/template/nontype10.C -std=c++14 (test for excess errors)
FAIL: c-c++-common/Wconversion-real.c -std=gnu++98 (test for warnings, line 27)
FAIL: c-c++-common/Wconversion-real.c -std=gnu++98 (test for warnings, line 28)
FAIL: c-c++-common/Wconversion-real.c -std=gnu++11 (test for warnings, line 27)
FAIL: c-c++-common/Wconversion-real.c -std=gnu++11 (test for warnings, line 28)
FAIL: c-c++-common/Wconversion-real.c -std=gnu++14 (test for warnings, line 27)
FAIL: c-c++-common/Wconversion-real.c -std=gnu++14 (test for warnings, line 28)
FAIL: c-c++-common/Wfloat-conversion.c -std=gnu++98 (test for warnings, line 36)
FAIL: c-c++-common/Wfloat-conversion.c -std=gnu++98 (test for warnings, line 37)
FAIL: c-c++-common/Wfloat-conversion.c -std=gnu++11 (test for warnings, line 36)
FAIL: c-c++-common/Wfloat-conversion.c -std=gnu++11 (test for warnings, line 37)
FAIL: c-c++-common/Wfloat-conversion.c -std=gnu++14 (test for warnings, line 36)
FAIL: c-c++-common/Wfloat-conversion.c -std=gnu++14 (test for warnings, line 37)
FAIL: g++.dg/gcov/pr16855-priority.C -std=gnu++98 line 22: is #####:should be 1
FAIL: g++.dg/gcov/pr16855-priority.C -std=gnu++98 gcov: 1 failures in line counts, 0 in branch percentages, 0 in return percentages, 0 in intermediate format
FAIL: g++.dg/gcov/pr16855-priority.C -std=gnu++11 line 22: is #####:should be 1
FAIL: g++.dg/gcov/pr16855-priority.C -std=gnu++11 gcov: 1 failures in line counts, 0 in branch percentages, 0 in return percentages, 0 in intermediate format
FAIL: g++.dg/gcov/pr16855-priority.C -std=gnu++14 line 22: is #####:should be 1
FAIL: g++.dg/gcov/pr16855-priority.C -std=gnu++14 gcov: 1 failures in line counts, 0 in branch percentages, 0 in return percentages, 0 in intermediate format
FAIL: g++.dg/gcov/pr16855.C -std=gnu++98 line 21: is #####:should be 1
FAIL: g++.dg/gcov/pr16855.C -std=gnu++98 gcov: 1 failures in line counts, 0 in branch percentages, 0 in return percentages, 0 in intermediate format
FAIL: g++.dg/gcov/pr16855.C -std=gnu++11 line 21: is #####:should be 1
FAIL: g++.dg/gcov/pr16855.C -std=gnu++11 gcov: 1 failures in line counts, 0 in branch percentages, 0 in return percentages, 0 in intermediate format
FAIL: g++.dg/gcov/pr16855.C -std=gnu++14 line 21: is #####:should be 1
FAIL: g++.dg/gcov/pr16855.C -std=gnu++14 gcov: 1 failures in line counts, 0 in branch percentages, 0 in return percentages, 0 in intermediate format
FAIL: g++.dg/pch/system-1.C -g -I. -Dwith_PCH (internal compiler error)
FAIL: g++.dg/pch/system-1.C -g -I. -Dwith_PCH (test for excess errors)
FAIL: g++.dg/pch/system-1.C -g assembly comparison
FAIL: g++.dg/pch/system-1.C -O2 -g -I. -Dwith_PCH (test for excess errors)
FAIL: g++.dg/pch/system-1.C -O2 -g assembly comparison
FAIL: g++.dg/pch/system-1.C -O2 -I. -Dwith_PCH (internal compiler error)
FAIL: g++.dg/pch/system-1.C -O2 -I. -Dwith_PCH (test for excess errors)
FAIL: g++.dg/pch/system-1.C -O2 assembly comparison
FAIL: g++.dg/pch/system-2.C -g -I. -Dwith_PCH (internal compiler error)
FAIL: g++.dg/pch/system-2.C -g -I. -Dwith_PCH (test for excess errors)
FAIL: g++.dg/pch/system-2.C -g assembly comparison
FAIL: g++.dg/pch/system-2.C -O2 -g -I. -Dwith_PCH (test for excess errors)
FAIL: g++.dg/pch/system-2.C -O2 -g assembly comparison
FAIL: g++.dg/pch/system-2.C -O2 -I. -Dwith_PCH (internal compiler error)
FAIL: g++.dg/pch/system-2.C -O2 -I. -Dwith_PCH (test for excess errors)
FAIL: g++.dg/pch/system-2.C -O2 assembly comparison
FAIL: c-c++-common/torture/vector-compare-1.c -O3 -fomit-frame-pointer -funroll-loops -fpeel-loops -ftracer -finline-functions (internal compiler error)
FAIL: c-c++-common/torture/vector-compare-1.c -O3 -fomit-frame-pointer -funroll-loops -fpeel-loops -ftracer -finline-functions (test for excess errors)
UNRESOLVED: c-c++-common/torture/vector-compare-1.c -O3 -fomit-frame-pointer -funroll-loops -fpeel-loops -ftracer -finline-functions compilation failed to produce executable
FAIL: c-c++-common/torture/vector-compare-1.c -O3 -g (internal compiler error)
FAIL: c-c++-common/torture/vector-compare-1.c -O3 -g (test for excess errors)
UNRESOLVED: c-c++-common/torture/vector-compare-1.c -O3 -g compilation failed to produce executable
FAIL: c-c++-common/torture/vector-shift1.c -O3 -g (internal compiler error)
FAIL: c-c++-common/torture/vector-shift1.c -O3 -g (test for excess errors)
UNRESOLVED: c-c++-common/torture/vector-shift1.c -O3 -g compilation failed to produce executable
FAIL: c-c++-common/ubsan/attrib-5.c -O0 (test for warnings, line 7)
FAIL: c-c++-common/ubsan/attrib-5.c -O0 (test for excess errors)
FAIL: c-c++-common/ubsan/attrib-5.c -O1 (test for warnings, line 7)
FAIL: c-c++-common/ubsan/attrib-5.c -O1 (test for excess errors)
FAIL: c-c++-common/ubsan/attrib-5.c -O2 (test for warnings, line 7)
FAIL: c-c++-common/ubsan/attrib-5.c -O2 (test for excess errors)
FAIL: c-c++-common/ubsan/attrib-5.c -O3 -g (test for warnings, line 7)
FAIL: c-c++-common/ubsan/attrib-5.c -O3 -g (test for excess errors)
FAIL: c-c++-common/ubsan/attrib-5.c -Os (test for warnings, line 7)
FAIL: c-c++-common/ubsan/attrib-5.c -Os (test for excess errors)
FAIL: c-c++-common/ubsan/attrib-5.c -O2 -flto -fno-use-linker-plugin -flto-partition=none (test for warnings, line 7)
FAIL: c-c++-common/ubsan/attrib-5.c -O2 -flto -fno-use-linker-plugin -flto-partition=none (test for excess errors)
FAIL: c-c++-common/ubsan/attrib-5.c -O2 -flto -fuse-linker-plugin -fno-fat-lto-objects (test for warnings, line 7)
FAIL: c-c++-common/ubsan/attrib-5.c -O2 -flto -fuse-linker-plugin -fno-fat-lto-objects (test for excess errors)
FAIL: c-c++-common/ubsan/float-cast-overflow-7.c -O2 execution test
FAIL: c-c++-common/ubsan/float-cast-overflow-7.c -O2 -flto -fno-use-linker-plugin -flto-partition=none execution test
FAIL: c-c++-common/ubsan/float-cast-overflow-7.c -O2 -flto -fuse-linker-plugin -fno-fat-lto-objects execution test
FAIL: c-c++-common/ubsan/ptr-overflow-sanitization-1.c -O0 scan-tree-dump-times optimized "__ubsan_handle_pointer_overflow" 17
FAIL: c-c++-common/ubsan/ptr-overflow-sanitization-1.c -O1 scan-tree-dump-times optimized "__ubsan_handle_pointer_overflow" 17
FAIL: c-c++-common/ubsan/ptr-overflow-sanitization-1.c -O2 scan-tree-dump-times optimized "__ubsan_handle_pointer_overflow" 17
FAIL: c-c++-common/ubsan/ptr-overflow-sanitization-1.c -O3 -g scan-tree-dump-times optimized "__ubsan_handle_pointer_overflow" 17
FAIL: c-c++-common/ubsan/ptr-overflow-sanitization-1.c -Os scan-tree-dump-times optimized "__ubsan_handle_pointer_overflow" 17
FAIL: g++.old-deja/g++.other/init18.C -std=c++98 execution test
FAIL: g++.old-deja/g++.other/init18.C -std=c++11 execution test
FAIL: g++.old-deja/g++.other/init18.C -std=c++14 execution test
FAIL: g++.old-deja/g++.other/init19.C -std=c++98 execution test
FAIL: g++.old-deja/g++.other/init19.C -std=c++11 execution test
FAIL: g++.old-deja/g++.other/init19.C -std=c++14 execution test
=== g++ Summary ===
# of expected passes 115760
# of unexpected failures 97
# of expected failures 380
# of unresolved testcases 4
# of unsupported tests 4579
/export/devel/build/gcc/head/objdir/gcc/xg++ version 8.0.0 20171013 (experimental) [trunk revision 253740] (GCC)
=== gcc tests ===
Running target unix
FAIL: gcc.c-torture/execute/20030125-1.c -Os execution test
FAIL: gcc.c-torture/execute/conversion.c -O0 execution test
FAIL: gcc.c-torture/execute/ieee/copysign2.c execution, -O0
FAIL: gcc.c-torture/execute/ieee/copysign2.c execution, -O1
FAIL: gcc.c-torture/execute/ieee/copysign2.c execution, -O2
FAIL: gcc.c-torture/execute/ieee/copysign2.c execution, -O3 -fomit-frame-pointer -funroll-loops -fpeel-loops -ftracer -finline-functions
FAIL: gcc.c-torture/execute/ieee/copysign2.c execution, -O3 -g
FAIL: gcc.c-torture/execute/ieee/copysign2.c execution, -Os
FAIL: gcc.c-torture/execute/ieee/copysign2.c execution, -Og -g
FAIL: gcc.c-torture/execute/ieee/copysign2.c execution, -O2 -flto -fno-use-linker-plugin -flto-partition=none
FAIL: gcc.c-torture/execute/ieee/copysign2.c execution, -O2 -flto -fuse-linker-plugin -fno-fat-lto-objects
XPASS: gcc.c-torture/execute/ieee/mzero2.c execution, -O0
XPASS: gcc.c-torture/execute/ieee/mzero2.c execution, -O1
XPASS: gcc.c-torture/execute/ieee/mzero2.c execution, -O2
XPASS: gcc.c-torture/execute/ieee/mzero2.c execution, -O3 -g
XPASS: gcc.c-torture/execute/ieee/mzero2.c execution, -Os
XPASS: gcc.c-torture/execute/ieee/mzero2.c execution, -Og -g
XPASS: gcc.c-torture/execute/ieee/mzero2.c execution, -O2 -flto -fno-use-linker-plugin -flto-partition=none
XPASS: gcc.c-torture/execute/ieee/mzero2.c execution, -O2 -flto -fuse-linker-plugin -fno-fat-lto-objects
FAIL: c-c++-common/asan/pr59063-2.c -O0 execution test
FAIL: c-c++-common/asan/pr59063-2.c -O1 execution test
FAIL: c-c++-common/asan/pr59063-2.c -O2 execution test
FAIL: c-c++-common/asan/pr59063-2.c -O3 -g execution test
FAIL: c-c++-common/asan/pr59063-2.c -Os execution test
FAIL: c-c++-common/asan/pr59063-2.c -O2 -flto -fno-use-linker-plugin -flto-partition=none execution test
FAIL: c-c++-common/asan/pr59063-2.c -O2 -flto -fuse-linker-plugin -fno-fat-lto-objects execution test
FAIL: c-c++-common/asan/swapcontext-test-1.c -O0 execution test
FAIL: c-c++-common/asan/swapcontext-test-1.c -O1 execution test
FAIL: c-c++-common/asan/swapcontext-test-1.c -O2 execution test
FAIL: c-c++-common/asan/swapcontext-test-1.c -O3 -fomit-frame-pointer -funroll-loops -fpeel-loops -ftracer -finline-functions execution test
FAIL: c-c++-common/asan/swapcontext-test-1.c -O3 -g execution test
FAIL: c-c++-common/asan/swapcontext-test-1.c -Os execution test
FAIL: c-c++-common/asan/swapcontext-test-1.c -O2 -flto -fno-use-linker-plugin -flto-partition=none execution test
FAIL: c-c++-common/asan/swapcontext-test-1.c -O2 -flto -fuse-linker-plugin -fno-fat-lto-objects execution test
FAIL: gcc.dg/asan/pr80166.c -O0 execution test
FAIL: gcc.dg/asan/pr80166.c -O1 execution test
FAIL: gcc.dg/asan/pr80166.c -O2 execution test
FAIL: gcc.dg/asan/pr80166.c -O3 -g execution test
FAIL: gcc.dg/asan/pr80166.c -Os execution test
FAIL: gcc.dg/asan/pr80166.c -O2 -flto -fno-use-linker-plugin -flto-partition=none execution test
FAIL: gcc.dg/asan/pr80166.c -O2 -flto -fuse-linker-plugin -fno-fat-lto-objects execution test
FAIL: c-c++-common/Wconversion-real.c -Wc++-compat (test for warnings, line 27)
FAIL: c-c++-common/Wconversion-real.c -Wc++-compat (test for warnings, line 28)
FAIL: c-c++-common/Wfloat-conversion.c -Wc++-compat (test for warnings, line 36)
FAIL: c-c++-common/Wfloat-conversion.c -Wc++-compat (test for warnings, line 37)
FAIL: gcc.dg/20111227-2.c scan-rtl-dump ree "Elimination opportunities = 3 realized = 3"
FAIL: gcc.dg/builtins-58.c scan-assembler-not pow\\\\M
FAIL: gcc.dg/builtins-59.c scan-tree-dump gimple "__builtin_cexpi"
FAIL: gcc.dg/builtins-59.c scan-tree-dump-not gimple "sincos"
FAIL: gcc.dg/builtins-61.c scan-tree-dump optimized "cexpi"
FAIL: gcc.dg/builtins-61.c scan-tree-dump optimized "sin"
FAIL: gcc.dg/builtins-61.c scan-tree-dump optimized "cos"
FAIL: gcc.dg/builtins-61.c scan-tree-dump optimized "return 0.0"
FAIL: gcc.dg/builtins-62.c scan-tree-dump-times optimized "cexpi" 3
FAIL: gcc.dg/builtins-65.c (test for excess errors)
FAIL: gcc.dg/c99-tgmath-4.c (test for excess errors)
UNRESOLVED: gcc.dg/c99-tgmath-4.c scan-assembler cpowf
FAIL: gcc.dg/gimplefe-26.c (internal compiler error)
FAIL: gcc.dg/gimplefe-26.c (test for excess errors)
FAIL: gcc.dg/ifcvt-4.c scan-rtl-dump ce1 "2 true changes made"
XPASS: gcc.dg/pr78768.c -Wformat-overflow (test for warnings, line 12)
FAIL: gcc.dg/predict-8.c scan-rtl-dump-times expand "99.0. .guessed" 2
FAIL: gcc.dg/utf-array-short-wchar.c (test for errors, line 39)
FAIL: gcc.dg/utf-array-short-wchar.c (test for errors, line 41)
FAIL: gcc.dg/utf-array-short-wchar.c (test for excess errors)
FAIL: gcc.dg/graphite/block-1.c (internal compiler error)
FAIL: gcc.dg/graphite/block-1.c (test for excess errors)
UNRESOLVED: gcc.dg/graphite/block-1.c compilation failed to produce executable
FAIL: gcc.dg/graphite/block-5.c (internal compiler error)
FAIL: gcc.dg/graphite/block-5.c (test for excess errors)
UNRESOLVED: gcc.dg/graphite/block-5.c compilation failed to produce executable
FAIL: gcc.dg/graphite/block-6.c (internal compiler error)
FAIL: gcc.dg/graphite/block-6.c (test for excess errors)
UNRESOLVED: gcc.dg/graphite/block-6.c compilation failed to produce executable
FAIL: gcc.dg/graphite/block-pr47654.c (internal compiler error)
FAIL: gcc.dg/graphite/block-pr47654.c (test for excess errors)
UNRESOLVED: gcc.dg/graphite/block-pr47654.c compilation failed to produce executable
FAIL: gcc.dg/graphite/fuse-1.c (internal compiler error)
FAIL: gcc.dg/graphite/fuse-1.c (test for excess errors)
UNRESOLVED: gcc.dg/graphite/fuse-1.c compilation failed to produce executable
UNRESOLVED: gcc.dg/graphite/fuse-1.c scan-tree-dump-times forwprop4 "gimple_simplified to[^\\\\n]*\\\\^ 12" 1
FAIL: gcc.dg/graphite/fuse-2.c (internal compiler error)
FAIL: gcc.dg/graphite/fuse-2.c (test for excess errors)
UNRESOLVED: gcc.dg/graphite/fuse-2.c compilation failed to produce executable
FAIL: gcc.dg/graphite/id-10.c (internal compiler error)
FAIL: gcc.dg/graphite/id-10.c (test for excess errors)
FAIL: gcc.dg/graphite/id-15.c (internal compiler error)
FAIL: gcc.dg/graphite/id-15.c (test for excess errors)
FAIL: gcc.dg/graphite/id-16.c (internal compiler error)
FAIL: gcc.dg/graphite/id-16.c (test for excess errors)
FAIL: gcc.dg/graphite/id-25.c (internal compiler error)
FAIL: gcc.dg/graphite/id-25.c (test for excess errors)
FAIL: gcc.dg/graphite/id-30.c (internal compiler error)
FAIL: gcc.dg/graphite/id-30.c (test for excess errors)
FAIL: gcc.dg/graphite/id-pr46834.c (internal compiler error)
FAIL: gcc.dg/graphite/id-pr46834.c (test for excess errors)
FAIL: gcc.dg/graphite/id-pr47046.c (internal compiler error)
FAIL: gcc.dg/graphite/id-pr47046.c (test for excess errors)
FAIL: gcc.dg/graphite/id-pr48805.c (internal compiler error)
FAIL: gcc.dg/graphite/id-pr48805.c (test for excess errors)
FAIL: gcc.dg/graphite/interchange-0.c (internal compiler error)
FAIL: gcc.dg/graphite/interchange-0.c (test for excess errors)
UNRESOLVED: gcc.dg/graphite/interchange-0.c compilation failed to produce executable
FAIL: gcc.dg/graphite/interchange-1.c (internal compiler error)
FAIL: gcc.dg/graphite/interchange-1.c (test for excess errors)
UNRESOLVED: gcc.dg/graphite/interchange-1.c compilation failed to produce executable
FAIL: gcc.dg/graphite/interchange-10.c (internal compiler error)
FAIL: gcc.dg/graphite/interchange-10.c (test for excess errors)
UNRESOLVED: gcc.dg/graphite/interchange-10.c compilation failed to produce executable
FAIL: gcc.dg/graphite/interchange-11.c (internal compiler error)
FAIL: gcc.dg/graphite/interchange-11.c (test for excess errors)
UNRESOLVED: gcc.dg/graphite/interchange-11.c compilation failed to produce executable
FAIL: gcc.dg/graphite/interchange-12.c (internal compiler error)
FAIL: gcc.dg/graphite/interchange-12.c (test for excess errors)
UNRESOLVED: gcc.dg/graphite/interchange-12.c compilation failed to produce executable
FAIL: gcc.dg/graphite/interchange-12.c scan-tree-dump graphite "tiled by"
FAIL: gcc.dg/graphite/interchange-13.c (internal compiler error)
FAIL: gcc.dg/graphite/interchange-13.c (test for excess errors)
UNRESOLVED: gcc.dg/graphite/interchange-13.c compilation failed to produce executable
FAIL: gcc.dg/graphite/interchange-14.c (internal compiler error)
FAIL: gcc.dg/graphite/interchange-14.c (test for excess errors)
UNRESOLVED: gcc.dg/graphite/interchange-14.c compilation failed to produce executable
FAIL: gcc.dg/graphite/interchange-15.c (internal compiler error)
FAIL: gcc.dg/graphite/interchange-15.c (test for excess errors)
UNRESOLVED: gcc.dg/graphite/interchange-15.c compilation failed to produce executable
FAIL: gcc.dg/graphite/interchange-15.c scan-tree-dump graphite "tiled by"
FAIL: gcc.dg/graphite/interchange-2.c (internal compiler error)
FAIL: gcc.dg/graphite/interchange-2.c (test for excess errors)
UNRESOLVED: gcc.dg/graphite/interchange-2.c compilation failed to produce executable
FAIL: gcc.dg/graphite/interchange-3.c (internal compiler error)
FAIL: gcc.dg/graphite/interchange-3.c (test for excess errors)
UNRESOLVED: gcc.dg/graphite/interchange-3.c compilation failed to produce executable
FAIL: gcc.dg/graphite/interchange-4.c (internal compiler error)
FAIL: gcc.dg/graphite/interchange-4.c (test for excess errors)
UNRESOLVED: gcc.dg/graphite/interchange-4.c compilation failed to produce executable
FAIL: gcc.dg/graphite/interchange-5.c (internal compiler error)
FAIL: gcc.dg/graphite/interchange-5.c (test for excess errors)
UNRESOLVED: gcc.dg/graphite/interchange-5.c compilation failed to produce executable
FAIL: gcc.dg/graphite/interchange-6.c (internal compiler error)
FAIL: gcc.dg/graphite/interchange-6.c (test for excess errors)
UNRESOLVED: gcc.dg/graphite/interchange-6.c compilation failed to produce executable
FAIL: gcc.dg/graphite/interchange-7.c (internal compiler error)
FAIL: gcc.dg/graphite/interchange-7.c (test for excess errors)
UNRESOLVED: gcc.dg/graphite/interchange-7.c compilation failed to produce executable
FAIL: gcc.dg/graphite/interchange-8.c (internal compiler error)
FAIL: gcc.dg/graphite/interchange-8.c (test for excess errors)
UNRESOLVED: gcc.dg/graphite/interchange-8.c compilation failed to produce executable
FAIL: gcc.dg/graphite/interchange-8.c scan-tree-dump graphite "tiled by"
FAIL: gcc.dg/graphite/interchange-9.c (internal compiler error)
FAIL: gcc.dg/graphite/interchange-9.c (test for excess errors)
UNRESOLVED: gcc.dg/graphite/interchange-9.c compilation failed to produce executable
FAIL: gcc.dg/graphite/interchange-mvt.c (internal compiler error)
FAIL: gcc.dg/graphite/interchange-mvt.c (test for excess errors)
UNRESOLVED: gcc.dg/graphite/interchange-mvt.c compilation failed to produce executable
FAIL: gcc.dg/graphite/interchange-mvt.c scan-tree-dump graphite "tiled by"
FAIL: gcc.dg/graphite/pr29330.c (internal compiler error)
FAIL: gcc.dg/graphite/pr29330.c (test for excess errors)
FAIL: gcc.dg/graphite/pr29581-1.c (internal compiler error)
FAIL: gcc.dg/graphite/pr29581-1.c (test for excess errors)
UNRESOLVED: gcc.dg/graphite/pr29581-1.c compilation failed to produce executable
FAIL: gcc.dg/graphite/pr29581-2.c (internal compiler error)
FAIL: gcc.dg/graphite/pr29581-2.c (test for excess errors)
UNRESOLVED: gcc.dg/graphite/pr29581-2.c compilation failed to produce executable
FAIL: gcc.dg/graphite/pr29581-3.c (internal compiler error)
FAIL: gcc.dg/graphite/pr29581-3.c (test for excess errors)
UNRESOLVED: gcc.dg/graphite/pr29581-3.c compilation failed to produce executable
FAIL: gcc.dg/graphite/pr29581-4.c (internal compiler error)
FAIL: gcc.dg/graphite/pr29581-4.c (test for excess errors)
UNRESOLVED: gcc.dg/graphite/pr29581-4.c compilation failed to produce executable
FAIL: gcc.dg/graphite/pr30565.c (internal compiler error)
FAIL: gcc.dg/graphite/pr30565.c (test for excess errors)
FAIL: gcc.dg/graphite/pr31183.c (internal compiler error)
FAIL: gcc.dg/graphite/pr31183.c (test for excess errors)
FAIL: gcc.dg/graphite/pr33576.c (internal compiler error)
FAIL: gcc.dg/graphite/pr33576.c (test for excess errors)
FAIL: gcc.dg/graphite/pr34016.c (internal compiler error)
FAIL: gcc.dg/graphite/pr34016.c (test for excess errors)
FAIL: gcc.dg/graphite/pr35356-1.c (internal compiler error)
FAIL: gcc.dg/graphite/pr35356-1.c (test for excess errors)
FAIL: gcc.dg/graphite/pr36287.c (internal compiler error)
FAIL: gcc.dg/graphite/pr36287.c (test for excess errors)
FAIL: gcc.dg/graphite/pr40157.c (internal compiler error)
FAIL: gcc.dg/graphite/pr40157.c (test for excess errors)
FAIL: gcc.dg/graphite/pr42211.c (internal compiler error)
FAIL: gcc.dg/graphite/pr42211.c (test for excess errors)
FAIL: gcc.dg/graphite/pr42914.c (internal compiler error)
FAIL: gcc.dg/graphite/pr42914.c (test for excess errors)
FAIL: gcc.dg/graphite/pr42917.c (internal compiler error)
FAIL: gcc.dg/graphite/pr42917.c (test for excess errors)
FAIL: gcc.dg/graphite/pr43657.c (internal compiler error)
FAIL: gcc.dg/graphite/pr43657.c (test for excess errors)
UNRESOLVED: gcc.dg/graphite/pr43657.c compilation failed to produce executable
FAIL: gcc.dg/graphite/pr46168.c (internal compiler error)
FAIL: gcc.dg/graphite/pr46168.c (test for excess errors)
FAIL: gcc.dg/graphite/pr46185.c (internal compiler error)
FAIL: gcc.dg/graphite/pr46185.c (test for excess errors)
UNRESOLVED: gcc.dg/graphite/pr46185.c compilation failed to produce executable
FAIL: gcc.dg/graphite/pr46966.c (internal compiler error)
FAIL: gcc.dg/graphite/pr46966.c (test for excess errors)
FAIL: gcc.dg/graphite/pr68493.c (internal compiler error)
FAIL: gcc.dg/graphite/pr68493.c (test for excess errors)
FAIL: gcc.dg/graphite/pr68756.c (internal compiler error)
FAIL: gcc.dg/graphite/pr68756.c (test for excess errors)
FAIL: gcc.dg/graphite/pr69068.c (internal compiler error)
FAIL: gcc.dg/graphite/pr69068.c (test for excess errors)
FAIL: gcc.dg/graphite/pr69728.c (internal compiler error)
FAIL: gcc.dg/graphite/pr69728.c (test for excess errors)
FAIL: gcc.dg/graphite/pr70045.c (internal compiler error)
FAIL: gcc.dg/graphite/pr70045.c (test for excess errors)
FAIL: gcc.dg/graphite/pr71575-1.c (internal compiler error)
FAIL: gcc.dg/graphite/pr71575-1.c (test for excess errors)
FAIL: gcc.dg/graphite/pr71575-2.c (internal compiler error)
FAIL: gcc.dg/graphite/pr71575-2.c (test for excess errors)
FAIL: gcc.dg/graphite/pr71824.c (internal compiler error)
FAIL: gcc.dg/graphite/pr71824.c (test for excess errors)
FAIL: gcc.dg/graphite/pr77362.c (internal compiler error)
FAIL: gcc.dg/graphite/pr77362.c (test for excess errors)
FAIL: gcc.dg/graphite/pr80906.c (internal compiler error)
FAIL: gcc.dg/graphite/pr80906.c (test for excess errors)
FAIL: gcc.dg/graphite/pr81090.c (internal compiler error)
FAIL: gcc.dg/graphite/pr81090.c (test for excess errors)
FAIL: gcc.dg/graphite/pr81373-2.c (internal compiler error)
FAIL: gcc.dg/graphite/pr81373-2.c (test for excess errors)
FAIL: gcc.dg/graphite/pr81373.c (internal compiler error)
FAIL: gcc.dg/graphite/pr81373.c (test for excess errors)
FAIL: gcc.dg/graphite/pr82421.c (internal compiler error)
FAIL: gcc.dg/graphite/pr82421.c (test for excess errors)
FAIL: gcc.dg/graphite/pr82422.c (internal compiler error)
FAIL: gcc.dg/graphite/pr82422.c (test for excess errors)
FAIL: gcc.dg/graphite/pr82451.c (internal compiler error)
FAIL: gcc.dg/graphite/pr82451.c (test for excess errors)
FAIL: gcc.dg/graphite/run-id-1.c (internal compiler error)
FAIL: gcc.dg/graphite/run-id-1.c (test for excess errors)
UNRESOLVED: gcc.dg/graphite/run-id-1.c compilation failed to produce executable
FAIL: gcc.dg/graphite/run-id-pr47653.c (internal compiler error)
FAIL: gcc.dg/graphite/run-id-pr47653.c (test for excess errors)
UNRESOLVED: gcc.dg/graphite/run-id-pr47653.c compilation failed to produce executable
FAIL: gcc.dg/graphite/run-id-pr47654.c (internal compiler error)
FAIL: gcc.dg/graphite/run-id-pr47654.c (test for excess errors)
UNRESOLVED: gcc.dg/graphite/run-id-pr47654.c compilation failed to produce executable
FAIL: gcc.dg/graphite/run-id-pr67700-1.c (internal compiler error)
FAIL: gcc.dg/graphite/run-id-pr67700-1.c (test for excess errors)
UNRESOLVED: gcc.dg/graphite/run-id-pr67700-1.c compilation failed to produce executable
FAIL: gcc.dg/graphite/uns-block-1.c (internal compiler error)
FAIL: gcc.dg/graphite/uns-block-1.c (test for excess errors)
UNRESOLVED: gcc.dg/graphite/uns-block-1.c compilation failed to produce executable
FAIL: gcc.dg/graphite/uns-interchange-12.c (internal compiler error)
FAIL: gcc.dg/graphite/uns-interchange-12.c (test for excess errors)
UNRESOLVED: gcc.dg/graphite/uns-interchange-12.c compilation failed to produce executable
FAIL: gcc.dg/graphite/uns-interchange-12.c scan-tree-dump graphite "tiled by"
FAIL: gcc.dg/graphite/uns-interchange-14.c (internal compiler error)
FAIL: gcc.dg/graphite/uns-interchange-14.c (test for excess errors)
UNRESOLVED: gcc.dg/graphite/uns-interchange-14.c compilation failed to produce executable
FAIL: gcc.dg/graphite/uns-interchange-15.c (internal compiler error)
FAIL: gcc.dg/graphite/uns-interchange-15.c (test for excess errors)
UNRESOLVED: gcc.dg/graphite/uns-interchange-15.c compilation failed to produce executable
FAIL: gcc.dg/graphite/uns-interchange-15.c scan-tree-dump graphite "tiled by"
FAIL: gcc.dg/graphite/uns-interchange-9.c (internal compiler error)
FAIL: gcc.dg/graphite/uns-interchange-9.c (test for excess errors)
UNRESOLVED: gcc.dg/graphite/uns-interchange-9.c compilation failed to produce executable
FAIL: gcc.dg/graphite/uns-interchange-mvt.c (internal compiler error)
FAIL: gcc.dg/graphite/uns-interchange-mvt.c (test for excess errors)
UNRESOLVED: gcc.dg/graphite/uns-interchange-mvt.c compilation failed to produce executable
FAIL: gcc.dg/graphite/uns-interchange-mvt.c scan-tree-dump graphite "tiled by"
FAIL: gcc.dg/pch/largefile.c -O0 -g assembly comparison
FAIL: gcc.dg/pch/largefile.c -O0 assembly comparison
FAIL: gcc.dg/pch/largefile.c -O1 assembly comparison
FAIL: gcc.dg/pch/largefile.c -O2 assembly comparison
FAIL: gcc.dg/pch/largefile.c -O3 -g assembly comparison
FAIL: gcc.dg/pch/largefile.c -Os assembly comparison
FAIL: c-c++-common/torture/vector-compare-1.c -O3 -fomit-frame-pointer -funroll-loops -fpeel-loops -ftracer -finline-functions (internal compiler error)
FAIL: c-c++-common/torture/vector-compare-1.c -O3 -fomit-frame-pointer -funroll-loops -fpeel-loops -ftracer -finline-functions (test for excess errors)
UNRESOLVED: c-c++-common/torture/vector-compare-1.c -O3 -fomit-frame-pointer -funroll-loops -fpeel-loops -ftracer -finline-functions compilation failed to produce executable
FAIL: c-c++-common/torture/vector-compare-1.c -O3 -g (internal compiler error)
FAIL: c-c++-common/torture/vector-compare-1.c -O3 -g (test for excess errors)
UNRESOLVED: c-c++-common/torture/vector-compare-1.c -O3 -g compilation failed to produce executable
FAIL: c-c++-common/torture/vector-shift1.c -O3 -g (internal compiler error)
FAIL: c-c++-common/torture/vector-shift1.c -O3 -g (test for excess errors)
UNRESOLVED: c-c++-common/torture/vector-shift1.c -O3 -g compilation failed to produce executable
FAIL: gcc.dg/torture/builtin-convert-1.c -O1 (test for excess errors)
FAIL: gcc.dg/torture/builtin-convert-1.c -O2 (test for excess errors)
FAIL: gcc.dg/torture/builtin-convert-1.c -O3 -g (test for excess errors)
FAIL: gcc.dg/torture/builtin-convert-1.c -Os (test for excess errors)
FAIL: gcc.dg/torture/builtin-convert-1.c -O2 -flto -fno-use-linker-plugin -flto-partition=none (test for excess errors)
FAIL: gcc.dg/torture/builtin-convert-2.c -O1 (test for excess errors)
FAIL: gcc.dg/torture/builtin-convert-2.c -O2 (test for excess errors)
FAIL: gcc.dg/torture/builtin-convert-2.c -O3 -g (test for excess errors)
FAIL: gcc.dg/torture/builtin-convert-2.c -Os (test for excess errors)
FAIL: gcc.dg/torture/builtin-convert-2.c -O2 -flto -fno-use-linker-plugin -flto-partition=none (test for excess errors)
FAIL: gcc.dg/torture/fp-int-convert-float80.c -O0 execution test
FAIL: gcc.dg/torture/fp-int-convert-float80.c -O1 execution test
FAIL: gcc.dg/torture/fp-int-convert-float80.c -O2 execution test
FAIL: gcc.dg/torture/fp-int-convert-float80.c -O3 -g execution test
FAIL: gcc.dg/torture/fp-int-convert-float80.c -Os execution test
FAIL: gcc.dg/torture/fp-int-convert-float80.c -O2 -flto -fno-use-linker-plugin -flto-partition=none execution test
FAIL: gcc.dg/torture/fp-int-convert-float80.c -O2 -flto -fuse-linker-plugin -fno-fat-lto-objects execution test
FAIL: gcc.dg/torture/fp-int-convert-long-double.c -O0 execution test
FAIL: gcc.dg/torture/fp-int-convert-long-double.c -O1 execution test
FAIL: gcc.dg/torture/fp-int-convert-long-double.c -O2 execution test
FAIL: gcc.dg/torture/fp-int-convert-long-double.c -O3 -g execution test
FAIL: gcc.dg/torture/fp-int-convert-long-double.c -Os execution test
FAIL: gcc.dg/torture/fp-int-convert-long-double.c -O2 -flto -fno-use-linker-plugin -flto-partition=none execution test
FAIL: gcc.dg/torture/fp-int-convert-long-double.c -O2 -flto -fuse-linker-plugin -fno-fat-lto-objects execution test
FAIL: gcc.dg/torture/pr68264.c -O0 execution test
FAIL: gcc.dg/torture/pr68264.c -O1 execution test
FAIL: gcc.dg/torture/pr68264.c -O2 execution test
FAIL: gcc.dg/torture/pr68264.c -O3 -g execution test
FAIL: gcc.dg/torture/pr68264.c -Os execution test
FAIL: gcc.dg/torture/pr68264.c -O2 -flto -fno-use-linker-plugin -flto-partition=none execution test
FAIL: gcc.dg/torture/pr68264.c -O2 -flto -fuse-linker-plugin -fno-fat-lto-objects execution test
FAIL: gcc.dg/tree-prof/switch-case-2.c scan-rtl-dump-times expand ";; basic block[^\\\\n]*count 2000" 1
FAIL: gcc.dg/tree-ssa/copy-sign-1.c scan-tree-dump-times gimple "copysign" 8
FAIL: gcc.dg/tree-ssa/minmax-2.c scan-tree-dump optimized "__builtin_fmin"
FAIL: gcc.dg/tree-ssa/mult-abs-2.c scan-tree-dump-times gimple "ABS" 8
FAIL: gcc.dg/tree-ssa/pr71078-1-double.c scan-tree-dump forwprop1 "__builtin_copysign"
FAIL: gcc.dg/tree-ssa/pr71078-1-long-double.c scan-tree-dump forwprop1 "__builtin_copysignl"
FAIL: gcc.dg/tree-ssa/pr71078-1.c scan-tree-dump forwprop1 "__builtin_copysignf"
FAIL: gcc.dg/tree-ssa/pr71078-2-double.c scan-tree-dump forwprop1 "__builtin_copysign"
FAIL: gcc.dg/tree-ssa/pr71078-2-long-double.c scan-tree-dump forwprop1 "__builtin_copysignl"
FAIL: gcc.dg/tree-ssa/pr71078-2.c scan-tree-dump forwprop1 "__builtin_copysignf"
FAIL: gcc.dg/tree-ssa/pr71078-3.c scan-tree-dump forwprop1 "__builtin_copysign"
FAIL: gcc.dg/tree-ssa/reassoc-37.c scan-tree-dump optimized "(8784908|0x0*860c0c)"
FAIL: gcc.dg/tree-ssa/reassoc-37.c scan-tree-dump optimized "(<<|>>)"
FAIL: c-c++-common/ubsan/float-cast-overflow-7.c -O2 execution test
FAIL: c-c++-common/ubsan/float-cast-overflow-7.c -O2 -flto -fno-use-linker-plugin -flto-partition=none execution test
FAIL: c-c++-common/ubsan/float-cast-overflow-7.c -O2 -flto -fuse-linker-plugin -fno-fat-lto-objects execution test
FAIL: c-c++-common/ubsan/ptr-overflow-sanitization-1.c -O0 scan-tree-dump-times optimized "__ubsan_handle_pointer_overflow" 17
FAIL: c-c++-common/ubsan/ptr-overflow-sanitization-1.c -O1 scan-tree-dump-times optimized "__ubsan_handle_pointer_overflow" 17
FAIL: c-c++-common/ubsan/ptr-overflow-sanitization-1.c -O2 scan-tree-dump-times optimized "__ubsan_handle_pointer_overflow" 17
FAIL: c-c++-common/ubsan/ptr-overflow-sanitization-1.c -O3 -g scan-tree-dump-times optimized "__ubsan_handle_pointer_overflow" 17
FAIL: c-c++-common/ubsan/ptr-overflow-sanitization-1.c -Os scan-tree-dump-times optimized "__ubsan_handle_pointer_overflow" 17
FAIL: gcc.dg/vect/pr65947-14.c execution test
FAIL: gcc.dg/vect/pr65947-14.c -flto -ffat-lto-objects execution test
XPASS: gcc.dg/vect/vect-24.c scan-tree-dump-times vect "vectorized 3 loops" 1
XPASS: gcc.dg/vect/vect-24.c -flto -ffat-lto-objects scan-tree-dump-times vect "vectorized 3 loops" 1
FAIL: gcc.target/i386/align-limit.c scan-assembler .p2align 6,,1
FAIL: gcc.target/i386/avx512f-rint-sfix-vec-2.c scan-assembler-times vcvtpd2dq[^\\n]+ymm[0-9](?:\\n|[ \\\\t]+#) 2
FAIL: gcc.target/i386/avx512f-rint-sfix-vec-2.c scan-assembler-times vinserti64x4[^\\n]+zmm[0-9](?:\\n|[ \\\\t]+#) 1
FAIL: gcc.target/i386/avx512f-rintf-sfix-vec-2.c scan-assembler-times vcvtps2dq[^\\n]+zmm[0-9](?:\\n|[ \\\\t]+#) 1
FAIL: gcc.target/i386/excess-precision-1.c execution test
FAIL: gcc.target/i386/excess-precision-3.c execution test
FAIL: gcc.target/i386/pr27827.c scan-assembler fmul[ \\t]*%st
FAIL: gcc.target/i386/pr35281.c scan-assembler-not xor
FAIL: gcc.target/i386/pr36578-1.c execution test
FAIL: gcc.target/i386/pr36578-2.c execution test
FAIL: gcc.target/i386/pr46091-4.c scan-assembler btr
FAIL: gcc.target/i386/pr46091-4.c scan-assembler bts
FAIL: gcc.target/i386/pr46091-4.c scan-assembler btc
FAIL: gcc.target/i386/pr46091-4a.c scan-assembler-not and[lq][ \\t]
FAIL: gcc.target/i386/pr50038.c scan-assembler-times movzbl 2
FAIL: gcc.target/i386/pr53397-1.c scan-tree-dump aprefetch "Issued prefetch"
FAIL: gcc.target/i386/pr53397-1.c scan-assembler prefetcht0
FAIL: gcc.target/i386/pr53397-2.c scan-tree-dump aprefetch "Not prefetching"
FAIL: gcc.target/i386/pr53397-2.c scan-tree-dump aprefetch "loop variant step"
FAIL: gcc.target/i386/pr56151.c scan-assembler-not mov[^\\n\\r]*vara
FAIL: gcc.target/i386/pr56151.c scan-assembler-times or[^\\n\\r]*vara 1
FAIL: gcc.target/i386/pr65105-2.c scan-assembler por
FAIL: gcc.target/i386/pr66768.c scan-assembler add*.[ \\t]%gs:
FAIL: gcc.target/i386/pr70021.c scan-tree-dump-times vect "vectorized 1 loops" 2
FAIL: gcc.target/i386/pr70263-2.c scan-rtl-dump ira "Adding REG_EQUIV to insn [0-9]+ for source of insn [0-9]+"
FAIL: gcc.target/i386/pr70322-1.c scan-assembler pandn
FAIL: gcc.target/i386/pr70322-3.c scan-assembler pxor
FAIL: gcc.target/i386/pr70322-3.c scan-assembler por
FAIL: gcc.target/i386/pr70322-4.c scan-assembler psub
FAIL: gcc.target/i386/pr70322-4.c scan-assembler por
FAIL: gcc.target/i386/pr71245-1.c scan-assembler-not (fistp|fild)
FAIL: gcc.target/i386/pr71245-2.c scan-assembler-not movlps
FAIL: gcc.target/i386/pr79690.c scan-assembler mov[au]p.[ \\t][^,]+, %gs:
FAIL: gcc.target/i386/pr79723.c scan-assembler mov[au]p.[ \\t][^,]+, %gs:
FAIL: gcc.target/i386/pr80969-3.c (test for excess errors)
=== gcc Summary ===
# of expected passes 124409
# of unexpected failures 315
# of unexpected successes 11
# of expected failures 368
# of unresolved testcases 44
# of unsupported tests 2556
/export/devel/build/gcc/head/objdir/gcc/xgcc version 8.0.0 20171013 (experimental) [trunk revision 253740] (GCC)
=== gfortran tests ===
Running target unix
XPASS: gfortran.dg/large_real_kind_2.F90 -O0 (test for excess errors)
XPASS: gfortran.dg/large_real_kind_2.F90 -O1 (test for excess errors)
XPASS: gfortran.dg/large_real_kind_2.F90 -O2 (test for excess errors)
XPASS: gfortran.dg/large_real_kind_2.F90 -O3 -fomit-frame-pointer -funroll-loops -fpeel-loops -ftracer -finline-functions (test for excess errors)
XPASS: gfortran.dg/large_real_kind_2.F90 -O3 -g (test for excess errors)
XPASS: gfortran.dg/large_real_kind_2.F90 -Os (test for excess errors)
FAIL: gfortran.dg/round_4.f90 -O0 execution test
FAIL: gfortran.dg/round_4.f90 -O1 execution test
FAIL: gfortran.dg/round_4.f90 -O2 execution test
FAIL: gfortran.dg/round_4.f90 -O3 -fomit-frame-pointer -funroll-loops -fpeel-loops -ftracer -finline-functions execution test
FAIL: gfortran.dg/round_4.f90 -O3 -g execution test
FAIL: gfortran.dg/round_4.f90 -Os execution test
FAIL: gfortran.dg/graphite/PR67518.f90 -O (internal compiler error)
FAIL: gfortran.dg/graphite/PR67518.f90 -O (test for excess errors)
FAIL: gfortran.dg/graphite/id-14.f -O (internal compiler error)
FAIL: gfortran.dg/graphite/id-14.f -O (test for excess errors)
FAIL: gfortran.dg/graphite/id-15.f -O (internal compiler error)
FAIL: gfortran.dg/graphite/id-15.f -O (test for excess errors)
FAIL: gfortran.dg/graphite/id-17.f -O (internal compiler error)
FAIL: gfortran.dg/graphite/id-17.f -O (test for excess errors)
FAIL: gfortran.dg/graphite/id-19.f -O (internal compiler error)
FAIL: gfortran.dg/graphite/id-19.f -O (test for excess errors)
FAIL: gfortran.dg/graphite/id-24.f -O (internal compiler error)
FAIL: gfortran.dg/graphite/id-24.f -O (test for excess errors)
FAIL: gfortran.dg/graphite/id-25.f -O (internal compiler error)
FAIL: gfortran.dg/graphite/id-25.f -O (test for excess errors)
FAIL: gfortran.dg/graphite/id-27.f90 -O (internal compiler error)
FAIL: gfortran.dg/graphite/id-27.f90 -O (test for excess errors)
FAIL: gfortran.dg/graphite/id-28.f90 -O (internal compiler error)
FAIL: gfortran.dg/graphite/id-28.f90 -O (test for excess errors)
FAIL: gfortran.dg/graphite/id-9.f -O (internal compiler error)
FAIL: gfortran.dg/graphite/id-9.f -O (test for excess errors)
FAIL: gfortran.dg/graphite/interchange-1.f -O (internal compiler error)
FAIL: gfortran.dg/graphite/interchange-1.f -O (test for excess errors)
FAIL: gfortran.dg/graphite/interchange-3.f90 -O (internal compiler error)
FAIL: gfortran.dg/graphite/interchange-3.f90 -O (test for excess errors)
FAIL: gfortran.dg/graphite/pr14741.f90 -O (internal compiler error)
FAIL: gfortran.dg/graphite/pr14741.f90 -O (test for excess errors)
FAIL: gfortran.dg/graphite/pr29581.f90 -O1 (internal compiler error)
FAIL: gfortran.dg/graphite/pr29581.f90 -O1 (test for excess errors)
UNRESOLVED: gfortran.dg/graphite/pr29581.f90 -O1 compilation failed to produce executable
FAIL: gfortran.dg/graphite/pr29581.f90 -O2 (internal compiler error)
FAIL: gfortran.dg/graphite/pr29581.f90 -O2 (test for excess errors)
UNRESOLVED: gfortran.dg/graphite/pr29581.f90 -O2 compilation failed to produce executable
FAIL: gfortran.dg/graphite/pr29832.f90 -O1 (internal compiler error)
FAIL: gfortran.dg/graphite/pr29832.f90 -O1 (test for excess errors)
UNRESOLVED: gfortran.dg/graphite/pr29832.f90 -O1 compilation failed to produce executable
FAIL: gfortran.dg/graphite/pr29832.f90 -O2 (internal compiler error)
FAIL: gfortran.dg/graphite/pr29832.f90 -O2 (test for excess errors)
UNRESOLVED: gfortran.dg/graphite/pr29832.f90 -O2 compilation failed to produce executable
FAIL: gfortran.dg/graphite/pr29832.f90 -O3 -fomit-frame-pointer -funroll-loops -fpeel-loops -ftracer -finline-functions (internal compiler error)
FAIL: gfortran.dg/graphite/pr29832.f90 -O3 -fomit-frame-pointer -funroll-loops -fpeel-loops -ftracer -finline-functions (test for excess errors)
UNRESOLVED: gfortran.dg/graphite/pr29832.f90 -O3 -fomit-frame-pointer -funroll-loops -fpeel-loops -ftracer -finline-functions compilation failed to produce executable
FAIL: gfortran.dg/graphite/pr29832.f90 -O3 -g (internal compiler error)
FAIL: gfortran.dg/graphite/pr29832.f90 -O3 -g (test for excess errors)
UNRESOLVED: gfortran.dg/graphite/pr29832.f90 -O3 -g compilation failed to produce executable
FAIL: gfortran.dg/graphite/pr42285.f90 -O (internal compiler error)
FAIL: gfortran.dg/graphite/pr42285.f90 -O (test for excess errors)
FAIL: gfortran.dg/graphite/pr42326-1.f90 -O (internal compiler error)
FAIL: gfortran.dg/graphite/pr42326-1.f90 -O (test for excess errors)
FAIL: gfortran.dg/graphite/pr42326.f90 -O (internal compiler error)
FAIL: gfortran.dg/graphite/pr42326.f90 -O (test for excess errors)
FAIL: gfortran.dg/graphite/pr42334-1.f -O (internal compiler error)
FAIL: gfortran.dg/graphite/pr42334-1.f -O (test for excess errors)
FAIL: gfortran.dg/graphite/pr42334.f90 -O (internal compiler error)
FAIL: gfortran.dg/graphite/pr42334.f90 -O (test for excess errors)
FAIL: gfortran.dg/graphite/pr42393-1.f90 -O (internal compiler error)
FAIL: gfortran.dg/graphite/pr42393-1.f90 -O (test for excess errors)
FAIL: gfortran.dg/graphite/pr42393.f90 -O (internal compiler error)
FAIL: gfortran.dg/graphite/pr42393.f90 -O (test for excess errors)
FAIL: gfortran.dg/graphite/pr43097.f -O (internal compiler error)
FAIL: gfortran.dg/graphite/pr43097.f -O (test for excess errors)
FAIL: gfortran.dg/graphite/pr47019.f -O (internal compiler error)
FAIL: gfortran.dg/graphite/pr47019.f -O (test for excess errors)
FAIL: gfortran.dg/graphite/pr68279.f90 -O (internal compiler error)
FAIL: gfortran.dg/graphite/pr68279.f90 -O (test for excess errors)
FAIL: gfortran.dg/graphite/pr68453.f90 -O (internal compiler error)
FAIL: gfortran.dg/graphite/pr68453.f90 -O (test for excess errors)
FAIL: gfortran.dg/graphite/pr68550-2.f90 -O (internal compiler error)
FAIL: gfortran.dg/graphite/pr68550-2.f90 -O (test for excess errors)
FAIL: gfortran.dg/graphite/pr71351.f90 -O (internal compiler error)
FAIL: gfortran.dg/graphite/pr71351.f90 -O (test for excess errors)
FAIL: gfortran.dg/graphite/pr71898.f90 -O (internal compiler error)
FAIL: gfortran.dg/graphite/pr71898.f90 -O (test for excess errors)
FAIL: gfortran.dg/graphite/pr82449.f -O (internal compiler error)
FAIL: gfortran.dg/graphite/pr82449.f -O (test for excess errors)
FAIL: gfortran.dg/graphite/pr82451.f -O (internal compiler error)
FAIL: gfortran.dg/graphite/pr82451.f -O (test for excess errors)
FAIL: gfortran.dg/graphite/run-id-1.f -O (internal compiler error)
FAIL: gfortran.dg/graphite/run-id-1.f -O (test for excess errors)
UNRESOLVED: gfortran.dg/graphite/run-id-1.f -O compilation failed to produce executable
FAIL: gfortran.dg/graphite/run-id-2.f90 -O (internal compiler error)
FAIL: gfortran.dg/graphite/run-id-2.f90 -O (test for excess errors)
UNRESOLVED: gfortran.dg/graphite/run-id-2.f90 -O compilation failed to produce executable
FAIL: gfortran.dg/graphite/run-id-3.f90 -O1 (internal compiler error)
FAIL: gfortran.dg/graphite/run-id-3.f90 -O1 (test for excess errors)
UNRESOLVED: gfortran.dg/graphite/run-id-3.f90 -O1 compilation failed to produce executable
FAIL: gfortran.dg/graphite/run-id-3.f90 -O2 (internal compiler error)
FAIL: gfortran.dg/graphite/run-id-3.f90 -O2 (test for excess errors)
UNRESOLVED: gfortran.dg/graphite/run-id-3.f90 -O2 compilation failed to produce executable
FAIL: gfortran.dg/graphite/run-id-3.f90 -O3 -fomit-frame-pointer -funroll-loops -fpeel-loops -ftracer -finline-functions (internal compiler error)
FAIL: gfortran.dg/graphite/run-id-3.f90 -O3 -fomit-frame-pointer -funroll-loops -fpeel-loops -ftracer -finline-functions (test for excess errors)
UNRESOLVED: gfortran.dg/graphite/run-id-3.f90 -O3 -fomit-frame-pointer -funroll-loops -fpeel-loops -ftracer -finline-functions compilation failed to produce executable
FAIL: gfortran.dg/graphite/run-id-3.f90 -O3 -g (internal compiler error)
FAIL: gfortran.dg/graphite/run-id-3.f90 -O3 -g (test for excess errors)
UNRESOLVED: gfortran.dg/graphite/run-id-3.f90 -O3 -g compilation failed to produce executable
FAIL: gfortran.dg/graphite/run-id-3.f90 -Os (internal compiler error)
FAIL: gfortran.dg/graphite/run-id-3.f90 -Os (test for excess errors)
UNRESOLVED: gfortran.dg/graphite/run-id-3.f90 -Os compilation failed to produce executable
FAIL: gfortran.dg/graphite/vect-pr40979.f90 -O (internal compiler error)
FAIL: gfortran.dg/graphite/vect-pr40979.f90 -O (test for excess errors)
UNRESOLVED: gfortran.dg/graphite/vect-pr40979.f90 -O scan-tree-dump-times vect "vectorized 1 loops" 1
FAIL: gfortran.dg/ieee/large_4.f90 -O0 execution test
FAIL: gfortran.dg/ieee/large_4.f90 -O1 execution test
FAIL: gfortran.dg/ieee/large_4.f90 -O2 execution test
FAIL: gfortran.dg/ieee/large_4.f90 -O3 -fomit-frame-pointer -funroll-loops -fpeel-loops -ftracer -finline-functions execution test
FAIL: gfortran.dg/ieee/large_4.f90 -O3 -g execution test
FAIL: gfortran.dg/ieee/large_4.f90 -Os execution test
FAIL: gfortran.dg/vect/fast-math-mgrid-resid.f -O scan-tree-dump pcom "vectp_u.*__lsm.* = PHI <.*vectp_u.*__lsm"
=== gfortran Summary ===
# of expected passes 45659
# of unexpected failures 99
# of unexpected successes 6
# of expected failures 97
# of unresolved testcases 14
# of unsupported tests 185
/export/devel/build/gcc/head/objdir/gcc/gfortran version 8.0.0 20171013 (experimental) [trunk revision 253740] (GCC)
=== objc tests ===
Running target unix
=== objc Summary ===
# of expected passes 2797
# of expected failures 6
# of unsupported tests 68
/export/devel/build/gcc/head/objdir/gcc/xgcc version 8.0.0 20171013 (experimental) [trunk revision 253740] (GCC)
=== libatomic tests ===
Running target unix
=== libatomic Summary ===
# of expected passes 44
# of unsupported tests 5
=== libgomp tests ===
Running target unix
FAIL: libgomp.c++/member-5.C execution test
FAIL: libgomp.graphite/bounds.c (internal compiler error)
FAIL: libgomp.graphite/bounds.c (test for excess errors)
FAIL: libgomp.graphite/force-parallel-1.c (internal compiler error)
FAIL: libgomp.graphite/force-parallel-1.c (test for excess errors)
UNRESOLVED: libgomp.graphite/force-parallel-1.c compilation failed to produce executable
UNRESOLVED: libgomp.graphite/force-parallel-1.c scan-tree-dump-times optimized "loopfn" 8
FAIL: libgomp.graphite/force-parallel-2.c (internal compiler error)
FAIL: libgomp.graphite/force-parallel-2.c (test for excess errors)
UNRESOLVED: libgomp.graphite/force-parallel-2.c compilation failed to produce executable
UNRESOLVED: libgomp.graphite/force-parallel-2.c scan-tree-dump-times optimized "loopfn" 4
FAIL: libgomp.graphite/force-parallel-3.c (internal compiler error)
FAIL: libgomp.graphite/force-parallel-3.c (test for excess errors)
UNRESOLVED: libgomp.graphite/force-parallel-3.c compilation failed to produce executable
UNRESOLVED: libgomp.graphite/force-parallel-3.c scan-tree-dump-times optimized "loopfn.0" 4
UNRESOLVED: libgomp.graphite/force-parallel-3.c scan-tree-dump-times optimized "loopfn.1" 4
FAIL: libgomp.graphite/force-parallel-4.c (internal compiler error)
FAIL: libgomp.graphite/force-parallel-4.c (test for excess errors)
UNRESOLVED: libgomp.graphite/force-parallel-4.c compilation failed to produce executable
UNRESOLVED: libgomp.graphite/force-parallel-4.c scan-tree-dump-times optimized "loopfn.0" 4
UNRESOLVED: libgomp.graphite/force-parallel-4.c scan-tree-dump-times optimized "loopfn.1" 4
FAIL: libgomp.graphite/force-parallel-5.c (internal compiler error)
FAIL: libgomp.graphite/force-parallel-5.c (test for excess errors)
UNRESOLVED: libgomp.graphite/force-parallel-5.c compilation failed to produce executable
UNRESOLVED: libgomp.graphite/force-parallel-5.c scan-tree-dump-times optimized "loopfn.0" 4
UNRESOLVED: libgomp.graphite/force-parallel-5.c scan-tree-dump-times optimized "loopfn.1" 4
FAIL: libgomp.graphite/force-parallel-6.c (internal compiler error)
FAIL: libgomp.graphite/force-parallel-6.c (test for excess errors)
UNRESOLVED: libgomp.graphite/force-parallel-6.c compilation failed to produce executable
FAIL: libgomp.graphite/force-parallel-6.c scan-tree-dump-times optimized "loopfn.0" 4
FAIL: libgomp.graphite/force-parallel-7.c (internal compiler error)
FAIL: libgomp.graphite/force-parallel-7.c (test for excess errors)
UNRESOLVED: libgomp.graphite/force-parallel-7.c compilation failed to produce executable
UNRESOLVED: libgomp.graphite/force-parallel-7.c scan-tree-dump-times optimized "loopfn.0" 4
FAIL: libgomp.graphite/force-parallel-8.c (internal compiler error)
FAIL: libgomp.graphite/force-parallel-8.c (test for excess errors)
UNRESOLVED: libgomp.graphite/force-parallel-8.c compilation failed to produce executable
UNRESOLVED: libgomp.graphite/force-parallel-8.c scan-tree-dump-times optimized "loopfn.0" 4
UNRESOLVED: libgomp.graphite/force-parallel-8.c scan-tree-dump-times optimized "loopfn.1" 4
FAIL: libgomp.graphite/force-parallel-9.c (internal compiler error)
FAIL: libgomp.graphite/force-parallel-9.c (test for excess errors)
UNRESOLVED: libgomp.graphite/force-parallel-9.c compilation failed to produce executable
UNRESOLVED: libgomp.graphite/force-parallel-9.c scan-tree-dump-times optimized "loopfn.0" 4
UNRESOLVED: libgomp.graphite/force-parallel-9.c scan-tree-dump-times optimized "loopfn.1" 4
FAIL: libgomp.oacc-c/../libgomp.oacc-c-c++-common/loop-dim-default.c -DACC_DEVICE_TYPE_host=1 -DACC_MEM_SHARED=1 -O2 (test for excess errors)
UNRESOLVED: libgomp.oacc-c/../libgomp.oacc-c-c++-common/loop-dim-default.c -DACC_DEVICE_TYPE_host=1 -DACC_MEM_SHARED=1 -O2 compilation failed to produce executable
FAIL: libgomp.oacc-c++/../libgomp.oacc-c-c++-common/loop-dim-default.c -DACC_DEVICE_TYPE_host=1 -DACC_MEM_SHARED=1 -O2 (test for excess errors)
UNRESOLVED: libgomp.oacc-c++/../libgomp.oacc-c-c++-common/loop-dim-default.c -DACC_DEVICE_TYPE_host=1 -DACC_MEM_SHARED=1 -O2 compilation failed to produce executable
=== libgomp Summary ===
# of expected passes 5219
# of unexpected failures 24
# of unresolved testcases 24
# of unsupported tests 328
=== libitm tests ===
Running target unix
=== libitm Summary ===
# of expected passes 42
# of expected failures 3
# of unsupported tests 1
=== libstdc++ tests ===
Running target unix
FAIL: 17_intro/headers/c++1998/all.cc (test for excess errors)
FAIL: 17_intro/headers/c++1998/all_c++200x_compatibility.cc (test for excess errors)
FAIL: 17_intro/headers/c++1998/stdc++.cc (test for excess errors)
FAIL: 17_intro/headers/c++1998/stdc++_multiple_inclusion.cc (test for excess errors)
FAIL: 17_intro/headers/c++2011/stdc++.cc (test for excess errors)
FAIL: 17_intro/headers/c++2011/stdc++_multiple_inclusion.cc (test for excess errors)
FAIL: 17_intro/headers/c++2014/stdc++.cc (test for excess errors)
FAIL: 17_intro/headers/c++2014/stdc++_multiple_inclusion.cc (test for excess errors)
FAIL: 22_locale/codecvt/in/wchar_t/3.cc execution test
FAIL: 22_locale/codecvt/max_length/wchar_t/4.cc execution test
FAIL: 22_locale/codecvt/out/wchar_t/3.cc execution test
FAIL: 22_locale/ctype/is/char/wrapped_env.cc execution test
FAIL: 22_locale/ctype/is/char/wrapped_locale.cc execution test
FAIL: 22_locale/ctype/is/wchar_t/wrapped_env.cc execution test
FAIL: 22_locale/ctype/is/wchar_t/wrapped_locale.cc execution test
FAIL: 22_locale/locale/cons/12658_thread-1.cc execution test
FAIL: 22_locale/locale/cons/12658_thread-2.cc execution test
FAIL: 22_locale/locale/cons/29217.cc execution test
FAIL: 22_locale/locale/cons/38368.cc execution test
FAIL: 22_locale/locale/cons/40184.cc execution test
FAIL: 22_locale/locale/global_locale_objects/14071.cc execution test
FAIL: 22_locale/messages/13631.cc execution test
FAIL: 22_locale/messages/members/char/1.cc execution test
FAIL: 22_locale/messages/members/char/2.cc execution test
FAIL: 22_locale/messages/members/char/wrapped_env.cc execution test
FAIL: 22_locale/messages/members/char/wrapped_locale.cc execution test
FAIL: 22_locale/messages_byname/named_equivalence.cc execution test
FAIL: 22_locale/money_get/get/char/16.cc execution test
FAIL: 22_locale/money_get/get/char/18.cc execution test
FAIL: 22_locale/money_get/get/char/2.cc execution test
FAIL: 22_locale/money_get/get/char/4.cc execution test
FAIL: 22_locale/money_get/get/char/wrapped_env.cc execution test
FAIL: 22_locale/money_get/get/char/wrapped_locale.cc execution test
FAIL: 22_locale/money_get/get/wchar_t/1.cc execution test
FAIL: 22_locale/money_get/get/wchar_t/16.cc execution test
FAIL: 22_locale/money_get/get/wchar_t/18.cc execution test
FAIL: 22_locale/money_get/get/wchar_t/2.cc execution test
FAIL: 22_locale/money_get/get/wchar_t/4.cc execution test
FAIL: 22_locale/money_get/get/wchar_t/wrapped_env.cc execution test
FAIL: 22_locale/money_get/get/wchar_t/wrapped_locale.cc execution test
FAIL: 22_locale/money_put/put/char/2.cc execution test
FAIL: 22_locale/money_put/put/char/9780-3.cc execution test
FAIL: 22_locale/money_put/put/char/wrapped_env.cc execution test
FAIL: 22_locale/money_put/put/char/wrapped_locale.cc execution test
FAIL: 22_locale/money_put/put/wchar_t/1.cc execution test
FAIL: 22_locale/money_put/put/wchar_t/2.cc execution test
FAIL: 22_locale/money_put/put/wchar_t/3.cc execution test
FAIL: 22_locale/money_put/put/wchar_t/wrapped_env.cc execution test
FAIL: 22_locale/money_put/put/wchar_t/wrapped_locale.cc execution test
FAIL: 22_locale/numpunct/members/char/3.cc execution test
FAIL: 22_locale/time_get/get_date/char/12750.cc execution test
FAIL: 22_locale/time_get/get_date/char/2.cc execution test
FAIL: 22_locale/time_get/get_date/char/wrapped_env.cc execution test
FAIL: 22_locale/time_get/get_date/char/wrapped_locale.cc execution test
FAIL: 22_locale/time_get/get_date/wchar_t/12750.cc execution test
FAIL: 22_locale/time_get/get_date/wchar_t/2.cc execution test
FAIL: 22_locale/time_get/get_date/wchar_t/4.cc execution test
FAIL: 22_locale/time_get/get_date/wchar_t/wrapped_env.cc execution test
FAIL: 22_locale/time_get/get_date/wchar_t/wrapped_locale.cc execution test
FAIL: 22_locale/time_get/get_time/char/2.cc execution test
FAIL: 22_locale/time_get/get_time/char/wrapped_env.cc execution test
FAIL: 22_locale/time_get/get_time/char/wrapped_locale.cc execution test
FAIL: 22_locale/time_get/get_time/wchar_t/2.cc execution test
FAIL: 22_locale/time_get/get_time/wchar_t/wrapped_env.cc execution test
FAIL: 22_locale/time_get/get_time/wchar_t/wrapped_locale.cc execution test
FAIL: 22_locale/time_get/get_weekday/char/38081-1.cc execution test
FAIL: 22_locale/time_get/get_weekday/char/38081-2.cc execution test
FAIL: 22_locale/time_put/put/char/2.cc execution test
FAIL: 22_locale/time_put/put/char/3.cc execution test
FAIL: 22_locale/time_put/put/char/4.cc execution test
FAIL: 22_locale/time_put/put/char/wrapped_env.cc execution test
FAIL: 22_locale/time_put/put/char/wrapped_locale.cc execution test
FAIL: 22_locale/time_put/put/wchar_t/2.cc execution test
FAIL: 22_locale/time_put/put/wchar_t/3.cc execution test
FAIL: 22_locale/time_put/put/wchar_t/4.cc execution test
FAIL: 22_locale/time_put/put/wchar_t/wrapped_env.cc execution test
FAIL: 22_locale/time_put/put/wchar_t/wrapped_locale.cc execution test
FAIL: 26_numerics/complex/13450.cc (test for excess errors)
FAIL: 26_numerics/headers/cmath/hypot.cc execution test
FAIL: 27_io/basic_filebuf/overflow/wchar_t/11305-1.cc execution test
FAIL: 27_io/basic_filebuf/overflow/wchar_t/11305-2.cc execution test
FAIL: 27_io/basic_filebuf/overflow/wchar_t/11305-3.cc execution test
FAIL: 27_io/basic_filebuf/overflow/wchar_t/11305-4.cc execution test
FAIL: 27_io/manipulators/extended/get_time/char/2.cc execution test
FAIL: 28_regex/algorithms/regex_match/extended/wstring_locale.cc execution test
FAIL: 28_regex/iterators/regex_token_iterator/wchar_t/wstring_02.cc execution test
FAIL: 30_threads/thread/native_handle/typesizes.cc (test for excess errors)
UNRESOLVED: 30_threads/thread/native_handle/typesizes.cc compilation failed to produce executable
FAIL: ext/special_functions/hyperg/check_nan.cc (test for excess errors)
FAIL: special_functions/07_cyl_bessel_i/check_nan.cc (test for excess errors)
FAIL: special_functions/08_cyl_bessel_j/check_nan.cc (test for excess errors)
FAIL: special_functions/09_cyl_bessel_k/check_nan.cc (test for excess errors)
FAIL: special_functions/10_cyl_neumann/check_nan.cc (test for excess errors)
FAIL: special_functions/18_riemann_zeta/check_nan.cc (test for excess errors)
FAIL: special_functions/19_sph_bessel/check_nan.cc (test for excess errors)
FAIL: special_functions/21_sph_neumann/check_nan.cc (test for excess errors)
FAIL: tr1/5_numerical_facilities/special_functions/08_cyl_bessel_i/check_nan.cc (test for excess errors)
FAIL: tr1/5_numerical_facilities/special_functions/09_cyl_bessel_j/check_nan.cc (test for excess errors)
FAIL: tr1/5_numerical_facilities/special_functions/10_cyl_bessel_k/check_nan.cc (test for excess errors)
FAIL: tr1/5_numerical_facilities/special_functions/11_cyl_neumann/check_nan.cc (test for excess errors)
FAIL: tr1/5_numerical_facilities/special_functions/17_hyperg/check_nan.cc (test for excess errors)
FAIL: tr1/5_numerical_facilities/special_functions/20_riemann_zeta/check_nan.cc (test for excess errors)
FAIL: tr1/5_numerical_facilities/special_functions/21_sph_bessel/check_nan.cc (test for excess errors)
FAIL: tr1/5_numerical_facilities/special_functions/23_sph_neumann/check_nan.cc (test for excess errors)
=== libstdc++ Summary ===
# of expected passes 11514
# of unexpected failures 103
# of expected failures 72
# of unresolved testcases 1
# of unsupported tests 285
Compiler version: 8.0.0 20171013 (experimental) [trunk revision 253740] (GCC)
Platform: i586-unknown-freebsd12.0
configure flags: --prefix=/export/devel/build/gcc/head/testbin --disable-nls --with-as=/usr/local/bin/as --with-ld=/usr/local/bin/ld
More information about the Gcc-testresults
mailing list