Results for 7.2.1 20171126 (GCC) testsuite on arm-none-linux-gnueabi
CodeSourcery Automatic Testing System
gcc@codesourcery.com
Wed Nov 29 03:35:00 GMT 2017
LAST_UPDATED: Sun Nov 26 08:34:08 UTC 2017 (/branches/gcc-7-branch revision 255153)
Target is arm-none-linux-gnueabi
Host is x86_64-pc-linux-gnu
=== g++ tests ===
Running target qemu-wheezy
FAIL: g++.dg/lto/pr65276 cp_lto_pr65276_0.o-cp_lto_pr65276_1.o link, -flto -O0 -std=c++11
UNRESOLVED: g++.dg/lto/pr65276 cp_lto_pr65276_0.o-cp_lto_pr65276_1.o execute -flto -O0 -std=c++11
=== g++ Summary ===
# of expected passes 105950
# of unexpected failures 1
# of expected failures 374
# of unresolved testcases 1
# of unsupported tests 4932
/scratch/gcc/nightly-2017-11-24-7/arm-none-linux-gnueabi/obj/test-7-0-arm-none-linux-gnueabi/host-x86_64-linux-gnu/fsf-7/bin/arm-none-linux-gnueabi-g++ version 7.2.1 20171126 (GCC)
=== Summary adjusted for local xfails ===
# of unexpected failures 1
# of expected passes 105950
# of expected failures 374
# of unresolved testcases 1
# of unsupported tests 4932
Host is x86_64-pc-linux-gnu
=== gcc tests ===
Running target qemu-wheezy
FAIL: gcc.dg/vect/pr16105.c scan-tree-dump-times vect "Alignment of access forced using versioning" 2
FAIL: gcc.dg/vect/pr20122.c scan-tree-dump-times vect "Alignment of access forced using versioning" 2
XPASS: gcc.dg/vect/pr33804.c scan-tree-dump-times vect "vectorized 1 loops" 1
XPASS: gcc.dg/vect/pr33804.c scan-tree-dump-times vect "vectorizing stmts using SLP" 1
XPASS: gcc.dg/vect/pr33953.c scan-tree-dump-times vect "vectorized 1 loops" 1
XPASS: gcc.dg/vect/pr33953.c scan-tree-dump-times vect "vectorizing stmts using SLP" 1
XPASS: gcc.dg/vect/pr46032.c scan-tree-dump-times vect "note: vectorized 1 loop" 1
XPASS: gcc.dg/vect/pr56787.c scan-tree-dump vect "vectorized 1 loops"
XPASS: gcc.dg/vect/pr58508.c scan-tree-dump-times vect "hoist" 3
FAIL: gcc.dg/vect/pr79920.c execution test
FAIL: gcc.dg/vect/pr81633.c execution test
FAIL: gcc.dg/vect/pr82108.c execution test
FAIL: gcc.dg/vect/vect-105-big-array.c scan-tree-dump-times vect "Alignment of access forced using versioning" 2
FAIL: gcc.dg/vect/vect-105.c scan-tree-dump-times vect "Alignment of access forced using versioning" 2
XPASS: gcc.dg/vect/vect-27.c scan-tree-dump-times vect "vectorized 2 loops" 1
FAIL: gcc.dg/vect/vect-27.c scan-tree-dump-times vect "vectorized 1 loops" 1
XPASS: gcc.dg/vect/vect-27.c scan-tree-dump-times vect "Vectorizing an unaligned access" 1
XPASS: gcc.dg/vect/vect-29.c scan-tree-dump-times vect "Vectorizing an unaligned access" 1
FAIL: gcc.dg/vect/vect-29.c scan-tree-dump-times vect "Alignment of access forced using versioning." 1
FAIL: gcc.dg/vect/vect-42.c scan-tree-dump-times vect "Alignment of access forced using versioning" 3
XPASS: gcc.dg/vect/vect-44.c scan-tree-dump-times vect "Vectorizing an unaligned access" 2
XPASS: gcc.dg/vect/vect-44.c scan-tree-dump-times vect "Alignment of access forced using peeling" 1
FAIL: gcc.dg/vect/vect-44.c scan-tree-dump-times vect "Alignment of access forced using versioning." 3
XPASS: gcc.dg/vect/vect-48.c scan-tree-dump-times vect "Vectorizing an unaligned access" 2
FAIL: gcc.dg/vect/vect-48.c scan-tree-dump-times vect "Alignment of access forced using versioning." 2
XPASS: gcc.dg/vect/vect-50.c scan-tree-dump-times vect "Vectorizing an unaligned access" 2
XPASS: gcc.dg/vect/vect-50.c scan-tree-dump-times vect "Alignment of access forced using peeling" 1
FAIL: gcc.dg/vect/vect-50.c scan-tree-dump-times vect "Alignment of access forced using versioning." 3
XPASS: gcc.dg/vect/vect-52.c scan-tree-dump-times vect "Vectorizing an unaligned access" 2
FAIL: gcc.dg/vect/vect-52.c scan-tree-dump-times vect "Alignment of access forced using versioning." 2
XPASS: gcc.dg/vect/vect-56.c scan-tree-dump-times vect "vectorized 1 loops" 1
FAIL: gcc.dg/vect/vect-56.c scan-tree-dump-times vect "Alignment of access forced using peeling" 0
XPASS: gcc.dg/vect/vect-60.c scan-tree-dump-times vect "vectorized 1 loops" 1
FAIL: gcc.dg/vect/vect-60.c scan-tree-dump-times vect "Alignment of access forced using peeling" 0
XPASS: gcc.dg/vect/vect-72.c scan-tree-dump-times vect "vectorized 1 loops" 1
XPASS: gcc.dg/vect/vect-72.c scan-tree-dump-times vect "Vectorizing an unaligned access" 1
FAIL: gcc.dg/vect/vect-75-big-array.c scan-tree-dump-times vect "Alignment of access forced using versioning" 1
XPASS: gcc.dg/vect/vect-75-big-array.c scan-tree-dump-times vect "Vectorizing an unaligned access" 1
FAIL: gcc.dg/vect/vect-75.c scan-tree-dump-times vect "Alignment of access forced using versioning" 1
XPASS: gcc.dg/vect/vect-75.c scan-tree-dump-times vect "Vectorizing an unaligned access" 1
XPASS: gcc.dg/vect/vect-77-alignchecks.c scan-tree-dump-times vect "Vectorizing an unaligned access" 1
FAIL: gcc.dg/vect/vect-77-alignchecks.c scan-tree-dump-times vect "Alignment of access forced using versioning." 1
XPASS: gcc.dg/vect/vect-77-global.c scan-tree-dump-times vect "Vectorizing an unaligned access" 1
FAIL: gcc.dg/vect/vect-77-global.c scan-tree-dump-times vect "Alignment of access forced using versioning." 1
XPASS: gcc.dg/vect/vect-78-alignchecks.c scan-tree-dump-times vect "Vectorizing an unaligned access" 1
FAIL: gcc.dg/vect/vect-78-alignchecks.c scan-tree-dump-times vect "Alignment of access forced using versioning." 1
XPASS: gcc.dg/vect/vect-78-global.c scan-tree-dump-times vect "Vectorizing an unaligned access" 1
FAIL: gcc.dg/vect/vect-78-global.c scan-tree-dump-times vect "Alignment of access forced using versioning." 1
FAIL: gcc.dg/vect/vect-93.c scan-tree-dump-times vect "vectorized 2 loops" 1
FAIL: gcc.dg/vect/vect-93.c scan-tree-dump-times vect "vectorized 1 loops" 1
XPASS: gcc.dg/vect/vect-93.c scan-tree-dump-times vect "Vectorizing an unaligned access" 1
FAIL: gcc.dg/vect/vect-95.c scan-tree-dump-times vect "Alignment of access forced using peeling" 0
FAIL: gcc.dg/vect/vect-95.c scan-tree-dump-times vect "Vectorizing an unaligned access" 0
FAIL: gcc.dg/vect/vect-95.c scan-tree-dump-times vect "Alignment of access forced using versioning" 4
FAIL: gcc.dg/vect/vect-96.c scan-tree-dump-times vect "Alignment of access forced using versioning." 1
XPASS: gcc.dg/vect/vect-cond-1.c scan-tree-dump-times vect "OUTER LOOP VECTORIZED" 1
XPASS: gcc.dg/vect/vect-cond-3.c scan-tree-dump-times vect "OUTER LOOP VECTORIZED" 1
XPASS: gcc.dg/vect/vect-cond-4.c scan-tree-dump-times vect "OUTER LOOP VECTORIZED" 1
XPASS: gcc.dg/vect/vect-cselim-1.c scan-tree-dump-times vect "vectorized 1 loops" 1
XPASS: gcc.dg/vect/vect-multitypes-1.c scan-tree-dump-times vect "vectorized 1 loops" 2
XPASS: gcc.dg/vect/vect-multitypes-1.c scan-tree-dump-times vect "Alignment of access forced using peeling" 2
FAIL: gcc.dg/vect/vect-multitypes-3.c scan-tree-dump-times vect "Alignment of access forced using versioning" 3
XPASS: gcc.dg/vect/vect-multitypes-3.c scan-tree-dump-times vect "Vectorizing an unaligned access" 3
XPASS: gcc.dg/vect/vect-multitypes-4.c scan-tree-dump-times vect "vectorized 1 loops" 2
FAIL: gcc.dg/vect/vect-multitypes-6.c scan-tree-dump-times vect "Alignment of access forced using versioning" 6
XPASS: gcc.dg/vect/vect-multitypes-6.c scan-tree-dump-times vect "Vectorizing an unaligned access" 6
XPASS: gcc.dg/vect/vect-nest-cycle-1.c scan-tree-dump-times vect "OUTER LOOP VECTORIZED" 1
XPASS: gcc.dg/vect/vect-nest-cycle-2.c scan-tree-dump-times vect "OUTER LOOP VECTORIZED" 1
XPASS: gcc.dg/vect/vect-outer-3a-big-array.c scan-tree-dump-times vect "OUTER LOOP VECTORIZED" 1
XPASS: gcc.dg/vect/vect-outer-3a.c scan-tree-dump-times vect "OUTER LOOP VECTORIZED" 1
XPASS: gcc.dg/vect/vect-outer-5.c scan-tree-dump vect "zero step in outer loop."
XPASS: gcc.dg/vect/vect-outer-fir-big-array.c scan-tree-dump-times vect "OUTER LOOP VECTORIZED" 2
XPASS: gcc.dg/vect/vect-outer-fir-lb-big-array.c scan-tree-dump-times vect "OUTER LOOP VECTORIZED" 2
XPASS: gcc.dg/vect/vect-outer-fir-lb.c scan-tree-dump-times vect "OUTER LOOP VECTORIZED" 2
XPASS: gcc.dg/vect/vect-outer-fir.c scan-tree-dump-times vect "OUTER LOOP VECTORIZED" 2
XPASS: gcc.dg/vect/vect-peel-3.c scan-tree-dump-times vect "vectorized 1 loops" 1
XPASS: gcc.dg/vect/vect-peel-3.c scan-tree-dump-times vect "Vectorizing an unaligned access" 1
XPASS: gcc.dg/vect/vect-peel-3.c scan-tree-dump-times vect "Alignment of access forced using peeling" 1
XPASS: gcc.dg/vect/vect-peel-4.c scan-tree-dump-times vect "vectorized 1 loops" 1
XPASS: gcc.dg/vect/vect-peel-4.c scan-tree-dump-times vect "Vectorizing an unaligned access" 1
XPASS: gcc.dg/vect/vect-pre-interact.c scan-tree-dump-times vect "vectorized 1 loops" 1
FAIL: gcc.dg/vect/vect-strided-a-u8-i2-gap.c scan-tree-dump-times vect "vectorized 1 loops" 1
FAIL: gcc.dg/vect/vect-tail-nomask-1.c execution test
XPASS: gcc.dg/vect/slp-24-big-array.c scan-tree-dump-times vect "vectorized 1 loops" 1
XPASS: gcc.dg/vect/slp-24-big-array.c scan-tree-dump-times vect "vectorizing stmts using SLP" 2
XPASS: gcc.dg/vect/slp-24.c scan-tree-dump-times vect "vectorized 1 loops" 1
XPASS: gcc.dg/vect/slp-24.c scan-tree-dump-times vect "vectorizing stmts using SLP" 2
FAIL: gcc.dg/vect/slp-43.c scan-tree-dump-times vect "vectorized 1 loops" 2
FAIL: gcc.dg/vect/slp-45.c scan-tree-dump-times vect "vectorized 1 loops" 2
FAIL: gcc.dg/vect/bb-slp-10.c scan-tree-dump slp2 "bad data alignment in basic block"
XPASS: gcc.dg/vect/bb-slp-32.c scan-tree-dump slp2 "vectorization is not profitable"
XPASS: gcc.dg/vect/bb-slp-9.c scan-tree-dump-times slp2 "basic block vectorized" 1
FAIL: gcc.dg/vect/pr16105.c -flto -ffat-lto-objects scan-tree-dump-times vect "Alignment of access forced using versioning" 2
FAIL: gcc.dg/vect/pr20122.c -flto -ffat-lto-objects scan-tree-dump-times vect "Alignment of access forced using versioning" 2
XPASS: gcc.dg/vect/pr33804.c -flto -ffat-lto-objects scan-tree-dump-times vect "vectorized 1 loops" 1
XPASS: gcc.dg/vect/pr33804.c -flto -ffat-lto-objects scan-tree-dump-times vect "vectorizing stmts using SLP" 1
XPASS: gcc.dg/vect/pr33953.c -flto -ffat-lto-objects scan-tree-dump-times vect "vectorized 1 loops" 1
XPASS: gcc.dg/vect/pr33953.c -flto -ffat-lto-objects scan-tree-dump-times vect "vectorizing stmts using SLP" 1
XPASS: gcc.dg/vect/pr46032.c -flto -ffat-lto-objects scan-tree-dump-times vect "note: vectorized 1 loop" 1
XPASS: gcc.dg/vect/pr56787.c -flto -ffat-lto-objects scan-tree-dump vect "vectorized 1 loops"
XPASS: gcc.dg/vect/pr58508.c -flto -ffat-lto-objects scan-tree-dump-times vect "hoist" 3
FAIL: gcc.dg/vect/pr79920.c -flto -ffat-lto-objects execution test
FAIL: gcc.dg/vect/pr81633.c -flto -ffat-lto-objects execution test
FAIL: gcc.dg/vect/pr82108.c -flto -ffat-lto-objects execution test
FAIL: gcc.dg/vect/vect-105-big-array.c -flto -ffat-lto-objects scan-tree-dump-times vect "Alignment of access forced using versioning" 2
FAIL: gcc.dg/vect/vect-105.c -flto -ffat-lto-objects scan-tree-dump-times vect "Alignment of access forced using versioning" 2
XPASS: gcc.dg/vect/vect-27.c -flto -ffat-lto-objects scan-tree-dump-times vect "vectorized 2 loops" 1
FAIL: gcc.dg/vect/vect-27.c -flto -ffat-lto-objects scan-tree-dump-times vect "vectorized 1 loops" 1
XPASS: gcc.dg/vect/vect-27.c -flto -ffat-lto-objects scan-tree-dump-times vect "Vectorizing an unaligned access" 1
XPASS: gcc.dg/vect/vect-29.c -flto -ffat-lto-objects scan-tree-dump-times vect "Vectorizing an unaligned access" 1
FAIL: gcc.dg/vect/vect-29.c -flto -ffat-lto-objects scan-tree-dump-times vect "Alignment of access forced using versioning." 1
FAIL: gcc.dg/vect/vect-42.c -flto -ffat-lto-objects scan-tree-dump-times vect "Alignment of access forced using versioning" 3
XPASS: gcc.dg/vect/vect-44.c -flto -ffat-lto-objects scan-tree-dump-times vect "Vectorizing an unaligned access" 2
XPASS: gcc.dg/vect/vect-44.c -flto -ffat-lto-objects scan-tree-dump-times vect "Alignment of access forced using peeling" 1
FAIL: gcc.dg/vect/vect-44.c -flto -ffat-lto-objects scan-tree-dump-times vect "Alignment of access forced using versioning." 3
XPASS: gcc.dg/vect/vect-48.c -flto -ffat-lto-objects scan-tree-dump-times vect "Vectorizing an unaligned access" 2
FAIL: gcc.dg/vect/vect-48.c -flto -ffat-lto-objects scan-tree-dump-times vect "Alignment of access forced using versioning." 2
XPASS: gcc.dg/vect/vect-50.c -flto -ffat-lto-objects scan-tree-dump-times vect "Vectorizing an unaligned access" 2
XPASS: gcc.dg/vect/vect-50.c -flto -ffat-lto-objects scan-tree-dump-times vect "Alignment of access forced using peeling" 1
FAIL: gcc.dg/vect/vect-50.c -flto -ffat-lto-objects scan-tree-dump-times vect "Alignment of access forced using versioning." 3
XPASS: gcc.dg/vect/vect-52.c -flto -ffat-lto-objects scan-tree-dump-times vect "Vectorizing an unaligned access" 2
FAIL: gcc.dg/vect/vect-52.c -flto -ffat-lto-objects scan-tree-dump-times vect "Alignment of access forced using versioning." 2
XPASS: gcc.dg/vect/vect-56.c -flto -ffat-lto-objects scan-tree-dump-times vect "vectorized 1 loops" 1
FAIL: gcc.dg/vect/vect-56.c -flto -ffat-lto-objects scan-tree-dump-times vect "Alignment of access forced using peeling" 0
XPASS: gcc.dg/vect/vect-60.c -flto -ffat-lto-objects scan-tree-dump-times vect "vectorized 1 loops" 1
FAIL: gcc.dg/vect/vect-60.c -flto -ffat-lto-objects scan-tree-dump-times vect "Alignment of access forced using peeling" 0
XPASS: gcc.dg/vect/vect-72.c -flto -ffat-lto-objects scan-tree-dump-times vect "vectorized 1 loops" 1
XPASS: gcc.dg/vect/vect-72.c -flto -ffat-lto-objects scan-tree-dump-times vect "Vectorizing an unaligned access" 1
FAIL: gcc.dg/vect/vect-75-big-array.c -flto -ffat-lto-objects scan-tree-dump-times vect "Alignment of access forced using versioning" 1
XPASS: gcc.dg/vect/vect-75-big-array.c -flto -ffat-lto-objects scan-tree-dump-times vect "Vectorizing an unaligned access" 1
FAIL: gcc.dg/vect/vect-75.c -flto -ffat-lto-objects scan-tree-dump-times vect "Alignment of access forced using versioning" 1
XPASS: gcc.dg/vect/vect-75.c -flto -ffat-lto-objects scan-tree-dump-times vect "Vectorizing an unaligned access" 1
XPASS: gcc.dg/vect/vect-77-alignchecks.c -flto -ffat-lto-objects scan-tree-dump-times vect "Vectorizing an unaligned access" 1
FAIL: gcc.dg/vect/vect-77-alignchecks.c -flto -ffat-lto-objects scan-tree-dump-times vect "Alignment of access forced using versioning." 1
XPASS: gcc.dg/vect/vect-77-global.c -flto -ffat-lto-objects scan-tree-dump-times vect "Vectorizing an unaligned access" 1
FAIL: gcc.dg/vect/vect-77-global.c -flto -ffat-lto-objects scan-tree-dump-times vect "Alignment of access forced using versioning." 1
XPASS: gcc.dg/vect/vect-78-alignchecks.c -flto -ffat-lto-objects scan-tree-dump-times vect "Vectorizing an unaligned access" 1
FAIL: gcc.dg/vect/vect-78-alignchecks.c -flto -ffat-lto-objects scan-tree-dump-times vect "Alignment of access forced using versioning." 1
XPASS: gcc.dg/vect/vect-78-global.c -flto -ffat-lto-objects scan-tree-dump-times vect "Vectorizing an unaligned access" 1
FAIL: gcc.dg/vect/vect-78-global.c -flto -ffat-lto-objects scan-tree-dump-times vect "Alignment of access forced using versioning." 1
FAIL: gcc.dg/vect/vect-93.c -flto -ffat-lto-objects scan-tree-dump-times vect "vectorized 2 loops" 1
FAIL: gcc.dg/vect/vect-93.c -flto -ffat-lto-objects scan-tree-dump-times vect "vectorized 1 loops" 1
XPASS: gcc.dg/vect/vect-93.c -flto -ffat-lto-objects scan-tree-dump-times vect "Vectorizing an unaligned access" 1
FAIL: gcc.dg/vect/vect-95.c -flto -ffat-lto-objects scan-tree-dump-times vect "Alignment of access forced using peeling" 0
FAIL: gcc.dg/vect/vect-95.c -flto -ffat-lto-objects scan-tree-dump-times vect "Vectorizing an unaligned access" 0
FAIL: gcc.dg/vect/vect-95.c -flto -ffat-lto-objects scan-tree-dump-times vect "Alignment of access forced using versioning" 4
FAIL: gcc.dg/vect/vect-96.c -flto -ffat-lto-objects scan-tree-dump-times vect "Alignment of access forced using versioning." 1
XPASS: gcc.dg/vect/vect-cond-1.c -flto -ffat-lto-objects scan-tree-dump-times vect "OUTER LOOP VECTORIZED" 1
XPASS: gcc.dg/vect/vect-cond-3.c -flto -ffat-lto-objects scan-tree-dump-times vect "OUTER LOOP VECTORIZED" 1
XPASS: gcc.dg/vect/vect-cond-4.c -flto -ffat-lto-objects scan-tree-dump-times vect "OUTER LOOP VECTORIZED" 1
XPASS: gcc.dg/vect/vect-cselim-1.c -flto -ffat-lto-objects scan-tree-dump-times vect "vectorized 1 loops" 1
XPASS: gcc.dg/vect/vect-multitypes-1.c -flto -ffat-lto-objects scan-tree-dump-times vect "vectorized 1 loops" 2
XPASS: gcc.dg/vect/vect-multitypes-1.c -flto -ffat-lto-objects scan-tree-dump-times vect "Alignment of access forced using peeling" 2
FAIL: gcc.dg/vect/vect-multitypes-3.c -flto -ffat-lto-objects scan-tree-dump-times vect "Alignment of access forced using versioning" 3
XPASS: gcc.dg/vect/vect-multitypes-3.c -flto -ffat-lto-objects scan-tree-dump-times vect "Vectorizing an unaligned access" 3
XPASS: gcc.dg/vect/vect-multitypes-4.c -flto -ffat-lto-objects scan-tree-dump-times vect "vectorized 1 loops" 2
FAIL: gcc.dg/vect/vect-multitypes-6.c -flto -ffat-lto-objects scan-tree-dump-times vect "Alignment of access forced using versioning" 6
XPASS: gcc.dg/vect/vect-multitypes-6.c -flto -ffat-lto-objects scan-tree-dump-times vect "Vectorizing an unaligned access" 6
XPASS: gcc.dg/vect/vect-nest-cycle-1.c -flto -ffat-lto-objects scan-tree-dump-times vect "OUTER LOOP VECTORIZED" 1
XPASS: gcc.dg/vect/vect-nest-cycle-2.c -flto -ffat-lto-objects scan-tree-dump-times vect "OUTER LOOP VECTORIZED" 1
XPASS: gcc.dg/vect/vect-outer-3a-big-array.c -flto -ffat-lto-objects scan-tree-dump-times vect "OUTER LOOP VECTORIZED" 1
XPASS: gcc.dg/vect/vect-outer-3a.c -flto -ffat-lto-objects scan-tree-dump-times vect "OUTER LOOP VECTORIZED" 1
XPASS: gcc.dg/vect/vect-outer-5.c -flto -ffat-lto-objects scan-tree-dump vect "zero step in outer loop."
XPASS: gcc.dg/vect/vect-outer-fir-big-array.c -flto -ffat-lto-objects scan-tree-dump-times vect "OUTER LOOP VECTORIZED" 2
XPASS: gcc.dg/vect/vect-outer-fir-lb-big-array.c -flto -ffat-lto-objects scan-tree-dump-times vect "OUTER LOOP VECTORIZED" 2
XPASS: gcc.dg/vect/vect-outer-fir-lb.c -flto -ffat-lto-objects scan-tree-dump-times vect "OUTER LOOP VECTORIZED" 2
XPASS: gcc.dg/vect/vect-outer-fir.c -flto -ffat-lto-objects scan-tree-dump-times vect "OUTER LOOP VECTORIZED" 2
XPASS: gcc.dg/vect/vect-peel-3.c -flto -ffat-lto-objects scan-tree-dump-times vect "vectorized 1 loops" 1
XPASS: gcc.dg/vect/vect-peel-3.c -flto -ffat-lto-objects scan-tree-dump-times vect "Vectorizing an unaligned access" 1
XPASS: gcc.dg/vect/vect-peel-3.c -flto -ffat-lto-objects scan-tree-dump-times vect "Alignment of access forced using peeling" 1
XPASS: gcc.dg/vect/vect-peel-4.c -flto -ffat-lto-objects scan-tree-dump-times vect "vectorized 1 loops" 1
XPASS: gcc.dg/vect/vect-peel-4.c -flto -ffat-lto-objects scan-tree-dump-times vect "Vectorizing an unaligned access" 1
XPASS: gcc.dg/vect/vect-pre-interact.c -flto -ffat-lto-objects scan-tree-dump-times vect "vectorized 1 loops" 1
FAIL: gcc.dg/vect/vect-strided-a-u8-i2-gap.c -flto -ffat-lto-objects scan-tree-dump-times vect "vectorized 1 loops" 1
FAIL: gcc.dg/vect/vect-tail-nomask-1.c -flto -ffat-lto-objects execution test
XPASS: gcc.dg/vect/slp-24-big-array.c -flto -ffat-lto-objects scan-tree-dump-times vect "vectorized 1 loops" 1
XPASS: gcc.dg/vect/slp-24-big-array.c -flto -ffat-lto-objects scan-tree-dump-times vect "vectorizing stmts using SLP" 2
XPASS: gcc.dg/vect/slp-24.c -flto -ffat-lto-objects scan-tree-dump-times vect "vectorized 1 loops" 1
XPASS: gcc.dg/vect/slp-24.c -flto -ffat-lto-objects scan-tree-dump-times vect "vectorizing stmts using SLP" 2
FAIL: gcc.dg/vect/slp-43.c -flto -ffat-lto-objects scan-tree-dump-times vect "vectorized 1 loops" 2
FAIL: gcc.dg/vect/slp-45.c -flto -ffat-lto-objects scan-tree-dump-times vect "vectorized 1 loops" 2
FAIL: gcc.dg/vect/bb-slp-10.c -flto -ffat-lto-objects scan-tree-dump slp2 "bad data alignment in basic block"
XPASS: gcc.dg/vect/bb-slp-32.c -flto -ffat-lto-objects scan-tree-dump slp2 "vectorization is not profitable"
XPASS: gcc.dg/vect/bb-slp-9.c -flto -ffat-lto-objects scan-tree-dump-times slp2 "basic block vectorized" 1
FAIL: gcc.dg/vect/no-vfa-vect-43.c scan-tree-dump-times vect "Alignment of access forced using versioning" 6
XPASS: gcc.dg/vect/no-vfa-vect-57.c scan-tree-dump-times vect "vectorized 1 loops" 1
XPASS: gcc.dg/vect/no-vfa-vect-61.c scan-tree-dump-times vect "vectorized 1 loops" 1
XPASS: gcc.dg/vect/no-vfa-vect-depend-1.c scan-tree-dump-times vect "vectorized 1 loops" 1
XPASS: gcc.dg/vect/no-vfa-vect-depend-2.c scan-tree-dump-times vect "vectorized 1 loops" 1
XPASS: gcc.dg/vect/no-vfa-vect-depend-3.c scan-tree-dump-times vect "vectorized 1 loops" 4
XPASS: gcc.dg/vect/no-scevccp-outer-6-global.c scan-tree-dump-times vect "OUTER LOOP VECTORIZED." 1
XPASS: gcc.dg/vect/no-scevccp-outer-6.c scan-tree-dump-times vect "OUTER LOOP VECTORIZED." 1
XPASS: gcc.dg/vect/no-scevccp-outer-8.c scan-tree-dump-times vect "OUTER LOOP VECTORIZED." 1
XPASS: gcc.dg/vect/if-cvt-stores-vect-ifcvt-18.c scan-tree-dump-times vect "vectorized 1 loops" 1
FAIL: gcc.target/arm/aapcs/align4.c execution test
FAIL: gcc.target/arm/aapcs/align_rec4.c execution test
FAIL: gcc.target/arm/armv8_2-fp16-move-1.c scan-assembler-times vld1\\\\.16\\\\t{d[0-9]+\\\\[[0-9]+\\\\]}, \\\\[r[0-9]+\\\\] 2
FAIL: gcc.target/arm/armv8_2-fp16-move-1.c scan-assembler-times vst1\\\\.16\\\\t{d[0-9]+\\\\[[0-9]+\\\\]}, \\\\[r[0-9]+\\\\] 2
FAIL: gcc.target/arm/armv8_2-fp16-move-1.c scan-assembler-times ldrh\\\\tr[0-9]+ 2
FAIL: gcc.target/arm/armv8_2-fp16-move-1.c scan-assembler-times strh\\\\tr[0-9]+ 2
FAIL: gcc.target/arm/armv8_2-fp16-move-1.c scan-assembler-times vmov\\\\.f16\\\\ts[0-9]+, r[0-9]+ 4
FAIL: gcc.target/arm/armv8_2-fp16-move-1.c scan-assembler-times vmov\\\\.f16\\\\tr[0-9]+, s[0-9]+ 4
FAIL: gcc.target/arm/armv8_2-fp16-neon-1.c scan-assembler-times vceq\\\\.f16\\\\td[0-9]+, d[0-0]+, #0 1
FAIL: gcc.target/arm/armv8_2-fp16-scalar-2.c scan-assembler-times vmov.f16\\\\ts[0-9]+, #1\\\\.0e\\\\+0 4
FAIL: gcc.target/arm/memcpy-aligned-1.c scan-assembler-times str\\t 1
FAIL: gcc.target/arm/memcpy-aligned-1.c scan-assembler-not ldr\\t
FAIL: gcc.target/arm/pr42575.c scan-assembler-not mov
FAIL: gcc.target/arm/pr45701-1.c scan-assembler push\\t{r3
FAIL: gcc.target/arm/reg_equal_test.c scan-rtl-dump expand "expr_list:REG_EQUAL \\\\(const_int -942519458"
=== gcc Summary ===
# of expected passes 107325
# of unexpected failures 86
# of unexpected successes 123
# of expected failures 309
# of unsupported tests 4610
/scratch/gcc/nightly-2017-11-24-7/arm-none-linux-gnueabi/obj/test-7-0-arm-none-linux-gnueabi/host-x86_64-linux-gnu/fsf-7/bin/arm-none-linux-gnueabi-gcc version 7.2.1 20171126 (GCC)
=== Summary adjusted for local xfails ===
# of unexpected failures 86
# of expected passes 107325
# of unexpected successes 123
# of expected failures 309
# of unsupported tests 4610
Host is x86_64-pc-linux-gnu
=== gfortran tests ===
Running target qemu-wheezy
FAIL: gfortran.dg/ieee/ieee_1.F90 -O0 execution test
FAIL: gfortran.dg/ieee/ieee_1.F90 -O1 execution test
FAIL: gfortran.dg/ieee/ieee_1.F90 -O2 execution test
FAIL: gfortran.dg/ieee/ieee_1.F90 -O3 -fomit-frame-pointer -funroll-loops -fpeel-loops -ftracer -finline-functions execution test
FAIL: gfortran.dg/ieee/ieee_1.F90 -O3 -g execution test
FAIL: gfortran.dg/ieee/ieee_1.F90 -Os execution test
FAIL: gfortran.dg/ieee/ieee_2.f90 -O0 execution test
FAIL: gfortran.dg/ieee/ieee_2.f90 -O1 execution test
FAIL: gfortran.dg/ieee/ieee_2.f90 -O2 execution test
FAIL: gfortran.dg/ieee/ieee_2.f90 -O3 -fomit-frame-pointer -funroll-loops -fpeel-loops -ftracer -finline-functions execution test
FAIL: gfortran.dg/ieee/ieee_2.f90 -O3 -g execution test
FAIL: gfortran.dg/ieee/ieee_2.f90 -Os execution test
FAIL: gfortran.dg/ieee/ieee_6.f90 -O0 execution test
FAIL: gfortran.dg/ieee/ieee_6.f90 -O1 execution test
FAIL: gfortran.dg/ieee/ieee_6.f90 -O2 execution test
FAIL: gfortran.dg/ieee/ieee_6.f90 -O3 -fomit-frame-pointer -funroll-loops -fpeel-loops -ftracer -finline-functions execution test
FAIL: gfortran.dg/ieee/ieee_6.f90 -O3 -g execution test
FAIL: gfortran.dg/ieee/ieee_6.f90 -Os execution test
XPASS: gfortran.dg/ieee/ieee_8.f90 -O0 execution test
XPASS: gfortran.dg/ieee/ieee_8.f90 -O1 execution test
XPASS: gfortran.dg/ieee/ieee_8.f90 -O2 execution test
XPASS: gfortran.dg/ieee/ieee_8.f90 -O3 -fomit-frame-pointer -funroll-loops -fpeel-loops -ftracer -finline-functions execution test
XPASS: gfortran.dg/ieee/ieee_8.f90 -O3 -g execution test
XPASS: gfortran.dg/ieee/ieee_8.f90 -Os execution test
FAIL: gfortran.dg/ieee/large_2.f90 -O0 execution test
FAIL: gfortran.dg/ieee/large_2.f90 -O1 execution test
FAIL: gfortran.dg/ieee/large_2.f90 -O2 execution test
FAIL: gfortran.dg/ieee/large_2.f90 -O3 -fomit-frame-pointer -funroll-loops -fpeel-loops -ftracer -finline-functions execution test
FAIL: gfortran.dg/ieee/large_2.f90 -O3 -g execution test
FAIL: gfortran.dg/ieee/large_2.f90 -Os execution test
FAIL: gfortran.dg/ieee/large_3.F90 -O0 execution test
FAIL: gfortran.dg/ieee/large_3.F90 -O1 execution test
FAIL: gfortran.dg/ieee/large_3.F90 -O2 execution test
FAIL: gfortran.dg/ieee/large_3.F90 -O3 -fomit-frame-pointer -funroll-loops -fpeel-loops -ftracer -finline-functions execution test
FAIL: gfortran.dg/ieee/large_3.F90 -O3 -g execution test
FAIL: gfortran.dg/ieee/large_3.F90 -Os execution test
FAIL: gfortran.dg/ieee/rounding_1.f90 -O0 execution test
FAIL: gfortran.dg/ieee/rounding_1.f90 -O1 execution test
FAIL: gfortran.dg/ieee/rounding_1.f90 -O2 execution test
FAIL: gfortran.dg/ieee/rounding_1.f90 -O3 -fomit-frame-pointer -funroll-loops -fpeel-loops -ftracer -finline-functions execution test
FAIL: gfortran.dg/ieee/rounding_1.f90 -O3 -g execution test
FAIL: gfortran.dg/ieee/rounding_1.f90 -Os execution test
XPASS: gfortran.dg/vect/vect-2.f90 -O scan-tree-dump-times vect "Alignment of access forced using peeling" 3
XPASS: gfortran.dg/vect/vect-2.f90 -O scan-tree-dump-times vect "Vectorizing an unaligned access" 2
FAIL: gfortran.dg/vect/vect-2.f90 -O scan-tree-dump-times vect "Alignment of access forced using versioning." 3
FAIL: gfortran.dg/vect/vect-3.f90 -O scan-tree-dump-times vect "Alignment of access forced using versioning" 3
XPASS: gfortran.dg/vect/vect-3.f90 -O scan-tree-dump-times vect "Alignment of access forced using peeling" 1
XPASS: gfortran.dg/vect/vect-3.f90 -O scan-tree-dump-times vect "Vectorizing an unaligned access" 1
XPASS: gfortran.dg/vect/vect-4.f90 -O scan-tree-dump-times vect "Alignment of access forced using peeling" 1
XPASS: gfortran.dg/vect/vect-4.f90 -O scan-tree-dump-times vect "Vectorizing an unaligned access" 1
XPASS: gfortran.dg/vect/vect-5.f90 -O scan-tree-dump-times vect "Alignment of access forced using peeling" 1
XPASS: gfortran.dg/vect/vect-5.f90 -O scan-tree-dump-times vect "Vectorizing an unaligned access" 1
FAIL: gfortran.dg/vect/vect-5.f90 -O scan-tree-dump-times vect "Alignment of access forced using versioning." 2
FAIL: gfortran.dg/vect/pr32380.f -O scan-tree-dump-times vect "vectorized 1 loops" 1
FAIL: gfortran.dg/vect/pr48329.f90 -O scan-tree-dump-times vect "vectorized 1 loops" 1
=== gfortran Summary ===
# of expected passes 44138
# of unexpected failures 41
# of unexpected successes 14
# of expected failures 87
# of unsupported tests 350
/scratch/gcc/nightly-2017-11-24-7/arm-none-linux-gnueabi/obj/test-7-0-arm-none-linux-gnueabi/host-x86_64-linux-gnu/fsf-7/bin/arm-none-linux-gnueabi-gfortran version 7.2.1 20171126 (GCC)
=== Summary adjusted for local xfails ===
# of unexpected failures 41
# of expected passes 44138
# of unexpected successes 14
# of expected failures 87
# of unsupported tests 350
Host is x86_64-pc-linux-gnu
=== libatomic tests ===
Running target qemu-wheezy
=== libatomic Summary ===
# of expected passes 44
# of unsupported tests 5
=== Summary adjusted for local xfails ===
# of expected passes 44
# of unsupported tests 5
Host is x86_64-pc-linux-gnu
=== libgomp tests ===
Running target qemu-wheezy
WARNING: program timed out.
FAIL: libgomp.fortran/strassen.f90 -O execution test
FAIL: libgomp.graphite/force-parallel-7.c execution test
=== libgomp Summary ===
# of expected passes 5013
# of unexpected failures 2
# of unsupported tests 446
=== Summary adjusted for local xfails ===
# of unexpected failures 2
# of expected passes 5013
# of unsupported tests 446
Host is x86_64-pc-linux-gnu
=== libitm tests ===
Running target qemu-wheezy
FAIL: libitm.c/alloc-1.c (test for excess errors)
UNRESOLVED: libitm.c/alloc-1.c compilation failed to produce executable
FAIL: libitm.c/cancel.c (test for excess errors)
UNRESOLVED: libitm.c/cancel.c compilation failed to produce executable
FAIL: libitm.c/clone-1.c (test for excess errors)
UNRESOLVED: libitm.c/clone-1.c compilation failed to produce executable
FAIL: libitm.c/dropref-2.c (test for excess errors)
UNRESOLVED: libitm.c/dropref-2.c compilation failed to produce executable
FAIL: libitm.c/dropref.c (test for excess errors)
UNRESOLVED: libitm.c/dropref.c compilation failed to produce executable
FAIL: libitm.c/memcpy-1.c (test for excess errors)
UNRESOLVED: libitm.c/memcpy-1.c compilation failed to produce executable
FAIL: libitm.c/memset-1.c (test for excess errors)
UNRESOLVED: libitm.c/memset-1.c compilation failed to produce executable
FAIL: libitm.c/notx.c (test for excess errors)
UNRESOLVED: libitm.c/notx.c compilation failed to produce executable
FAIL: libitm.c/priv-1.c (test for excess errors)
UNRESOLVED: libitm.c/priv-1.c compilation failed to produce executable
FAIL: libitm.c/reentrant.c (test for excess errors)
UNRESOLVED: libitm.c/reentrant.c compilation failed to produce executable
FAIL: libitm.c/simple-1.c (test for excess errors)
UNRESOLVED: libitm.c/simple-1.c compilation failed to produce executable
FAIL: libitm.c/simple-2.c (test for excess errors)
UNRESOLVED: libitm.c/simple-2.c compilation failed to produce executable
FAIL: libitm.c/stackundo.c (test for excess errors)
UNRESOLVED: libitm.c/stackundo.c compilation failed to produce executable
FAIL: libitm.c/txrelease.c (test for excess errors)
UNRESOLVED: libitm.c/txrelease.c compilation failed to produce executable
FAIL: libitm.c++/dropref.C (test for excess errors)
UNRESOLVED: libitm.c++/dropref.C compilation failed to produce executable
FAIL: libitm.c++/eh-1.C (test for excess errors)
UNRESOLVED: libitm.c++/eh-1.C compilation failed to produce executable
FAIL: libitm.c++/eh-2.C (test for excess errors)
UNRESOLVED: libitm.c++/eh-2.C compilation failed to produce executable
FAIL: libitm.c++/eh-3.C (test for excess errors)
UNRESOLVED: libitm.c++/eh-3.C compilation failed to produce executable
FAIL: libitm.c++/eh-4.C (test for excess errors)
UNRESOLVED: libitm.c++/eh-4.C compilation failed to produce executable
FAIL: libitm.c++/eh-5.C (test for excess errors)
UNRESOLVED: libitm.c++/eh-5.C compilation failed to produce executable
FAIL: libitm.c++/libstdc++-safeexc.C (test for excess errors)
UNRESOLVED: libitm.c++/libstdc++-safeexc.C compilation failed to produce executable
FAIL: libitm.c++/newdelete.C (test for excess errors)
UNRESOLVED: libitm.c++/newdelete.C compilation failed to produce executable
=== libitm Summary ===
# of expected passes 1
# of unexpected failures 22
# of unresolved testcases 22
# of unsupported tests 1
=== Summary adjusted for local xfails ===
# of unexpected failures 22
# of expected passes 1
# of unresolved testcases 22
# of unsupported tests 1
Host is x86_64-pc-linux-gnu
=== libstdc++ tests ===
Running target qemu-wheezy
FAIL: 17_intro/names.cc (test for excess errors)
FAIL: 20_util/pair/cons/explicit_construct.cc (test for errors, line 55)
FAIL: 20_util/unique_ptr/cons/cv_qual_neg.cc (test for errors, line 40)
FAIL: 22_locale/messages/13631.cc execution test
FAIL: 22_locale/messages/members/char/1.cc execution test
FAIL: 22_locale/messages/members/char/2.cc execution test
FAIL: 22_locale/messages/members/char/wrapped_locale.cc execution test
FAIL: 22_locale/messages_byname/named_equivalence.cc execution test
FAIL: 26_numerics/headers/cmath/hypot.cc execution test
FAIL: 28_regex/iterators/regex_token_iterator/ctors/char/dr2332_neg.cc (test for errors, line 37)
FAIL: experimental/filesystem/operations/last_write_time.cc execution test
=== libstdc++ Summary ===
# of expected passes 11531
# of unexpected failures 11
# of expected failures 66
# of unsupported tests 292
=== Summary adjusted for local xfails ===
# of unexpected failures 11
# of expected passes 11531
# of expected failures 66
# of unsupported tests 292
Host is x86_64-pc-linux-gnu
=== g++ tests ===
Running target qemu-wheezy-thumb/-mthumb
FAIL: c-c++-common/asan/null-deref-1.c -O2 output pattern test
FAIL: c-c++-common/asan/null-deref-1.c -O3 -g output pattern test
FAIL: c-c++-common/asan/null-deref-1.c -Os output pattern test
FAIL: c-c++-common/asan/null-deref-1.c -O2 -flto -fno-use-linker-plugin -flto-partition=none output pattern test
FAIL: c-c++-common/asan/null-deref-1.c -O2 -flto -fuse-linker-plugin -fno-fat-lto-objects output pattern test
FAIL: g++.dg/lto/pr65276 cp_lto_pr65276_0.o-cp_lto_pr65276_1.o link, -flto -O0 -std=c++11
UNRESOLVED: g++.dg/lto/pr65276 cp_lto_pr65276_0.o-cp_lto_pr65276_1.o execute -flto -O0 -std=c++11
=== g++ Summary ===
# of expected passes 105625
# of unexpected failures 6
# of expected failures 374
# of unresolved testcases 1
# of unsupported tests 4938
/scratch/gcc/nightly-2017-11-24-7/arm-none-linux-gnueabi/obj/test-7-0-arm-none-linux-gnueabi/host-x86_64-linux-gnu/fsf-7/bin/arm-none-linux-gnueabi-g++ version 7.2.1 20171126 (GCC)
=== Summary adjusted for local xfails ===
# of unexpected failures 6
# of expected passes 105625
# of expected failures 374
# of unresolved testcases 1
# of unsupported tests 4938
Host is x86_64-pc-linux-gnu
=== gcc tests ===
Running target qemu-wheezy-thumb/-mthumb
FAIL: c-c++-common/asan/null-deref-1.c -O2 output pattern test
FAIL: c-c++-common/asan/null-deref-1.c -O3 -g output pattern test
FAIL: c-c++-common/asan/null-deref-1.c -Os output pattern test
FAIL: c-c++-common/asan/null-deref-1.c -O2 -flto -fno-use-linker-plugin -flto-partition=none output pattern test
FAIL: c-c++-common/asan/null-deref-1.c -O2 -flto -fuse-linker-plugin -fno-fat-lto-objects output pattern test
FAIL: gcc.dg/loop-8.c scan-rtl-dump-times loop2_invariant "Decided" 1
FAIL: gcc.dg/loop-8.c scan-rtl-dump-not loop2_invariant "without introducing a new temporary register"
FAIL: gcc.dg/pr48134.c (test for excess errors)
XPASS: gcc.dg/sibcall-3.c execution test
XPASS: gcc.dg/sibcall-4.c execution test
FAIL: gcc.dg/ipa/iinline-attr.c scan-ipa-dump inline "hooray[^\\\\n]*inline copy in test"
FAIL: gcc.target/arm/armv8_2-fp16-move-1.c scan-assembler-times vld1\\\\.16\\\\t{d[0-9]+\\\\[[0-9]+\\\\]}, \\\\[r[0-9]+\\\\] 2
FAIL: gcc.target/arm/armv8_2-fp16-move-1.c scan-assembler-times vst1\\\\.16\\\\t{d[0-9]+\\\\[[0-9]+\\\\]}, \\\\[r[0-9]+\\\\] 2
FAIL: gcc.target/arm/armv8_2-fp16-move-1.c scan-assembler-times ldrh\\\\tr[0-9]+ 2
FAIL: gcc.target/arm/armv8_2-fp16-move-1.c scan-assembler-times strh\\\\tr[0-9]+ 2
FAIL: gcc.target/arm/armv8_2-fp16-move-1.c scan-assembler-times vmov\\\\.f16\\\\ts[0-9]+, r[0-9]+ 4
FAIL: gcc.target/arm/armv8_2-fp16-move-1.c scan-assembler-times vmov\\\\.f16\\\\tr[0-9]+, s[0-9]+ 4
FAIL: gcc.target/arm/armv8_2-fp16-neon-1.c scan-assembler-times vceq\\\\.f16\\\\td[0-9]+, d[0-0]+, #0 1
FAIL: gcc.target/arm/armv8_2-fp16-scalar-2.c scan-assembler-times vmov.f16\\\\ts[0-9]+, #1\\\\.0e\\\\+0 4
FAIL: gcc.target/arm/pr40457-1.c scan-assembler ldrd|ldm
FAIL: gcc.target/arm/pr45701-1.c scan-assembler push\\t{r3
FAIL: gcc.target/arm/reg_equal_test.c scan-rtl-dump expand "expr_list:REG_EQUAL \\\\(const_int -942519458"
=== gcc Summary ===
# of expected passes 99410
# of unexpected failures 20
# of unexpected successes 2
# of expected failures 185
# of unsupported tests 3169
/scratch/gcc/nightly-2017-11-24-7/arm-none-linux-gnueabi/obj/test-7-0-arm-none-linux-gnueabi/host-x86_64-linux-gnu/fsf-7/bin/arm-none-linux-gnueabi-gcc version 7.2.1 20171126 (GCC)
=== Summary adjusted for local xfails ===
# of unexpected failures 20
# of expected passes 99410
# of unexpected successes 2
# of expected failures 185
# of unsupported tests 3169
Host is x86_64-pc-linux-gnu
=== gfortran tests ===
Running target qemu-wheezy-thumb/-mthumb
FAIL: gfortran.dg/ieee/ieee_1.F90 -O0 execution test
FAIL: gfortran.dg/ieee/ieee_1.F90 -O1 execution test
FAIL: gfortran.dg/ieee/ieee_1.F90 -O2 execution test
FAIL: gfortran.dg/ieee/ieee_1.F90 -O3 -fomit-frame-pointer -funroll-loops -fpeel-loops -ftracer -finline-functions execution test
FAIL: gfortran.dg/ieee/ieee_1.F90 -O3 -g execution test
FAIL: gfortran.dg/ieee/ieee_1.F90 -Os execution test
FAIL: gfortran.dg/ieee/ieee_2.f90 -O0 execution test
FAIL: gfortran.dg/ieee/ieee_2.f90 -O1 execution test
FAIL: gfortran.dg/ieee/ieee_2.f90 -O2 execution test
FAIL: gfortran.dg/ieee/ieee_2.f90 -O3 -fomit-frame-pointer -funroll-loops -fpeel-loops -ftracer -finline-functions execution test
FAIL: gfortran.dg/ieee/ieee_2.f90 -O3 -g execution test
FAIL: gfortran.dg/ieee/ieee_2.f90 -Os execution test
FAIL: gfortran.dg/ieee/ieee_6.f90 -O0 execution test
FAIL: gfortran.dg/ieee/ieee_6.f90 -O1 execution test
FAIL: gfortran.dg/ieee/ieee_6.f90 -O2 execution test
FAIL: gfortran.dg/ieee/ieee_6.f90 -O3 -fomit-frame-pointer -funroll-loops -fpeel-loops -ftracer -finline-functions execution test
FAIL: gfortran.dg/ieee/ieee_6.f90 -O3 -g execution test
FAIL: gfortran.dg/ieee/ieee_6.f90 -Os execution test
XPASS: gfortran.dg/ieee/ieee_8.f90 -O0 execution test
XPASS: gfortran.dg/ieee/ieee_8.f90 -O1 execution test
XPASS: gfortran.dg/ieee/ieee_8.f90 -O2 execution test
XPASS: gfortran.dg/ieee/ieee_8.f90 -O3 -fomit-frame-pointer -funroll-loops -fpeel-loops -ftracer -finline-functions execution test
XPASS: gfortran.dg/ieee/ieee_8.f90 -O3 -g execution test
XPASS: gfortran.dg/ieee/ieee_8.f90 -Os execution test
FAIL: gfortran.dg/ieee/large_2.f90 -O0 execution test
FAIL: gfortran.dg/ieee/large_2.f90 -O1 execution test
FAIL: gfortran.dg/ieee/large_2.f90 -O2 execution test
FAIL: gfortran.dg/ieee/large_2.f90 -O3 -fomit-frame-pointer -funroll-loops -fpeel-loops -ftracer -finline-functions execution test
FAIL: gfortran.dg/ieee/large_2.f90 -O3 -g execution test
FAIL: gfortran.dg/ieee/large_2.f90 -Os execution test
FAIL: gfortran.dg/ieee/large_3.F90 -O0 execution test
FAIL: gfortran.dg/ieee/large_3.F90 -O1 execution test
FAIL: gfortran.dg/ieee/large_3.F90 -O2 execution test
FAIL: gfortran.dg/ieee/large_3.F90 -O3 -fomit-frame-pointer -funroll-loops -fpeel-loops -ftracer -finline-functions execution test
FAIL: gfortran.dg/ieee/large_3.F90 -O3 -g execution test
FAIL: gfortran.dg/ieee/large_3.F90 -Os execution test
FAIL: gfortran.dg/ieee/rounding_1.f90 -O0 execution test
FAIL: gfortran.dg/ieee/rounding_1.f90 -O1 execution test
FAIL: gfortran.dg/ieee/rounding_1.f90 -O2 execution test
FAIL: gfortran.dg/ieee/rounding_1.f90 -O3 -fomit-frame-pointer -funroll-loops -fpeel-loops -ftracer -finline-functions execution test
FAIL: gfortran.dg/ieee/rounding_1.f90 -O3 -g execution test
FAIL: gfortran.dg/ieee/rounding_1.f90 -Os execution test
=== gfortran Summary ===
# of expected passes 44083
# of unexpected failures 36
# of unexpected successes 6
# of expected failures 87
# of unsupported tests 338
/scratch/gcc/nightly-2017-11-24-7/arm-none-linux-gnueabi/obj/test-7-0-arm-none-linux-gnueabi/host-x86_64-linux-gnu/fsf-7/bin/arm-none-linux-gnueabi-gfortran version 7.2.1 20171126 (GCC)
=== Summary adjusted for local xfails ===
# of unexpected failures 36
# of expected passes 44083
# of unexpected successes 6
# of expected failures 87
# of unsupported tests 338
Host is x86_64-pc-linux-gnu
=== libatomic tests ===
Running target qemu-wheezy-thumb/-mthumb
=== libatomic Summary ===
# of expected passes 44
# of unsupported tests 5
=== Summary adjusted for local xfails ===
# of expected passes 44
# of unsupported tests 5
Host is x86_64-pc-linux-gnu
=== libgomp tests ===
Running target qemu-wheezy-thumb/-mthumb
WARNING: program timed out.
FAIL: libgomp.fortran/strassen.f90 -O execution test
FAIL: libgomp.graphite/force-parallel-7.c execution test
FAIL: libgomp.oacc-c/../libgomp.oacc-c-c++-common/atomic_update-1.c -DACC_DEVICE_TYPE_host=1 -DACC_MEM_SHARED=1 -O2 execution test
FAIL: libgomp.oacc-c++/../libgomp.oacc-c-c++-common/atomic_update-1.c -DACC_DEVICE_TYPE_host=1 -DACC_MEM_SHARED=1 -O2 execution test
=== libgomp Summary ===
# of expected passes 5011
# of unexpected failures 4
# of unsupported tests 446
=== Summary adjusted for local xfails ===
# of unexpected failures 4
# of expected passes 5011
# of unsupported tests 446
Host is x86_64-pc-linux-gnu
=== libitm tests ===
Running target qemu-wheezy-thumb/-mthumb
FAIL: libitm.c/alloc-1.c (test for excess errors)
UNRESOLVED: libitm.c/alloc-1.c compilation failed to produce executable
FAIL: libitm.c/cancel.c (test for excess errors)
UNRESOLVED: libitm.c/cancel.c compilation failed to produce executable
FAIL: libitm.c/clone-1.c (test for excess errors)
UNRESOLVED: libitm.c/clone-1.c compilation failed to produce executable
FAIL: libitm.c/dropref-2.c (test for excess errors)
UNRESOLVED: libitm.c/dropref-2.c compilation failed to produce executable
FAIL: libitm.c/dropref.c (test for excess errors)
UNRESOLVED: libitm.c/dropref.c compilation failed to produce executable
FAIL: libitm.c/memcpy-1.c (test for excess errors)
UNRESOLVED: libitm.c/memcpy-1.c compilation failed to produce executable
FAIL: libitm.c/memset-1.c (test for excess errors)
UNRESOLVED: libitm.c/memset-1.c compilation failed to produce executable
FAIL: libitm.c/notx.c (test for excess errors)
UNRESOLVED: libitm.c/notx.c compilation failed to produce executable
FAIL: libitm.c/priv-1.c (test for excess errors)
UNRESOLVED: libitm.c/priv-1.c compilation failed to produce executable
FAIL: libitm.c/reentrant.c (test for excess errors)
UNRESOLVED: libitm.c/reentrant.c compilation failed to produce executable
FAIL: libitm.c/simple-1.c (test for excess errors)
UNRESOLVED: libitm.c/simple-1.c compilation failed to produce executable
FAIL: libitm.c/simple-2.c (test for excess errors)
UNRESOLVED: libitm.c/simple-2.c compilation failed to produce executable
FAIL: libitm.c/stackundo.c (test for excess errors)
UNRESOLVED: libitm.c/stackundo.c compilation failed to produce executable
FAIL: libitm.c/txrelease.c (test for excess errors)
UNRESOLVED: libitm.c/txrelease.c compilation failed to produce executable
FAIL: libitm.c++/dropref.C (test for excess errors)
UNRESOLVED: libitm.c++/dropref.C compilation failed to produce executable
FAIL: libitm.c++/eh-1.C (test for excess errors)
UNRESOLVED: libitm.c++/eh-1.C compilation failed to produce executable
FAIL: libitm.c++/eh-2.C (test for excess errors)
UNRESOLVED: libitm.c++/eh-2.C compilation failed to produce executable
FAIL: libitm.c++/eh-3.C (test for excess errors)
UNRESOLVED: libitm.c++/eh-3.C compilation failed to produce executable
FAIL: libitm.c++/eh-4.C (test for excess errors)
UNRESOLVED: libitm.c++/eh-4.C compilation failed to produce executable
FAIL: libitm.c++/eh-5.C (test for excess errors)
UNRESOLVED: libitm.c++/eh-5.C compilation failed to produce executable
FAIL: libitm.c++/libstdc++-safeexc.C (test for excess errors)
UNRESOLVED: libitm.c++/libstdc++-safeexc.C compilation failed to produce executable
FAIL: libitm.c++/newdelete.C (test for excess errors)
UNRESOLVED: libitm.c++/newdelete.C compilation failed to produce executable
=== libitm Summary ===
# of expected passes 1
# of unexpected failures 22
# of unresolved testcases 22
# of unsupported tests 1
=== Summary adjusted for local xfails ===
# of unexpected failures 22
# of expected passes 1
# of unresolved testcases 22
# of unsupported tests 1
Host is x86_64-pc-linux-gnu
=== libstdc++ tests ===
Running target qemu-wheezy-thumb/-mthumb
FAIL: 17_intro/names.cc (test for excess errors)
FAIL: 20_util/pair/cons/explicit_construct.cc (test for errors, line 55)
FAIL: 20_util/unique_ptr/cons/cv_qual_neg.cc (test for errors, line 40)
FAIL: 22_locale/messages/13631.cc execution test
FAIL: 22_locale/messages/members/char/1.cc execution test
FAIL: 22_locale/messages/members/char/2.cc execution test
FAIL: 22_locale/messages/members/char/wrapped_locale.cc execution test
FAIL: 22_locale/messages_byname/named_equivalence.cc execution test
FAIL: 26_numerics/headers/cmath/hypot.cc execution test
FAIL: 28_regex/iterators/regex_token_iterator/ctors/char/dr2332_neg.cc (test for errors, line 37)
FAIL: experimental/filesystem/operations/last_write_time.cc execution test
=== libstdc++ Summary ===
# of expected passes 11531
# of unexpected failures 11
# of expected failures 66
# of unsupported tests 292
=== Summary adjusted for local xfails ===
# of unexpected failures 11
# of expected passes 11531
# of expected failures 66
# of unsupported tests 292
Compiler version: 7.2.1 20171126 (GCC)
Platform: arm-none-linux-gnueabi
configure flags: --build=x86_64-linux-gnu --host=x86_64-linux-gnu --target=arm-none-linux-gnueabi --enable-threads --disable-libmudflap --disable-libstdcxx-pch --with-gnu-as --with-gnu-ld --enable-languages=c,c++,fortran --enable-shared --enable-lto --enable-symvers=gnu --enable-__cxa_atexit --with-glibc-version=2.21 --disable-nls --prefix=/scratch/gcc/nightly-2017-11-24-7/arm-none-linux-gnueabi/install --with-sysroot=/scratch/gcc/nightly-2017-11-24-7/arm-none-linux-gnueabi/install/arm-none-linux-gnueabi/libc --with-gmp=/scratch/gcc/nightly-2017-11-24-7/arm-none-linux-gnueabi/obj/pkg-7-0-arm-none-linux-gnueabi/fsf-7-0-arm-none-linux-gnueabi.extras/host-libs-x86_64-linux-gnu/usr --with-mpfr=/scratch/gcc/nightly-2017-11-24-7/arm-none-linux-gnueabi/obj/pkg-7-0-arm-none-linux-gnueabi/fsf-7-0-arm-none-linux-gnueabi.extras/host-libs-x86_64-linux-gnu/usr --with-mpc=/scratch/gcc/nightly-2017-11-24-7/arm-none-linux-gnueabi/obj/pkg-7-0-arm-none-linux-gnueabi/fsf-7-0-arm-none-linux-gnueabi.extr
as/host-libs-x86_64-linux-gnu/usr --with-isl=/scratch/gcc/nightly-2017-11-24-7/arm-none-linux-gnueabi/obj/pkg-7-0-arm-none-linux-gnueabi/fsf-7-0-arm-none-linux-gnueabi.extras/host-libs-x86_64-linux-gnu/usr --enable-libgomp --enable-libitm --enable-libatomic --disable-libssp --disable-libcc1 --enable-poison-system-directories --with-python-dir=arm-none-linux-gnueabi/share/gdb/python --with-build-time-tools=/scratch/gcc/nightly-2017-11-24-7/arm-none-linux-gnueabi/install/arm-none-linux-gnueabi/bin --with-build-time-tools=/scratch/gcc/nightly-2017-11-24-7/arm-none-linux-gnueabi/install/arm-none-linux-gnueabi/bin SED=sed
More information about the Gcc-testresults
mailing list