Results for 8.0.0 20171120 (experimental) [trunk revision 254943] (GCC) testsuite on m68k-unknown-linux-gnu
Andreas Schwab
schwab@linux-m68k.org
Mon Nov 20 09:55:00 GMT 2017
LAST_UPDATED: Mon Nov 20 02:00:56 UTC 2017 (revision 254943)
Target is m68k-unknown-linux-gnu
Host is x86_64-suse-linux-gnu
=== g++ tests ===
Running target aranym
FAIL: g++.dg/cdce3.C -std=gnu++98 scan-tree-dump cdce "cdce3.C:106: note: function call is shrink-wrapped into error conditions."
FAIL: g++.dg/cdce3.C -std=gnu++11 scan-tree-dump cdce "cdce3.C:106: note: function call is shrink-wrapped into error conditions."
FAIL: g++.dg/cdce3.C -std=gnu++14 scan-tree-dump cdce "cdce3.C:106: note: function call is shrink-wrapped into error conditions."
FAIL: g++.dg/pr48484.C -std=gnu++98 warning (test for warnings, line 100)
FAIL: g++.dg/pr48484.C -std=gnu++11 warning (test for warnings, line 100)
FAIL: g++.dg/pr48484.C -std=gnu++14 warning (test for warnings, line 100)
FAIL: g++.dg/pr53037-1.C -std=gnu++98 (test for warnings, line 38)
FAIL: g++.dg/pr53037-1.C -std=gnu++98 (test for warnings, line 71)
FAIL: g++.dg/pr53037-1.C -std=gnu++98 (test for excess errors)
FAIL: g++.dg/pr53037-1.C -std=gnu++11 (test for warnings, line 38)
FAIL: g++.dg/pr53037-1.C -std=gnu++11 (test for warnings, line 71)
FAIL: g++.dg/pr53037-1.C -std=gnu++11 (test for excess errors)
FAIL: g++.dg/pr53037-1.C -std=gnu++14 (test for warnings, line 38)
FAIL: g++.dg/pr53037-1.C -std=gnu++14 (test for warnings, line 71)
FAIL: g++.dg/pr53037-1.C -std=gnu++14 (test for excess errors)
FAIL: g++.dg/pr79095-4.C -std=gnu++98 (test for warnings, line )
FAIL: g++.dg/pr79095-4.C -std=gnu++98 scan-tree-dump-times vrp2 "__builtin_memset \\\\(_[0-9]+, 0, [0-9]+\\\\)" 1 (found 0 times)
FAIL: g++.dg/pr79095-4.C -std=gnu++11 (test for warnings, line )
FAIL: g++.dg/pr79095-4.C -std=gnu++11 scan-tree-dump-times vrp2 "__builtin_memset \\\\(_[0-9]+, 0, [0-9]+\\\\)" 1 (found 0 times)
FAIL: g++.dg/pr79095-4.C -std=gnu++14 (test for warnings, line )
FAIL: g++.dg/pr79095-4.C -std=gnu++14 scan-tree-dump-times vrp2 "__builtin_memset \\\\(_[0-9]+, 0, [0-9]+\\\\)" 1 (found 0 times)
FAIL: g++.dg/pr82836.C (test for excess errors)
FAIL: g++.dg/uninit-pred-1_b.C -std=gnu++98 (test for warnings, line 44)
FAIL: g++.dg/uninit-pred-1_b.C -std=gnu++11 (test for warnings, line 44)
FAIL: g++.dg/uninit-pred-1_b.C -std=gnu++14 (test for warnings, line 44)
FAIL: g++.dg/uninit-pred-2_b.C -std=gnu++98 (test for warnings, line 43)
FAIL: g++.dg/uninit-pred-2_b.C -std=gnu++11 (test for warnings, line 43)
FAIL: g++.dg/uninit-pred-2_b.C -std=gnu++14 (test for warnings, line 43)
FAIL: g++.dg/cpp1z/nodiscard3.C (test for excess errors)
FAIL: g++.dg/ipa/devirt-11.C -std=gnu++98 scan-ipa-dump inline "Discovered a virtual call to a known target"
FAIL: g++.dg/ipa/devirt-11.C -std=gnu++11 scan-ipa-dump inline "Discovered a virtual call to a known target"
FAIL: g++.dg/ipa/devirt-11.C -std=gnu++14 scan-ipa-dump inline "Discovered a virtual call to a known target"
FAIL: g++.dg/ipa/devirt-12.C -std=gnu++11 scan-ipa-dump inline "Inlined 1 calls, eliminated 1 functions"
FAIL: g++.dg/ipa/devirt-12.C -std=gnu++14 scan-ipa-dump inline "Inlined 1 calls, eliminated 1 functions"
FAIL: g++.dg/ipa/devirt-37.C -std=gnu++98 scan-tree-dump fre3 "Checking vtbl store:"
FAIL: g++.dg/ipa/devirt-37.C -std=gnu++98 scan-tree-dump fre3 "Function call may change dynamic type:extcall"
FAIL: g++.dg/ipa/devirt-37.C -std=gnu++98 scan-tree-dump fre3 "converting indirect call to function virtual void"
FAIL: g++.dg/ipa/devirt-37.C -std=gnu++11 scan-tree-dump fre3 "Checking vtbl store:"
FAIL: g++.dg/ipa/devirt-37.C -std=gnu++11 scan-tree-dump fre3 "Function call may change dynamic type:extcall"
FAIL: g++.dg/ipa/devirt-37.C -std=gnu++11 scan-tree-dump fre3 "converting indirect call to function virtual void"
FAIL: g++.dg/ipa/devirt-37.C -std=gnu++14 scan-tree-dump fre3 "Checking vtbl store:"
FAIL: g++.dg/ipa/devirt-37.C -std=gnu++14 scan-tree-dump fre3 "Function call may change dynamic type:extcall"
FAIL: g++.dg/ipa/devirt-37.C -std=gnu++14 scan-tree-dump fre3 "converting indirect call to function virtual void"
FAIL: g++.dg/ipa/devirt-39.C -std=gnu++98 scan-assembler-not _ZN3Foo5cloneEv
FAIL: g++.dg/ipa/devirt-39.C -std=gnu++11 scan-assembler-not _ZN3Foo5cloneEv
FAIL: g++.dg/ipa/devirt-39.C -std=gnu++14 scan-assembler-not _ZN3Foo5cloneEv
FAIL: g++.dg/ipa/devirt-41.C -std=gnu++98 scan-ipa-dump-times inline "Discovered a virtual call to a known target" 1 (found 0 times)
FAIL: g++.dg/ipa/devirt-41.C -std=gnu++11 scan-ipa-dump-times inline "Discovered a virtual call to a known target" 1 (found 0 times)
FAIL: g++.dg/ipa/devirt-41.C -std=gnu++14 scan-ipa-dump-times inline "Discovered a virtual call to a known target" 1 (found 0 times)
FAIL: g++.dg/ipa/devirt-42.C -std=gnu++98 scan-ipa-dump inline "First type is base of second"
FAIL: g++.dg/ipa/devirt-42.C -std=gnu++98 scan-ipa-dump-times inline "Discovered a virtual call to a known target" 2 (found 0 times)
FAIL: g++.dg/ipa/devirt-42.C -std=gnu++98 scan-tree-dump-times optimized "return 2" 3 (found 1 times)
FAIL: g++.dg/ipa/devirt-42.C -std=gnu++98 scan-tree-dump-not optimized "OBJ_TYPE_REF"
FAIL: g++.dg/ipa/devirt-42.C -std=gnu++11 scan-ipa-dump inline "First type is base of second"
FAIL: g++.dg/ipa/devirt-42.C -std=gnu++11 scan-ipa-dump-times inline "Discovered a virtual call to a known target" 2 (found 0 times)
FAIL: g++.dg/ipa/devirt-42.C -std=gnu++11 scan-tree-dump-times optimized "return 2" 3 (found 1 times)
FAIL: g++.dg/ipa/devirt-42.C -std=gnu++11 scan-tree-dump-not optimized "OBJ_TYPE_REF"
FAIL: g++.dg/ipa/devirt-42.C -std=gnu++14 scan-ipa-dump inline "First type is base of second"
FAIL: g++.dg/ipa/devirt-42.C -std=gnu++14 scan-ipa-dump-times inline "Discovered a virtual call to a known target" 2 (found 0 times)
FAIL: g++.dg/ipa/devirt-42.C -std=gnu++14 scan-tree-dump-times optimized "return 2" 3 (found 1 times)
FAIL: g++.dg/ipa/devirt-42.C -std=gnu++14 scan-tree-dump-not optimized "OBJ_TYPE_REF"
FAIL: g++.dg/ipa/devirt-44.C -std=gnu++98 scan-ipa-dump-times inline "Discovered a virtual call to a known target[^\\\\n]*A::foo" 1 (found 0 times)
FAIL: g++.dg/ipa/devirt-44.C -std=gnu++98 scan-ipa-dump-times inline "Discovered a virtual call to a known target[^\\\\n]*B::foo" 1 (found 0 times)
FAIL: g++.dg/ipa/devirt-44.C -std=gnu++11 scan-ipa-dump-times inline "Discovered a virtual call to a known target[^\\\\n]*A::foo" 1 (found 0 times)
FAIL: g++.dg/ipa/devirt-44.C -std=gnu++11 scan-ipa-dump-times inline "Discovered a virtual call to a known target[^\\\\n]*B::foo" 1 (found 0 times)
FAIL: g++.dg/ipa/devirt-44.C -std=gnu++14 scan-ipa-dump-times inline "Discovered a virtual call to a known target[^\\\\n]*A::foo" 1 (found 0 times)
FAIL: g++.dg/ipa/devirt-44.C -std=gnu++14 scan-ipa-dump-times inline "Discovered a virtual call to a known target[^\\\\n]*B::foo" 1 (found 0 times)
FAIL: g++.dg/ipa/devirt-45.C -std=gnu++98 scan-ipa-dump-times inline "Discovered a virtual call to a known target[^\\\\n]*A::foo" 1 (found 0 times)
FAIL: g++.dg/ipa/devirt-45.C -std=gnu++98 scan-ipa-dump-times inline "Discovered a virtual call to a known target[^\\\\n]*B::foo" 1 (found 0 times)
FAIL: g++.dg/ipa/devirt-45.C -std=gnu++11 scan-ipa-dump-times inline "Discovered a virtual call to a known target[^\\\\n]*A::foo" 1 (found 0 times)
FAIL: g++.dg/ipa/devirt-45.C -std=gnu++11 scan-ipa-dump-times inline "Discovered a virtual call to a known target[^\\\\n]*B::foo" 1 (found 0 times)
FAIL: g++.dg/ipa/devirt-45.C -std=gnu++14 scan-ipa-dump-times inline "Discovered a virtual call to a known target[^\\\\n]*A::foo" 1 (found 0 times)
FAIL: g++.dg/ipa/devirt-45.C -std=gnu++14 scan-ipa-dump-times inline "Discovered a virtual call to a known target[^\\\\n]*B::foo" 1 (found 0 times)
FAIL: g++.dg/ipa/devirt-46.C -std=gnu++98 scan-ipa-dump-times inline "Discovered a virtual call to a known target[^\\\\n]*B::foo" 1 (found 0 times)
FAIL: g++.dg/ipa/devirt-46.C -std=gnu++98 scan-tree-dump-not optimized "OBJ_TYPE_REF"
FAIL: g++.dg/ipa/devirt-46.C -std=gnu++98 scan-tree-dump-not optimized "abort"
FAIL: g++.dg/ipa/devirt-46.C -std=gnu++11 scan-ipa-dump-times inline "Discovered a virtual call to a known target[^\\\\n]*B::foo" 1 (found 0 times)
FAIL: g++.dg/ipa/devirt-46.C -std=gnu++11 scan-tree-dump-not optimized "OBJ_TYPE_REF"
FAIL: g++.dg/ipa/devirt-46.C -std=gnu++11 scan-tree-dump-not optimized "abort"
FAIL: g++.dg/ipa/devirt-46.C -std=gnu++14 scan-ipa-dump-times inline "Discovered a virtual call to a known target[^\\\\n]*B::foo" 1 (found 0 times)
FAIL: g++.dg/ipa/devirt-46.C -std=gnu++14 scan-tree-dump-not optimized "OBJ_TYPE_REF"
FAIL: g++.dg/ipa/devirt-46.C -std=gnu++14 scan-tree-dump-not optimized "abort"
FAIL: g++.dg/ipa/devirt-47.C -std=gnu++98 scan-ipa-dump-times inline "Discovered a virtual call to a known target[^\\\\n]*C::_ZTh" 1 (found 0 times)
FAIL: g++.dg/ipa/devirt-47.C -std=gnu++98 scan-tree-dump-not optimized "OBJ_TYPE_REF"
FAIL: g++.dg/ipa/devirt-47.C -std=gnu++98 scan-tree-dump optimized "C::_ZThn"
FAIL: g++.dg/ipa/devirt-47.C -std=gnu++11 scan-ipa-dump-times inline "Discovered a virtual call to a known target[^\\\\n]*C::_ZTh" 1 (found 0 times)
FAIL: g++.dg/ipa/devirt-47.C -std=gnu++11 scan-tree-dump-not optimized "OBJ_TYPE_REF"
FAIL: g++.dg/ipa/devirt-47.C -std=gnu++11 scan-tree-dump optimized "C::_ZThn"
FAIL: g++.dg/ipa/devirt-47.C -std=gnu++14 scan-ipa-dump-times inline "Discovered a virtual call to a known target[^\\\\n]*C::_ZTh" 1 (found 0 times)
FAIL: g++.dg/ipa/devirt-47.C -std=gnu++14 scan-tree-dump-not optimized "OBJ_TYPE_REF"
FAIL: g++.dg/ipa/devirt-47.C -std=gnu++14 scan-tree-dump optimized "C::_ZThn"
FAIL: g++.dg/ipa/devirt-48.C -std=gnu++98 scan-ipa-dump-times inline "Discovered a virtual call to a known target[^\\\\n]*__builtin_unreachable" 1 (found 0 times)
FAIL: g++.dg/ipa/devirt-48.C -std=gnu++11 scan-ipa-dump-times inline "Discovered a virtual call to a known target[^\\\\n]*__builtin_unreachable" 1 (found 0 times)
FAIL: g++.dg/ipa/devirt-48.C -std=gnu++14 scan-ipa-dump-times inline "Discovered a virtual call to a known target[^\\\\n]*__builtin_unreachable" 1 (found 0 times)
FAIL: g++.dg/ipa/iinline-1.C -std=gnu++98 scan-ipa-dump inline "String::funcOne[^\\\\n]*inline copy in int main"
FAIL: g++.dg/ipa/iinline-1.C -std=gnu++11 scan-ipa-dump inline "String::funcOne[^\\\\n]*inline copy in int main"
FAIL: g++.dg/ipa/iinline-1.C -std=gnu++14 scan-ipa-dump inline "String::funcOne[^\\\\n]*inline copy in int main"
FAIL: g++.dg/ipa/iinline-2.C -std=gnu++98 scan-ipa-dump inline "String::funcOne[^\\\\n]*inline copy in int main"
FAIL: g++.dg/ipa/iinline-2.C -std=gnu++11 scan-ipa-dump inline "String::funcOne[^\\\\n]*inline copy in int main"
FAIL: g++.dg/ipa/iinline-2.C -std=gnu++14 scan-ipa-dump inline "String::funcOne[^\\\\n]*inline copy in int main"
FAIL: g++.dg/ipa/inline-1.C -std=gnu++98 scan-ipa-dump-times inline "Considering void inline_me\\\\(" 1 (found 0 times)
FAIL: g++.dg/ipa/inline-1.C -std=gnu++98 scan-ipa-dump-times inline "Considering void inline_me_too\\\\(" 1 (found 0 times)
FAIL: g++.dg/ipa/inline-1.C -std=gnu++11 scan-ipa-dump-times inline "Considering void inline_me\\\\(" 1 (found 0 times)
FAIL: g++.dg/ipa/inline-1.C -std=gnu++11 scan-ipa-dump-times inline "Considering void inline_me_too\\\\(" 1 (found 0 times)
FAIL: g++.dg/ipa/inline-1.C -std=gnu++14 scan-ipa-dump-times inline "Considering void inline_me\\\\(" 1 (found 0 times)
FAIL: g++.dg/ipa/inline-1.C -std=gnu++14 scan-ipa-dump-times inline "Considering void inline_me_too\\\\(" 1 (found 0 times)
FAIL: g++.dg/ipa/inline-2.C -std=gnu++98 scan-ipa-dump-times inline "Considering void inline_me\\\\(" 1 (found 0 times)
FAIL: g++.dg/ipa/inline-2.C -std=gnu++98 scan-ipa-dump-times inline "Considering void inline_me_too\\\\(" 1 (found 0 times)
FAIL: g++.dg/ipa/inline-2.C -std=gnu++11 scan-ipa-dump-times inline "Considering void inline_me\\\\(" 1 (found 0 times)
FAIL: g++.dg/ipa/inline-2.C -std=gnu++11 scan-ipa-dump-times inline "Considering void inline_me_too\\\\(" 1 (found 0 times)
FAIL: g++.dg/ipa/inline-2.C -std=gnu++14 scan-ipa-dump-times inline "Considering void inline_me\\\\(" 1 (found 0 times)
FAIL: g++.dg/ipa/inline-2.C -std=gnu++14 scan-ipa-dump-times inline "Considering void inline_me_too\\\\(" 1 (found 0 times)
FAIL: g++.dg/ipa/inline-3.C -std=gnu++98 scan-ipa-dump-times inline "Considering void inline_me\\\\(" 1 (found 0 times)
FAIL: g++.dg/ipa/inline-3.C -std=gnu++98 scan-ipa-dump-times inline "Considering void inline_me_too\\\\(" 1 (found 0 times)
FAIL: g++.dg/ipa/inline-3.C -std=gnu++11 scan-ipa-dump-times inline "Considering void inline_me\\\\(" 1 (found 0 times)
FAIL: g++.dg/ipa/inline-3.C -std=gnu++11 scan-ipa-dump-times inline "Considering void inline_me_too\\\\(" 1 (found 0 times)
FAIL: g++.dg/ipa/inline-3.C -std=gnu++14 scan-ipa-dump-times inline "Considering void inline_me\\\\(" 1 (found 0 times)
FAIL: g++.dg/ipa/inline-3.C -std=gnu++14 scan-ipa-dump-times inline "Considering void inline_me_too\\\\(" 1 (found 0 times)
FAIL: g++.dg/ipa/ivinline-1.C -std=gnu++98 scan-ipa-dump inline "B::foo[^\\\\n]*inline copy in int main"
FAIL: g++.dg/ipa/ivinline-1.C -std=gnu++11 scan-ipa-dump inline "B::foo[^\\\\n]*inline copy in int main"
FAIL: g++.dg/ipa/ivinline-1.C -std=gnu++14 scan-ipa-dump inline "B::foo[^\\\\n]*inline copy in int main"
FAIL: g++.dg/ipa/ivinline-2.C -std=gnu++98 scan-ipa-dump inline "B::foo[^\\\\n]*inline copy in int main"
FAIL: g++.dg/ipa/ivinline-2.C -std=gnu++11 scan-ipa-dump inline "B::foo[^\\\\n]*inline copy in int main"
FAIL: g++.dg/ipa/ivinline-2.C -std=gnu++14 scan-ipa-dump inline "B::foo[^\\\\n]*inline copy in int main"
FAIL: g++.dg/ipa/ivinline-3.C -std=gnu++98 scan-ipa-dump inline "B::foo[^\\\\n]*inline copy in int main"
FAIL: g++.dg/ipa/ivinline-3.C -std=gnu++11 scan-ipa-dump inline "B::foo[^\\\\n]*inline copy in int main"
FAIL: g++.dg/ipa/ivinline-3.C -std=gnu++14 scan-ipa-dump inline "B::foo[^\\\\n]*inline copy in int main"
FAIL: g++.dg/ipa/ivinline-4.C -std=gnu++98 scan-ipa-dump inline "B::foo[^\\\\n]*inline copy in int main"
FAIL: g++.dg/ipa/ivinline-4.C -std=gnu++11 scan-ipa-dump inline "B::foo[^\\\\n]*inline copy in int main"
FAIL: g++.dg/ipa/ivinline-4.C -std=gnu++14 scan-ipa-dump inline "B::foo[^\\\\n]*inline copy in int main"
FAIL: g++.dg/ipa/ivinline-5.C -std=gnu++98 scan-ipa-dump inline "A::foo[^\\\\n]*inline copy in int main"
FAIL: g++.dg/ipa/ivinline-5.C -std=gnu++98 scan-ipa-dump inline "B::foo[^\\\\n]*inline copy in int main"
FAIL: g++.dg/ipa/ivinline-5.C -std=gnu++11 scan-ipa-dump inline "A::foo[^\\\\n]*inline copy in int main"
FAIL: g++.dg/ipa/ivinline-5.C -std=gnu++11 scan-ipa-dump inline "B::foo[^\\\\n]*inline copy in int main"
FAIL: g++.dg/ipa/ivinline-5.C -std=gnu++14 scan-ipa-dump inline "A::foo[^\\\\n]*inline copy in int main"
FAIL: g++.dg/ipa/ivinline-5.C -std=gnu++14 scan-ipa-dump inline "B::foo[^\\\\n]*inline copy in int main"
FAIL: g++.dg/ipa/ivinline-7.C -std=gnu++98 scan-ipa-dump inline "Discovered a virtual call to a known target.*B::.*foo"
FAIL: g++.dg/ipa/ivinline-7.C -std=gnu++98 scan-ipa-dump inline "B::foo[^\\\\n]*inline copy in int main"
FAIL: g++.dg/ipa/ivinline-7.C -std=gnu++11 scan-ipa-dump inline "Discovered a virtual call to a known target.*B::.*foo"
FAIL: g++.dg/ipa/ivinline-7.C -std=gnu++11 scan-ipa-dump inline "B::foo[^\\\\n]*inline copy in int main"
FAIL: g++.dg/ipa/ivinline-7.C -std=gnu++14 scan-ipa-dump inline "Discovered a virtual call to a known target.*B::.*foo"
FAIL: g++.dg/ipa/ivinline-7.C -std=gnu++14 scan-ipa-dump inline "B::foo[^\\\\n]*inline copy in int main"
FAIL: g++.dg/ipa/ivinline-8.C -std=gnu++98 scan-ipa-dump inline "B::foo[^\\\\n]*inline copy in int main"
FAIL: g++.dg/ipa/ivinline-8.C -std=gnu++98 scan-ipa-dump inline "B::bar[^\\\\n]*inline copy in int main"
FAIL: g++.dg/ipa/ivinline-8.C -std=gnu++11 scan-ipa-dump inline "B::foo[^\\\\n]*inline copy in int main"
FAIL: g++.dg/ipa/ivinline-8.C -std=gnu++11 scan-ipa-dump inline "B::bar[^\\\\n]*inline copy in int main"
FAIL: g++.dg/ipa/ivinline-8.C -std=gnu++14 scan-ipa-dump inline "B::foo[^\\\\n]*inline copy in int main"
FAIL: g++.dg/ipa/ivinline-8.C -std=gnu++14 scan-ipa-dump inline "B::bar[^\\\\n]*inline copy in int main"
FAIL: g++.dg/ipa/ivinline-9.C -std=gnu++98 scan-ipa-dump inline "Discovered a virtual call to a known target.*B::.*foo"
FAIL: g++.dg/ipa/ivinline-9.C -std=gnu++98 scan-ipa-dump inline "B::foo[^\\\\n]*inline copy in int main"
FAIL: g++.dg/ipa/ivinline-9.C -std=gnu++11 scan-ipa-dump inline "Discovered a virtual call to a known target.*B::.*foo"
FAIL: g++.dg/ipa/ivinline-9.C -std=gnu++11 scan-ipa-dump inline "B::foo[^\\\\n]*inline copy in int main"
FAIL: g++.dg/ipa/ivinline-9.C -std=gnu++14 scan-ipa-dump inline "Discovered a virtual call to a known target.*B::.*foo"
FAIL: g++.dg/ipa/ivinline-9.C -std=gnu++14 scan-ipa-dump inline "B::foo[^\\\\n]*inline copy in int main"
FAIL: g++.dg/template/nontype10.C -std=c++98 (test for excess errors)
FAIL: g++.dg/template/nontype10.C -std=c++11 (test for excess errors)
FAIL: g++.dg/template/nontype10.C -std=c++14 (test for excess errors)
FAIL: g++.dg/tree-ssa/calloc.C -std=gnu++98 scan-tree-dump-times optimized "calloc" 1 (found 0 times)
FAIL: g++.dg/tree-ssa/calloc.C -std=gnu++98 scan-tree-dump-not optimized "malloc"
FAIL: g++.dg/tree-ssa/calloc.C -std=gnu++98 scan-tree-dump-not optimized "memset"
FAIL: g++.dg/tree-ssa/calloc.C -std=gnu++11 scan-tree-dump-times optimized "calloc" 1 (found 0 times)
FAIL: g++.dg/tree-ssa/calloc.C -std=gnu++11 scan-tree-dump-not optimized "malloc"
FAIL: g++.dg/tree-ssa/calloc.C -std=gnu++11 scan-tree-dump-not optimized "memset"
FAIL: g++.dg/tree-ssa/calloc.C -std=gnu++14 scan-tree-dump-times optimized "calloc" 1 (found 0 times)
FAIL: g++.dg/tree-ssa/calloc.C -std=gnu++14 scan-tree-dump-not optimized "malloc"
FAIL: g++.dg/tree-ssa/calloc.C -std=gnu++14 scan-tree-dump-not optimized "memset"
FAIL: g++.dg/tree-ssa/pr46228.C -std=gnu++98 scan-tree-dump-not optimized "_ZNSt8_Rb_treeIiiSt9_IdentityIiESt4lessIiESaIiEED2Ev"
FAIL: g++.dg/tree-ssa/pr46228.C -std=gnu++11 scan-tree-dump-not optimized "_ZNSt8_Rb_treeIiiSt9_IdentityIiESt4lessIiESaIiEED2Ev"
FAIL: g++.dg/tree-ssa/pr46228.C -std=gnu++14 scan-tree-dump-not optimized "_ZNSt8_Rb_treeIiiSt9_IdentityIiESt4lessIiESaIiEED2Ev"
FAIL: g++.dg/tree-ssa/pr53844.C -std=gnu++98 scan-tree-dump-times optimized "VDEF" 1 (found 57 times)
FAIL: g++.dg/tree-ssa/pr53844.C -std=gnu++11 scan-tree-dump-times optimized "VDEF" 1 (found 57 times)
FAIL: g++.dg/tree-ssa/pr53844.C -std=gnu++14 scan-tree-dump-times optimized "VDEF" 1 (found 57 times)
FAIL: g++.dg/tree-ssa/pr61034.C -std=gnu++98 scan-tree-dump-times fre3 ";; Function" 1 (found 4 times)
FAIL: g++.dg/tree-ssa/pr61034.C -std=gnu++98 scan-tree-dump-times fre3 "unreachable" 11 (found 12 times)
FAIL: g++.dg/tree-ssa/pr61034.C -std=gnu++98 scan-tree-dump-times optimized "free" 0 (found 14 times)
FAIL: g++.dg/tree-ssa/pr61034.C -std=gnu++11 scan-tree-dump-times fre3 ";; Function" 1 (found 4 times)
FAIL: g++.dg/tree-ssa/pr61034.C -std=gnu++11 scan-tree-dump-times fre3 "unreachable" 11 (found 12 times)
FAIL: g++.dg/tree-ssa/pr61034.C -std=gnu++11 scan-tree-dump-times optimized "free" 0 (found 14 times)
FAIL: g++.dg/tree-ssa/pr61034.C -std=gnu++14 scan-tree-dump-times fre3 ";; Function" 1 (found 4 times)
FAIL: g++.dg/tree-ssa/pr61034.C -std=gnu++14 scan-tree-dump-times fre3 "unreachable" 11 (found 12 times)
FAIL: g++.dg/tree-ssa/pr61034.C -std=gnu++14 scan-tree-dump-times optimized "free" 0 (found 14 times)
FAIL: g++.dg/tree-ssa/pr78687.C scan-tree-dump sra "Removing load:.*ptr;"
FAIL: g++.dg/tree-ssa/pr81408.C (test for warnings, line 89)
FAIL: g++.dg/warn/string1.C -std=gnu++98 (test for warnings, line 17)
FAIL: g++.dg/warn/string1.C -std=gnu++11 (test for warnings, line 17)
FAIL: g++.dg/warn/string1.C -std=gnu++14 (test for warnings, line 17)
FAIL: c-c++-common/attr-warn-unused-result.c -std=gnu++98 (test for excess errors)
FAIL: c-c++-common/attr-warn-unused-result.c -std=gnu++11 (test for excess errors)
FAIL: c-c++-common/attr-warn-unused-result.c -std=gnu++14 (test for excess errors)
FAIL: c-c++-common/gomp/atomic-10.c -std=gnu++98 scan-tree-dump-times ompexp "__atomic_fetch_add" 4 (found 0 times)
FAIL: c-c++-common/gomp/atomic-10.c -std=gnu++11 scan-tree-dump-times ompexp "__atomic_fetch_add" 4 (found 0 times)
FAIL: c-c++-common/gomp/atomic-10.c -std=gnu++14 scan-tree-dump-times ompexp "__atomic_fetch_add" 4 (found 0 times)
FAIL: c-c++-common/gomp/atomic-3.c -std=gnu++98 scan-tree-dump-times ompexp "xyzzy, 4" 1 (found 0 times)
FAIL: c-c++-common/gomp/atomic-3.c -std=gnu++11 scan-tree-dump-times ompexp "xyzzy, 4" 1 (found 0 times)
FAIL: c-c++-common/gomp/atomic-3.c -std=gnu++14 scan-tree-dump-times ompexp "xyzzy, 4" 1 (found 0 times)
FAIL: c-c++-common/gomp/atomic-9.c -std=gnu++98 scan-tree-dump-times ompexp "__atomic_fetch_add" 1 (found 0 times)
FAIL: c-c++-common/gomp/atomic-9.c -std=gnu++11 scan-tree-dump-times ompexp "__atomic_fetch_add" 1 (found 0 times)
FAIL: c-c++-common/gomp/atomic-9.c -std=gnu++14 scan-tree-dump-times ompexp "__atomic_fetch_add" 1 (found 0 times)
FAIL: c-c++-common/torture/builtin-arith-overflow-p-1.c -O2 execution test
FAIL: c-c++-common/torture/builtin-arith-overflow-p-1.c -O2 -flto -fno-use-linker-plugin -flto-partition=none execution test
FAIL: c-c++-common/torture/builtin-arith-overflow-p-1.c -O2 -flto -fuse-linker-plugin -fno-fat-lto-objects execution test
FAIL: c-c++-common/torture/builtin-arith-overflow-p-12.c -O2 execution test
FAIL: c-c++-common/torture/builtin-arith-overflow-p-12.c -O2 -flto -fno-use-linker-plugin -flto-partition=none execution test
FAIL: c-c++-common/torture/builtin-arith-overflow-p-12.c -O2 -flto -fuse-linker-plugin -fno-fat-lto-objects execution test
FAIL: c-c++-common/torture/builtin-arith-overflow-p-13.c -O2 execution test
FAIL: c-c++-common/torture/builtin-arith-overflow-p-13.c -O2 -flto -fno-use-linker-plugin -flto-partition=none execution test
FAIL: c-c++-common/torture/builtin-arith-overflow-p-13.c -O2 -flto -fuse-linker-plugin -fno-fat-lto-objects execution test
FAIL: c-c++-common/torture/builtin-arith-overflow-p-2.c -O2 execution test
FAIL: c-c++-common/torture/builtin-arith-overflow-p-2.c -O2 -flto -fno-use-linker-plugin -flto-partition=none execution test
FAIL: c-c++-common/torture/builtin-arith-overflow-p-2.c -O2 -flto -fuse-linker-plugin -fno-fat-lto-objects execution test
FAIL: g++.old-deja/g++.abi/cxa_vec.C -std=gnu++98 execution test
FAIL: g++.old-deja/g++.abi/cxa_vec.C -std=gnu++11 execution test
FAIL: g++.old-deja/g++.abi/cxa_vec.C -std=gnu++14 execution test
=== g++ Summary ===
# of expected passes 106236
# of unexpected failures 213
# of expected failures 425
# of unsupported tests 4733
/daten/aranym/gcc/gcc-20171120/Build/gcc/xg++ version 8.0.0 20171120 (experimental) [trunk revision 254943] (GCC)
Host is x86_64-suse-linux-gnu
=== gcc tests ===
Running target aranym
FAIL: gcc.dg/atomic/c11-atomic-exec-5.c -O0 execution test
FAIL: gcc.dg/atomic/c11-atomic-exec-5.c -O1 execution test
FAIL: gcc.dg/atomic/c11-atomic-exec-5.c -O2 execution test
FAIL: gcc.dg/atomic/c11-atomic-exec-5.c -O3 -fomit-frame-pointer -funroll-loops -fpeel-loops -ftracer -finline-functions execution test
FAIL: gcc.dg/atomic/c11-atomic-exec-5.c -O3 -g execution test
FAIL: gcc.dg/atomic/c11-atomic-exec-5.c -Os execution test
FAIL: gcc.dg/atomic/c11-atomic-exec-5.c -O2 -flto -fno-use-linker-plugin -flto-partition=none execution test
FAIL: gcc.dg/atomic/c11-atomic-exec-5.c -O2 -flto -fuse-linker-plugin -fno-fat-lto-objects execution test
FAIL: gcc.dg/always_inline3.c (test for errors, line 5)
FAIL: gcc.dg/always_inline3.c (test for excess errors)
FAIL: gcc.dg/binop-xor1.c scan-tree-dump-times optimized "\\\\^" 1 (found 0 times)
FAIL: gcc.dg/ifcvt-4.c scan-rtl-dump ce1 "2 true changes made"
FAIL: gcc.dg/inline-3.c scan-assembler-not big_function_2
FAIL: gcc.dg/loop-9.c scan-rtl-dump loop2_invariant "Decided"
FAIL: gcc.dg/loop-9.c scan-rtl-dump loop2_invariant "without introducing a new temporary register"
FAIL: gcc.dg/pr21643.c scan-tree-dump-times reassoc1 "Optimizing range tests c_[0-9]*.D. -.0, 31. and -.32, 32.[\\n\\r]* into" 6 (found 5 times)
FAIL: gcc.dg/pr45083.c (test for warnings, line 12)
FAIL: gcc.dg/pr46309.c scan-tree-dump-times reassoc2 "Optimizing range tests [^\\r\\n]*_[0-9]* -.0, 0. and -.128, 128.[\\n\\r]* into" 1 (found 0 times)
FAIL: gcc.dg/pr46647.c scan-tree-dump-not optimized "memset"
FAIL: gcc.dg/pr53037-1.c (test for warnings, line 42)
FAIL: gcc.dg/pr53037-1.c (test for warnings, line 75)
FAIL: gcc.dg/pr53037-1.c (test for excess errors)
XPASS: gcc.dg/pr78768.c -Wformat-overflow (test for warnings, line 12)
FAIL: gcc.dg/store_merging_8.c scan-tree-dump-times store-merging "Merging successful" 2 (found 4 times)
UNRESOLVED: gcc.dg/superblock.c scan-rtl-dump-times sched2 "ADVANCING TO" 2
FAIL: gcc.dg/uninit-19.c (test for warnings, line 14)
FAIL: gcc.dg/uninit-19.c (test for excess errors)
FAIL: gcc.dg/winline-3.c (test for warnings, line 5)
FAIL: gcc.dg/winline-3.c (test for excess errors)
FAIL: gcc.dg/winline-5.c (test for warnings, line 5)
FAIL: gcc.dg/winline-5.c (test for excess errors)
FAIL: gcc.dg/winline-6.c (test for warnings, line 5)
FAIL: gcc.dg/winline-6.c (test for excess errors)
FAIL: gcc.dg/winline-7.c (test for excess errors)
FAIL: gcc.dg/winline-9.c (test for warnings, line 13)
FAIL: gcc.dg/winline-9.c (test for excess errors)
FAIL: c-c++-common/attr-warn-unused-result.c -Wc++-compat (test for excess errors)
FAIL: c-c++-common/gomp/atomic-10.c scan-tree-dump-times ompexp "__atomic_fetch_add" 4 (found 0 times)
FAIL: c-c++-common/gomp/atomic-3.c scan-tree-dump-times ompexp "xyzzy, 4" 1 (found 0 times)
FAIL: c-c++-common/gomp/atomic-9.c scan-tree-dump-times ompexp "__atomic_fetch_add" 1 (found 0 times)
XPASS: gcc.dg/guality/example.c -O0 execution test
XPASS: gcc.dg/guality/example.c -O1 execution test
XPASS: gcc.dg/guality/example.c -O2 execution test
XPASS: gcc.dg/guality/example.c -O3 -g execution test
XPASS: gcc.dg/guality/example.c -O2 -flto -fno-use-linker-plugin -flto-partition=none execution test
XPASS: gcc.dg/guality/guality.c -O0 execution test
XPASS: gcc.dg/guality/guality.c -O1 execution test
XPASS: gcc.dg/guality/guality.c -O2 execution test
XPASS: gcc.dg/guality/guality.c -O3 -g execution test
XPASS: gcc.dg/guality/guality.c -Os execution test
XPASS: gcc.dg/guality/guality.c -O2 -flto -fno-use-linker-plugin -flto-partition=none execution test
XPASS: gcc.dg/guality/guality.c -O2 -flto -fuse-linker-plugin -fno-fat-lto-objects execution test
XPASS: gcc.dg/guality/inline-params-2.c -O2 -flto -fuse-linker-plugin -fno-fat-lto-objects execution test
XPASS: gcc.dg/guality/inline-params.c -O2 execution test
XPASS: gcc.dg/guality/inline-params.c -O3 -g execution test
XPASS: gcc.dg/guality/inline-params.c -Os execution test
XPASS: gcc.dg/guality/inline-params.c -O2 -flto -fno-use-linker-plugin -flto-partition=none execution test
XPASS: gcc.dg/guality/inline-params.c -O2 -flto -fuse-linker-plugin -fno-fat-lto-objects execution test
FAIL: gcc.dg/ipa/iinline-1.c scan-ipa-dump inline "indirect_call"
FAIL: gcc.dg/ipa/iinline-1.c scan-ipa-dump inline "hooray[^\\\\n]*inline copy in test"
FAIL: gcc.dg/ipa/iinline-2.c scan-ipa-dump inline "hooray[^\\\\n]*inline copy in main"
FAIL: gcc.dg/ipa/iinline-2.c scan-ipa-dump inline "hip2[^\\\\n]*inline copy in main"
FAIL: gcc.dg/ipa/iinline-4.c scan-ipa-dump inline "hooray1[^\\\\n]*inline copy in test1"
FAIL: gcc.dg/ipa/iinline-4.c scan-ipa-dump inline "hooray2[^\\\\n]*inline copy in test2"
FAIL: gcc.dg/ipa/iinline-4.c scan-ipa-dump inline "hooray3[^\\\\n]*inline copy in test3"
FAIL: gcc.dg/ipa/iinline-4.c scan-ipa-dump inline "hooray4[^\\\\n]*inline copy in test4"
FAIL: gcc.dg/ipa/iinline-4.c scan-ipa-dump inline "hooray5[^\\\\n]*inline copy in test5"
FAIL: gcc.dg/ipa/iinline-4.c scan-ipa-dump inline "hooray6[^\\\\n]*inline copy in test6"
FAIL: gcc.dg/ipa/iinline-4.c scan-ipa-dump inline "hooray7[^\\\\n]*inline copy in test7"
FAIL: gcc.dg/ipa/iinline-attr.c scan-ipa-dump inline "hooray[^\\\\n]*inline copy in test"
FAIL: gcc.dg/ipa/iinline-cstagg-1.c scan-ipa-dump inline "thisisthetarget[^\\\\n]*inline copy in outerfunction"
FAIL: gcc.dg/ipa/iinline-cstagg-2.c scan-ipa-dump inline "thisisthetarget[^\\\\n]*inline copy in outerfunction"
FAIL: gcc.dg/ipa/inline-2.c scan-ipa-dump inline "op3 change 1.000000. of time"
FAIL: gcc.dg/ipa/inline-3.c scan-ipa-dump inline "Scaling time by probability:0.100000"
FAIL: gcc.dg/ipa/inline-4.c scan-ipa-dump inline "Inlined 1 calls, eliminated 0 functions"
FAIL: gcc.dg/ipa/inline-4.c scan-ipa-dump-times inline "predicate: .false." 8 (found 0 times)
FAIL: gcc.dg/ipa/inline-6.c scan-ipa-dump-times inline "Inlined into" 2 (found 0 times)
FAIL: gcc.dg/ipa/inlinehint-1.c scan-ipa-dump inline "loop_iterations"
FAIL: gcc.dg/ipa/inlinehint-2.c scan-ipa-dump inline "loop_stride"
FAIL: gcc.dg/ipa/inlinehint-3.c scan-ipa-dump inline "in_scc"
FAIL: gcc.dg/ipa/inlinehint-3.c scan-ipa-dump inline "same_scc"
FAIL: gcc.dg/ipa/inlinehint-4.c scan-ipa-dump inline "Wrapper penalty"
FAIL: gcc.dg/ipa/inlinehint-4.c scan-ipa-dump inline "Inlined lookup into test"
FAIL: gcc.dg/ipa/ipcp-agg-9.c scan-ipa-dump inline "hooray1[^\\\\n]*inline copy in hiphip1"
FAIL: gcc.dg/ipa/ipcp-ii-1.c scan-ipa-dump inline "hooray[^\\\\n]*inline copy in hiphip.constprop"
FAIL: gcc.dg/ipa/pr63416.c scan-tree-dump-not optimized "test_f3"
FAIL: gcc.dg/ipa/propalign-1.c scan-tree-dump-not optimized "fail_the_test"
FAIL: gcc.dg/ipa/propalign-2.c scan-tree-dump-not optimized "fail_the_test"
FAIL: gcc.dg/ipa/pure-const-1.c scan-tree-dump-times optimized "i_am_const3 .5" 1 (found 2 times)
FAIL: gcc.dg/ipa/pure-const-1.c scan-ipa-dump pure-const "found to be const: i_am_const3"
FAIL: gcc.dg/ipa/remref-0.c scan-ipa-dump inline "ipa-prop: Removed a reference"
FAIL: gcc.dg/ipa/remref-0.c scan-tree-dump-not optimized "hooray"
FAIL: gcc.dg/ipa/remref-1a.c scan-ipa-dump inline "ipa-prop: Removed a reference"
FAIL: gcc.dg/ipa/remref-1a.c scan-tree-dump-not optimized "hooray"
FAIL: gcc.dg/ipa/remref-1b.c scan-ipa-dump inline "ipa-prop: Removed a reference"
FAIL: gcc.dg/ipa/remref-1b.c scan-tree-dump-not optimized "hooray"
FAIL: gcc.dg/ipa/remref-2a.c scan-ipa-dump-times inline "ipa-prop: Removed a reference" 2 (found 0 times)
FAIL: gcc.dg/ipa/remref-2a.c scan-tree-dump-not optimized "hooray"
FAIL: gcc.dg/ipa/remref-2b.c scan-ipa-dump inline "ipa-prop: Removed a reference"
FAIL: gcc.dg/ipa/remref-2b.c scan-ipa-dump-times inline "ipa-prop: Removing cloning-created reference" 2 (found 0 times)
FAIL: gcc.dg/ipa/remref-2b.c scan-tree-dump-not optimized "hooray"
FAIL: gcc.dg/lto/20081201-2 c_lto_20081201-2_0.o-c_lto_20081201-2_1.o execute -O3 -flto -flto-partition=1to1
FAIL: gcc.dg/lto/pr48622 c_lto_pr48622_0.o-c_lto_pr48622_0.o link, -O -flto -finline-small-functions -fno-early-inlining
UNRESOLVED: gcc.dg/lto/pr48622 c_lto_pr48622_0.o-c_lto_pr48622_0.o execute -O -flto -finline-small-functions -fno-early-inlining
FAIL: gcc.dg/tm/20100610.c scan-assembler-not ZGTt21calculateCircumCircle
FAIL: gcc.dg/tm/20100615.c scan-assembler-not tm_clone_table
FAIL: c-c++-common/torture/builtin-arith-overflow-p-1.c -O2 execution test
FAIL: c-c++-common/torture/builtin-arith-overflow-p-1.c -O2 -flto -fno-use-linker-plugin -flto-partition=none execution test
FAIL: c-c++-common/torture/builtin-arith-overflow-p-1.c -O2 -flto -fuse-linker-plugin -fno-fat-lto-objects execution test
FAIL: c-c++-common/torture/builtin-arith-overflow-p-12.c -O2 execution test
FAIL: c-c++-common/torture/builtin-arith-overflow-p-12.c -O2 -flto -fno-use-linker-plugin -flto-partition=none execution test
FAIL: c-c++-common/torture/builtin-arith-overflow-p-12.c -O2 -flto -fuse-linker-plugin -fno-fat-lto-objects execution test
FAIL: c-c++-common/torture/builtin-arith-overflow-p-13.c -O2 execution test
FAIL: c-c++-common/torture/builtin-arith-overflow-p-13.c -O2 -flto -fno-use-linker-plugin -flto-partition=none execution test
FAIL: c-c++-common/torture/builtin-arith-overflow-p-13.c -O2 -flto -fuse-linker-plugin -fno-fat-lto-objects execution test
FAIL: c-c++-common/torture/builtin-arith-overflow-p-2.c -O2 execution test
FAIL: c-c++-common/torture/builtin-arith-overflow-p-2.c -O2 -flto -fno-use-linker-plugin -flto-partition=none execution test
FAIL: c-c++-common/torture/builtin-arith-overflow-p-2.c -O2 -flto -fuse-linker-plugin -fno-fat-lto-objects execution test
FAIL: gcc.dg/torture/pr68264.c -O1 execution test
FAIL: gcc.dg/torture/pr68264.c -O2 execution test
FAIL: gcc.dg/torture/pr68264.c -O3 -g execution test
FAIL: gcc.dg/torture/pr68264.c -O2 -flto -fno-use-linker-plugin -flto-partition=none execution test
FAIL: gcc.dg/torture/pr68264.c -O2 -flto -fuse-linker-plugin -fno-fat-lto-objects execution test
FAIL: gcc.dg/tree-prof/crossmodule-indircall-1.c execution, -fprofile-use -D_PROFILE_USE
FAIL: gcc.dg/tree-prof/inliner-1.c scan-tree-dump-not optimized "hot_function ..;"
FAIL: gcc.dg/tree-prof/stringop-2.c scan-tree-dump optimized "MEM\\\\[\\\\(void .\\\\)&a\\\\] = 168430090"
FAIL: gcc.dg/tree-ssa/flatten-2.c scan-assembler-not indirect[12][: \\t\\n]
FAIL: gcc.dg/tree-ssa/forwprop-29.c (test for errors, line 21)
FAIL: gcc.dg/tree-ssa/forwprop-9.c scan-tree-dump-times optimized " = 1" 2 (found 1 times)
FAIL: gcc.dg/tree-ssa/inline-2.c (test for excess errors)
FAIL: gcc.dg/tree-ssa/interposition.c scan-tree-dump-times optimized "return 1" 2 (found 1 times)
FAIL: gcc.dg/tree-ssa/minmax-1.c scan-tree-dump-times optimized "return x_[0-9]+.D.;" 2 (found 0 times)
FAIL: gcc.dg/tree-ssa/minmax-2.c scan-tree-dump-times optimized "MIN_EXPR" 2 (found 0 times)
FAIL: gcc.dg/tree-ssa/overflow-2.c scan-tree-dump-times optimized "ADD_OVERFLOW" 8 (found 2 times)
FAIL: gcc.dg/tree-ssa/overflow-2.c scan-tree-dump-times optimized "SUB_OVERFLOW" 4 (found 2 times)
FAIL: gcc.dg/tree-ssa/phi-opt-11.c scan-tree-dump-times optimized "if" 0 (found 2 times)
FAIL: gcc.dg/tree-ssa/pr20701.c scan-tree-dump-times vrp1 "Folding predicate.*to 0" 1 (found 0 times)
FAIL: gcc.dg/tree-ssa/pr46076.c (test for excess errors)
FAIL: gcc.dg/tree-ssa/pr64801.c scan-tree-dump-not optimized "fsp_detect"
FAIL: gcc.dg/tree-ssa/pr81346-1.c scan-tree-dump-times optimized "return 1;" 32 (found 2 times)
FAIL: gcc.dg/tree-ssa/pr81346-2.c scan-tree-dump-times optimized "return 0;" 32 (found 2 times)
FAIL: gcc.dg/tree-ssa/pr81346-5.c scan-tree-dump-times optimized "\\\\(signed int\\\\) x" 10 (found 2 times)
FAIL: gcc.dg/tree-ssa/pr81346-5.c scan-tree-dump-times optimized " <= 0;" 5 (found 1 times)
FAIL: gcc.dg/tree-ssa/pr81346-5.c scan-tree-dump-times optimized " > 0;" 5 (found 1 times)
FAIL: gcc.dg/tree-ssa/reassoc-39.c scan-tree-dump-times reassoc1 "Optimizing copysign" 12 (found 9 times)
FAIL: gcc.dg/tree-ssa/ssa-dom-thread-11.c scan-tree-dump-times dom2 "Threaded" 1 (found 2 times)
FAIL: gcc.dg/tree-ssa/ssa-dom-thread-14.c scan-tree-dump-times dom2 "Threaded" 1 (found 8 times)
FAIL: gcc.dg/tree-ssa/ssa-dom-thread-16.c scan-tree-dump-times dom2 "Threaded" 1 (found 2 times)
FAIL: gcc.dg/tree-ssa/ssa-dom-thread-4.c scan-tree-dump-times vrp1 "Threaded" 3 (found 4 times)
FAIL: gcc.dg/tree-ssa/vrp05.c scan-tree-dump-times vrp1 "Folding predicate j_.*to 1" 1 (found 0 times)
FAIL: gcc.dg/tree-ssa/vrp11.c scan-tree-dump-times vrp1 "Folding predicate.*to 1" 1 (found 0 times)
FAIL: gcc.dg/tree-ssa/wholeprogram-1.c scan-tree-dump-not optimized "large_function"
FAIL: gcc.target/m68k/20100512-1.c scan-assembler-times __stack_chk_guard 4 (found 0 times)
FAIL: gcc.target/m68k/tls-gd-xgot.c scan-assembler #foo@TLSGD,%[ad][0-7]
FAIL: gcc.target/m68k/tls-ie-xgot.c scan-assembler #foo@TLSIE,%[ad][0-7]
FAIL: gcc.target/m68k/tls-ld-xgot-xtls.c scan-assembler #foo@TLSLDM,%[ad][0-7]
FAIL: gcc.target/m68k/tls-ld-xgot.c scan-assembler #foo@TLSLDM,%[ad][0-7]
FAIL: gcc.target/m68k/tls-ld-xgot.c scan-assembler lea \\\\(foo@TLSLDO,%a0\\\\)
FAIL: gcc.target/m68k/tls-ld.c scan-assembler lea \\\\(foo@TLSLDO,%a0\\\\)
FAIL: gcc.target/m68k/tls-le.c scan-assembler lea \\\\(foo@TLSLE,%a0\\\\)
=== gcc Summary ===
# of expected passes 96839
# of unexpected failures 139
# of unexpected successes 19
# of expected failures 256
# of unresolved testcases 2
# of unsupported tests 2334
/daten/aranym/gcc/gcc-20171120/Build/gcc/xgcc version 8.0.0 20171120 (experimental) [trunk revision 254943] (GCC)
Host is x86_64-suse-linux-gnu
=== gfortran tests ===
Running target aranym
FAIL: gfortran.dg/alloc_comp_class_5.f03 -O1 execution test
FAIL: gfortran.dg/alloc_comp_class_5.f03 -O2 execution test
FAIL: gfortran.dg/alloc_comp_class_5.f03 -O3 -fomit-frame-pointer -funroll-loops -fpeel-loops -ftracer -finline-functions execution test
FAIL: gfortran.dg/alloc_comp_class_5.f03 -O3 -g execution test
FAIL: gfortran.dg/alloc_comp_class_5.f03 -Os execution test
FAIL: gfortran.dg/allocate_class_3.f90 -O1 execution test
FAIL: gfortran.dg/allocate_class_3.f90 -O2 execution test
FAIL: gfortran.dg/allocate_class_3.f90 -O3 -fomit-frame-pointer -funroll-loops -fpeel-loops -ftracer -finline-functions execution test
FAIL: gfortran.dg/allocate_class_3.f90 -O3 -g execution test
FAIL: gfortran.dg/allocate_class_3.f90 -Os execution test
FAIL: gfortran.dg/allocate_with_source_11.f08 -O1 execution test
FAIL: gfortran.dg/allocate_with_source_11.f08 -O2 execution test
FAIL: gfortran.dg/allocate_with_source_11.f08 -O3 -fomit-frame-pointer -funroll-loops -fpeel-loops -ftracer -finline-functions execution test
FAIL: gfortran.dg/allocate_with_source_11.f08 -O3 -g execution test
FAIL: gfortran.dg/allocate_with_source_11.f08 -Os execution test
FAIL: gfortran.dg/allocate_with_source_8.f08 -O1 execution test
FAIL: gfortran.dg/allocate_with_source_8.f08 -O2 execution test
FAIL: gfortran.dg/allocate_with_source_8.f08 -O3 -fomit-frame-pointer -funroll-loops -fpeel-loops -ftracer -finline-functions execution test
FAIL: gfortran.dg/allocate_with_source_8.f08 -O3 -g execution test
FAIL: gfortran.dg/allocate_with_source_8.f08 -Os execution test
FAIL: gfortran.dg/auto_char_pointer_array_result_1.f90 -O1 execution test
FAIL: gfortran.dg/auto_pointer_array_result_1.f90 -O1 execution test
FAIL: gfortran.dg/bessel_6.f90 -O0 execution test
FAIL: gfortran.dg/bessel_6.f90 -O1 execution test
FAIL: gfortran.dg/bessel_6.f90 -O2 execution test
FAIL: gfortran.dg/bessel_6.f90 -O3 -fomit-frame-pointer -funroll-loops -fpeel-loops -ftracer -finline-functions execution test
FAIL: gfortran.dg/bessel_6.f90 -O3 -g execution test
FAIL: gfortran.dg/bessel_6.f90 -Os execution test
FAIL: gfortran.dg/class_67.f90 -O1 execution test
FAIL: gfortran.dg/class_67.f90 -O2 execution test
FAIL: gfortran.dg/class_67.f90 -O3 -fomit-frame-pointer -funroll-loops -fpeel-loops -ftracer -finline-functions execution test
FAIL: gfortran.dg/class_67.f90 -O3 -g execution test
FAIL: gfortran.dg/class_67.f90 -Os execution test
FAIL: gfortran.dg/class_allocate_19.f03 -O1 execution test
FAIL: gfortran.dg/class_allocate_19.f03 -O2 execution test
FAIL: gfortran.dg/class_allocate_19.f03 -O3 -fomit-frame-pointer -funroll-loops -fpeel-loops -ftracer -finline-functions execution test
FAIL: gfortran.dg/class_allocate_19.f03 -O3 -g execution test
FAIL: gfortran.dg/class_allocate_19.f03 -Os execution test
FAIL: gfortran.dg/class_allocate_22.f90 -O1 execution test
FAIL: gfortran.dg/class_allocate_22.f90 -O2 execution test
FAIL: gfortran.dg/class_allocate_22.f90 -O3 -fomit-frame-pointer -funroll-loops -fpeel-loops -ftracer -finline-functions execution test
FAIL: gfortran.dg/class_allocate_22.f90 -O3 -g execution test
FAIL: gfortran.dg/class_allocate_22.f90 -Os execution test
FAIL: gfortran.dg/class_array_20.f03 -O1 execution test
FAIL: gfortran.dg/class_array_3.f03 -O1 execution test
FAIL: gfortran.dg/class_array_3.f03 -O2 execution test
FAIL: gfortran.dg/class_array_3.f03 -O3 -fomit-frame-pointer -funroll-loops -fpeel-loops -ftracer -finline-functions execution test
FAIL: gfortran.dg/class_array_3.f03 -O3 -g execution test
FAIL: gfortran.dg/class_array_3.f03 -Os execution test
FAIL: gfortran.dg/coarray_allocate_3.f08 -O1 execution test
FAIL: gfortran.dg/coarray_allocate_3.f08 -O2 execution test
FAIL: gfortran.dg/coarray_allocate_3.f08 -O3 -fomit-frame-pointer -funroll-loops -fpeel-loops -ftracer -finline-functions execution test
FAIL: gfortran.dg/coarray_allocate_3.f08 -O3 -g execution test
FAIL: gfortran.dg/coarray_allocate_3.f08 -Os execution test
FAIL: gfortran.dg/coarray_allocate_5.f08 -O1 execution test
FAIL: gfortran.dg/coarray_allocate_5.f08 -O2 execution test
FAIL: gfortran.dg/coarray_allocate_5.f08 -O3 -fomit-frame-pointer -funroll-loops -fpeel-loops -ftracer -finline-functions execution test
FAIL: gfortran.dg/coarray_allocate_5.f08 -O3 -g execution test
FAIL: gfortran.dg/coarray_allocate_5.f08 -Os execution test
FAIL: gfortran.dg/common_14.f90 -O (test for warnings, line 16)
FAIL: gfortran.dg/common_14.f90 -O (test for warnings, line 22)
FAIL: gfortran.dg/common_14.f90 -O (test for excess errors)
FAIL: gfortran.dg/common_16.f90 -O (test for warnings, line 10)
FAIL: gfortran.dg/common_16.f90 -O (test for excess errors)
FAIL: gfortran.dg/common_5.f -O (test for warnings, line 7)
FAIL: gfortran.dg/common_align_2.f90 -O0 (test for warnings, line 23)
FAIL: gfortran.dg/common_align_2.f90 -O0 execution test
FAIL: gfortran.dg/common_align_2.f90 -O1 (test for warnings, line 23)
FAIL: gfortran.dg/common_align_2.f90 -O1 execution test
FAIL: gfortran.dg/common_align_2.f90 -O2 (test for warnings, line 23)
FAIL: gfortran.dg/common_align_2.f90 -O2 execution test
FAIL: gfortran.dg/common_align_2.f90 -O3 -fomit-frame-pointer -funroll-loops -fpeel-loops -ftracer -finline-functions (test for warnings, line 23)
FAIL: gfortran.dg/common_align_2.f90 -O3 -fomit-frame-pointer -funroll-loops -fpeel-loops -ftracer -finline-functions execution test
FAIL: gfortran.dg/common_align_2.f90 -O3 -g (test for warnings, line 23)
FAIL: gfortran.dg/common_align_2.f90 -O3 -g execution test
FAIL: gfortran.dg/common_align_2.f90 -Os (test for warnings, line 23)
FAIL: gfortran.dg/common_align_2.f90 -Os execution test
FAIL: gfortran.dg/dec_parameter_1.f -O2 execution test
FAIL: gfortran.dg/dec_parameter_1.f -O3 -fomit-frame-pointer -funroll-loops -fpeel-loops -ftracer -finline-functions execution test
FAIL: gfortran.dg/dec_parameter_1.f -O3 -g execution test
FAIL: gfortran.dg/dec_parameter_2.f90 -O2 execution test
FAIL: gfortran.dg/dec_parameter_2.f90 -O3 -fomit-frame-pointer -funroll-loops -fpeel-loops -ftracer -finline-functions execution test
FAIL: gfortran.dg/dec_parameter_2.f90 -O3 -g execution test
FAIL: gfortran.dg/deferred_character_8.f90 -O1 execution test
FAIL: gfortran.dg/deferred_character_8.f90 -O2 execution test
FAIL: gfortran.dg/deferred_character_8.f90 -O3 -fomit-frame-pointer -funroll-loops -fpeel-loops -ftracer -finline-functions execution test
FAIL: gfortran.dg/deferred_character_8.f90 -O3 -g execution test
FAIL: gfortran.dg/deferred_character_8.f90 -Os execution test
FAIL: gfortran.dg/elemental_subroutine_3.f90 -O1 (test for excess errors)
FAIL: gfortran.dg/elemental_subroutine_3.f90 -O2 (test for excess errors)
FAIL: gfortran.dg/elemental_subroutine_3.f90 -O3 -fomit-frame-pointer -funroll-loops -fpeel-loops -ftracer -finline-functions (test for excess errors)
FAIL: gfortran.dg/elemental_subroutine_3.f90 -O3 -g (test for excess errors)
FAIL: gfortran.dg/elemental_subroutine_3.f90 -Os (test for excess errors)
FAIL: gfortran.dg/erf_3.F90 -O0 execution test
FAIL: gfortran.dg/erf_3.F90 -O1 execution test
FAIL: gfortran.dg/erf_3.F90 -O2 execution test
FAIL: gfortran.dg/erf_3.F90 -O3 -fomit-frame-pointer -funroll-loops -fpeel-loops -ftracer -finline-functions execution test
FAIL: gfortran.dg/erf_3.F90 -O3 -g execution test
FAIL: gfortran.dg/erf_3.F90 -Os execution test
FAIL: gfortran.dg/integer_exponentiation_3.F90 -O2 execution test
FAIL: gfortran.dg/integer_exponentiation_3.F90 -O3 -fomit-frame-pointer -funroll-loops -fpeel-loops -ftracer -finline-functions execution test
FAIL: gfortran.dg/integer_exponentiation_3.F90 -O3 -g execution test
WARNING: program timed out.
FAIL: gfortran.dg/matmul_15.f90 -O execution test
FAIL: gfortran.dg/pdt_5.f03 -O1 execution test
FAIL: gfortran.dg/pdt_5.f03 -O2 execution test
FAIL: gfortran.dg/pdt_5.f03 -O3 -fomit-frame-pointer -funroll-loops -fpeel-loops -ftracer -finline-functions execution test
FAIL: gfortran.dg/pdt_5.f03 -O3 -g execution test
FAIL: gfortran.dg/pdt_5.f03 -Os execution test
FAIL: gfortran.dg/pr48636.f90 -O scan-ipa-dump inline "bar[^\\\\n]*inline copy in MAIN"
FAIL: gfortran.dg/pr48636.f90 -O scan-ipa-dump inline "IPA hints: loop_iterations"
FAIL: gfortran.dg/ieee/ieee_2.f90 -O1 execution test
FAIL: gfortran.dg/ieee/ieee_2.f90 -O2 execution test
FAIL: gfortran.dg/ieee/ieee_2.f90 -O3 -fomit-frame-pointer -funroll-loops -fpeel-loops -ftracer -finline-functions execution test
FAIL: gfortran.dg/ieee/ieee_2.f90 -O3 -g execution test
FAIL: gfortran.dg/ieee/ieee_2.f90 -Os execution test
FAIL: gfortran.dg/ieee/large_2.f90 -O1 execution test
FAIL: gfortran.dg/ieee/large_2.f90 -O2 execution test
FAIL: gfortran.dg/ieee/large_2.f90 -O3 -fomit-frame-pointer -funroll-loops -fpeel-loops -ftracer -finline-functions execution test
FAIL: gfortran.dg/ieee/large_2.f90 -O3 -g execution test
FAIL: gfortran.dg/ieee/large_2.f90 -Os execution test
FAIL: gfortran.dg/ieee/rounding_1.f90 -O1 execution test
FAIL: gfortran.dg/ieee/rounding_1.f90 -O2 execution test
FAIL: gfortran.dg/ieee/rounding_1.f90 -O3 -fomit-frame-pointer -funroll-loops -fpeel-loops -ftracer -finline-functions execution test
FAIL: gfortran.dg/ieee/rounding_1.f90 -O3 -g execution test
FAIL: gfortran.dg/ieee/rounding_1.f90 -Os execution test
=== gfortran Summary ===
# of expected passes 45079
# of unexpected failures 125
# of expected failures 91
# of unsupported tests 237
/daten/aranym/gcc/gcc-20171120/Build/gcc/gfortran version 8.0.0 20171120 (experimental) [trunk revision 254943] (GCC)
Host is x86_64-suse-linux-gnu
=== objc tests ===
Running target aranym
=== objc Summary ===
# of expected passes 2803
# of unsupported tests 68
/daten/aranym/gcc/gcc-20171120/Build/gcc/xgcc version 8.0.0 20171120 (experimental) [trunk revision 254943] (GCC)
Host is m68k-unknown-linux-gnu
=== libatomic tests ===
Running target aranym
=== libatomic Summary ===
# of expected passes 44
# of unsupported tests 5
Host is m68k-unknown-linux-gnu
=== libgomp tests ===
Running target aranym
WARNING: program timed out.
FAIL: libgomp.fortran/strassen.f90 -O execution test
FAIL: libgomp.graphite/force-parallel-1.c scan-tree-dump-times graphite "2 loops carried no dependency" 1 (found 0 times)
FAIL: libgomp.graphite/force-parallel-1.c scan-tree-dump-times optimized "loopfn" 8 (found 12 times)
FAIL: libgomp.oacc-c/../libgomp.oacc-c-c++-common/atomic_update-1.c -DACC_DEVICE_TYPE_host=1 -DACC_MEM_SHARED=1 -O2 execution test
FAIL: libgomp.oacc-c++/../libgomp.oacc-c-c++-common/atomic_update-1.c -DACC_DEVICE_TYPE_host=1 -DACC_MEM_SHARED=1 -O2 execution test
=== libgomp Summary ===
# of expected passes 5150
# of unexpected failures 5
# of unsupported tests 419
Host is m68k-unknown-linux-gnu
=== libstdc++ tests ===
Running target aranym
FAIL: libstdc++-abi/abi_check
FAIL: 20_util/to_chars/1.cc execution test
FAIL: 22_locale/time_get/get_date/wchar_t/4.cc execution test
FAIL: 23_containers/vector/debug/mutex_association.cc execution test
WARNING: program timed out.
FAIL: 25_algorithms/partial_sort/random_test.cc execution test
WARNING: program timed out.
FAIL: 25_algorithms/partial_sort_copy/random_test.cc execution test
FAIL: experimental/filesystem/operations/last_write_time.cc execution test
FAIL: ext/special_functions/hyperg/check_value.cc execution test
FAIL: tr1/5_numerical_facilities/special_functions/17_hyperg/check_value.cc execution test
=== libstdc++ Summary ===
# of expected passes 11873
# of unexpected failures 9
# of expected failures 70
# of unsupported tests 281
Compiler version: 8.0.0 20171120 (experimental) [trunk revision 254943] (GCC)
Platform: m68k-unknown-linux-gnu
configure flags: --prefix=/daten/cross/m68k-linux --build=x86_64-suse-linux --enable-shared --with-system-zlib CFLAGS='-O2 -g' CXXFLAGS='-O2 -g' --target=m68k-linux --with-sysroot --disable-multilib --enable-clocale=gnu
More information about the Gcc-testresults
mailing list