Results for 8.0.0 20170529 (experimental) [master revision 6fbf0ce:64c38aa:24a609933e3672d2ddb59983cd95c85d683c971d] (Cavium Inc. (Build 1570)) testsuite on aarch64-unknown-linux-gnu
Jenkins
jenkins@cavium.com
Tue May 30 01:28:00 GMT 2017
LAST_UPDATED: Mon May 29 21:24:19 UTC 2017 (revision 6fbf0ce:64c38aa:24a609933e3672d2ddb59983cd95c85d683c971d)
Native configuration is aarch64-unknown-linux-gnu
=== libatomic tests ===
Running target unix
=== libatomic Summary ===
# of expected passes 54
=== libffi tests ===
Running target unix
=== libffi Summary ===
# of expected passes 2214
=== libgo tests ===
Running target unix
FAIL: fmt
FAIL: net
FAIL: reflect
FAIL: archive/tar
FAIL: debug/dwarf
FAIL: mime/multipart
FAIL: net/mail
FAIL: runtime/pprof
=== libgo Summary ===
# of expected passes 138
# of unexpected failures 8
/home/jenkins/workspace/BuildThunderX_native_gcc_upstream/objdir/./gcc/gccgo version 8.0.0 20170529 (experimental) [master revision 6fbf0ce:64c38aa:24a609933e3672d2ddb59983cd95c85d683c971d] (Cavium Inc. (Build 1570))
=== libgomp tests ===
Running target unix
=== libgomp Summary ===
# of expected passes 5086
# of unsupported tests 376
=== libitm tests ===
Running target unix
=== libitm Summary ===
# of expected passes 42
# of expected failures 3
# of unsupported tests 1
=== libstdc++ tests ===
Running target unix
FAIL: 27_io/manipulators/extended/get_money/char/1.cc execution test
=== libstdc++ Summary ===
# of expected passes 11370
# of unexpected failures 1
# of expected failures 66
# of unsupported tests 556
=== gcc tests ===
Running target unix
XPASS: gcc.dg/pr78768.c -Wformat-overflow (test for warnings, line 12)
FAIL: c-c++-common/ubsan/float-cast-overflow-1.c -O3 -g output pattern test
FAIL: c-c++-common/ubsan/overflow-mul-4.c -O0 output pattern test
FAIL: c-c++-common/ubsan/overflow-mul-4.c -O1 output pattern test
FAIL: c-c++-common/ubsan/overflow-mul-4.c -O2 -flto -fno-use-linker-plugin -flto-partition=none output pattern test
FAIL: c-c++-common/ubsan/overflow-mul-4.c -O2 -flto -fuse-linker-plugin -fno-fat-lto-objects output pattern test
FAIL: c-c++-common/ubsan/overflow-mul-4.c -O3 -fomit-frame-pointer -funroll-loops -fpeel-loops -ftracer -finline-functions output pattern test
XPASS: gcc.dg/vect/vect-95.c -flto -ffat-lto-objects scan-tree-dump-times vect "Alignment of access forced using peeling" 0
XPASS: gcc.dg/vect/vect-95.c scan-tree-dump-times vect "Alignment of access forced using peeling" 0
FAIL: gcc.target/aarch64/pr62178.c scan-assembler ld1r\\\\t{v[0-9]+.
FAIL: gcc.target/aarch64/vect-abs-compile.c scan-assembler abs\\\\tv[0-9]+.16b
FAIL: gcc.target/aarch64/vect-abs-compile.c scan-assembler abs\\\\tv[0-9]+.8h
=== gcc Summary ===
# of expected passes 113042
# of unexpected failures 9
# of unexpected successes 3
# of expected failures 346
# of unsupported tests 3217
/home/jenkins/workspace/BuildThunderX_native_gcc_upstream/objdir/gcc/xgcc version 8.0.0 20170529 (experimental) [master revision 6fbf0ce:64c38aa:24a609933e3672d2ddb59983cd95c85d683c971d] (Cavium Inc. (Build 1570))
=== gfortran tests ===
Running target unix
FAIL: gfortran.dg/vect/vect-2.f90 -O scan-tree-dump-times vect "Alignment of access forced using peeling" 3
FAIL: gfortran.dg/vect/vect-2.f90 -O scan-tree-dump-times vect "Vectorizing an unaligned access" 2
FAIL: gfortran.dg/vect/vect-5.f90 -O scan-tree-dump-times vect "Alignment of access forced using peeling" 1
FAIL: gfortran.dg/vect/vect-5.f90 -O scan-tree-dump-times vect "Vectorizing an unaligned access" 1
=== gfortran Summary ===
# of expected passes 44559
# of unexpected failures 4
# of expected failures 89
# of unsupported tests 75
/home/jenkins/workspace/BuildThunderX_native_gcc_upstream/objdir/gcc/testsuite/gfortran/../../gfortran version 8.0.0 20170529 (experimental) [master revision 6fbf0ce:64c38aa:24a609933e3672d2ddb59983cd95c85d683c971d] (Cavium Inc. (Build 1570))
=== g++ tests ===
Running target unix
FAIL: g++.dg/ext/utf16-4.C -std=c++11 (test for warnings, line 16)
FAIL: g++.dg/ext/utf16-4.C -std=c++11 (test for excess errors)
FAIL: g++.dg/ext/utf16-4.C -std=c++14 (test for warnings, line 16)
FAIL: g++.dg/ext/utf16-4.C -std=c++14 (test for excess errors)
FAIL: c-c++-common/ubsan/float-cast-overflow-1.c -Os output pattern test
FAIL: c-c++-common/ubsan/float-cast-overflow-2.c -O2 output pattern test
FAIL: c-c++-common/ubsan/float-cast-overflow-8.c -O2 -flto -fno-use-linker-plugin -flto-partition=none output pattern test
FAIL: c-c++-common/ubsan/overflow-mul-4.c -O3 -fomit-frame-pointer -funroll-loops -fpeel-loops -ftracer -finline-functions output pattern test
=== g++ Summary ===
# of expected passes 109742
# of unexpected failures 8
# of expected failures 380
# of unsupported tests 4749
/home/jenkins/workspace/BuildThunderX_native_gcc_upstream/objdir/gcc/testsuite/g++/../../xg++ version 8.0.0 20170529 (experimental) [master revision 6fbf0ce:64c38aa:24a609933e3672d2ddb59983cd95c85d683c971d] (Cavium Inc. (Build 1570))
=== go tests ===
Running target unix
FAIL: go.test/test/ken/cplx2.go execution, -O2 -g
=== go Summary ===
# of expected passes 7243
# of unexpected failures 1
# of expected failures 1
# of untested testcases 10
# of unsupported tests 3
/home/jenkins/workspace/BuildThunderX_native_gcc_upstream/objdir/gcc/testsuite/go/../../gccgo version 8.0.0 20170529 (experimental) [master revision 6fbf0ce:64c38aa:24a609933e3672d2ddb59983cd95c85d683c971d] (Cavium Inc. (Build 1570))
Compiler version: 8.0.0 20170529 (experimental) [master revision 6fbf0ce:64c38aa:24a609933e3672d2ddb59983cd95c85d683c971d] (Cavium Inc. (Build 1570))
Platform: aarch64-unknown-linux-gnu
configure flags: --prefix=/home/jenkins/workspace/BuildThunderX_native_gcc_upstream/objdir/../tools --enable-languages=c,c++,fortran,go --disable-werror --with-sysroot=/ --enable-plugins --enable-gnu-indirect-function --with-pkgversion='Cavium Inc. (Build 1570)'
More information about the Gcc-testresults
mailing list