Results for 8.0.0 20170527 (experimental) (GCC) testsuite on s390-ibm-linux-gnu esa
Andreas Krebbel
krebbel@linux.vnet.ibm.com
Sat May 27 21:39:00 GMT 2017
LAST_UPDATED: Sat May 27 17:06:37 UTC 2017 (revision 248539)
=== acats tests ===
=== acats Summary ===
# of expected passes 2320
# of unexpected failures 0
Native configuration is s390-ibm-linux-gnu esa
=== g++ tests ===
Running target unix
FAIL: c-c++-common/asan/pr64820.c -O0 output pattern test, is =================================================================
FAIL: c-c++-common/asan/pr64820.c -O1 output pattern test, is =================================================================
FAIL: c-c++-common/asan/pr64820.c -O2 output pattern test, is =================================================================
FAIL: c-c++-common/asan/pr64820.c -O2 -flto -fno-use-linker-plugin -flto-partition=none output pattern test, is =================================================================
FAIL: c-c++-common/asan/pr64820.c -O2 -flto -fuse-linker-plugin -fno-fat-lto-objects output pattern test, is =================================================================
FAIL: c-c++-common/asan/pr64820.c -O3 -g output pattern test, is =================================================================
FAIL: c-c++-common/asan/pr64820.c -Os output pattern test, is =================================================================
FAIL: c-c++-common/asan/use-after-return-1.c -O0 output pattern test, is 1: 0x42009020
FAIL: c-c++-common/asan/use-after-return-1.c -O1 output pattern test, is 1: 0x42009020
FAIL: c-c++-common/asan/use-after-return-1.c -O2 output pattern test, is 1: 0x42009020
FAIL: c-c++-common/asan/use-after-return-1.c -O2 -flto -fno-use-linker-plugin -flto-partition=none output pattern test, is 1: 0x42009020
FAIL: c-c++-common/asan/use-after-return-1.c -O2 -flto -fuse-linker-plugin -fno-fat-lto-objects output pattern test, is 1: 0x42009020
FAIL: c-c++-common/asan/use-after-return-1.c -O3 -g output pattern test, is 1: 0x42009020
FAIL: c-c++-common/asan/use-after-return-1.c -Os output pattern test, is 1: 0x42009020
=== g++ Summary ===
# of expected passes 109428
# of unexpected failures 14
# of expected failures 377
# of unsupported tests 4813
-esa/gcc/testsuite/g++/../../xg++ version 8.0.0 20170527 (experimental) (GCC)
=== gcc tests ===
Running target unix
FAIL: c-c++-common/asan/pr64820.c -O0 output pattern test, is =================================================================
FAIL: c-c++-common/asan/pr64820.c -O1 output pattern test, is =================================================================
FAIL: c-c++-common/asan/pr64820.c -O2 output pattern test, is =================================================================
FAIL: c-c++-common/asan/pr64820.c -O2 -flto -fno-use-linker-plugin -flto-partition=none output pattern test, is =================================================================
FAIL: c-c++-common/asan/pr64820.c -O2 -flto -fuse-linker-plugin -fno-fat-lto-objects output pattern test, is =================================================================
FAIL: c-c++-common/asan/pr64820.c -O3 -g output pattern test, is =================================================================
FAIL: c-c++-common/asan/pr64820.c -Os output pattern test, is =================================================================
FAIL: c-c++-common/asan/use-after-return-1.c -O0 output pattern test, is 1: 0x42009020
FAIL: c-c++-common/asan/use-after-return-1.c -O1 output pattern test, is 1: 0x42009020
FAIL: c-c++-common/asan/use-after-return-1.c -O2 output pattern test, is 1: 0x42009020
FAIL: c-c++-common/asan/use-after-return-1.c -O2 -flto -fno-use-linker-plugin -flto-partition=none output pattern test, is 1: 0x42009020
FAIL: c-c++-common/asan/use-after-return-1.c -O2 -flto -fuse-linker-plugin -fno-fat-lto-objects output pattern test, is 1: 0x42009020
FAIL: c-c++-common/asan/use-after-return-1.c -O3 -g output pattern test, is 1: 0x42009020
FAIL: c-c++-common/asan/use-after-return-1.c -Os output pattern test, is 1: 0x42009020
XPASS: gcc.dg/attr-alloc_size-11.c missing range info for short (test for warnings, line 51)
FAIL: gcc.dg/c99-stdint-1.c (test for excess errors)
FAIL: gcc.dg/loop-9.c scan-rtl-dump loop2_invariant "Decided"
FAIL: gcc.dg/loop-9.c scan-rtl-dump loop2_invariant "without introducing a new temporary register"
XPASS: gcc.dg/pr78768.c -Wformat-overflow (test for warnings, line 12)
XPASS: gcc.dg/guality/example.c -O0 execution test
XPASS: gcc.dg/guality/example.c -O1 execution test
XPASS: gcc.dg/guality/example.c -O2 execution test
XPASS: gcc.dg/guality/example.c -O2 -flto -fno-use-linker-plugin -flto-partition=none execution test
XPASS: gcc.dg/guality/example.c -O3 -fomit-frame-pointer -funroll-loops -fpeel-loops -ftracer -finline-functions execution test
XPASS: gcc.dg/guality/example.c -O3 -g execution test
XPASS: gcc.dg/guality/guality.c -O0 execution test
XPASS: gcc.dg/guality/guality.c -O1 execution test
XPASS: gcc.dg/guality/guality.c -O2 execution test
XPASS: gcc.dg/guality/guality.c -O2 -flto -fno-use-linker-plugin -flto-partition=none execution test
XPASS: gcc.dg/guality/guality.c -O2 -flto -fuse-linker-plugin -fno-fat-lto-objects execution test
XPASS: gcc.dg/guality/guality.c -O3 -g execution test
XPASS: gcc.dg/guality/guality.c -Os execution test
XPASS: gcc.dg/guality/inline-params.c -O2 execution test
XPASS: gcc.dg/guality/inline-params.c -O2 -flto -fno-use-linker-plugin -flto-partition=none execution test
XPASS: gcc.dg/guality/inline-params.c -O3 -g execution test
XPASS: gcc.dg/guality/inline-params.c -Os execution test
FAIL: gcc.dg/guality/pr36728-1.c -O2 -flto -fuse-linker-plugin -fno-fat-lto-objects line 16 y == 2
FAIL: gcc.dg/guality/pr36728-1.c -O2 -flto -fuse-linker-plugin -fno-fat-lto-objects line 18 y == 2
FAIL: gcc.dg/guality/pr36728-1.c -O3 -g line 16 y == 2
FAIL: gcc.dg/guality/pr36728-1.c -O3 -g line 18 y == 2
FAIL: gcc.dg/guality/pr36728-2.c -O2 line 18 *x == (char) 25
FAIL: gcc.dg/guality/pr36728-2.c -O2 -flto -fno-use-linker-plugin -flto-partition=none line 18 *x == (char) 25
FAIL: gcc.dg/guality/pr36728-2.c -O2 -flto -fuse-linker-plugin -fno-fat-lto-objects line 16 arg3 == 3
FAIL: gcc.dg/guality/pr36728-2.c -O2 -flto -fuse-linker-plugin -fno-fat-lto-objects line 16 arg4 == 4
FAIL: gcc.dg/guality/pr36728-2.c -O2 -flto -fuse-linker-plugin -fno-fat-lto-objects line 16 arg5 == 5
FAIL: gcc.dg/guality/pr36728-2.c -O2 -flto -fuse-linker-plugin -fno-fat-lto-objects line 16 arg6 == 6
FAIL: gcc.dg/guality/pr36728-2.c -O2 -flto -fuse-linker-plugin -fno-fat-lto-objects line 16 arg7 == 30
FAIL: gcc.dg/guality/pr36728-2.c -O2 -flto -fuse-linker-plugin -fno-fat-lto-objects line 16 y == 2
FAIL: gcc.dg/guality/pr36728-2.c -O2 -flto -fuse-linker-plugin -fno-fat-lto-objects line 18 *x == (char) 25
FAIL: gcc.dg/guality/pr36728-2.c -O2 -flto -fuse-linker-plugin -fno-fat-lto-objects line 18 arg3 == 3
FAIL: gcc.dg/guality/pr36728-2.c -O2 -flto -fuse-linker-plugin -fno-fat-lto-objects line 18 arg4 == 4
FAIL: gcc.dg/guality/pr36728-2.c -O2 -flto -fuse-linker-plugin -fno-fat-lto-objects line 18 arg5 == 5
FAIL: gcc.dg/guality/pr36728-2.c -O2 -flto -fuse-linker-plugin -fno-fat-lto-objects line 18 arg6 == 6
FAIL: gcc.dg/guality/pr36728-2.c -O2 -flto -fuse-linker-plugin -fno-fat-lto-objects line 18 arg7 == 30
FAIL: gcc.dg/guality/pr36728-2.c -O2 -flto -fuse-linker-plugin -fno-fat-lto-objects line 18 y == 2
FAIL: gcc.dg/guality/pr36728-2.c -O3 -g line 16 arg3 == 3
FAIL: gcc.dg/guality/pr36728-2.c -O3 -g line 16 arg4 == 4
FAIL: gcc.dg/guality/pr36728-2.c -O3 -g line 16 arg5 == 5
FAIL: gcc.dg/guality/pr36728-2.c -O3 -g line 16 arg6 == 6
FAIL: gcc.dg/guality/pr36728-2.c -O3 -g line 16 arg7 == 30
FAIL: gcc.dg/guality/pr36728-2.c -O3 -g line 16 y == 2
FAIL: gcc.dg/guality/pr36728-2.c -O3 -g line 18 *x == (char) 25
FAIL: gcc.dg/guality/pr36728-2.c -O3 -g line 18 arg3 == 3
FAIL: gcc.dg/guality/pr36728-2.c -O3 -g line 18 arg4 == 4
FAIL: gcc.dg/guality/pr36728-2.c -O3 -g line 18 arg5 == 5
FAIL: gcc.dg/guality/pr36728-2.c -O3 -g line 18 arg6 == 6
FAIL: gcc.dg/guality/pr36728-2.c -O3 -g line 18 arg7 == 30
FAIL: gcc.dg/guality/pr36728-2.c -O3 -g line 18 y == 2
FAIL: gcc.dg/guality/pr36728-2.c -Os line 18 *x == (char) 25
XPASS: gcc.dg/guality/pr41353-1.c -O0 line 28 j == 28 + 37
FAIL: gcc.dg/guality/pr41404-1.c -O2 -flto -fuse-linker-plugin -fno-fat-lto-objects line 10 *foo == 'f'
FAIL: gcc.dg/guality/pr41404-1.c -O2 -flto -fuse-linker-plugin -fno-fat-lto-objects line 14 *foo == 'b'
FAIL: gcc.dg/guality/pr41404-1.c -O2 -flto -fuse-linker-plugin -fno-fat-lto-objects line 24 *foo == 'f'
FAIL: gcc.dg/guality/pr41447-1.c -O1 execution test
FAIL: gcc.dg/guality/pr41447-1.c -O2 execution test
FAIL: gcc.dg/guality/pr41447-1.c -O2 -flto -fno-use-linker-plugin -flto-partition=none execution test
FAIL: gcc.dg/guality/pr41447-1.c -O2 -flto -fuse-linker-plugin -fno-fat-lto-objects execution test
FAIL: gcc.dg/guality/pr41447-1.c -O3 -g execution test
FAIL: gcc.dg/guality/pr41447-1.c -Os execution test
FAIL: gcc.dg/guality/pr41616-1.c -O2 -flto -fuse-linker-plugin -fno-fat-lto-objects execution test
FAIL: gcc.dg/guality/pr41616-1.c -O3 -g execution test
FAIL: gcc.dg/guality/pr45882.c -O2 -flto -fuse-linker-plugin -fno-fat-lto-objects line 16 d == 112
FAIL: gcc.dg/guality/pr45882.c -O2 -flto -fuse-linker-plugin -fno-fat-lto-objects line 16 e == 142
FAIL: gcc.dg/guality/pr54200.c -O1 line 20 z == 3
FAIL: gcc.dg/guality/pr54200.c -O2 line 20 z == 3
FAIL: gcc.dg/guality/pr54200.c -O2 -flto -fno-use-linker-plugin -flto-partition=none line 20 z == 3
FAIL: gcc.dg/guality/pr54200.c -O3 -g line 20 z == 3
FAIL: gcc.dg/guality/pr54200.c -Os line 20 z == 3
FAIL: gcc.dg/guality/pr54519-1.c -O2 -flto -fno-use-linker-plugin -flto-partition=none line 20 y == 25
FAIL: gcc.dg/guality/pr54519-1.c -O2 -flto -fno-use-linker-plugin -flto-partition=none line 20 z == 6
FAIL: gcc.dg/guality/pr54519-1.c -O2 -flto -fno-use-linker-plugin -flto-partition=none line 23 y == 117
FAIL: gcc.dg/guality/pr54519-1.c -O2 -flto -fno-use-linker-plugin -flto-partition=none line 23 z == 8
FAIL: gcc.dg/guality/pr54519-2.c -O2 -flto -fno-use-linker-plugin -flto-partition=none line 17 y == 25
FAIL: gcc.dg/guality/pr54519-2.c -O2 -flto -fuse-linker-plugin -fno-fat-lto-objects line 17 y == 25
FAIL: gcc.dg/guality/pr54519-3.c -O2 -flto -fno-use-linker-plugin -flto-partition=none line 20 y == 25
FAIL: gcc.dg/guality/pr54519-3.c -O2 -flto -fno-use-linker-plugin -flto-partition=none line 20 z == 6
FAIL: gcc.dg/guality/pr54519-3.c -O2 -flto -fno-use-linker-plugin -flto-partition=none line 23 y == 117
FAIL: gcc.dg/guality/pr54519-3.c -O2 -flto -fno-use-linker-plugin -flto-partition=none line 23 z == 8
FAIL: gcc.dg/guality/pr54519-3.c -O2 -flto -fuse-linker-plugin -fno-fat-lto-objects line 20 y == 25
FAIL: gcc.dg/guality/pr54519-3.c -O2 -flto -fuse-linker-plugin -fno-fat-lto-objects line 20 z == 6
FAIL: gcc.dg/guality/pr54519-3.c -O2 -flto -fuse-linker-plugin -fno-fat-lto-objects line 23 y == 117
FAIL: gcc.dg/guality/pr54519-3.c -O2 -flto -fuse-linker-plugin -fno-fat-lto-objects line 23 z == 8
FAIL: gcc.dg/guality/pr54519-4.c -O2 -flto -fno-use-linker-plugin -flto-partition=none line 17 y == 25
FAIL: gcc.dg/guality/pr54519-4.c -O2 -flto -fuse-linker-plugin -fno-fat-lto-objects line 17 y == 25
FAIL: gcc.dg/guality/pr54519-5.c -O2 -flto -fno-use-linker-plugin -flto-partition=none line 17 y == 25
FAIL: gcc.dg/guality/pr54519-5.c -O2 -flto -fuse-linker-plugin -fno-fat-lto-objects line 17 y == 25
FAIL: gcc.dg/guality/pr54693-2.c -O2 -flto -fuse-linker-plugin -fno-fat-lto-objects line 21 y == 20 - 2 * i
FAIL: gcc.dg/guality/pr54693-2.c -O2 -flto -fuse-linker-plugin -fno-fat-lto-objects line 21 z == 30 - 3 * i
FAIL: gcc.dg/guality/pr54693-2.c -Os line 21 y == 20 - 2 * i
FAIL: gcc.dg/guality/pr58791-2.c -O2 -flto -fno-use-linker-plugin -flto-partition=none line pr58791-2.c:27 d & 1 == 1
FAIL: gcc.dg/guality/pr68860-1.c -O2 -flto -fno-use-linker-plugin -flto-partition=none line 14 arg3 == 3
FAIL: gcc.dg/guality/pr68860-1.c -O2 -flto -fno-use-linker-plugin -flto-partition=none line 14 arg4 == 4
FAIL: gcc.dg/guality/pr68860-1.c -O2 -flto -fno-use-linker-plugin -flto-partition=none line 14 arg5 == 5
FAIL: gcc.dg/guality/pr68860-1.c -O2 -flto -fno-use-linker-plugin -flto-partition=none line 14 arg6 == 6
FAIL: gcc.dg/guality/pr68860-1.c -O2 -flto -fno-use-linker-plugin -flto-partition=none line 16 arg3 == 3
FAIL: gcc.dg/guality/pr68860-1.c -O2 -flto -fno-use-linker-plugin -flto-partition=none line 16 arg4 == 4
FAIL: gcc.dg/guality/pr68860-1.c -O2 -flto -fno-use-linker-plugin -flto-partition=none line 16 arg5 == 5
FAIL: gcc.dg/guality/pr68860-1.c -O2 -flto -fno-use-linker-plugin -flto-partition=none line 16 arg6 == 6
FAIL: gcc.dg/guality/pr68860-1.c -O2 -flto -fuse-linker-plugin -fno-fat-lto-objects line 14 arg3 == 3
FAIL: gcc.dg/guality/pr68860-1.c -O2 -flto -fuse-linker-plugin -fno-fat-lto-objects line 14 arg4 == 4
FAIL: gcc.dg/guality/pr68860-1.c -O2 -flto -fuse-linker-plugin -fno-fat-lto-objects line 14 arg5 == 5
FAIL: gcc.dg/guality/pr68860-1.c -O2 -flto -fuse-linker-plugin -fno-fat-lto-objects line 14 arg6 == 6
FAIL: gcc.dg/guality/pr68860-1.c -O2 -flto -fuse-linker-plugin -fno-fat-lto-objects line 16 arg3 == 3
FAIL: gcc.dg/guality/pr68860-1.c -O2 -flto -fuse-linker-plugin -fno-fat-lto-objects line 16 arg4 == 4
FAIL: gcc.dg/guality/pr68860-1.c -O2 -flto -fuse-linker-plugin -fno-fat-lto-objects line 16 arg5 == 5
FAIL: gcc.dg/guality/pr68860-1.c -O2 -flto -fuse-linker-plugin -fno-fat-lto-objects line 16 arg6 == 6
FAIL: gcc.dg/guality/pr69947.c -O1 line 14 b[4] == 'e'
FAIL: gcc.dg/guality/pr69947.c -O2 line 14 b[4] == 'e'
FAIL: gcc.dg/guality/pr69947.c -O2 -flto -fno-use-linker-plugin -flto-partition=none line 14 b[4] == 'e'
FAIL: gcc.dg/guality/pr69947.c -O2 -flto -fuse-linker-plugin -fno-fat-lto-objects line 14 b[4] == 'e'
FAIL: gcc.dg/guality/pr69947.c -O3 -g line 14 b[4] == 'e'
FAIL: gcc.dg/guality/pr69947.c -Os line 14 b[4] == 'e'
FAIL: gcc.dg/guality/pr78726.c -O1 line 21 d1 == ~36U * 173
FAIL: gcc.dg/guality/pr78726.c -O1 line 21 d2 == ~36U * 173 * 173
FAIL: gcc.dg/guality/pr78726.c -O1 line 21 d4 == ~36U * 173 * 2
FAIL: gcc.dg/guality/pr78726.c -O1 line 21 d5 == ~36U * 173 * 173 * 2
FAIL: gcc.dg/guality/pr78726.c -O2 line 21 d1 == ~36U * 173
FAIL: gcc.dg/guality/pr78726.c -O2 line 21 d2 == ~36U * 173 * 173
FAIL: gcc.dg/guality/pr78726.c -O2 line 21 d4 == ~36U * 173 * 2
FAIL: gcc.dg/guality/pr78726.c -O2 line 21 d5 == ~36U * 173 * 173 * 2
FAIL: gcc.dg/guality/pr78726.c -O2 -flto -fno-use-linker-plugin -flto-partition=none line 21 d1 == ~36U * 173
FAIL: gcc.dg/guality/pr78726.c -O2 -flto -fno-use-linker-plugin -flto-partition=none line 21 d2 == ~36U * 173 * 173
FAIL: gcc.dg/guality/pr78726.c -O2 -flto -fno-use-linker-plugin -flto-partition=none line 21 d4 == ~36U * 173 * 2
FAIL: gcc.dg/guality/pr78726.c -O2 -flto -fno-use-linker-plugin -flto-partition=none line 21 d5 == ~36U * 173 * 173 * 2
FAIL: gcc.dg/guality/pr78726.c -O3 -g line 21 d1 == ~36U * 173
FAIL: gcc.dg/guality/pr78726.c -O3 -g line 21 d2 == ~36U * 173 * 173
FAIL: gcc.dg/guality/pr78726.c -O3 -g line 21 d4 == ~36U * 173 * 2
FAIL: gcc.dg/guality/pr78726.c -O3 -g line 21 d5 == ~36U * 173 * 173 * 2
FAIL: gcc.dg/guality/pr78726.c -Os line 21 d1 == ~36U * 173
FAIL: gcc.dg/guality/pr78726.c -Os line 21 d2 == ~36U * 173 * 173
FAIL: gcc.dg/guality/pr78726.c -Os line 21 d4 == ~36U * 173 * 2
FAIL: gcc.dg/guality/pr78726.c -Os line 21 d5 == ~36U * 173 * 173 * 2
FAIL: gcc.dg/guality/sra-1.c -O1 line 43 a.i == 4
FAIL: gcc.dg/guality/sra-1.c -O1 line 43 a.j == 14
FAIL: gcc.dg/guality/sra-1.c -O2 line 43 a.i == 4
FAIL: gcc.dg/guality/sra-1.c -O2 line 43 a.j == 14
FAIL: gcc.dg/guality/sra-1.c -O2 -flto -fno-use-linker-plugin -flto-partition=none line 43 a.i == 4
FAIL: gcc.dg/guality/sra-1.c -O2 -flto -fno-use-linker-plugin -flto-partition=none line 43 a.j == 14
FAIL: gcc.dg/guality/sra-1.c -O2 -flto -fuse-linker-plugin -fno-fat-lto-objects line 43 a.i == 4
FAIL: gcc.dg/guality/sra-1.c -O2 -flto -fuse-linker-plugin -fno-fat-lto-objects line 43 a.j == 14
FAIL: gcc.dg/guality/sra-1.c -O3 -g line 43 a.i == 4
FAIL: gcc.dg/guality/sra-1.c -O3 -g line 43 a.j == 14
FAIL: gcc.dg/guality/sra-1.c -Os line 43 a.i == 4
FAIL: gcc.dg/guality/sra-1.c -Os line 43 a.j == 14
FAIL: gcc.dg/guality/vla-1.c -O1 line 17 sizeof (a) == 6
FAIL: gcc.dg/guality/vla-1.c -O2 line 17 sizeof (a) == 6
FAIL: gcc.dg/guality/vla-1.c -O2 -flto -fno-use-linker-plugin -flto-partition=none line 17 sizeof (a) == 6
FAIL: gcc.dg/guality/vla-1.c -O2 -flto -fuse-linker-plugin -fno-fat-lto-objects line 17 sizeof (a) == 6
FAIL: gcc.dg/guality/vla-1.c -O3 -g line 17 sizeof (a) == 6
FAIL: gcc.dg/guality/vla-1.c -Os line 17 sizeof (a) == 6
FAIL: gcc.dg/tree-ssa/builtin-sprintf-warn-18.c (test for warnings, line 119)
FAIL: gcc.dg/tree-ssa/builtin-sprintf-warn-18.c (test for warnings, line 121)
FAIL: gcc.target/s390/load-and-test-fp-1.c scan-assembler cdbr\\t
FAIL: gcc.target/s390/loc-1.c scan-assembler \\tlocrne\\t%r2,%r4
FAIL: gcc.target/s390/zvector/vec-cmp-2.c scan-assembler-times all_eq_double:\\n\\tvfcedbs\\t%v[0-9]*,%v24,%v26\\n\\tjne 1
FAIL: gcc.target/s390/zvector/vec-cmp-2.c scan-assembler-times all_eq_int:\\n\\tvceqfs\\t%v[0-9]*,%v24,%v26\\n\\tjne 1
FAIL: gcc.target/s390/zvector/vec-cmp-2.c scan-assembler-times all_ge_double:\\n\\tvfchedbs\\t%v[0-9]*,%v24,%v26\\n\\tjne 1
FAIL: gcc.target/s390/zvector/vec-cmp-2.c scan-assembler-times all_ge_int:\\n\\tvchfs\\t%v[0-9]*,%v26,%v24\\n\\tjle 1
FAIL: gcc.target/s390/zvector/vec-cmp-2.c scan-assembler-times all_gt_double:\\n\\tvfchdbs\\t%v[0-9]*,%v24,%v26\\n\\tjne 1
FAIL: gcc.target/s390/zvector/vec-cmp-2.c scan-assembler-times all_gt_int:\\n\\tvchfs\\t%v[0-9]*,%v24,%v26\\n\\tjne 1
FAIL: gcc.target/s390/zvector/vec-cmp-2.c scan-assembler-times all_le_double:\\n\\tvfchedbs\\t%v[0-9]*,%v26,%v24\\n\\tjne 1
FAIL: gcc.target/s390/zvector/vec-cmp-2.c scan-assembler-times all_le_int:\\n\\tvchfs\\t%v[0-9]*,%v24,%v26\\n\\tjle 1
FAIL: gcc.target/s390/zvector/vec-cmp-2.c scan-assembler-times all_lt_double:\\n\\tvfchdbs\\t%v[0-9]*,%v26,%v24\\n\\tjne 1
FAIL: gcc.target/s390/zvector/vec-cmp-2.c scan-assembler-times all_lt_int:\\n\\tvchfs\\t%v[0-9]*,%v26,%v24\\n\\tjne 1
FAIL: gcc.target/s390/zvector/vec-cmp-2.c scan-assembler-times all_ne_double:\\n\\tvfcedbs\\t%v[0-9]*,%v24,%v26\\n\\tjle 1
FAIL: gcc.target/s390/zvector/vec-cmp-2.c scan-assembler-times all_ne_int:\\n\\tvceqfs\\t%v[0-9]*,%v24,%v26\\n\\tjle 1
FAIL: gcc.target/s390/zvector/vec-cmp-2.c scan-assembler-times any_eq_double:\\n\\tvfcedbs\\t%v[0-9]*,%v24,%v26\\n\\tjnle 1
FAIL: gcc.target/s390/zvector/vec-cmp-2.c scan-assembler-times any_eq_int:\\n\\tvceqfs\\t%v[0-9]*,%v24,%v26\\n\\tjnle 1
FAIL: gcc.target/s390/zvector/vec-cmp-2.c scan-assembler-times any_ge_double:\\n\\tvfchedbs\\t%v[0-9]*,%v24,%v26\\n\\tjnle 1
FAIL: gcc.target/s390/zvector/vec-cmp-2.c scan-assembler-times any_ge_int:\\n\\tvchfs\\t%v[0-9]*,%v26,%v24\\n\\tje 1
FAIL: gcc.target/s390/zvector/vec-cmp-2.c scan-assembler-times any_gt_double:\\n\\tvfchdbs\\t%v[0-9]*,%v24,%v26\\n\\tjnle 1
FAIL: gcc.target/s390/zvector/vec-cmp-2.c scan-assembler-times any_gt_int:\\n\\tvchfs\\t%v[0-9]*,%v24,%v26\\n\\tjnle 1
FAIL: gcc.target/s390/zvector/vec-cmp-2.c scan-assembler-times any_le_double:\\n\\tvfchedbs\\t%v[0-9]*,%v26,%v24\\n\\tjnle 1
FAIL: gcc.target/s390/zvector/vec-cmp-2.c scan-assembler-times any_le_int:\\n\\tvchfs\\t%v[0-9]*,%v24,%v26\\n\\tje 1
FAIL: gcc.target/s390/zvector/vec-cmp-2.c scan-assembler-times any_lt_double:\\n\\tvfchdbs\\t%v[0-9]*,%v26,%v24\\n\\tjnle 1
FAIL: gcc.target/s390/zvector/vec-cmp-2.c scan-assembler-times any_lt_int:\\n\\tvchfs\\t%v[0-9]*,%v26,%v24\\n\\tjnle 1
FAIL: gcc.target/s390/zvector/vec-cmp-2.c scan-assembler-times any_ne_double:\\n\\tvfcedbs\\t%v[0-9]*,%v24,%v26\\n\\tje 1
FAIL: gcc.target/s390/zvector/vec-cmp-2.c scan-assembler-times any_ne_int:\\n\\tvceqfs\\t%v[0-9]*,%v24,%v26\\n\\tje 1
=== gcc Summary ===
# of expected passes 111980
# of unexpected failures 178
# of unexpected successes 20
# of expected failures 224
# of unsupported tests 2640
-esa/gcc/xgcc version 8.0.0 20170527 (experimental) (GCC)
=== gfortran tests ===
Running target unix
FAIL: gfortran.dg/elemental_subroutine_3.f90 -O1 (test for excess errors)
FAIL: gfortran.dg/elemental_subroutine_3.f90 -O2 (test for excess errors)
FAIL: gfortran.dg/elemental_subroutine_3.f90 -O3 -fomit-frame-pointer -funroll-loops -fpeel-loops -ftracer -finline-functions (test for excess errors)
FAIL: gfortran.dg/elemental_subroutine_3.f90 -O3 -g (test for excess errors)
FAIL: gfortran.dg/elemental_subroutine_3.f90 -Os (test for excess errors)
=== gfortran Summary ===
# of expected passes 44270
# of unexpected failures 5
# of expected failures 82
# of unsupported tests 209
-esa/gcc/testsuite/gfortran/../../gfortran version 8.0.0 20170527 (experimental) (GCC)
=== gnat tests ===
Running target unix
=== gnat Summary ===
# of expected passes 2538
# of expected failures 24
# of unsupported tests 21
-esa/gcc/gnatmake version 8.0.0 20170527 (experimental)
=== go tests ===
Running target unix
FAIL: go.test/test/ken/cplx2.go execution, -O2 -g
=== go Summary ===
# of expected passes 7369
# of unexpected failures 1
# of expected failures 1
# of untested testcases 7
# of unsupported tests 3
-esa/gcc/testsuite/go/../../gccgo version 8.0.0 20170527 (experimental) (GCC)
=== obj-c++ tests ===
Running target unix
=== obj-c++ Summary ===
# of expected passes 1459
# of expected failures 2
# of unsupported tests 77
-esa/gcc/testsuite/obj-c++/../../xg++ version 8.0.0 20170527 (experimental) (GCC)
=== objc tests ===
Running target unix
=== objc Summary ===
# of expected passes 2803
# of unsupported tests 68
-esa/gcc/xgcc version 8.0.0 20170527 (experimental) (GCC)
=== libatomic tests ===
Running target unix
=== libatomic Summary ===
# of expected passes 44
# of unsupported tests 5
=== libffi tests ===
Running target unix
=== libffi Summary ===
# of expected passes 2214
=== libgo tests ===
Running target unix
=== libgo Summary ===
# of expected passes 146
-esa/./gcc/gccgo version 8.0.0 20170527 (experimental) (GCC)
=== libgomp tests ===
Running target unix
=== libgomp Summary ===
# of expected passes 5086
# of unsupported tests 376
=== libitm tests ===
Running target unix
=== libitm Summary ===
# of expected passes 42
# of expected failures 3
# of unsupported tests 1
=== libstdc++ tests ===
Running target unix
=== libstdc++ Summary ===
# of expected passes 12162
# of expected failures 66
# of unsupported tests 256
Version: 8.0.0 20170527 (experimental) (GCC)
Platform: s390-ibm-linux-gnu esa
configure flags: --enable-shared --with-system-zlib --enable-threads=posix --enable-__cxa_atexit --enable-checking --with-diagnostics-color=never --prefix=/home/dailybuild/gnu-dailybuild/arena/20170527/gcc-head/install-s390-esa --enable-languages=c,c++,objc,obj-c++,fortran,go,ada
GCC version:
More information about the Gcc-testresults
mailing list