Results for 6.3.1 20170526 [gcc-6-branch revision 248508] (GCC) testsuite on i386-pc-solaris2.11
Rainer Orth
ro@CeBiTec.Uni-Bielefeld.DE
Sat May 27 13:27:00 GMT 2017
LAST_UPDATED: Fri May 26 19:13:14 UTC 2017 (revision 248508)
=== acats tests ===
FAIL: c954026
=== acats Summary ===
# of expected passes 2319
# of unexpected failures 1
Native configuration is i386-pc-solaris2.11
=== g++ tests ===
Running target unix
=== g++ Summary for unix ===
# of expected passes 97643
# of expected failures 329
# of unsupported tests 3565
Running target unix/-m64
=== g++ Summary for unix/-m64 ===
# of expected passes 98979
# of expected failures 329
# of unsupported tests 3820
=== g++ Summary ===
# of expected passes 196622
# of expected failures 658
# of unsupported tests 7385
/var/gcc/regression/gcc-6-branch/11-gcc-gas/build/gcc/testsuite/g++/../../xg++ version 6.3.1 20170526 [gcc-6-branch revision 248508] (GCC)
=== gcc tests ===
Running target unix
FAIL: gcc.dg/visibility-22.c execution test
FAIL: gcc.dg/simulate-thread/atomic-load-longlong.c -O3 -g thread simulation test
WARNING: profopt.exp does not support dg-error
XPASS: gcc.target/i386/bmi-6.c (test for excess errors)
FAIL: gcc.target/i386/pr78419.c (test for excess errors)
=== gcc Summary for unix ===
# of expected passes 108239
# of unexpected failures 3
# of unexpected successes 1
# of expected failures 323
# of unsupported tests 1605
Running target unix/-m64
FAIL: gcc.dg/visibility-22.c execution test
WARNING: profopt.exp does not support dg-error
XPASS: gcc.target/i386/bmi-6.c (test for excess errors)
FAIL: gcc.target/i386/pr78419.c (test for excess errors)
=== gcc Summary for unix/-m64 ===
# of expected passes 109351
# of unexpected failures 2
# of unexpected successes 1
# of expected failures 320
# of unsupported tests 1693
=== gcc Summary ===
# of expected passes 217590
# of unexpected failures 5
# of unexpected successes 2
# of expected failures 643
# of unsupported tests 3298
/var/gcc/regression/gcc-6-branch/11-gcc-gas/build/gcc/xgcc version 6.3.1 20170526 [gcc-6-branch revision 248508] (GCC)
=== gfortran tests ===
Running target unix
=== gfortran Summary for unix ===
# of expected passes 42722
# of expected failures 78
# of unsupported tests 175
Running target unix/-m64
=== gfortran Summary for unix/-m64 ===
# of expected passes 42939
# of expected failures 78
# of unsupported tests 72
=== gfortran Summary ===
# of expected passes 85661
# of expected failures 156
# of unsupported tests 247
/var/gcc/regression/gcc-6-branch/11-gcc-gas/build/gcc/testsuite/gfortran/../../gfortran version 6.3.1 20170526 [gcc-6-branch revision 248508] (GCC)
=== gnat tests ===
Running target unix
=== gnat Summary for unix ===
# of expected passes 2528
# of expected failures 22
# of unsupported tests 5
Running target unix/-m64
=== gnat Summary for unix/-m64 ===
# of expected passes 2528
# of expected failures 22
# of unsupported tests 5
=== gnat Summary ===
# of expected passes 5056
# of expected failures 44
# of unsupported tests 10
/var/gcc/regression/gcc-6-branch/11-gcc-gas/build/gcc/gnatmake version 6.3.1 20170526 [gcc-6-branch revision 248508]
=== go tests ===
Running target unix
=== go Summary for unix ===
# of expected passes 7366
# of expected failures 1
# of untested testcases 10
# of unsupported tests 2
Running target unix/-m64
=== go Summary for unix/-m64 ===
# of expected passes 7247
# of expected failures 1
# of untested testcases 10
# of unsupported tests 1
=== go Summary ===
# of expected passes 14613
# of expected failures 2
# of untested testcases 20
# of unsupported tests 3
=== obj-c++ tests ===
Running target unix
=== obj-c++ Summary for unix ===
# of expected passes 1454
# of expected failures 2
# of unsupported tests 77
Running target unix/-m64
=== obj-c++ Summary for unix/-m64 ===
# of expected passes 1446
# of expected failures 10
# of unsupported tests 77
=== obj-c++ Summary ===
# of expected passes 2900
# of expected failures 12
# of unsupported tests 154
/var/gcc/regression/gcc-6-branch/11-gcc-gas/build/gcc/testsuite/obj-c++/../../xg++ version 6.3.1 20170526 [gcc-6-branch revision 248508] (GCC)
=== objc tests ===
Running target unix
=== objc Summary for unix ===
# of expected passes 2783
# of expected failures 6
# of unsupported tests 68
Running target unix/-m64
=== objc Summary for unix/-m64 ===
# of expected passes 2783
# of expected failures 6
# of unsupported tests 68
=== objc Summary ===
# of expected passes 5566
# of expected failures 12
# of unsupported tests 136
/var/gcc/regression/gcc-6-branch/11-gcc-gas/build/gcc/xgcc version 6.3.1 20170526 [gcc-6-branch revision 248508] (GCC)
=== boehm-gc tests ===
Running target unix
=== boehm-gc Summary for unix ===
# of expected passes 12
# of unsupported tests 1
Running target unix/-m64
=== boehm-gc Summary for unix/-m64 ===
# of expected passes 12
# of unsupported tests 1
=== boehm-gc Summary ===
# of expected passes 24
# of unsupported tests 2
=== libatomic tests ===
Running target unix
=== libatomic Summary for unix ===
# of expected passes 44
# of unsupported tests 5
Running target unix/-m64
=== libatomic Summary for unix/-m64 ===
# of expected passes 54
=== libatomic Summary ===
# of expected passes 98
# of unsupported tests 5
=== libffi tests ===
Running target unix
=== libffi Summary for unix ===
# of expected passes 2799
Running target unix/-m64
=== libffi Summary for unix/-m64 ===
# of expected passes 2214
=== libffi Summary ===
# of expected passes 5013
=== libgo tests ===
Running target unix
FAIL: time
FAIL: go/build
=== libgo Summary for unix ===
# of expected passes 132
# of unexpected failures 2
Running target unix/-m64
FAIL: time
FAIL: go/build
=== libgo Summary for unix/-m64 ===
# of expected passes 132
# of unexpected failures 2
=== libgo Summary ===
# of expected passes 264
# of unexpected failures 4
/var/gcc/regression/gcc-6-branch/11-gcc-gas/build/./gcc/gccgo version 6.3.1 20170526 [gcc-6-branch revision 248508] (GCC)
=== libgomp tests ===
Running target unix
=== libgomp Summary for unix ===
# of expected passes 5152
# of unsupported tests 274
Running target unix/-m64
=== libgomp Summary for unix/-m64 ===
# of expected passes 5152
# of unsupported tests 274
=== libgomp Summary ===
# of expected passes 10304
# of unsupported tests 548
=== libitm tests ===
Running target unix
=== libitm Summary for unix ===
# of expected passes 42
# of expected failures 3
# of unsupported tests 1
Running target unix/-m64
=== libitm Summary for unix/-m64 ===
# of expected passes 42
# of expected failures 3
# of unsupported tests 1
=== libitm Summary ===
# of expected passes 84
# of expected failures 6
# of unsupported tests 2
=== libjava tests ===
Running target unix
=== libjava Summary for unix ===
# of expected passes 2582
# of expected failures 4
Running target unix/-m64
=== libjava Summary for unix/-m64 ===
# of expected passes 2582
# of expected failures 4
=== libjava Summary ===
# of expected passes 5164
# of expected failures 8
=== libstdc++ tests ===
Running target unix
=== libstdc++ Summary for unix ===
# of expected passes 10190
# of expected failures 67
# of unsupported tests 615
Running target unix/-m64
=== libstdc++ Summary for unix/-m64 ===
# of expected passes 10190
# of expected failures 67
# of unsupported tests 615
=== libstdc++ Summary ===
# of expected passes 20380
# of expected failures 134
# of unsupported tests 1230
Compiler version: 6.3.1 20170526 [gcc-6-branch revision 248508] (GCC)
Platform: i386-pc-solaris2.11
configure flags: --prefix=/vol/gcc --target=i386-pc-solaris2.11 --enable-objc-gc --enable-libmudflap --with-as=/vol/gcc/bin/gas-2.28 --with-gnu-as --with-gmp-include=/vol/gcc/include --with-gmp-lib=/vol/gcc/lib --with-mpfr-include=/vol/gcc/include --with-mpfr-lib=/vol/gcc/lib --with-mpc-include=/vol/gcc/include --with-mpc-lib=/vol/gcc/lib --enable-languages=all,ada,obj-c++,go --with-isl-include=/vol/gcc/include --with-isl-lib=/vol/gcc/lib --build=i386-pc-solaris2.11 --host=i386-pc-solaris2.11
BOOT_CFLAGS=-g -O2
More information about the Gcc-testresults
mailing list