Results for 8.0.0 20170525 (experimental) [master revision 475205a:bfdb66a:a92669f34279ca078912eb0a5143988c3a8d14a9] (Cavium Inc. (Build 4099)) testsuite on x86_64-pc-linux-gnu
jenkins@dell1s-1.localdomain
jenkins@dell1s-1.localdomain
Thu May 25 23:33:00 GMT 2017
LAST_UPDATED: Thu May 25 20:24:56 UTC 2017 (revision 475205a:bfdb66a:a92669f34279ca078912eb0a5143988c3a8d14a9)
Native configuration is x86_64-pc-linux-gnu
=== gcc tests ===
Running target unix
FAIL: gcc.dg/vect/pr66636.c (test for excess errors)
FAIL: gcc.dg/vect/pr66636.c -flto -ffat-lto-objects (test for excess errors)
WARNING: gcc.dg/vect/pr66636.c -flto -ffat-lto-objects compilation failed to produce executable
WARNING: gcc.dg/vect/pr66636.c compilation failed to produce executable
FAIL: gcc.target/i386/pr57275.c (test for excess errors)
WARNING: gcc.target/i386/pr57275.c compilation failed to produce executable
=== gcc Summary ===
# of expected passes 123349
# of unexpected failures 3
# of expected failures 401
# of unsupported tests 3339
/home/jenkins/workspace/GCCupstream/objdir/gcc/xgcc version 8.0.0 20170525 (experimental) [master revision 475205a:bfdb66a:a92669f34279ca078912eb0a5143988c3a8d14a9] (Cavium Inc. (Build 4099))
=== gfortran tests ===
Running target unix
FAIL: gfortran.dg/guality/pr41558.f90 -O2 line 7 s == 'foo'
FAIL: gfortran.dg/guality/pr41558.f90 -O3 -fomit-frame-pointer -funroll-loops -fpeel-loops -ftracer -finline-functions line 7 s == 'foo'
FAIL: gfortran.dg/guality/pr41558.f90 -O3 -g line 7 s == 'foo'
FAIL: gfortran.dg/guality/pr41558.f90 -Os line 7 s == 'foo'
=== gfortran Summary ===
# of expected passes 45298
# of unexpected failures 4
# of expected failures 92
# of unsupported tests 88
/home/jenkins/workspace/GCCupstream/objdir/gcc/testsuite/gfortran/../../gfortran version 8.0.0 20170525 (experimental) [master revision 475205a:bfdb66a:a92669f34279ca078912eb0a5143988c3a8d14a9] (Cavium Inc. (Build 4099))
=== g++ tests ===
Running target unix
FAIL: g++.dg/tls/thread_local-order2.C -std=c++11 execution test
FAIL: g++.dg/tls/thread_local-order2.C -std=c++14 execution test
=== g++ Summary ===
# of expected passes 115454
# of unexpected failures 2
# of expected failures 386
# of unsupported tests 4372
/home/jenkins/workspace/GCCupstream/objdir/gcc/testsuite/g++/../../xg++ version 8.0.0 20170525 (experimental) [master revision 475205a:bfdb66a:a92669f34279ca078912eb0a5143988c3a8d14a9] (Cavium Inc. (Build 4099))
=== go tests ===
Running target unix
FAIL: ./index0-out.go execution, -O0 -g -fno-var-tracking-assignments
=== go Summary ===
# of expected passes 7253
# of unexpected failures 1
# of expected failures 1
# of untested testcases 6
# of unsupported tests 1
/home/jenkins/workspace/GCCupstream/objdir/gcc/testsuite/go/../../gccgo version 8.0.0 20170525 (experimental) [master revision 475205a:bfdb66a:a92669f34279ca078912eb0a5143988c3a8d14a9] (Cavium Inc. (Build 4099))
=== libatomic tests ===
Running target unix
=== libatomic Summary ===
# of expected passes 54
=== libffi tests ===
Running target unix
=== libffi Summary ===
# of expected passes 2214
=== libgo tests ===
Running target unix
=== libgo Summary ===
# of expected passes 146
/home/jenkins/workspace/GCCupstream/objdir/./gcc/gccgo version 8.0.0 20170525 (experimental) [master revision 475205a:bfdb66a:a92669f34279ca078912eb0a5143988c3a8d14a9] (Cavium Inc. (Build 4099))
=== libgomp tests ===
Running target unix
FAIL: libgomp.c++/udr-12.C (test for excess errors)
WARNING: libgomp.c++/udr-12.C compilation failed to produce executable
FAIL: libgomp.c++/udr-13.C (test for excess errors)
WARNING: libgomp.c++/udr-13.C compilation failed to produce executable
FAIL: libgomp.c++/udr-16.C (test for excess errors)
WARNING: libgomp.c++/udr-16.C compilation failed to produce executable
FAIL: libgomp.c++/udr-2.C (test for excess errors)
WARNING: libgomp.c++/udr-2.C compilation failed to produce executable
FAIL: libgomp.c++/udr-3.C (test for excess errors)
WARNING: libgomp.c++/udr-3.C compilation failed to produce executable
FAIL: libgomp.c++/udr-6.C (test for excess errors)
WARNING: libgomp.c++/udr-6.C compilation failed to produce executable
=== libgomp Summary ===
# of expected passes 5146
# of unexpected failures 6
# of unsupported tests 363
=== libitm tests ===
Running target unix
=== libitm Summary ===
# of expected passes 42
# of expected failures 3
# of unsupported tests 1
=== libstdc++ tests ===
Running target unix
=== libstdc++ Summary ===
# of expected passes 11801
# of expected failures 66
# of unsupported tests 248
Compiler version: 8.0.0 20170525 (experimental) [master revision 475205a:bfdb66a:a92669f34279ca078912eb0a5143988c3a8d14a9] (Cavium Inc. (Build 4099))
Platform: x86_64-pc-linux-gnu
configure flags: --prefix=/home/jenkins/workspace/GCCupstream/objdir/../tools --enable-languages=c,c++,fortran,go --disable-werror --enable-plugins --enable-gnu-indirect-function --with-pkgversion='Cavium Inc. (Build 4099)' --disable-multilib
More information about the Gcc-testresults
mailing list