Results for 8.0.0 20170523 (experimental) [trunk revision 248370] (GCC) testsuite on powerpc-ibm-aix7.2.0.0
David Edelsohn
edelsohn@p824aix.watson.ibm.com
Wed May 24 07:39:00 GMT 2017
LAST_UPDATED: Tue May 23 15:55:04 UTC 2017 (revision 248370)
Native configuration is powerpc-ibm-aix7.2.0.0
=== g++ tests ===
Running target unix
FAIL: g++.dg/compat/eh/new1 cp_compat_x_tst.o-cp_compat_y_tst.o execute
XPASS: g++.dg/debug/pr56294.C -gdwarf-2 (test for excess errors)
XPASS: g++.dg/debug/pr56294.C -gdwarf-2 -g1 (test for excess errors)
XPASS: g++.dg/debug/pr56294.C -gdwarf-2 -g3 (test for excess errors)
XPASS: g++.dg/debug/pr56294.C -gxcoff (test for excess errors)
XPASS: g++.dg/debug/pr56294.C -gxcoff+ (test for excess errors)
XPASS: g++.dg/debug/pr56294.C -gxcoff+1 (test for excess errors)
XPASS: g++.dg/debug/pr56294.C -gxcoff+3 (test for excess errors)
XPASS: g++.dg/debug/pr56294.C -gxcoff1 (test for excess errors)
XPASS: g++.dg/debug/pr56294.C -gxcoff3 (test for excess errors)
XPASS: g++.dg/debug/pr56819.C -gdwarf-2 (test for excess errors)
XPASS: g++.dg/debug/pr56819.C -gdwarf-2 -g1 (test for excess errors)
XPASS: g++.dg/debug/pr56819.C -gdwarf-2 -g3 (test for excess errors)
XPASS: g++.dg/debug/pr56819.C -gxcoff (test for excess errors)
XPASS: g++.dg/debug/pr56819.C -gxcoff+ (test for excess errors)
XPASS: g++.dg/debug/pr56819.C -gxcoff+1 (test for excess errors)
XPASS: g++.dg/debug/pr56819.C -gxcoff+3 (test for excess errors)
XPASS: g++.dg/debug/pr56819.C -gxcoff1 (test for excess errors)
XPASS: g++.dg/debug/pr56819.C -gxcoff3 (test for excess errors)
XPASS: g++.dg/debug/dwarf2/defaulted-member-function-3.C scan-assembler-not DW_AT_defaulted
XPASS: g++.dg/debug/dwarf2/inline-var-2.C scan-assembler-not DW_TAG_member
XPASS: g++.dg/debug/dwarf2/pr46123-2.C -std=gnu++11 broken -feliminate-dwarf2-dups (test for bogus messages, line 1)
XPASS: g++.dg/debug/dwarf2/pr46123-2.C -std=gnu++14 broken -feliminate-dwarf2-dups (test for bogus messages, line 1)
XPASS: g++.dg/debug/dwarf2/pr46123-2.C -std=gnu++98 broken -feliminate-dwarf2-dups (test for bogus messages, line 1)
XPASS: g++.dg/eh/new1.C -std=c++11 execution test
XPASS: g++.dg/eh/new1.C -std=c++98 execution test
FAIL: g++.dg/ext/vector32.C -std=c++11 (internal compiler error)
FAIL: g++.dg/ext/vector32.C -std=c++11 (test for excess errors)
FAIL: g++.dg/ext/vector32.C -std=c++14 (internal compiler error)
FAIL: g++.dg/ext/vector32.C -std=c++14 (test for excess errors)
FAIL: g++.dg/ext/vector32.C -std=c++98 (internal compiler error)
FAIL: g++.dg/ext/vector32.C -std=c++98 (test for excess errors)
FAIL: g++.dg/ext/vector32a.C -std=c++11 (internal compiler error)
FAIL: g++.dg/ext/vector32a.C -std=c++11 (test for excess errors)
FAIL: g++.dg/ext/vector32a.C -std=c++14 (internal compiler error)
FAIL: g++.dg/ext/vector32a.C -std=c++14 (test for excess errors)
FAIL: g++.dg/ext/vector32a.C -std=c++98 (internal compiler error)
FAIL: g++.dg/ext/vector32a.C -std=c++98 (test for excess errors)
XPASS: g++.dg/template/linkage1.C -std=c++98 scan-assembler-not (weak|glob)[^\\n]*_Z3fooIXadL_ZL11static_funcvEEEvv
FAIL: g++.dg/tree-prof/pr57451.C compilation, -fprofile-use -D_PROFILE_USE
UNRESOLVED: g++.dg/tree-prof/pr57451.C execution, -fprofile-use -D_PROFILE_USE
XPASS: g++.old-deja/g++.eh/new2.C -std=gnu++11 execution test
XPASS: g++.old-deja/g++.eh/new2.C -std=gnu++98 execution test
XPASS: g++.old-deja/g++.mike/p755a.C -std=c++11 execution test
XPASS: g++.old-deja/g++.mike/p755a.C -std=c++98 execution test
=== g++ Summary ===
# of expected passes 98586
# of unexpected failures 14
# of unexpected successes 30
# of expected failures 618
# of unresolved testcases 1
# of unsupported tests 4493
/tmp/GCC/gcc/testsuite/g++/../../xg++ version 8.0.0 20170523 (experimental) [trunk revision 248370] (GCC)
=== gcc tests ===
Running target unix
XPASS: gcc.dg/autopar/pr46799.c (test for excess errors)
FAIL: gcc.dg/asm-names.c scan-assembler-not ____frob14
FAIL: gcc.dg/ipa/iinline-attr.c scan-ipa-dump inline "hooray[^\\\\n]*inline copy in test"
XPASS: gcc.dg/torture/pr59166.c -O0 (test for excess errors)
FAIL: gcc.dg/torture/pr68264.c -O0 execution test
FAIL: gcc.dg/torture/pr68264.c -Os execution test
XPASS: gcc.dg/vect/costmodel/ppc/costmodel-fast-math-vect-pr29925.c scan-tree-dump-times vect "vectorization not profitable" 1
XPASS: gcc.dg/vect/slp-24-big-array.c scan-tree-dump-times vect "vectorized 1 loops" 1
XPASS: gcc.dg/vect/slp-24-big-array.c scan-tree-dump-times vect "vectorizing stmts using SLP" 2
XPASS: gcc.dg/vect/slp-24.c scan-tree-dump-times vect "vectorized 1 loops" 1
XPASS: gcc.dg/vect/slp-24.c scan-tree-dump-times vect "vectorizing stmts using SLP" 2
FAIL: gcc.dg/vect/slp-perm-8.c scan-tree-dump-times vect "vectorized 1 loops" 1
XPASS: gcc.dg/vect/vect-24.c scan-tree-dump-times vect "vectorized 3 loops" 1
XPASS: gcc.dg/vect/vect-95.c scan-tree-dump-times vect "Alignment of access forced using peeling" 0
FAIL: gcc.target/powerpc/fold-vec-logical-ors-longlong.c scan-assembler-times \\\\mxxlor\\\\M 6
FAIL: gcc.target/powerpc/pr80510-1.c (test for excess errors)
FAIL: gcc.target/powerpc/pr80510-2.c (test for excess errors)
FAIL: gcc.target/powerpc/pr80695-p9.c (test for excess errors)
FAIL: gcc.target/powerpc/pr80695-p9.c scan-tree-dump-times slp2 "vectorization is not profitable" 1
=== gcc Summary ===
# of expected passes 82174
# of unexpected failures 10
# of unexpected successes 9
# of expected failures 366
# of unsupported tests 2419
/tmp/GCC/gcc/xgcc version 8.0.0 20170523 (experimental) [trunk revision 248370] (GCC)
=== libatomic tests ===
Running target unix
=== libatomic Summary ===
# of expected passes 44
# of unsupported tests 5
=== libgomp tests ===
Running target unix
FAIL: libgomp.graphite/force-parallel-7.c execution test
FAIL: libgomp.oacc-c/../libgomp.oacc-c-c++-common/atomic_update-1.c -DACC_DEVICE_TYPE_host=1 -DACC_MEM_SHARED=1 -O2 execution test
FAIL: libgomp.oacc-c++/../libgomp.oacc-c-c++-common/atomic_update-1.c -DACC_DEVICE_TYPE_host=1 -DACC_MEM_SHARED=1 -O2 execution test
=== libgomp Summary ===
# of expected passes 1749
# of unexpected failures 3
# of unsupported tests 217
=== libstdc++ tests ===
Running target unix
=== libstdc++ Summary ===
# of expected passes 10083
# of expected failures 71
# of unsupported tests 722
Compiler version: 8.0.0 20170523 (experimental) [trunk revision 248370] (GCC)
Platform: powerpc-ibm-aix7.2.0.0
configure flags: --disable-werror --enable-languages=c,c++ --with-gmp=/gsa/yktgsa/home/e/d/edelsohn/install --with-isl=/gsa/yktgsa/home/e/d/edelsohn/install --with-libiconv-prefix=/gsa/yktgsa/home/e/d/edelsohn/install --disable-libstdcxx-pch --with-included-gettext
More information about the Gcc-testresults
mailing list