Results for 8.0.0 20170519 (experimental) [trunk revision 248262] (GCC) testsuite on i386-pc-solaris2.11
Rainer Orth
ro@CeBiTec.Uni-Bielefeld.DE
Sat May 20 13:19:00 GMT 2017
LAST_UPDATED: Fri May 19 09:26:57 UTC 2017 (revision 248262)
=== acats tests ===
=== acats Summary ===
# of expected passes 2320
# of unexpected failures 0
Native configuration is i386-pc-solaris2.11
=== g++ tests ===
Running target unix
FAIL: g++.dg/init/cleanup3.C -std=c++11 scan-assembler-not _tcf
FAIL: g++.dg/init/cleanup3.C -std=c++14 scan-assembler-not _tcf
FAIL: g++.dg/init/cleanup3.C -std=c++98 scan-assembler-not _tcf
FAIL: g++.dg/tls/thread_local-order1.C -std=c++11 execution test
FAIL: g++.dg/tls/thread_local-order1.C -std=c++14 execution test
FAIL: g++.dg/tls/thread_local3g.C -std=gnu++11 execution test
FAIL: g++.dg/tls/thread_local3g.C -std=gnu++14 execution test
FAIL: g++.dg/tls/thread_local4g.C -std=gnu++11 execution test
FAIL: g++.dg/tls/thread_local4g.C -std=gnu++14 execution test
FAIL: g++.dg/tls/thread_local5g.C -std=gnu++11 execution test
FAIL: g++.dg/tls/thread_local5g.C -std=gnu++14 execution test
FAIL: g++.dg/tls/thread_local6g.C -std=c++11 execution test
FAIL: g++.dg/tls/thread_local6g.C -std=c++14 execution test
FAIL: g++.old-deja/g++.other/init5.C -std=c++11 execution test
FAIL: g++.old-deja/g++.other/init5.C -std=c++14 execution test
FAIL: g++.old-deja/g++.other/init5.C -std=c++98 execution test
=== g++ Summary for unix ===
# of expected passes 105631
# of unexpected failures 16
# of expected failures 388
# of unsupported tests 4007
Running target unix/-m64
FAIL: g++.dg/init/cleanup3.C -std=c++11 scan-assembler-not _tcf
FAIL: g++.dg/init/cleanup3.C -std=c++14 scan-assembler-not _tcf
FAIL: g++.dg/init/cleanup3.C -std=c++98 scan-assembler-not _tcf
FAIL: g++.dg/tls/thread_local-order1.C -std=c++11 execution test
FAIL: g++.dg/tls/thread_local-order1.C -std=c++14 execution test
FAIL: g++.dg/tls/thread_local3g.C -std=gnu++11 execution test
FAIL: g++.dg/tls/thread_local3g.C -std=gnu++14 execution test
FAIL: g++.dg/tls/thread_local4g.C -std=gnu++11 execution test
FAIL: g++.dg/tls/thread_local4g.C -std=gnu++14 execution test
FAIL: g++.dg/tls/thread_local5g.C -std=gnu++11 execution test
FAIL: g++.dg/tls/thread_local5g.C -std=gnu++14 execution test
FAIL: g++.dg/tls/thread_local6g.C -std=c++11 execution test
FAIL: g++.dg/tls/thread_local6g.C -std=c++14 execution test
FAIL: g++.old-deja/g++.other/init5.C -std=c++11 execution test
FAIL: g++.old-deja/g++.other/init5.C -std=c++14 execution test
FAIL: g++.old-deja/g++.other/init5.C -std=c++98 execution test
=== g++ Summary for unix/-m64 ===
# of expected passes 106966
# of unexpected failures 16
# of expected failures 388
# of unsupported tests 4245
=== g++ Summary ===
# of expected passes 212597
# of unexpected failures 32
# of expected failures 776
# of unsupported tests 8252
/var/gcc/regression/trunk/11-gcc-gas-gld/build/gcc/testsuite/g++/../../xg++ version 8.0.0 20170519 (experimental) [trunk revision 248262] (GCC)
=== gcc tests ===
Running target unix
XPASS: gcc.dg/pr78768.c -Wformat-overflow (test for warnings, line 12)
FAIL: gcc.target/i386/pr70021.c scan-tree-dump-times vect "vectorized 1 loops" 2
=== gcc Summary for unix ===
# of expected passes 117401
# of unexpected failures 1
# of unexpected successes 1
# of expected failures 394
# of unsupported tests 2087
Running target unix/-m64
XPASS: gcc.dg/pr78768.c -Wformat-overflow (test for warnings, line 12)
FAIL: gcc.target/i386/pr70021.c scan-tree-dump-times vect "vectorized 1 loops" 2
WARNING: Could not build /vol/gcc/src/hg/trunk/local/gcc/testsuite/gcc.target/x86_64/abi/ms-sysv/ms-sysv.c.
WARNING: Could not build /vol/gcc/src/hg/trunk/local/gcc/testsuite/gcc.target/x86_64/abi/ms-sysv/ms-sysv.c.
WARNING: Could not build /vol/gcc/src/hg/trunk/local/gcc/testsuite/gcc.target/x86_64/abi/ms-sysv/ms-sysv.c.
WARNING: Could not build /vol/gcc/src/hg/trunk/local/gcc/testsuite/gcc.target/x86_64/abi/ms-sysv/ms-sysv.c.
FAIL: gcc.target/x86_64/abi/ms-sysv CFLAGS="-O0 -g3" generator_args="-p0-5 --omit-rbp-clobbers"
FAIL: gcc.target/x86_64/abi/ms-sysv CFLAGS="-O2" generator_args="-p0-5"
FAIL: gcc.target/x86_64/abi/ms-sysv CFLAGS="-mcall-ms2sysv-xlogues -O0 -g3" generator_args="-p0-5 --omit-rbp-clobbers"
FAIL: gcc.target/x86_64/abi/ms-sysv CFLAGS="-mcall-ms2sysv-xlogues -O2" generator_args="-p0-5"
=== gcc Summary for unix/-m64 ===
# of expected passes 118941
# of unexpected failures 5
# of unexpected successes 1
# of expected failures 390
# of unsupported tests 2064
=== gcc Summary ===
# of expected passes 236342
# of unexpected failures 6
# of unexpected successes 2
# of expected failures 784
# of unsupported tests 4151
/var/gcc/regression/trunk/11-gcc-gas-gld/build/gcc/xgcc version 8.0.0 20170519 (experimental) [trunk revision 248262] (GCC)
=== gfortran tests ===
Running target unix
=== gfortran Summary for unix ===
# of expected passes 44912
# of expected failures 88
# of unsupported tests 189
Running target unix/-m64
=== gfortran Summary for unix/-m64 ===
# of expected passes 45129
# of expected failures 88
# of unsupported tests 86
=== gfortran Summary ===
# of expected passes 90041
# of expected failures 176
# of unsupported tests 275
/var/gcc/regression/trunk/11-gcc-gas-gld/build/gcc/testsuite/gfortran/../../gfortran version 8.0.0 20170519 (experimental) [trunk revision 248262] (GCC)
=== gnat tests ===
Running target unix
=== gnat Summary for unix ===
# of expected passes 2571
# of expected failures 24
# of unsupported tests 7
Running target unix/-m64
=== gnat Summary for unix/-m64 ===
# of expected passes 2571
# of expected failures 24
# of unsupported tests 7
=== gnat Summary ===
# of expected passes 5142
# of expected failures 48
# of unsupported tests 14
/var/gcc/regression/trunk/11-gcc-gas-gld/build/gcc/gnatmake version 8.0.0 20170519 (experimental) [trunk revision 248262]
=== go tests ===
Running target unix
FAIL: ./index0-out.go execution, -O0 -g -fno-var-tracking-assignments
=== go Summary for unix ===
# of expected passes 7364
# of unexpected failures 1
# of expected failures 1
# of untested testcases 10
# of unsupported tests 2
Running target unix/-m64
FAIL: ./index0-out.go execution, -O0 -g -fno-var-tracking-assignments
FAIL: go.test/test/gc1.go execution, -O2 -g
=== go Summary for unix/-m64 ===
# of expected passes 7244
# of unexpected failures 2
# of expected failures 1
# of untested testcases 10
# of unsupported tests 1
=== go Summary ===
# of expected passes 14608
# of unexpected failures 3
# of expected failures 2
# of untested testcases 20
# of unsupported tests 3
/var/gcc/regression/trunk/11-gcc-gas-gld/build/gcc/testsuite/go/../../gccgo version 8.0.0 20170519 (experimental) [trunk revision 248262] (GCC)
=== obj-c++ tests ===
Running target unix
=== obj-c++ Summary for unix ===
# of expected passes 1459
# of expected failures 2
# of unsupported tests 77
Running target unix/-m64
=== obj-c++ Summary for unix/-m64 ===
# of expected passes 1451
# of expected failures 10
# of unsupported tests 77
=== obj-c++ Summary ===
# of expected passes 2910
# of expected failures 12
# of unsupported tests 154
/var/gcc/regression/trunk/11-gcc-gas-gld/build/gcc/testsuite/obj-c++/../../xg++ version 8.0.0 20170519 (experimental) [trunk revision 248262] (GCC)
=== objc tests ===
Running target unix
=== objc Summary for unix ===
# of expected passes 2797
# of expected failures 6
# of unsupported tests 68
Running target unix/-m64
=== objc Summary for unix/-m64 ===
# of expected passes 2797
# of expected failures 6
# of unsupported tests 68
=== objc Summary ===
# of expected passes 5594
# of expected failures 12
# of unsupported tests 136
/var/gcc/regression/trunk/11-gcc-gas-gld/build/gcc/xgcc version 8.0.0 20170519 (experimental) [trunk revision 248262] (GCC)
=== libatomic tests ===
Running target unix
=== libatomic Summary for unix ===
# of expected passes 44
# of unsupported tests 5
Running target unix/-m64
=== libatomic Summary for unix/-m64 ===
# of expected passes 54
=== libatomic Summary ===
# of expected passes 98
# of unsupported tests 5
=== libffi tests ===
Running target unix
=== libffi Summary for unix ===
# of expected passes 2799
Running target unix/-m64
=== libffi Summary for unix/-m64 ===
# of expected passes 2214
=== libffi Summary ===
# of expected passes 5013
=== libgo tests ===
Running target unix
FAIL: runtime
FAIL: go/build
=== libgo Summary for unix ===
# of expected passes 145
# of unexpected failures 2
Running target unix/-m64
FAIL: bufio
FAIL: bytes
FAIL: context
FAIL: image
FAIL: io
FAIL: log
FAIL: net
FAIL: os
FAIL: reflect
FAIL: regexp
FAIL: runtime
FAIL: strconv
FAIL: strings
FAIL: sync
FAIL: time
FAIL: archive/zip
FAIL: compress/bzip2
FAIL: compress/flate
FAIL: compress/gzip
FAIL: compress/zlib
FAIL: crypto/ecdsa
FAIL: crypto/rand
FAIL: crypto/rc4
FAIL: crypto/rsa
FAIL: crypto/subtle
FAIL: crypto/tls
FAIL: crypto/x509
FAIL: database/sql
FAIL: debug/elf
FAIL: debug/pe
FAIL: encoding/gob
FAIL: encoding/json
FAIL: encoding/pem
FAIL: encoding/xml
FAIL: html/template
FAIL: go/ast
FAIL: go/build
FAIL: go/doc
FAIL: go/parser
FAIL: go/printer
FAIL: go/token
FAIL: golang_org/x/crypto/chacha20poly1305
FAIL: image/color
FAIL: image/draw
FAIL: image/jpeg
FAIL: image/png
FAIL: index/suffixarray
FAIL: internal/trace
FAIL: math/big
FAIL: math/rand
FAIL: mime/multipart
FAIL: mime/quotedprintable
FAIL: net/http
FAIL: net/http/httptrace
FAIL: net/http/httputil
FAIL: net/smtp
FAIL: os/exec
FAIL: os/user
FAIL: regexp/syntax
FAIL: runtime/debug
FAIL: runtime/pprof
FAIL: runtime/pprof/internal/protopprof
FAIL: runtime/trace
FAIL: sync/atomic
FAIL: text/template
FAIL: text/template/parse
FAIL: testing/quick
FAIL: unicode/utf8
=== libgo Summary for unix/-m64 ===
# of expected passes 79
# of unexpected failures 68
=== libgo Summary ===
# of expected passes 224
# of unexpected failures 70
/var/gcc/regression/trunk/11-gcc-gas-gld/build/./gcc/gccgo version 8.0.0 20170519 (experimental) [trunk revision 248262] (GCC)
=== libgomp tests ===
Running target unix
=== libgomp Summary for unix ===
# of expected passes 5158
# of unsupported tests 333
Running target unix/-m64
=== libgomp Summary for unix/-m64 ===
# of expected passes 5158
# of unsupported tests 333
=== libgomp Summary ===
# of expected passes 10316
# of unsupported tests 666
=== libitm tests ===
Running target unix
=== libitm Summary for unix ===
# of expected passes 42
# of expected failures 3
# of unsupported tests 1
Running target unix/-m64
=== libitm Summary for unix/-m64 ===
# of expected passes 42
# of expected failures 3
# of unsupported tests 1
=== libitm Summary ===
# of expected passes 84
# of expected failures 6
# of unsupported tests 2
=== libstdc++ tests ===
Running target unix
=== libstdc++ Summary for unix ===
# of expected passes 10868
# of expected failures 66
# of unsupported tests 616
Running target unix/-m64
=== libstdc++ Summary for unix/-m64 ===
# of expected passes 10860
# of expected failures 66
# of unsupported tests 620
=== libstdc++ Summary ===
# of expected passes 21728
# of expected failures 132
# of unsupported tests 1236
Compiler version: 8.0.0 20170519 (experimental) [trunk revision 248262] (GCC)
Platform: i386-pc-solaris2.11
configure flags: --prefix=/vol/gcc --target=i386-pc-solaris2.11 --enable-objc-gc --with-target-bdw-gc-include=/vol/gcc/include --with-target-bdw-gc-lib=/vol/gcc/lib,amd64=/vol/gcc/lib/amd64 --enable-libmudflap --with-as=/vol/gcc/bin/gas-2.28 --with-gnu-as --with-ld=/vol/gcc/bin/gld-2.28 --with-gnu-ld --with-gmp-include=/vol/gcc/include --with-gmp-lib=/vol/gcc/lib --with-mpfr-include=/vol/gcc/include --with-mpfr-lib=/vol/gcc/lib --with-mpc-include=/vol/gcc/include --with-mpc-lib=/vol/gcc/lib --enable-languages=all,ada,obj-c++,go --with-isl-include=/vol/gcc/include --with-isl-lib=/vol/gcc/lib --build=i386-pc-solaris2.11 --host=i386-pc-solaris2.11
BOOT_CFLAGS=-g -O2
More information about the Gcc-testresults
mailing list