Results for 8.0.0 20170518 (experimental) [trunk revision 248185] (GCC) testsuite on powerpc-ibm-aix7.2.0.0
David Edelsohn
edelsohn@p824aix.watson.ibm.com
Thu May 18 12:38:00 GMT 2017
LAST_UPDATED: Thu May 18 09:49:33 UTC 2017 (revision 248185)
Native configuration is powerpc-ibm-aix7.2.0.0
=== g++ tests ===
Running target unix
FAIL: g++.dg/compat/eh/new1 cp_compat_x_tst.o-cp_compat_y_tst.o execute
XPASS: g++.dg/debug/pr56294.C -gdwarf-2 (test for excess errors)
XPASS: g++.dg/debug/pr56294.C -gdwarf-2 -g1 (test for excess errors)
XPASS: g++.dg/debug/pr56294.C -gdwarf-2 -g3 (test for excess errors)
XPASS: g++.dg/debug/pr56294.C -gxcoff (test for excess errors)
XPASS: g++.dg/debug/pr56294.C -gxcoff+ (test for excess errors)
XPASS: g++.dg/debug/pr56294.C -gxcoff+1 (test for excess errors)
XPASS: g++.dg/debug/pr56294.C -gxcoff+3 (test for excess errors)
XPASS: g++.dg/debug/pr56294.C -gxcoff1 (test for excess errors)
XPASS: g++.dg/debug/pr56294.C -gxcoff3 (test for excess errors)
XPASS: g++.dg/debug/pr56819.C -gdwarf-2 (test for excess errors)
XPASS: g++.dg/debug/pr56819.C -gdwarf-2 -g1 (test for excess errors)
XPASS: g++.dg/debug/pr56819.C -gdwarf-2 -g3 (test for excess errors)
XPASS: g++.dg/debug/pr56819.C -gxcoff (test for excess errors)
XPASS: g++.dg/debug/pr56819.C -gxcoff+ (test for excess errors)
XPASS: g++.dg/debug/pr56819.C -gxcoff+1 (test for excess errors)
XPASS: g++.dg/debug/pr56819.C -gxcoff+3 (test for excess errors)
XPASS: g++.dg/debug/pr56819.C -gxcoff1 (test for excess errors)
XPASS: g++.dg/debug/pr56819.C -gxcoff3 (test for excess errors)
XPASS: g++.dg/debug/dwarf2/defaulted-member-function-3.C scan-assembler-not DW_AT_defaulted
XPASS: g++.dg/debug/dwarf2/inline-var-2.C scan-assembler-not DW_TAG_member
XPASS: g++.dg/debug/dwarf2/pr46123-2.C -std=gnu++11 broken -feliminate-dwarf2-dups (test for bogus messages, line 1)
XPASS: g++.dg/debug/dwarf2/pr46123-2.C -std=gnu++14 broken -feliminate-dwarf2-dups (test for bogus messages, line 1)
XPASS: g++.dg/debug/dwarf2/pr46123-2.C -std=gnu++98 broken -feliminate-dwarf2-dups (test for bogus messages, line 1)
XPASS: g++.dg/eh/new1.C -std=c++11 execution test
XPASS: g++.dg/eh/new1.C -std=c++98 execution test
FAIL: g++.dg/ext/vector32.C -std=c++11 (internal compiler error)
FAIL: g++.dg/ext/vector32.C -std=c++11 (test for excess errors)
FAIL: g++.dg/ext/vector32.C -std=c++14 (internal compiler error)
FAIL: g++.dg/ext/vector32.C -std=c++14 (test for excess errors)
FAIL: g++.dg/ext/vector32.C -std=c++98 (internal compiler error)
FAIL: g++.dg/ext/vector32.C -std=c++98 (test for excess errors)
FAIL: g++.dg/ext/vector32a.C -std=c++11 (internal compiler error)
FAIL: g++.dg/ext/vector32a.C -std=c++11 (test for excess errors)
FAIL: g++.dg/ext/vector32a.C -std=c++14 (internal compiler error)
FAIL: g++.dg/ext/vector32a.C -std=c++14 (test for excess errors)
FAIL: g++.dg/ext/vector32a.C -std=c++98 (internal compiler error)
FAIL: g++.dg/ext/vector32a.C -std=c++98 (test for excess errors)
XPASS: g++.dg/template/linkage1.C -std=c++98 scan-assembler-not (weak|glob)[^\\n]*_Z3fooIXadL_ZL11static_funcvEEEvv
FAIL: g++.dg/tree-prof/pr57451.C compilation, -fprofile-use -D_PROFILE_USE
UNRESOLVED: g++.dg/tree-prof/pr57451.C execution, -fprofile-use -D_PROFILE_USE
XPASS: g++.old-deja/g++.eh/new2.C -std=gnu++11 execution test
XPASS: g++.old-deja/g++.eh/new2.C -std=gnu++98 execution test
XPASS: g++.old-deja/g++.mike/p755a.C -std=c++11 execution test
XPASS: g++.old-deja/g++.mike/p755a.C -std=c++98 execution test
=== g++ Summary ===
# of expected passes 98294
# of unexpected failures 14
# of unexpected successes 30
# of expected failures 618
# of unresolved testcases 1
# of unsupported tests 4485
/tmp/GCC/gcc/testsuite/g++/../../xg++ version 8.0.0 20170518 (experimental) [trunk revision 248185] (GCC)
=== gcc tests ===
Running target unix
XPASS: gcc.dg/autopar/pr46799.c (test for excess errors)
FAIL: gcc.dg/asm-names.c scan-assembler-not ____frob14
FAIL: gcc.dg/ipa/iinline-attr.c scan-ipa-dump inline "hooray[^\\\\n]*inline copy in test"
XPASS: gcc.dg/torture/pr59166.c -O0 (test for excess errors)
FAIL: gcc.dg/torture/pr68264.c -O0 execution test
FAIL: gcc.dg/torture/pr68264.c -Os execution test
FAIL: gcc.dg/tree-prof/time-profiler-2.c scan-ipa-dump-times profile "Read tp_first_run: 0" 2
FAIL: gcc.dg/tree-prof/time-profiler-2.c scan-ipa-dump-times profile "Read tp_first_run: 2" 1
FAIL: gcc.dg/tree-prof/time-profiler-2.c scan-ipa-dump-times profile "Read tp_first_run: 3" 1
XPASS: gcc.dg/vect/costmodel/ppc/costmodel-fast-math-vect-pr29925.c scan-tree-dump-times vect "vectorization not profitable" 1
XPASS: gcc.dg/vect/slp-24-big-array.c scan-tree-dump-times vect "vectorized 1 loops" 1
XPASS: gcc.dg/vect/slp-24-big-array.c scan-tree-dump-times vect "vectorizing stmts using SLP" 2
XPASS: gcc.dg/vect/slp-24.c scan-tree-dump-times vect "vectorized 1 loops" 1
XPASS: gcc.dg/vect/slp-24.c scan-tree-dump-times vect "vectorizing stmts using SLP" 2
FAIL: gcc.dg/vect/slp-perm-8.c scan-tree-dump-times vect "vectorized 1 loops" 1
XPASS: gcc.dg/vect/vect-24.c scan-tree-dump-times vect "vectorized 3 loops" 1
XPASS: gcc.dg/vect/vect-95.c scan-tree-dump-times vect "Alignment of access forced using peeling" 0
FAIL: gcc.target/powerpc/bmi2-bzhi32-1.c (test for excess errors)
WARNING: gcc.target/powerpc/bmi2-bzhi32-1.c compilation failed to produce executable
FAIL: gcc.target/powerpc/bmi2-bzhi64-1.c (test for excess errors)
WARNING: gcc.target/powerpc/bmi2-bzhi64-1.c compilation failed to produce executable
FAIL: gcc.target/powerpc/bmi2-bzhi64-1a.c (test for excess errors)
UNRESOLVED: gcc.target/powerpc/bmi2-bzhi64-1a.c scan-assembler-not sld
UNRESOLVED: gcc.target/powerpc/bmi2-bzhi64-1a.c scan-assembler-not srd
UNRESOLVED: gcc.target/powerpc/bmi2-bzhi64-1a.c scan-assembler-times rldicl 6
FAIL: gcc.target/powerpc/bmi2-mulx32-1.c (test for excess errors)
WARNING: gcc.target/powerpc/bmi2-mulx32-1.c compilation failed to produce executable
FAIL: gcc.target/powerpc/bmi2-mulx32-2.c (test for excess errors)
WARNING: gcc.target/powerpc/bmi2-mulx32-2.c compilation failed to produce executable
FAIL: gcc.target/powerpc/bmi2-mulx64-1.c (test for excess errors)
WARNING: gcc.target/powerpc/bmi2-mulx64-1.c compilation failed to produce executable
FAIL: gcc.target/powerpc/bmi2-mulx64-2.c (test for excess errors)
WARNING: gcc.target/powerpc/bmi2-mulx64-2.c compilation failed to produce executable
FAIL: gcc.target/powerpc/bmi2-pdep32-1.c (test for excess errors)
WARNING: gcc.target/powerpc/bmi2-pdep32-1.c compilation failed to produce executable
FAIL: gcc.target/powerpc/bmi2-pdep64-1.c (test for excess errors)
WARNING: gcc.target/powerpc/bmi2-pdep64-1.c compilation failed to produce executable
FAIL: gcc.target/powerpc/bmi2-pext32-1.c (test for excess errors)
WARNING: gcc.target/powerpc/bmi2-pext32-1.c compilation failed to produce executable
FAIL: gcc.target/powerpc/bmi2-pext64-1.c (test for excess errors)
WARNING: gcc.target/powerpc/bmi2-pext64-1.c compilation failed to produce executable
FAIL: gcc.target/powerpc/bmi2-pext64-1a.c (test for excess errors)
UNRESOLVED: gcc.target/powerpc/bmi2-pext64-1a.c scan-assembler-not cntlzd
UNRESOLVED: gcc.target/powerpc/bmi2-pext64-1a.c scan-assembler-not popcntd
UNRESOLVED: gcc.target/powerpc/bmi2-pext64-1a.c scan-assembler-times bpermd 4
FAIL: gcc.target/powerpc/fold-vec-div-float.c (test for excess errors)
UNRESOLVED: gcc.target/powerpc/fold-vec-div-float.c scan-assembler-times \\\\mxvdivsp\\\\M 1
FAIL: gcc.target/powerpc/fold-vec-div-floatdouble.c (test for excess errors)
UNRESOLVED: gcc.target/powerpc/fold-vec-div-floatdouble.c scan-assembler-times \\\\mxvdivdp\\\\M 1
FAIL: gcc.target/powerpc/fold-vec-div-longlong.c scan-assembler-times \\\\mdivd\\\\M 2
FAIL: gcc.target/powerpc/fold-vec-div-longlong.c scan-assembler-times \\\\mdivdu\\\\M 2
FAIL: gcc.target/powerpc/fold-vec-logical-ands-char.c scan-assembler-times \\\\mxxland\\\\M 6
FAIL: gcc.target/powerpc/fold-vec-logical-ands-char.c scan-assembler-times \\\\mxxlandc\\\\M 6
FAIL: gcc.target/powerpc/fold-vec-logical-ands-int.c scan-assembler-times \\\\mxxland\\\\M 6
FAIL: gcc.target/powerpc/fold-vec-logical-ands-int.c scan-assembler-times \\\\mxxlandc\\\\M 6
FAIL: gcc.target/powerpc/fold-vec-logical-ands-short.c scan-assembler-times \\\\mxxland\\\\M 6
FAIL: gcc.target/powerpc/fold-vec-logical-ands-short.c scan-assembler-times \\\\mxxlandc\\\\M 6
FAIL: gcc.target/powerpc/fold-vec-logical-ors-char.c scan-assembler-times \\\\mxxlnor\\\\M 2
FAIL: gcc.target/powerpc/fold-vec-logical-ors-char.c scan-assembler-times \\\\mxxlor\\\\M 6
FAIL: gcc.target/powerpc/fold-vec-logical-ors-char.c scan-assembler-times \\\\mxxlxor\\\\M 6
FAIL: gcc.target/powerpc/fold-vec-logical-ors-int.c scan-assembler-times \\\\mxxlnor\\\\M 2
FAIL: gcc.target/powerpc/fold-vec-logical-ors-int.c scan-assembler-times \\\\mxxlor\\\\M 6
FAIL: gcc.target/powerpc/fold-vec-logical-ors-int.c scan-assembler-times \\\\mxxlxor\\\\M 6
FAIL: gcc.target/powerpc/fold-vec-logical-ors-longlong.c scan-assembler-times \\\\mxxlor\\\\M 6
FAIL: gcc.target/powerpc/fold-vec-logical-ors-short.c scan-assembler-times \\\\mxxlnor\\\\M 2
FAIL: gcc.target/powerpc/fold-vec-logical-ors-short.c scan-assembler-times \\\\mxxlor\\\\M 6
FAIL: gcc.target/powerpc/fold-vec-logical-ors-short.c scan-assembler-times \\\\mxxlxor\\\\M 6
FAIL: gcc.target/powerpc/p8-vec-xl-xst.c scan-assembler-times lxvd2x 4
FAIL: gcc.target/powerpc/p8-vec-xl-xst.c scan-assembler-times stxvd2x 4
FAIL: gcc.target/powerpc/p8-vec-xl-xst.c scan-assembler-times xxpermdi 8
FAIL: gcc.target/powerpc/pr79909.c (test for excess errors)
FAIL: gcc.target/powerpc/pr80695-p9.c (test for excess errors)
FAIL: gcc.target/powerpc/pr80695-p9.c scan-tree-dump-times slp2 "vectorization is not profitable" 1
=== gcc Summary ===
# of expected passes 82055
# of unexpected failures 46
# of unexpected successes 9
# of expected failures 356
# of unresolved testcases 8
# of unsupported tests 2403
/tmp/GCC/gcc/xgcc version 8.0.0 20170518 (experimental) [trunk revision 248185] (GCC)
=== gfortran tests ===
Running target unix
FAIL: gfortran.dg/bind_c_array_params_2.f90 -O scan-assembler-times [ \\t][\$,_0-9]*myBindC 1
FAIL: gfortran.dg/elemental_subroutine_3.f90 -O1 (test for excess errors)
FAIL: gfortran.dg/elemental_subroutine_3.f90 -O2 (test for excess errors)
FAIL: gfortran.dg/elemental_subroutine_3.f90 -O3 -fomit-frame-pointer -funroll-loops -fpeel-loops -ftracer -finline-functions (test for excess errors)
FAIL: gfortran.dg/elemental_subroutine_3.f90 -O3 -g (test for excess errors)
FAIL: gfortran.dg/elemental_subroutine_3.f90 -Os (test for excess errors)
FAIL: gfortran.dg/graphite/vect-pr40979.f90 -O scan-tree-dump-times vect "vectorized 1 loops" 1
FAIL: gfortran.dg/vect/fast-math-mgrid-resid.f -O scan-tree-dump pcom "vectp_u.*__lsm.* = PHI <.*vectp_u.*__lsm"
FAIL: gfortran.dg/vect/vect-2.f90 -O scan-tree-dump-times vect "Alignment of access forced using peeling" 3
FAIL: gfortran.dg/vect/vect-2.f90 -O scan-tree-dump-times vect "Vectorizing an unaligned access" 2
FAIL: gfortran.dg/vect/vect-5.f90 -O scan-tree-dump-times vect "Alignment of access forced using peeling" 1
FAIL: gfortran.dg/vect/vect-5.f90 -O scan-tree-dump-times vect "Vectorizing an unaligned access" 1
=== gfortran Summary ===
# of expected passes 44095
# of unexpected failures 12
# of expected failures 95
# of unsupported tests 349
/tmp/GCC/gcc/testsuite/gfortran/../../gfortran version 8.0.0 20170518 (experimental) [trunk revision 248185] (GCC)
=== objc tests ===
Running target unix
FAIL: objc.dg-struct-layout-encoding-1/t026_main.m execution test
=== objc Summary ===
# of expected passes 2678
# of unexpected failures 1
# of expected failures 10
# of unsupported tests 59
/tmp/GCC/gcc/xgcc version 8.0.0 20170518 (experimental) [trunk revision 248185] (GCC)
=== libatomic tests ===
Running target unix
=== libatomic Summary ===
# of expected passes 44
# of unsupported tests 5
=== libgomp tests ===
Running target unix
FAIL: libgomp.fortran/omp_parse1.f90 -Os execution test
FAIL: libgomp.fortran/omp_workshare1.f -O execution test
FAIL: libgomp.fortran/omp_workshare2.f -O execution test
FAIL: libgomp.fortran/recursion1.f90 -O0 execution test
FAIL: libgomp.fortran/recursion1.f90 -O1 execution test
FAIL: libgomp.fortran/recursion1.f90 -O3 -fomit-frame-pointer -funroll-loops -fpeel-loops -ftracer -finline-functions execution test
FAIL: libgomp.fortran/recursion1.f90 -O3 -g execution test
FAIL: libgomp.fortran/recursion1.f90 -Os execution test
FAIL: libgomp.fortran/strassen.f90 -O execution test
FAIL: libgomp.graphite/force-parallel-7.c execution test
FAIL: libgomp.oacc-c/../libgomp.oacc-c-c++-common/atomic_update-1.c -DACC_DEVICE_TYPE_host=1 -DACC_MEM_SHARED=1 -O2 execution test
FAIL: libgomp.oacc-c++/../libgomp.oacc-c-c++-common/atomic_update-1.c -DACC_DEVICE_TYPE_host=1 -DACC_MEM_SHARED=1 -O2 execution test
=== libgomp Summary ===
# of expected passes 5034
# of unexpected failures 12
# of unsupported tests 389
=== libstdc++ tests ===
Running target unix
=== libstdc++ Summary ===
# of expected passes 10080
# of expected failures 71
# of unsupported tests 722
Compiler version: 8.0.0 20170518 (experimental) [trunk revision 248185] (GCC)
Platform: powerpc-ibm-aix7.2.0.0
configure flags: --disable-werror --enable-languages=c,c++,fortran,objc --with-gmp=/gsa/yktgsa/home/e/d/edelsohn/install --with-isl=/gsa/yktgsa/home/e/d/edelsohn/install --with-libiconv-prefix=/gsa/yktgsa/home/e/d/edelsohn/install --disable-libstdcxx-pch --with-included-gettext
More information about the Gcc-testresults
mailing list