Results for 7.1.1 20170515 [gcc-7-branch revision 248041] (GCC) testsuite on powerpc64le-unknown-linux-gnu
Bill Seurer (POWER8)
seurer@linux.vnet.ibm.com
Mon May 15 04:49:00 GMT 2017
Linux 3.13.0-35-generic ppc64le
GNU C Library (Ubuntu EGLIBC 2.19-0ubuntu6.6) stable release version 2.19
GNU ld (GNU Binutils) 2.26.20160125
GNU assembler (GNU Binutils) 2.26.20160125
GNU Make 3.81
DejaGnu:
Expect version is 5.45
Tcl version is 8.6
Framework version is 1.5
64-bit
LAST_UPDATED: Mon May 15 03:14:28 UTC 2017 (revision 248041)
Native configuration is powerpc64le-unknown-linux-gnu
=== gcc tests ===
Running target unix
XPASS: gcc.dg/Wtrampolines.c standard descriptors (test for warnings, line 31)
FAIL: gcc.dg/sms-4.c scan-rtl-dump-times sms "SMS succeeded" 1
FAIL: gcc.dg/ipa/iinline-attr.c scan-ipa-dump inline "hooray[^\\\\n]*inline copy in test"
FAIL: gcc.dg/simulate-thread/atomic-other-short.c -O0 -g thread simulation test
FAIL: gcc.dg/simulate-thread/atomic-other-short.c -O2 -g thread simulation test
FAIL: gcc.dg/simulate-thread/atomic-other-short.c -O3 -g thread simulation test
XPASS: gcc.dg/tree-ssa/ssa-dom-cse-2.c scan-tree-dump optimized "return 28;"
WARNING: ThreadSanitizer: data race (pid=28489)
WARNING: ThreadSanitizer: data race (pid=28634)
FAIL: c-c++-common/tsan/race_on_mutex.c -O0 output pattern test, is ==================
FAIL: c-c++-common/tsan/race_on_mutex.c -O2 output pattern test, is ==================
XPASS: gcc.dg/vect/vect-24.c -flto -ffat-lto-objects scan-tree-dump-times vect "vectorized 3 loops" 1
XPASS: gcc.dg/vect/vect-24.c scan-tree-dump-times vect "vectorized 3 loops" 1
XPASS: gcc.target/powerpc/20050603-3.c scan-assembler-not \\\\mrlwinm
XPASS: gcc.target/powerpc/20050603-3.c scan-assembler-times \\\\mrl[wd]imi 1
FAIL: gcc.target/powerpc/bool3-p7.c scan-assembler-not [ \\t]xxlnor
FAIL: gcc.target/powerpc/bool3-p8.c scan-assembler-not [ \\t]xxlnor
=== gcc Summary ===
# of expected passes 110217
# of unexpected failures 9
# of unexpected successes 6
# of expected failures 360
# of unsupported tests 2286
/home/gccbuild/build/nightly/build-gcc-7/gcc/xgcc version 7.1.1 20170515 [gcc-7-branch revision 248041] (GCC)
=== gfortran tests ===
Running target unix
FAIL: gfortran.dg/ieee/large_2.f90 -O0 execution test
FAIL: gfortran.dg/ieee/large_2.f90 -O1 execution test
FAIL: gfortran.dg/ieee/large_2.f90 -O2 execution test
FAIL: gfortran.dg/ieee/large_2.f90 -O3 -fomit-frame-pointer -funroll-loops -fpeel-loops -ftracer -finline-functions execution test
FAIL: gfortran.dg/ieee/large_2.f90 -O3 -g execution test
FAIL: gfortran.dg/ieee/large_2.f90 -Os execution test
=== gfortran Summary ===
# of expected passes 44840
# of unexpected failures 6
# of expected failures 96
# of unsupported tests 95
/home/gccbuild/build/nightly/build-gcc-7/gcc/testsuite/gfortran/../../gfortran version 7.1.1 20170515 [gcc-7-branch revision 248041] (GCC)
=== g++ tests ===
Running target unix
WARNING: ThreadSanitizer: data race (pid=124163)
WARNING: ThreadSanitizer: data race (pid=124257)
FAIL: c-c++-common/tsan/race_on_mutex.c -O0 output pattern test, is ==================
FAIL: c-c++-common/tsan/race_on_mutex.c -O2 output pattern test, is ==================
=== g++ Summary ===
# of expected passes 110578
# of unexpected failures 2
# of expected failures 377
# of unsupported tests 4579
/home/gccbuild/build/nightly/build-gcc-7/gcc/testsuite/g++/../../xg++ version 7.1.1 20170515 [gcc-7-branch revision 248041] (GCC)
=== go tests ===
Running target unix
FAIL: go.test/test/ken/cplx2.go execution, -O2 -g
=== go Summary ===
# of expected passes 7249
# of unexpected failures 1
# of expected failures 1
# of untested testcases 7
# of unsupported tests 3
/home/gccbuild/build/nightly/build-gcc-7/gcc/testsuite/go/../../gccgo version 7.1.1 20170515 [gcc-7-branch revision 248041] (GCC)
=== obj-c++ tests ===
Running target unix
=== obj-c++ Summary ===
# of expected passes 1451
# of expected failures 10
# of unsupported tests 77
/home/gccbuild/build/nightly/build-gcc-7/gcc/testsuite/obj-c++/../../xg++ version 7.1.1 20170515 [gcc-7-branch revision 248041] (GCC)
=== objc tests ===
Running target unix
=== objc Summary ===
# of expected passes 2803
# of unsupported tests 68
/home/gccbuild/build/nightly/build-gcc-7/gcc/xgcc version 7.1.1 20170515 [gcc-7-branch revision 248041] (GCC)
=== libatomic tests ===
Running target unix
=== libatomic Summary ===
# of expected passes 54
=== libffi tests ===
Running target unix
=== libffi Summary ===
# of expected passes 1934
# of unsupported tests 28
=== libgo tests ===
Running target unix
=== libgo Summary ===
# of expected passes 145
/home/gccbuild/build/nightly/build-gcc-7/./gcc/gccgo version 7.1.1 20170515 [gcc-7-branch revision 248041] (GCC)
=== libgomp tests ===
Running target unix
=== libgomp Summary ===
# of expected passes 5020
# of unsupported tests 379
=== libitm tests ===
Running target unix
=== libitm Summary ===
# of expected passes 42
# of expected failures 3
# of unsupported tests 1
=== libstdc++ tests ===
Running target unix
=== libstdc++ Summary ===
# of expected passes 11673
# of expected failures 66
# of unsupported tests 395
Compiler version: 7.1.1 20170515 [gcc-7-branch revision 248041] (GCC)
Platform: powerpc64le-unknown-linux-gnu
configure flags: --prefix=/opt/gcc-nightly/7 --with-as=/home/gccbuild/binutils/install/binutils-2.26/bin/as --with-ld=/home/gccbuild/binutils/install/binutils-2.26/bin/ld --enable-languages=c,c++,fortran,objc,obj-c++,go --with-cpu=power8
More information about the Gcc-testresults
mailing list