Results for 8.0.0 20170512 (experimental) [trunk revision 247964] (GCC) testsuite on sparc-sun-solaris2.11
Rainer Orth
ro@CeBiTec.Uni-Bielefeld.DE
Sat May 13 08:05:00 GMT 2017
LAST_UPDATED: Fri May 12 11:32:37 UTC 2017 (revision 247964)
=== acats tests ===
FAIL: c95087b
FAIL: c95095d
FAIL: c951001
FAIL: c954001
FAIL: c954012
FAIL: c954018
FAIL: c954019
FAIL: c954022
FAIL: c954a01
FAIL: c954a02
FAIL: c954a03
FAIL: c960001
FAIL: c960002
FAIL: c960004
FAIL: c96001a
FAIL: c96004a
FAIL: c96005a
FAIL: c96005b
FAIL: c96005d
FAIL: c96005d
FAIL: c96005f
FAIL: c96006a
FAIL: c96006a
FAIL: c96007a
FAIL: c96008a
FAIL: c96008b
FAIL: c97112a
FAIL: c97113a
FAIL: c97113a
FAIL: c97114a
FAIL: c97114a
FAIL: c97115a
FAIL: c97116a
FAIL: c97117a
FAIL: c97117b
FAIL: c97117c
FAIL: c97117c
FAIL: c97118a
FAIL: c97118a
FAIL: c97120a
FAIL: c97120a
FAIL: c97120b
FAIL: c97120b
FAIL: c97201a
FAIL: c97201a
FAIL: c97201b
FAIL: c97201b
FAIL: c97201b
FAIL: c97201c
FAIL: c97201c
FAIL: c97201d
FAIL: c97201d
FAIL: c97201d
FAIL: c97201e
FAIL: c97201e
FAIL: c97201e
FAIL: c97201g
FAIL: c97201g
FAIL: c97201g
FAIL: c97201h
FAIL: c97201h
FAIL: c97201x
FAIL: c97201x
FAIL: c97202a
FAIL: c97202a
FAIL: c97202a
FAIL: c97203a
FAIL: c97203a
FAIL: c97203b
FAIL: c97203b
FAIL: c97203c
FAIL: c97203c
FAIL: c97204a
FAIL: c97204a
FAIL: c97204b
FAIL: c97204b
FAIL: c97205a
FAIL: c97205a
FAIL: c97205b
FAIL: c97205b
FAIL: c97301a
FAIL: c97301a
FAIL: c97301b
FAIL: c97301b
FAIL: c97301c
FAIL: c97301c
FAIL: c97301d
FAIL: c97301d
FAIL: c97301e
FAIL: c97301e
FAIL: c97302a
FAIL: c97302a
FAIL: c97303a
FAIL: c97303a
FAIL: c97303b
FAIL: c97303b
FAIL: c97303c
FAIL: c97303c
FAIL: c97304a
FAIL: c97304a
FAIL: c97304b
FAIL: c97304b
FAIL: c97305a
FAIL: c97305a
FAIL: c97305b
FAIL: c97305b
FAIL: c97305c
FAIL: c97305c
FAIL: c97305d
FAIL: c97305d
FAIL: c97307a
FAIL: c97307a
FAIL: c974001
FAIL: c974001
FAIL: c974002
FAIL: c974002
FAIL: c974003
FAIL: c974003
FAIL: c974004
FAIL: c974004
FAIL: c974005
FAIL: c974005
FAIL: c974006
FAIL: c974006
FAIL: c974007
FAIL: c974007
FAIL: c974008
FAIL: c974008
FAIL: c974009
FAIL: c974009
FAIL: c974010
FAIL: c974010
FAIL: c974011
FAIL: c974011
FAIL: c974012
FAIL: c974012
FAIL: c974013
FAIL: c974013
FAIL: c974014
FAIL: c974014
FAIL: c980001
FAIL: c980001
FAIL: c980002
FAIL: c980002
FAIL: c980003
FAIL: c980003
FAIL: c99004a
FAIL: c99004a
FAIL: c99005a
FAIL: c99005a
FAIL: c9a003a
FAIL: c9a003a
FAIL: c9a004a
FAIL: c9a007a
FAIL: c9a009a
FAIL: c9a009c
FAIL: c9a009c
FAIL: c9a009f
FAIL: c9a009g
FAIL: c9a009h
FAIL: c9a010a
FAIL: c9a011a
FAIL: c9a011b
FAIL: ca1020e
FAIL: ca11009
=== acats Summary ===
# of expected passes 2255
# of unexpected failures 165
Native configuration is sparc-sun-solaris2.11
=== g++ tests ===
Running target unix
FAIL: c-c++-common/cilk-plus/CK/cilk_for_grain.c -g -O2 (test for excess errors)
FAIL: c-c++-common/cilk-plus/CK/fib.c -g -O2 (test for excess errors)
FAIL: c-c++-common/cilk-plus/CK/pr69826-2.c -g -O2 (test for excess errors)
FAIL: g++.dg/compat/abi/vbase8-10 cp_compat_x_tst.o-cp_compat_y_tst.o link
FAIL: g++.dg/compat/abi/vbase8-4 cp_compat_x_tst.o-cp_compat_y_tst.o link
WARNING: Could not compile g++.dg/compat/struct-layout-1 generator
=== g++ Summary for unix ===
# of expected passes 105373
# of unexpected failures 5
# of expected failures 364
# of unsupported tests 4657
Running target unix/-m64
=== g++ Summary for unix/-m64 ===
# of expected passes 105193
# of expected failures 422
# of unsupported tests 4468
=== g++ Summary ===
# of expected passes 210566
# of unexpected failures 5
# of expected failures 786
# of unsupported tests 9125
/var/gcc/regression/trunk/11-gcc/build/gcc/testsuite/g++/../../xg++ version 8.0.0 20170512 (experimental) [trunk revision 247964] (GCC)
=== gcc tests ===
Running target unix
FAIL: gcc.dg/visibility-22.c execution test
FAIL: gcc.dg/plugin/must-tail-call-1.c -fplugin=./must_tail_call_plugin.so (test for excess errors)
FAIL: gcc.dg/simulate-thread/atomic-other-int.c -O2 -g thread simulation test
FAIL: gcc.dg/simulate-thread/atomic-other-int.c -O3 -g thread simulation test
FAIL: gcc.dg/simulate-thread/speculative-store-4.c -O0 -g thread simulation test
FAIL: gcc.dg/simulate-thread/speculative-store-4.c -O2 -g thread simulation test
FAIL: gcc.dg/simulate-thread/speculative-store-4.c -O3 -g thread simulation test
FAIL: gcc.dg/simulate-thread/speculative-store.c -O0 -g thread simulation test
=== gcc Summary for unix ===
# of expected passes 99759
# of unexpected failures 8
# of expected failures 425
# of unsupported tests 2622
Running target unix/-m64
FAIL: gcc.dg/visibility-22.c execution test
FAIL: gcc.dg/plugin/must-tail-call-1.c -fplugin=./must_tail_call_plugin.so (test for excess errors)
=== gcc Summary for unix/-m64 ===
# of expected passes 100823
# of unexpected failures 2
# of expected failures 410
# of unsupported tests 2413
=== gcc Summary ===
# of expected passes 200582
# of unexpected failures 10
# of expected failures 835
# of unsupported tests 5035
/var/gcc/regression/trunk/11-gcc/build/gcc/xgcc version 8.0.0 20170512 (experimental) [trunk revision 247964] (GCC)
=== gfortran tests ===
Running target unix
FAIL: gfortran.dg/alloc_comp_deep_copy_2.f03 -O3 -fomit-frame-pointer -funroll-loops -fpeel-loops -ftracer -finline-functions (test for excess errors)
FAIL: gfortran.dg/alloc_comp_default_init_1.f90 -O3 -fomit-frame-pointer -funroll-loops -fpeel-loops -ftracer -finline-functions (test for excess errors)
FAIL: gfortran.dg/alloc_comp_transformational_1.f90 -O1 (test for excess errors)
FAIL: gfortran.dg/allocatable_function_1.f90 -O0 (test for excess errors)
FAIL: gfortran.dg/elemental_subroutine_3.f90 -O1 (test for excess errors)
FAIL: gfortran.dg/elemental_subroutine_3.f90 -O2 (test for excess errors)
FAIL: gfortran.dg/elemental_subroutine_3.f90 -O3 -fomit-frame-pointer -funroll-loops -fpeel-loops -ftracer -finline-functions (test for excess errors)
FAIL: gfortran.dg/elemental_subroutine_3.f90 -O3 -g (test for excess errors)
FAIL: gfortran.dg/elemental_subroutine_3.f90 -Os (test for excess errors)
FAIL: gfortran.dg/mvbits_7.f90 -O0 (test for warnings, line 28)
=== gfortran Summary for unix ===
# of expected passes 44748
# of unexpected failures 10
# of expected failures 90
# of unsupported tests 243
Running target unix/-m64
FAIL: gfortran.dg/dtio_26.f03 -O0 execution test
FAIL: gfortran.dg/dtio_26.f03 -O1 execution test
FAIL: gfortran.dg/dtio_26.f03 -O2 execution test
FAIL: gfortran.dg/dtio_26.f03 -O3 -fomit-frame-pointer -funroll-loops -fpeel-loops -ftracer -finline-functions execution test
FAIL: gfortran.dg/dtio_26.f03 -O3 -g execution test
FAIL: gfortran.dg/dtio_26.f03 -Os execution test
FAIL: gfortran.dg/elemental_subroutine_3.f90 -O1 (test for excess errors)
FAIL: gfortran.dg/elemental_subroutine_3.f90 -O2 (test for excess errors)
FAIL: gfortran.dg/elemental_subroutine_3.f90 -O3 -fomit-frame-pointer -funroll-loops -fpeel-loops -ftracer -finline-functions (test for excess errors)
FAIL: gfortran.dg/elemental_subroutine_3.f90 -O3 -g (test for excess errors)
FAIL: gfortran.dg/elemental_subroutine_3.f90 -Os (test for excess errors)
FAIL: gfortran.dg/mvbits_7.f90 -O0 (test for warnings, line 28)
=== gfortran Summary for unix/-m64 ===
# of expected passes 44993
# of unexpected failures 12
# of expected failures 90
# of unsupported tests 122
=== gfortran Summary ===
# of expected passes 89741
# of unexpected failures 22
# of expected failures 180
# of unsupported tests 365
/var/gcc/regression/trunk/11-gcc/build/gcc/testsuite/gfortran/../../gfortran version 8.0.0 20170512 (experimental) [trunk revision 247964] (GCC)
=== gnat tests ===
Running target unix
FAIL: gnat.dg/sso/p3.adb -Og -g (test for excess errors)
FAIL: gnat.dg/sso/p4.adb -O0 (test for excess errors)
FAIL: gnat.dg/sso/p4.adb -O2 (test for excess errors)
FAIL: gnat.dg/sso/q12.adb -Og -g (test for excess errors)
WARNING: gnat.dg/sso/q12.adb -Og -g compilation failed to produce executable
FAIL: gnat.dg/sso/q2.adb -O0 (test for excess errors)
FAIL: gnat.dg/sso/r11.adb -Og -g (test for excess errors)
FAIL: gnat.dg/sso/r12.adb -O0 (test for excess errors)
FAIL: gnat.dg/sso/r12.adb -O1 -fno-inline (test for excess errors)
FAIL: gnat.dg/sso/r3.adb -O0 (test for excess errors)
FAIL: gnat.dg/sso/s5.adb -Og -g (test for excess errors)
FAIL: gnat.dg/sso/s6.adb -O1 -fno-inline (test for excess errors)
FAIL: gnat.dg/sso/s6.adb -Og -g (test for excess errors)
FAIL: gnat.dg/sso/s6.adb -Os (test for excess errors)
FAIL: gnat.dg/sso/t3.adb -O3 -finline-functions (test for excess errors)
FAIL: gnat.dg/sso/t3.adb -Og -g (test for excess errors)
FAIL: gnat.dg/sso/t4.adb -O0 (test for excess errors)
FAIL: gnat.dg/sso/u6.adb -O0 (test for excess errors)
FAIL: gnat.dg/sso/u6.adb -O3 -finline-functions (test for excess errors)
=== gnat Summary for unix ===
# of expected passes 2516
# of unexpected failures 18
# of expected failures 24
# of unsupported tests 23
Running target unix/-m64
=== gnat Summary for unix/-m64 ===
# of expected passes 2536
# of expected failures 24
# of unsupported tests 23
=== gnat Summary ===
# of expected passes 5052
# of unexpected failures 18
# of expected failures 48
# of unsupported tests 46
/var/gcc/regression/trunk/11-gcc/build/gcc/gnatmake version 8.0.0 20170512 (experimental) [trunk revision 247964]
=== go tests ===
Running target unix
FAIL: ./index0-out.go execution, -O0 -g -fno-var-tracking-assignments
FAIL: go.test/test/fixedbugs/issue4562.go execution, -O2 -g
FAIL: go.test/test/method5.go execution, -O2 -g
FAIL: go.test/test/nil.go execution, -O2 -g
=== go Summary for unix ===
# of expected passes 7358
# of unexpected failures 4
# of expected failures 1
# of untested testcases 11
# of unsupported tests 3
Running target unix/-m64
FAIL: ./index0-out.go execution, -O0 -g -fno-var-tracking-assignments
=== go Summary for unix/-m64 ===
# of expected passes 7241
# of unexpected failures 1
# of expected failures 1
# of untested testcases 11
# of unsupported tests 3
=== go Summary ===
# of expected passes 14599
# of unexpected failures 5
# of expected failures 2
# of untested testcases 22
# of unsupported tests 6
=== obj-c++ tests ===
Running target unix
=== obj-c++ Summary for unix ===
# of expected passes 1459
# of expected failures 2
# of unsupported tests 77
Running target unix/-m64
=== obj-c++ Summary for unix/-m64 ===
# of expected passes 1451
# of expected failures 10
# of unsupported tests 77
=== obj-c++ Summary ===
# of expected passes 2910
# of expected failures 12
# of unsupported tests 154
/var/gcc/regression/trunk/11-gcc/build/gcc/testsuite/obj-c++/../../xg++ version 8.0.0 20170512 (experimental) [trunk revision 247964] (GCC)
=== objc tests ===
Running target unix
=== objc Summary for unix ===
# of expected passes 2803
# of unsupported tests 68
Running target unix/-m64
=== objc Summary for unix/-m64 ===
# of expected passes 2803
# of unsupported tests 68
=== objc Summary ===
# of expected passes 5606
# of unsupported tests 136
/var/gcc/regression/trunk/11-gcc/build/gcc/xgcc version 8.0.0 20170512 (experimental) [trunk revision 247964] (GCC)
=== libatomic tests ===
Running target unix
=== libatomic Summary for unix ===
# of expected passes 44
# of unsupported tests 5
Running target unix/-m64
=== libatomic Summary for unix/-m64 ===
# of expected passes 54
=== libatomic Summary ===
# of expected passes 98
# of unsupported tests 5
=== libffi tests ===
Running target unix
=== libffi Summary for unix ===
# of expected passes 2214
Running target unix/-m64
=== libffi Summary for unix/-m64 ===
# of expected passes 2214
=== libffi Summary ===
# of expected passes 4428
=== libgo tests ===
Running target unix
FAIL: net
FAIL: runtime
FAIL: go/build
FAIL: net/http
FAIL: text/template
=== libgo Summary for unix ===
# of expected passes 142
# of unexpected failures 5
Running target unix/-m64
FAIL: net
FAIL: go/build
FAIL: go/printer
FAIL: net/http
FAIL: runtime/pprof
=== libgo Summary for unix/-m64 ===
# of expected passes 142
# of unexpected failures 5
=== libgo Summary ===
# of expected passes 284
# of unexpected failures 10
=== libgomp tests ===
Running target unix
=== libgomp Summary for unix ===
# of expected passes 5060
# of unsupported tests 382
Running target unix/-m64
=== libgomp Summary for unix/-m64 ===
# of expected passes 5060
# of unsupported tests 382
=== libgomp Summary ===
# of expected passes 10120
# of unsupported tests 764
=== libitm tests ===
Running target unix
=== libitm Summary for unix ===
# of expected passes 42
# of expected failures 3
# of unsupported tests 1
Running target unix/-m64
=== libitm Summary for unix/-m64 ===
# of expected passes 42
# of expected failures 3
# of unsupported tests 1
=== libitm Summary ===
# of expected passes 84
# of expected failures 6
# of unsupported tests 2
=== libstdc++ tests ===
Running target unix
=== libstdc++ Summary for unix ===
# of expected passes 10812
# of expected failures 66
# of unsupported tests 636
Running target unix/-m64
=== libstdc++ Summary for unix/-m64 ===
# of expected passes 10812
# of expected failures 66
# of unsupported tests 636
=== libstdc++ Summary ===
# of expected passes 21624
# of expected failures 132
# of unsupported tests 1272
Compiler version: 8.0.0 20170512 (experimental) [trunk revision 247964] (GCC)
Platform: sparc-sun-solaris2.11
configure flags: --prefix=/vol/gcc --target=sparc-sun-solaris2.11 --enable-objc-gc --with-target-bdw-gc-include=/vol/gcc/include --with-target-bdw-gc-lib=/vol/gcc/lib,sparcv9=/vol/gcc/lib/sparcv9 --enable-libmudflap --with-as=/usr/ccs/bin/as --without-gnu-as --with-gmp-include=/vol/gcc/include --with-gmp-lib=/vol/gcc/lib --with-mpfr-include=/vol/gcc/include --with-mpfr-lib=/vol/gcc/lib --with-mpc-include=/vol/gcc/include --with-mpc-lib=/vol/gcc/lib --enable-languages=all,ada,obj-c++,go --with-isl-include=/vol/gcc/include --with-isl-lib=/vol/gcc/lib --build=sparc-sun-solaris2.11 --host=sparc-sun-solaris2.11
BOOT_CFLAGS=-g -O2
More information about the Gcc-testresults
mailing list