Results for 8.0.0 20170510 (experimental) [master revision 8004fb1:70d19af:34f3dfc228c3d7b94adbacb1cb98845f2ad93b7b] (Cavium Inc. (Build 1461)) testsuite on aarch64-unknown-linux-gnu
Jenkins
jenkins@cavium.com
Wed May 10 20:16:00 GMT 2017
LAST_UPDATED: Wed May 10 17:23:16 UTC 2017 (revision 8004fb1:70d19af:34f3dfc228c3d7b94adbacb1cb98845f2ad93b7b)
Native configuration is aarch64-unknown-linux-gnu
=== libatomic tests ===
Running target unix
=== libatomic Summary ===
# of expected passes 54
=== libffi tests ===
Running target unix
=== libffi Summary ===
# of expected passes 2214
=== libgo tests ===
Running target unix
FAIL: fmt
FAIL: net
FAIL: reflect
FAIL: archive/tar
FAIL: debug/dwarf
FAIL: mime/multipart
FAIL: net/mail
=== libgo Summary ===
# of expected passes 138
# of unexpected failures 7
/home/jenkins/workspace/BuildThunderX_native_gcc_upstream/objdir/./gcc/gccgo version 8.0.0 20170510 (experimental) [master revision 8004fb1:70d19af:34f3dfc228c3d7b94adbacb1cb98845f2ad93b7b] (Cavium Inc. (Build 1461))
=== libgomp tests ===
Running target unix
=== libgomp Summary ===
# of expected passes 5018
# of unsupported tests 380
=== libitm tests ===
Running target unix
=== libitm Summary ===
# of expected passes 42
# of expected failures 3
# of unsupported tests 1
=== libstdc++ tests ===
Running target unix
FAIL: 27_io/manipulators/extended/get_money/char/1.cc execution test
=== libstdc++ Summary ===
# of expected passes 11350
# of unexpected failures 1
# of expected failures 66
# of unsupported tests 556
=== gcc tests ===
Running target unix
FAIL: c-c++-common/ubsan/overflow-mul-4.c -O0 output pattern test
XPASS: gcc.dg/vect/vect-95.c -flto -ffat-lto-objects scan-tree-dump-times vect "Alignment of access forced using peeling" 0
XPASS: gcc.dg/vect/vect-95.c scan-tree-dump-times vect "Alignment of access forced using peeling" 0
FAIL: gcc.target/aarch64/vect-abs-compile.c scan-assembler abs\\\\tv[0-9]+.16b
FAIL: gcc.target/aarch64/vect-abs-compile.c scan-assembler abs\\\\tv[0-9]+.8h
=== gcc Summary ===
# of expected passes 112738
# of unexpected failures 3
# of unexpected successes 2
# of expected failures 326
# of unsupported tests 3165
/home/jenkins/workspace/BuildThunderX_native_gcc_upstream/objdir/gcc/xgcc version 8.0.0 20170510 (experimental) [master revision 8004fb1:70d19af:34f3dfc228c3d7b94adbacb1cb98845f2ad93b7b] (Cavium Inc. (Build 1461))
=== gfortran tests ===
Running target unix
FAIL: gfortran.dg/mvbits_7.f90 -O0 (test for warnings, line 28)
FAIL: gfortran.dg/vect/vect-2.f90 -O scan-tree-dump-times vect "Alignment of access forced using peeling" 3
FAIL: gfortran.dg/vect/vect-2.f90 -O scan-tree-dump-times vect "Vectorizing an unaligned access" 2
FAIL: gfortran.dg/vect/vect-5.f90 -O scan-tree-dump-times vect "Alignment of access forced using peeling" 1
FAIL: gfortran.dg/vect/vect-5.f90 -O scan-tree-dump-times vect "Vectorizing an unaligned access" 1
=== gfortran Summary ===
# of expected passes 44324
# of unexpected failures 5
# of expected failures 85
# of unsupported tests 75
/home/jenkins/workspace/BuildThunderX_native_gcc_upstream/objdir/gcc/testsuite/gfortran/../../gfortran version 8.0.0 20170510 (experimental) [master revision 8004fb1:70d19af:34f3dfc228c3d7b94adbacb1cb98845f2ad93b7b] (Cavium Inc. (Build 1461))
=== g++ tests ===
Running target unix
UNRESOLVED: g++.dg/inherit/covariant7.C -std=gnu++11 scan-tree-dump class "160 .*0"
UNRESOLVED: g++.dg/inherit/covariant7.C -std=gnu++11 scan-tree-dump class "168 .*c6::_ZTv0_n32_NV2c62f2Ev"
UNRESOLVED: g++.dg/inherit/covariant7.C -std=gnu++11 scan-tree-dump class "48 .*c6::_ZTcv0_n32_v0_n24_NV2c62f2Ev"
UNRESOLVED: g++.dg/inherit/covariant7.C -std=gnu++11 scan-tree-dump class "56 .*c6::f2"
UNRESOLVED: g++.dg/inherit/covariant7.C -std=gnu++14 scan-tree-dump class "160 .*0"
UNRESOLVED: g++.dg/inherit/covariant7.C -std=gnu++14 scan-tree-dump class "168 .*c6::_ZTv0_n32_NV2c62f2Ev"
UNRESOLVED: g++.dg/inherit/covariant7.C -std=gnu++14 scan-tree-dump class "48 .*c6::_ZTcv0_n32_v0_n24_NV2c62f2Ev"
UNRESOLVED: g++.dg/inherit/covariant7.C -std=gnu++14 scan-tree-dump class "56 .*c6::f2"
UNRESOLVED: g++.dg/inherit/covariant7.C -std=gnu++98 scan-tree-dump class "160 .*0"
UNRESOLVED: g++.dg/inherit/covariant7.C -std=gnu++98 scan-tree-dump class "168 .*c6::_ZTv0_n32_NV2c62f2Ev"
UNRESOLVED: g++.dg/inherit/covariant7.C -std=gnu++98 scan-tree-dump class "48 .*c6::_ZTcv0_n32_v0_n24_NV2c62f2Ev"
UNRESOLVED: g++.dg/inherit/covariant7.C -std=gnu++98 scan-tree-dump class "56 .*c6::f2"
FAIL: c-c++-common/ubsan/float-cast-overflow-1.c -O3 -g output pattern test
FAIL: c-c++-common/ubsan/overflow-mul-4.c -O2 -flto -fuse-linker-plugin -fno-fat-lto-objects output pattern test
FAIL: c-c++-common/ubsan/overflow-mul-4.c -O3 -fomit-frame-pointer -funroll-loops -fpeel-loops -ftracer -finline-functions output pattern test
=== g++ Summary ===
# of expected passes 108600
# of unexpected failures 3
# of expected failures 380
# of unresolved testcases 12
# of unsupported tests 4722
/home/jenkins/workspace/BuildThunderX_native_gcc_upstream/objdir/gcc/testsuite/g++/../../xg++ version 8.0.0 20170510 (experimental) [master revision 8004fb1:70d19af:34f3dfc228c3d7b94adbacb1cb98845f2ad93b7b] (Cavium Inc. (Build 1461))
=== go tests ===
Running target unix
FAIL: go.test/test/cmplxdivide.go
FAIL: go.test/test/ken/cplx2.go execution, -O2 -g
WARNING: program timed out.
=== go Summary ===
# of expected passes 7242
# of unexpected failures 2
# of expected failures 1
# of untested testcases 10
# of unsupported tests 3
/home/jenkins/workspace/BuildThunderX_native_gcc_upstream/objdir/gcc/testsuite/go/../../gccgo version 8.0.0 20170510 (experimental) [master revision 8004fb1:70d19af:34f3dfc228c3d7b94adbacb1cb98845f2ad93b7b] (Cavium Inc. (Build 1461))
Compiler version: 8.0.0 20170510 (experimental) [master revision 8004fb1:70d19af:34f3dfc228c3d7b94adbacb1cb98845f2ad93b7b] (Cavium Inc. (Build 1461))
Platform: aarch64-unknown-linux-gnu
configure flags: --prefix=/home/jenkins/workspace/BuildThunderX_native_gcc_upstream/objdir/../tools --enable-languages=c,c++,fortran,go --disable-werror --with-sysroot=/ --enable-plugins --enable-gnu-indirect-function --with-pkgversion='Cavium Inc. (Build 1461)'
More information about the Gcc-testresults
mailing list