Results for 8.0.0 20170509 (experimental) [master revision 6932c0b:db53e1c:9b8fa13d230e2644916bdbb3e1a149b934bfabf6] (Cavium Inc. (Build 1453)) testsuite on aarch64-unknown-linux-gnu
Jenkins
jenkins@cavium.com
Tue May 9 17:40:00 GMT 2017
LAST_UPDATED: Tue May 9 15:23:14 UTC 2017 (revision 6932c0b:db53e1c:9b8fa13d230e2644916bdbb3e1a149b934bfabf6)
Native configuration is aarch64-unknown-linux-gnu
=== libatomic tests ===
Running target unix
=== libatomic Summary ===
# of expected passes 54
=== libffi tests ===
Running target unix
=== libffi Summary ===
# of expected passes 2214
=== libgo tests ===
Running target unix
FAIL: fmt
FAIL: net
FAIL: reflect
FAIL: archive/tar
FAIL: debug/dwarf
FAIL: mime/multipart
FAIL: net/mail
=== libgo Summary ===
# of expected passes 138
# of unexpected failures 7
/home/jenkins/workspace/BuildThunderX_native_gcc_upstream/objdir/./gcc/gccgo version 8.0.0 20170509 (experimental) [master revision 6932c0b:db53e1c:9b8fa13d230e2644916bdbb3e1a149b934bfabf6] (Cavium Inc. (Build 1453))
=== libgomp tests ===
Running target unix
=== libgomp Summary ===
# of expected passes 5018
# of unsupported tests 380
=== libitm tests ===
Running target unix
=== libitm Summary ===
# of expected passes 42
# of expected failures 3
# of unsupported tests 1
=== libstdc++ tests ===
Running target unix
FAIL: 24_iterators/container_access.cc (test for excess errors)
UNRESOLVED: 24_iterators/container_access.cc compilation failed to produce executable
FAIL: 27_io/manipulators/extended/get_money/char/1.cc execution test
=== libstdc++ Summary ===
# of expected passes 11348
# of unexpected failures 2
# of expected failures 66
# of unresolved testcases 1
# of unsupported tests 556
=== gcc tests ===
Running target unix
FAIL: c-c++-common/ubsan/overflow-mul-4.c -O1 output pattern test
FAIL: c-c++-common/ubsan/overflow-mul-4.c -O2 -flto -fuse-linker-plugin -fno-fat-lto-objects output pattern test
FAIL: c-c++-common/ubsan/overflow-mul-4.c -O3 -fomit-frame-pointer -funroll-loops -fpeel-loops -ftracer -finline-functions output pattern test
XPASS: gcc.dg/vect/vect-95.c -flto -ffat-lto-objects scan-tree-dump-times vect "Alignment of access forced using peeling" 0
XPASS: gcc.dg/vect/vect-95.c scan-tree-dump-times vect "Alignment of access forced using peeling" 0
FAIL: gcc.target/aarch64/vect-abs-compile.c scan-assembler abs\\\\tv[0-9]+.16b
FAIL: gcc.target/aarch64/vect-abs-compile.c scan-assembler abs\\\\tv[0-9]+.8h
=== gcc Summary ===
# of expected passes 112742
# of unexpected failures 5
# of unexpected successes 2
# of expected failures 326
# of unsupported tests 3165
/home/jenkins/workspace/BuildThunderX_native_gcc_upstream/objdir/gcc/xgcc version 8.0.0 20170509 (experimental) [master revision 6932c0b:db53e1c:9b8fa13d230e2644916bdbb3e1a149b934bfabf6] (Cavium Inc. (Build 1453))
=== gfortran tests ===
Running target unix
FAIL: gfortran.dg/coarray_lock_7.f90 -O scan-tree-dump-times original "_gfortran_caf_lock \\\\(caf_token.., \\\\(3 - \\\\(integer\\\\(kind=4\\\\)\\\\) parm...dim\\\\[0\\\\].lbound\\\\) \\\\+ \\\\(integer\\\\(kind=4\\\\)\\\\) MAX_EXPR <\\\\(parm...dim\\\\[0\\\\].ubound - parm...dim\\\\[0\\\\].lbound\\\\) \\\\+ 1, 0> \\\\* \\\\(3 - \\\\(integer\\\\(kind=4\\\\)\\\\) parm...dim\\\\[1\\\\].lbound\\\\), 0, 0B, &ii, 0B, 0\\\\);|_gfortran_caf_lock \\\\(caf_token.1, \\\\(3 - parm...dim\\\\[0\\\\].lbound\\\\) \\\\+ MAX_EXPR <\\\\(parm...dim\\\\[0\\\\].ubound - parm...dim\\\\[0\\\\].lbound\\\\) \\\\+ 1, 0> \\\\* \\\\(3 - parm...dim\\\\[1\\\\].lbound\\\\), 0, 0B, &ii, 0B, 0\\\\);" 1
FAIL: gfortran.dg/coarray_lock_7.f90 -O scan-tree-dump-times original "_gfortran_caf_unlock \\\\(caf_token.., \\\\(2 - \\\\(integer\\\\(kind=4\\\\)\\\\) parm...dim\\\\[0\\\\].lbound\\\\) \\\\+ \\\\(integer\\\\(kind=4\\\\)\\\\) MAX_EXPR <\\\\(parm...dim\\\\[0\\\\].ubound - parm...dim\\\\[0\\\\].lbound\\\\) \\\\+ 1, 0> \\\\* \\\\(3 - \\\\(integer\\\\(kind=4\\\\)\\\\) parm...dim\\\\[1\\\\].lbound\\\\), 0, &ii, 0B, 0\\\\);|_gfortran_caf_unlock \\\\(caf_token.., \\\\(2 - parm...dim\\\\[0\\\\].lbound\\\\) \\\\+ MAX_EXPR <\\\\(parm...dim\\\\[0\\\\].ubound - parm...dim\\\\[0\\\\].lbound\\\\) \\\\+ 1, 0> \\\\* \\\\(3 - parm...dim\\\\[1\\\\].lbound\\\\), 0, &ii, 0B, 0\\\\);" 1
FAIL: gfortran.dg/mvbits_7.f90 -O0 (test for warnings, line 28)
FAIL: gfortran.dg/vect/vect-2.f90 -O scan-tree-dump-times vect "Alignment of access forced using peeling" 3
FAIL: gfortran.dg/vect/vect-2.f90 -O scan-tree-dump-times vect "Vectorizing an unaligned access" 2
FAIL: gfortran.dg/vect/vect-5.f90 -O scan-tree-dump-times vect "Alignment of access forced using peeling" 1
FAIL: gfortran.dg/vect/vect-5.f90 -O scan-tree-dump-times vect "Vectorizing an unaligned access" 1
=== gfortran Summary ===
# of expected passes 44321
# of unexpected failures 7
# of expected failures 85
# of unsupported tests 75
/home/jenkins/workspace/BuildThunderX_native_gcc_upstream/objdir/gcc/testsuite/gfortran/../../gfortran version 8.0.0 20170509 (experimental) [master revision 6932c0b:db53e1c:9b8fa13d230e2644916bdbb3e1a149b934bfabf6] (Cavium Inc. (Build 1453))
=== g++ tests ===
Running target unix
FAIL: c-c++-common/ubsan/float-cast-overflow-2.c -O0 output pattern test
FAIL: c-c++-common/ubsan/overflow-mul-4.c -O0 output pattern test
FAIL: c-c++-common/ubsan/overflow-mul-4.c -O2 -flto -fno-use-linker-plugin -flto-partition=none output pattern test
FAIL: c-c++-common/ubsan/overflow-mul-4.c -O2 -flto -fuse-linker-plugin -fno-fat-lto-objects output pattern test
FAIL: c-c++-common/ubsan/overflow-mul-4.c -O3 -fomit-frame-pointer -funroll-loops -fpeel-loops -ftracer -finline-functions output pattern test
FAIL: c-c++-common/ubsan/overflow-mul-4.c -O3 -g output pattern test
=== g++ Summary ===
# of expected passes 108594
# of unexpected failures 6
# of expected failures 380
# of unsupported tests 4714
/home/jenkins/workspace/BuildThunderX_native_gcc_upstream/objdir/gcc/testsuite/g++/../../xg++ version 8.0.0 20170509 (experimental) [master revision 6932c0b:db53e1c:9b8fa13d230e2644916bdbb3e1a149b934bfabf6] (Cavium Inc. (Build 1453))
=== go tests ===
Running target unix
FAIL: go.test/test/ken/cplx2.go execution, -O2 -g
=== go Summary ===
# of expected passes 7243
# of unexpected failures 1
# of expected failures 1
# of untested testcases 10
# of unsupported tests 3
/home/jenkins/workspace/BuildThunderX_native_gcc_upstream/objdir/gcc/testsuite/go/../../gccgo version 8.0.0 20170509 (experimental) [master revision 6932c0b:db53e1c:9b8fa13d230e2644916bdbb3e1a149b934bfabf6] (Cavium Inc. (Build 1453))
Compiler version: 8.0.0 20170509 (experimental) [master revision 6932c0b:db53e1c:9b8fa13d230e2644916bdbb3e1a149b934bfabf6] (Cavium Inc. (Build 1453))
Platform: aarch64-unknown-linux-gnu
configure flags: --prefix=/home/jenkins/workspace/BuildThunderX_native_gcc_upstream/objdir/../tools --enable-languages=c,c++,fortran,go --disable-werror --with-sysroot=/ --enable-plugins --enable-gnu-indirect-function --with-pkgversion='Cavium Inc. (Build 1453)'
More information about the Gcc-testresults
mailing list