Results for 8.0.0 20170505 (experimental) [trunk revision 247632] (GCC) testsuite on sparcv9-sun-solaris2.11
Rainer Orth
ro@CeBiTec.Uni-Bielefeld.DE
Sat May 6 12:14:00 GMT 2017
LAST_UPDATED: Fri May 5 11:20:40 UTC 2017 (revision 247632)
=== acats tests ===
=== acats Summary ===
# of expected passes 2320
# of unexpected failures 0
Native configuration is sparcv9-sun-solaris2.11
=== g++ tests ===
Running target unix
FAIL: c-c++-common/Wsizeof-pointer-memaccess2.c -std=gnu++11 (test for excess errors)
FAIL: c-c++-common/Wsizeof-pointer-memaccess2.c -std=gnu++14 (test for excess errors)
FAIL: c-c++-common/Wsizeof-pointer-memaccess2.c -std=gnu++98 (test for excess errors)
=== g++ Summary for unix ===
# of expected passes 105370
# of unexpected failures 3
# of expected failures 394
# of unsupported tests 4541
Running target unix/-m32
FAIL: c-c++-common/Wsizeof-pointer-memaccess2.c -std=gnu++11 (test for excess errors)
FAIL: c-c++-common/Wsizeof-pointer-memaccess2.c -std=gnu++14 (test for excess errors)
FAIL: c-c++-common/Wsizeof-pointer-memaccess2.c -std=gnu++98 (test for excess errors)
=== g++ Summary for unix/-m32 ===
# of expected passes 103488
# of unexpected failures 3
# of expected failures 394
# of unsupported tests 4569
=== g++ Summary ===
# of expected passes 208858
# of unexpected failures 6
# of expected failures 788
# of unsupported tests 9110
/var/gcc/regression/trunk/11-gcc-64/build/gcc/testsuite/g++/../../xg++ version 8.0.0 20170505 (experimental) [trunk revision 247632] (GCC)
=== gcc tests ===
Running target unix
FAIL: c-c++-common/Wsizeof-pointer-memaccess2.c -Wc++-compat (test for excess errors)
FAIL: gcc.dg/pr78138.c (test for warnings, line 23)
FAIL: gcc.dg/pr78138.c (test for excess errors)
FAIL: gcc.dg/pr79214.c (test for warnings, line 25)
FAIL: gcc.dg/pr79214.c (test for warnings, line 30)
FAIL: gcc.dg/pr79214.c (test for warnings, line 35)
FAIL: gcc.dg/pr79214.c (test for warnings, line 40)
FAIL: gcc.dg/pr79214.c (test for warnings, line 45)
FAIL: gcc.dg/pr79214.c (test for warnings, line 52)
FAIL: gcc.dg/pr79214.c (test for warnings, line 59)
FAIL: gcc.dg/pr79214.c (test for warnings, line 66)
FAIL: gcc.dg/pr79214.c (test for warnings, line 73)
FAIL: gcc.dg/pr79214.c (test for warnings, line 80)
FAIL: gcc.dg/pr79214.c (test for excess errors)
FAIL: gcc.dg/pr79222.c (test for warnings, line 12)
FAIL: gcc.dg/pr79222.c (test for excess errors)
FAIL: gcc.dg/pr79223.c (test for warnings, line 26)
FAIL: gcc.dg/pr79223.c (test for warnings, line 31)
FAIL: gcc.dg/pr79223.c (test for warnings, line 36)
FAIL: gcc.dg/pr79223.c (test for excess errors)
FAIL: gcc.dg/visibility-22.c execution test
FAIL: gcc.dg/plugin/must-tail-call-1.c -fplugin=./must_tail_call_plugin.so (test for excess errors)
FAIL: gcc.dg/tree-ssa/builtins-folding-gimple-ub.c (test for excess errors)
=== gcc Summary for unix ===
# of expected passes 100590
# of unexpected failures 23
# of expected failures 400
# of unsupported tests 2414
Running target unix/-m32
FAIL: c-c++-common/Wsizeof-pointer-memaccess2.c -Wc++-compat (test for excess errors)
FAIL: gcc.dg/pr78138.c (test for warnings, line 23)
FAIL: gcc.dg/pr78138.c (test for excess errors)
FAIL: gcc.dg/pr79214.c (test for warnings, line 25)
FAIL: gcc.dg/pr79214.c (test for warnings, line 30)
FAIL: gcc.dg/pr79214.c (test for warnings, line 35)
FAIL: gcc.dg/pr79214.c (test for warnings, line 40)
FAIL: gcc.dg/pr79214.c (test for warnings, line 45)
FAIL: gcc.dg/pr79214.c (test for warnings, line 52)
FAIL: gcc.dg/pr79214.c (test for warnings, line 59)
FAIL: gcc.dg/pr79214.c (test for warnings, line 66)
FAIL: gcc.dg/pr79214.c (test for warnings, line 73)
FAIL: gcc.dg/pr79214.c (test for warnings, line 80)
FAIL: gcc.dg/pr79214.c (test for excess errors)
FAIL: gcc.dg/pr79222.c (test for warnings, line 12)
FAIL: gcc.dg/pr79222.c (test for excess errors)
FAIL: gcc.dg/pr79223.c (test for warnings, line 26)
FAIL: gcc.dg/pr79223.c (test for warnings, line 31)
FAIL: gcc.dg/pr79223.c (test for warnings, line 36)
FAIL: gcc.dg/pr79223.c (test for excess errors)
FAIL: gcc.dg/visibility-22.c execution test
FAIL: gcc.dg/plugin/must-tail-call-1.c -fplugin=./must_tail_call_plugin.so (test for excess errors)
FAIL: gcc.dg/simulate-thread/atomic-other-int.c -O2 -g thread simulation test
FAIL: gcc.dg/simulate-thread/atomic-other-int.c -O3 -g thread simulation test
FAIL: gcc.dg/simulate-thread/speculative-store-4.c -O0 -g thread simulation test
FAIL: gcc.dg/simulate-thread/speculative-store.c -O0 -g thread simulation test
FAIL: gcc.dg/tree-ssa/builtins-folding-gimple-ub.c (test for excess errors)
=== gcc Summary for unix/-m32 ===
# of expected passes 99529
# of unexpected failures 27
# of expected failures 415
# of unsupported tests 2623
=== gcc Summary ===
# of expected passes 200119
# of unexpected failures 50
# of expected failures 815
# of unsupported tests 5037
/var/gcc/regression/trunk/11-gcc-64/build/gcc/xgcc version 8.0.0 20170505 (experimental) [trunk revision 247632] (GCC)
=== gfortran tests ===
Running target unix
FAIL: gfortran.dg/coarray_lock_7.f90 -O scan-tree-dump-times original "_gfortran_caf_lock \\\\(caf_token.., \\\\(3 - \\\\(integer\\\\(kind=4\\\\)\\\\) parm...dim\\\\[0\\\\].lbound\\\\) \\\\+ \\\\(integer\\\\(kind=4\\\\)\\\\) MAX_EXPR <\\\\(parm...dim\\\\[0\\\\].ubound - parm...dim\\\\[0\\\\].lbound\\\\) \\\\+ 1, 0> \\\\* \\\\(3 - \\\\(integer\\\\(kind=4\\\\)\\\\) parm...dim\\\\[1\\\\].lbound\\\\), 0, 0B, &ii, 0B, 0\\\\);|_gfortran_caf_lock \\\\(caf_token.1, \\\\(3 - parm...dim\\\\[0\\\\].lbound\\\\) \\\\+ MAX_EXPR <\\\\(parm...dim\\\\[0\\\\].ubound - parm...dim\\\\[0\\\\].lbound\\\\) \\\\+ 1, 0> \\\\* \\\\(3 - parm...dim\\\\[1\\\\].lbound\\\\), 0, 0B, &ii, 0B, 0\\\\);" 1
FAIL: gfortran.dg/coarray_lock_7.f90 -O scan-tree-dump-times original "_gfortran_caf_unlock \\\\(caf_token.., \\\\(2 - \\\\(integer\\\\(kind=4\\\\)\\\\) parm...dim\\\\[0\\\\].lbound\\\\) \\\\+ \\\\(integer\\\\(kind=4\\\\)\\\\) MAX_EXPR <\\\\(parm...dim\\\\[0\\\\].ubound - parm...dim\\\\[0\\\\].lbound\\\\) \\\\+ 1, 0> \\\\* \\\\(3 - \\\\(integer\\\\(kind=4\\\\)\\\\) parm...dim\\\\[1\\\\].lbound\\\\), 0, &ii, 0B, 0\\\\);|_gfortran_caf_unlock \\\\(caf_token.., \\\\(2 - parm...dim\\\\[0\\\\].lbound\\\\) \\\\+ MAX_EXPR <\\\\(parm...dim\\\\[0\\\\].ubound - parm...dim\\\\[0\\\\].lbound\\\\) \\\\+ 1, 0> \\\\* \\\\(3 - parm...dim\\\\[1\\\\].lbound\\\\), 0, &ii, 0B, 0\\\\);" 1
FAIL: gfortran.dg/dtio_26.f03 -O0 execution test
FAIL: gfortran.dg/dtio_26.f03 -O1 execution test
FAIL: gfortran.dg/dtio_26.f03 -O2 execution test
FAIL: gfortran.dg/dtio_26.f03 -O3 -fomit-frame-pointer -funroll-loops -fpeel-loops -ftracer -finline-functions execution test
FAIL: gfortran.dg/dtio_26.f03 -O3 -g execution test
FAIL: gfortran.dg/dtio_26.f03 -Os execution test
FAIL: gfortran.dg/elemental_subroutine_3.f90 -O1 (test for excess errors)
FAIL: gfortran.dg/elemental_subroutine_3.f90 -O2 (test for excess errors)
FAIL: gfortran.dg/elemental_subroutine_3.f90 -O3 -fomit-frame-pointer -funroll-loops -fpeel-loops -ftracer -finline-functions (test for excess errors)
FAIL: gfortran.dg/elemental_subroutine_3.f90 -O3 -g (test for excess errors)
FAIL: gfortran.dg/elemental_subroutine_3.f90 -Os (test for excess errors)
FAIL: gfortran.dg/mvbits_7.f90 -O0 (test for warnings, line 28)
=== gfortran Summary for unix ===
# of expected passes 44917
# of unexpected failures 14
# of expected failures 90
# of unsupported tests 122
Running target unix/-m32
FAIL: gfortran.dg/coarray_lock_7.f90 -O scan-tree-dump-times original "_gfortran_caf_lock \\\\(caf_token.., \\\\(3 - \\\\(integer\\\\(kind=4\\\\)\\\\) parm...dim\\\\[0\\\\].lbound\\\\) \\\\+ \\\\(integer\\\\(kind=4\\\\)\\\\) MAX_EXPR <\\\\(parm...dim\\\\[0\\\\].ubound - parm...dim\\\\[0\\\\].lbound\\\\) \\\\+ 1, 0> \\\\* \\\\(3 - \\\\(integer\\\\(kind=4\\\\)\\\\) parm...dim\\\\[1\\\\].lbound\\\\), 0, 0B, &ii, 0B, 0\\\\);|_gfortran_caf_lock \\\\(caf_token.1, \\\\(3 - parm...dim\\\\[0\\\\].lbound\\\\) \\\\+ MAX_EXPR <\\\\(parm...dim\\\\[0\\\\].ubound - parm...dim\\\\[0\\\\].lbound\\\\) \\\\+ 1, 0> \\\\* \\\\(3 - parm...dim\\\\[1\\\\].lbound\\\\), 0, 0B, &ii, 0B, 0\\\\);" 1
FAIL: gfortran.dg/coarray_lock_7.f90 -O scan-tree-dump-times original "_gfortran_caf_unlock \\\\(caf_token.., \\\\(2 - \\\\(integer\\\\(kind=4\\\\)\\\\) parm...dim\\\\[0\\\\].lbound\\\\) \\\\+ \\\\(integer\\\\(kind=4\\\\)\\\\) MAX_EXPR <\\\\(parm...dim\\\\[0\\\\].ubound - parm...dim\\\\[0\\\\].lbound\\\\) \\\\+ 1, 0> \\\\* \\\\(3 - \\\\(integer\\\\(kind=4\\\\)\\\\) parm...dim\\\\[1\\\\].lbound\\\\), 0, &ii, 0B, 0\\\\);|_gfortran_caf_unlock \\\\(caf_token.., \\\\(2 - parm...dim\\\\[0\\\\].lbound\\\\) \\\\+ MAX_EXPR <\\\\(parm...dim\\\\[0\\\\].ubound - parm...dim\\\\[0\\\\].lbound\\\\) \\\\+ 1, 0> \\\\* \\\\(3 - parm...dim\\\\[1\\\\].lbound\\\\), 0, &ii, 0B, 0\\\\);" 1
FAIL: gfortran.dg/elemental_subroutine_3.f90 -O1 (test for excess errors)
FAIL: gfortran.dg/elemental_subroutine_3.f90 -O2 (test for excess errors)
FAIL: gfortran.dg/elemental_subroutine_3.f90 -O3 -fomit-frame-pointer -funroll-loops -fpeel-loops -ftracer -finline-functions (test for excess errors)
FAIL: gfortran.dg/elemental_subroutine_3.f90 -O3 -g (test for excess errors)
FAIL: gfortran.dg/elemental_subroutine_3.f90 -Os (test for excess errors)
FAIL: gfortran.dg/mvbits_7.f90 -O0 (test for warnings, line 28)
=== gfortran Summary for unix/-m32 ===
# of expected passes 44676
# of unexpected failures 8
# of expected failures 90
# of unsupported tests 243
=== gfortran Summary ===
# of expected passes 89593
# of unexpected failures 22
# of expected failures 180
# of unsupported tests 365
/var/gcc/regression/trunk/11-gcc-64/build/gcc/testsuite/gfortran/../../gfortran version 8.0.0 20170505 (experimental) [trunk revision 247632] (GCC)
=== gnat tests ===
Running target unix
=== gnat Summary for unix ===
# of expected passes 2536
# of expected failures 24
# of unsupported tests 23
Running target unix/-m32
=== gnat Summary for unix/-m32 ===
# of expected passes 2536
# of expected failures 24
# of unsupported tests 23
=== gnat Summary ===
# of expected passes 5072
# of expected failures 48
# of unsupported tests 46
/var/gcc/regression/trunk/11-gcc-64/build/gcc/gnatmake version 8.0.0 20170505 (experimental) [trunk revision 247632]
=== go tests ===
Running target unix
=== go Summary for unix ===
# of expected passes 7242
# of expected failures 1
# of untested testcases 11
# of unsupported tests 3
Running target unix/-m32
=== go Summary for unix/-m32 ===
# of expected passes 7362
# of expected failures 1
# of untested testcases 11
# of unsupported tests 3
=== go Summary ===
# of expected passes 14604
# of expected failures 2
# of untested testcases 22
# of unsupported tests 6
=== obj-c++ tests ===
Running target unix/-m32
=== obj-c++ Summary for unix/-m32 ===
# of expected passes 1459
# of expected failures 2
# of unsupported tests 77
Running target unix
=== obj-c++ Summary for unix ===
# of expected passes 1451
# of expected failures 10
# of unsupported tests 77
=== obj-c++ Summary ===
# of expected passes 2910
# of expected failures 12
# of unsupported tests 154
/var/gcc/regression/trunk/11-gcc-64/build/gcc/testsuite/obj-c++/../../xg++ version 8.0.0 20170505 (experimental) [trunk revision 247632] (GCC)
=== objc tests ===
Running target unix
=== objc Summary for unix ===
# of expected passes 2803
# of unsupported tests 68
Running target unix/-m32
=== objc Summary for unix/-m32 ===
# of expected passes 2803
# of unsupported tests 68
=== objc Summary ===
# of expected passes 5606
# of unsupported tests 136
/var/gcc/regression/trunk/11-gcc-64/build/gcc/xgcc version 8.0.0 20170505 (experimental) [trunk revision 247632] (GCC)
=== libatomic tests ===
Running target unix/-m32
=== libatomic Summary for unix/-m32 ===
# of expected passes 44
# of unsupported tests 5
Running target unix
=== libatomic Summary for unix ===
# of expected passes 54
=== libatomic Summary ===
# of expected passes 98
# of unsupported tests 5
=== libffi tests ===
Running target unix/-m32
=== libffi Summary for unix/-m32 ===
# of expected passes 2214
Running target unix
=== libffi Summary for unix ===
# of expected passes 2214
=== libffi Summary ===
# of expected passes 4428
=== libgo tests ===
Running target unix
FAIL: net
FAIL: go/build
FAIL: os/signal
=== libgo Summary for unix ===
# of expected passes 143
# of unexpected failures 3
Running target unix/-m32
FAIL: net
FAIL: go/build
FAIL: net/http
FAIL: os/signal
=== libgo Summary for unix/-m32 ===
# of expected passes 142
# of unexpected failures 4
=== libgo Summary ===
# of expected passes 285
# of unexpected failures 7
=== libgomp tests ===
Running target unix/-m32
=== libgomp Summary for unix/-m32 ===
# of expected passes 5060
# of unsupported tests 382
Running target unix
=== libgomp Summary for unix ===
# of expected passes 5060
# of unsupported tests 382
=== libgomp Summary ===
# of expected passes 10120
# of unsupported tests 764
=== libitm tests ===
Running target unix/-m32
=== libitm Summary for unix/-m32 ===
# of expected passes 42
# of expected failures 3
# of unsupported tests 1
Running target unix
=== libitm Summary for unix ===
# of expected passes 42
# of expected failures 3
# of unsupported tests 1
=== libitm Summary ===
# of expected passes 84
# of expected failures 6
# of unsupported tests 2
=== libstdc++ tests ===
Running target unix
=== libstdc++ Summary for unix ===
# of expected passes 10808
# of expected failures 66
# of unsupported tests 636
Running target unix/-m32
=== libstdc++ Summary for unix/-m32 ===
# of expected passes 10808
# of expected failures 66
# of unsupported tests 636
=== libstdc++ Summary ===
# of expected passes 21616
# of expected failures 132
# of unsupported tests 1272
Compiler version: 8.0.0 20170505 (experimental) [trunk revision 247632] (GCC)
Platform: sparcv9-sun-solaris2.11
configure flags: --prefix=/vol/gcc --target=sparcv9-sun-solaris2.11 --enable-objc-gc --with-target-bdw-gc-include=/vol/gcc/include --with-target-bdw-gc-lib=/vol/gcc/lib/sparcv9,sparcv8plus=/vol/gcc/lib --enable-libmudflap --with-as=/usr/ccs/bin/as --without-gnu-as --with-gmp-include=/vol/gcc/include --with-gmp-lib=/vol/gcc/lib/sparcv9 --with-mpfr-include=/vol/gcc/include --with-mpfr-lib=/vol/gcc/lib/sparcv9 --with-mpc-include=/vol/gcc/include --with-mpc-lib=/vol/gcc/lib/sparcv9 --enable-languages=all,ada,obj-c++,go --with-isl-include=/vol/gcc/include --with-isl-lib=/vol/gcc/lib/sparcv9 --build=sparcv9-sun-solaris2.11 --host=sparcv9-sun-solaris2.11
BOOT_CFLAGS=-g -O2
More information about the Gcc-testresults
mailing list