Results for 8.0.0 20170503 (experimental) (GCC) testsuite on x86_64-pc-linux-gnu
jenkins@cavium.com
jenkins@cavium.com
Wed May 3 23:53:00 GMT 2017
Native configuration is x86_64-pc-linux-gnu
=== gcc tests ===
Running target unix//-m64
FAIL: c-c++-common/ubsan/float-cast-overflow-10.c -O2 output pattern test
FAIL: c-c++-common/ubsan/float-cast-overflow-10.c -O2 -flto -fuse-linker-plugin -fno-fat-lto-objects output pattern test
FAIL: c-c++-common/ubsan/float-cast-overflow-2.c -O2 -flto -fuse-linker-plugin -fno-fat-lto-objects output pattern test
FAIL: c-c++-common/ubsan/float-cast-overflow-2.c -O3 -g output pattern test
FAIL: c-c++-common/ubsan/float-cast-overflow-2.c -Os output pattern test
FAIL: c-c++-common/ubsan/float-cast-overflow-8.c -O2 -flto -fno-use-linker-plugin -flto-partition=none output pattern test
FAIL: c-c++-common/ubsan/overflow-mul-4.c -O3 -g output pattern test
=== gcc Summary ===
# of expected passes 128795
# of unexpected failures 7
# of expected failures 370
# of unsupported tests 2090
/home/jenkins/workspace/GCCupstream/objdir/gcc/xgcc version 8.0.0 20170503 (experimental) (GCC)
=== gfortran tests ===
Running target unix//-m64
FAIL: gfortran.dg/coarray_lock_7.f90 -O scan-tree-dump-times original "_gfortran_caf_lock \\\\(caf_token.., \\\\(3 - \\\\(integer\\\\(kind=4\\\\)\\\\) parm...dim\\\\[0\\\\].lbound\\\\) \\\\+ \\\\(integer\\\\(kind=4\\\\)\\\\) MAX_EXPR <\\\\(parm...dim\\\\[0\\\\].ubound - parm...dim\\\\[0\\\\].lbound\\\\) \\\\+ 1, 0> \\\\* \\\\(3 - \\\\(integer\\\\(kind=4\\\\)\\\\) parm...dim\\\\[1\\\\].lbound\\\\), 0, 0B, &ii, 0B, 0\\\\);|_gfortran_caf_lock \\\\(caf_token.1, \\\\(3 - parm...dim\\\\[0\\\\].lbound\\\\) \\\\+ MAX_EXPR <\\\\(parm...dim\\\\[0\\\\].ubound - parm...dim\\\\[0\\\\].lbound\\\\) \\\\+ 1, 0> \\\\* \\\\(3 - parm...dim\\\\[1\\\\].lbound\\\\), 0, 0B, &ii, 0B, 0\\\\);" 1
FAIL: gfortran.dg/coarray_lock_7.f90 -O scan-tree-dump-times original "_gfortran_caf_unlock \\\\(caf_token.., \\\\(2 - \\\\(integer\\\\(kind=4\\\\)\\\\) parm...dim\\\\[0\\\\].lbound\\\\) \\\\+ \\\\(integer\\\\(kind=4\\\\)\\\\) MAX_EXPR <\\\\(parm...dim\\\\[0\\\\].ubound - parm...dim\\\\[0\\\\].lbound\\\\) \\\\+ 1, 0> \\\\* \\\\(3 - \\\\(integer\\\\(kind=4\\\\)\\\\) parm...dim\\\\[1\\\\].lbound\\\\), 0, &ii, 0B, 0\\\\);|_gfortran_caf_unlock \\\\(caf_token.., \\\\(2 - parm...dim\\\\[0\\\\].lbound\\\\) \\\\+ MAX_EXPR <\\\\(parm...dim\\\\[0\\\\].ubound - parm...dim\\\\[0\\\\].lbound\\\\) \\\\+ 1, 0> \\\\* \\\\(3 - parm...dim\\\\[1\\\\].lbound\\\\), 0, &ii, 0B, 0\\\\);" 1
=== gfortran Summary ===
# of expected passes 44917
# of unexpected failures 2
# of expected failures 78
# of unsupported tests 84
/home/jenkins/workspace/GCCupstream/objdir/gcc/testsuite/gfortran/../../gfortran version 8.0.0 20170503 (experimental) (GCC)
=== g++ tests ===
Running target unix//-m64
FAIL: c-c++-common/ubsan/float-cast-overflow-2.c -O0 output pattern test
FAIL: c-c++-common/ubsan/float-cast-overflow-2.c -O2 output pattern test
FAIL: c-c++-common/ubsan/float-cast-overflow-2.c -O2 -flto -fno-use-linker-plugin -flto-partition=none output pattern test
FAIL: c-c++-common/ubsan/float-cast-overflow-2.c -O3 -g output pattern test
FAIL: c-c++-common/ubsan/overflow-mul-4.c -O0 output pattern test
FAIL: c-c++-common/ubsan/overflow-mul-4.c -O3 -g output pattern test
=== g++ Summary ===
# of expected passes 114280
# of unexpected failures 6
# of expected failures 386
# of unsupported tests 4301
/home/jenkins/workspace/GCCupstream/objdir/gcc/testsuite/g++/../../xg++ version 8.0.0 20170503 (experimental) (GCC)
=== objc tests ===
Running target unix//-m64
=== objc Summary ===
# of expected passes 2797
# of expected failures 6
# of unsupported tests 68
/home/jenkins/workspace/GCCupstream/objdir/gcc/xgcc version 8.0.0 20170503 (experimental) (GCC)
=== libatomic tests ===
Running target unix//-m64
=== libatomic Summary ===
# of expected passes 54
=== libgomp tests ===
Running target unix//-m64
=== libgomp Summary ===
# of expected passes 5140
# of unsupported tests 319
=== libitm tests ===
Running target unix//-m64
=== libitm Summary ===
# of expected passes 42
# of expected failures 3
# of unsupported tests 1
=== libstdc++ tests ===
Running target unix//-m64
FAIL: ext/shared_ptr/1.cc (test for excess errors)
UNRESOLVED: ext/shared_ptr/1.cc compilation failed to produce executable
FAIL: ext/slist/23781_neg.cc (test for errors, line 27)
FAIL: ext/slist/23781_neg.cc (test for errors, line 28)
FAIL: ext/slist/23781_neg.cc (test for excess errors)
=== libstdc++ Summary ===
# of expected passes 11146
# of unexpected failures 4
# of expected failures 66
# of unresolved testcases 1
# of unsupported tests 563
Compiler version: 8.0.0 20170503 (experimental) (GCC)
Platform: x86_64-pc-linux-gnu
configure flags: --prefix=/home/jenkins/workspace/GCCupstream/objdir/install --disable-multilib
More information about the Gcc-testresults
mailing list