Results for 7.0.1 20170324 (experimental) (GCC) testsuite on x86_64-unknown-cygwin
Tim Prince
tprince818.tp@gmail.com
Sun Mar 26 00:49:00 GMT 2017
Native configuration is x86_64-unknown-cygwin
=== g++ tests ===
Running target unix
ERROR: tcl error sourcing
/cygdrive/c/users/tim/tim/tim/src/gnu/gcc2/gcc/testsuite/g++.dg/bprob/bprob.exp.
...
=== g++ Summary ===
# of expected passes 103308
# of unexpected failures 564
# of unexpected successes 3
# of expected failures 375
# of unresolved testcases 29
# of unsupported tests 4413
/cygdrive/c/users/tim/tim/tim/src/gnu/gcc2/cyg64/gcc/testsuite/g++/../../xg++
version 7.0.1 20170324 (experimental) (GCC)
=== gcc tests ===
Running target unix
FAIL: gcc.c-torture/compile/limits-exprparen.c -O0 (internal compiler
error)
....
=== gcc Summary ===
# of expected passes 117415
# of unexpected failures 914
# of unexpected successes 26
# of expected failures 357
# of unresolved testcases 336
# of unsupported tests 2109
/cygdrive/c/users/tim/tim/tim/src/gnu/gcc2/cyg64/gcc/xgcc version 7.0.1
20170324 (experimental) (GCC)
=== gfortran tests ===
Running target unix
WARNING: program timed out.
FAIL: gfortran.dg/coarray/sync_3.f90 -fcoarray=lib -O2 -lcaf_single
-latomic (test for excess errors)
FAIL: gfortran.dg/bind_c_array_params_2.f90 -O scan-assembler-times
[ \\t][\$,_0-9]*myBindC 1
XPASS: gfortran.dg/default_format_denormal_1.f90 -O0 execution test
XPASS: gfortran.dg/default_format_denormal_1.f90 -O1 execution test
XPASS: gfortran.dg/default_format_denormal_1.f90 -O2 execution test
XPASS: gfortran.dg/default_format_denormal_1.f90 -O3
-fomit-frame-pointer -funroll-loops -fpeel-loops -ftracer
-finline-functions execution test
XPASS: gfortran.dg/default_format_denormal_1.f90 -O3 -g execution test
XPASS: gfortran.dg/default_format_denormal_1.f90 -Os execution test
FAIL: gfortran.dg/dtio_10.f90 -O0 execution test
FAIL: gfortran.dg/dtio_10.f90 -O1 execution test
FAIL: gfortran.dg/dtio_10.f90 -O2 execution test
FAIL: gfortran.dg/dtio_10.f90 -O3 -fomit-frame-pointer -funroll-loops
-fpeel-loops -ftracer -finline-functions execution test
FAIL: gfortran.dg/dtio_10.f90 -O3 -g execution test
FAIL: gfortran.dg/dtio_10.f90 -Os execution test
FAIL: gfortran.dg/dtio_24.f90 -O0 execution test
FAIL: gfortran.dg/dtio_24.f90 -O1 execution test
FAIL: gfortran.dg/dtio_24.f90 -O2 execution test
FAIL: gfortran.dg/dtio_24.f90 -O3 -fomit-frame-pointer -funroll-loops
-fpeel-loops -ftracer -finline-functions execution test
FAIL: gfortran.dg/dtio_24.f90 -O3 -g execution test
FAIL: gfortran.dg/dtio_24.f90 -Os execution test
FAIL: gfortran.dg/dtio_25.f90 -O0 execution test
FAIL: gfortran.dg/dtio_25.f90 -O1 execution test
FAIL: gfortran.dg/dtio_25.f90 -O2 execution test
FAIL: gfortran.dg/dtio_25.f90 -O3 -fomit-frame-pointer -funroll-loops
-fpeel-loops -ftracer -finline-functions execution test
FAIL: gfortran.dg/dtio_25.f90 -O3 -g execution test
FAIL: gfortran.dg/dtio_25.f90 -Os execution test
FAIL: gfortran.dg/internal_dummy_2.f08 -O0 execution test
FAIL: gfortran.dg/internal_dummy_2.f08 -O1 execution test
FAIL: gfortran.dg/internal_dummy_2.f08 -O2 execution test
FAIL: gfortran.dg/internal_dummy_2.f08 -O3 -fomit-frame-pointer
-funroll-loops -fpeel-loops -ftracer -finline-functions execution test
FAIL: gfortran.dg/internal_dummy_2.f08 -O3 -g execution test
FAIL: gfortran.dg/internal_dummy_2.f08 -Os execution test
FAIL: gfortran.dg/internal_dummy_3.f08 -O0 execution test
FAIL: gfortran.dg/internal_dummy_3.f08 -O1 execution test
FAIL: gfortran.dg/internal_dummy_3.f08 -O2 execution test
FAIL: gfortran.dg/internal_dummy_3.f08 -O3 -fomit-frame-pointer
-funroll-loops -fpeel-loops -ftracer -finline-functions execution test
FAIL: gfortran.dg/internal_dummy_3.f08 -O3 -g execution test
FAIL: gfortran.dg/internal_dummy_3.f08 -Os execution test
FAIL: gfortran.dg/internal_dummy_4.f08 -O0 execution test
FAIL: gfortran.dg/pointer_check_1.f90 -O0 output pattern test, is
FAIL: gfortran.dg/pointer_check_2.f90 -O0 output pattern test, is
FAIL: gfortran.dg/pointer_check_3.f90 -O0 output pattern test, is
FAIL: gfortran.dg/pointer_check_4.f90 -O0 output pattern test, is
FAIL: gfortran.dg/proc_ptr_18.f90 -O0 execution test
FAIL: gfortran.dg/proc_ptr_19.f90 -O0 execution test
FAIL: gfortran.dg/proc_ptr_20.f90 -O0 execution test
FAIL: gfortran.dg/proc_ptr_21.f90 -O0 execution test
FAIL: gfortran.dg/proc_ptr_23.f90 -O0 execution test
FAIL: gfortran.dg/proc_ptr_25.f90 -O0 execution test
FAIL: gfortran.dg/proc_ptr_47.f90 -O0 execution test
FAIL: gfortran.dg/proc_ptr_48.f90 -O0 execution test
FAIL: gfortran.dg/proc_ptr_5.f90 -O0 execution test
FAIL: gfortran.dg/proc_ptr_7.f90 -O0 execution test
FAIL: gfortran.dg/proc_ptr_comp_1.f90 -O0 execution test
FAIL: gfortran.dg/proc_ptr_comp_11.f90 -O0 execution test
FAIL: gfortran.dg/proc_ptr_comp_13.f90 -O0 execution test
FAIL: gfortran.dg/proc_ptr_comp_14.f90 -O0 execution test
FAIL: gfortran.dg/proc_ptr_comp_18.f90 -O0 execution test
FAIL: gfortran.dg/proc_ptr_comp_19.f90 -O0 execution test
FAIL: gfortran.dg/proc_ptr_comp_2.f90 -O0 execution test
FAIL: gfortran.dg/proc_ptr_comp_29.f90 -O0 execution test
FAIL: gfortran.dg/proc_ptr_comp_34.f90 -O0 execution test
FAIL: gfortran.dg/proc_ptr_comp_5.f90 -O0 execution test
FAIL: gfortran.dg/proc_ptr_comp_8.f90 -O0 execution test
FAIL: gfortran.dg/proc_ptr_comp_9.f90 -O0 execution test
FAIL: gfortran.dg/proc_ptr_comp_pass_3.f90 -O0 execution test
FAIL: gfortran.dg/proc_ptr_result_7.f90 -O0 execution test
FAIL: gfortran.dg/round_4.f90 -O0 execution test
FAIL: gfortran.dg/round_4.f90 -O1 execution test
FAIL: gfortran.dg/round_4.f90 -O2 execution test
FAIL: gfortran.dg/round_4.f90 -O3 -fomit-frame-pointer -funroll-loops
-fpeel-loops -ftracer -finline-functions execution test
FAIL: gfortran.dg/round_4.f90 -O3 -g execution test
FAIL: gfortran.dg/round_4.f90 -Os execution test
FAIL: gfortran.dg/structure_constructor_11.f90 -O0 execution test
FAIL: gfortran.dg/structure_constructor_11.f90 -O1 execution test
FAIL: gfortran.dg/structure_constructor_11.f90 -O2 execution test
FAIL: gfortran.dg/structure_constructor_11.f90 -O3
-fomit-frame-pointer -funroll-loops -fpeel-loops -ftracer
-finline-functions execution test
FAIL: gfortran.dg/structure_constructor_11.f90 -O3 -g execution test
FAIL: gfortran.dg/structure_constructor_11.f90 -Os execution test
FAIL: gfortran.dg/unlimited_polymorphic_19.f90 -O0 execution test
FAIL: gfortran.dg/ieee/large_1.f90 -O0 execution test
FAIL: gfortran.dg/ieee/large_1.f90 -O1 execution test
FAIL: gfortran.dg/ieee/large_1.f90 -O2 execution test
FAIL: gfortran.dg/ieee/large_1.f90 -O3 -fomit-frame-pointer
-funroll-loops -fpeel-loops -ftracer -finline-functions execution test
FAIL: gfortran.dg/ieee/large_1.f90 -O3 -g execution test
FAIL: gfortran.dg/ieee/large_1.f90 -Os execution test
=== gfortran Summary ===
# of expected passes 44514
# of unexpected failures 80
# of unexpected successes 6
# of expected failures 75
# of unsupported tests 173
/cygdrive/c/users/tim/tim/tim/src/gnu/gcc2/cyg64/gcc/testsuite/gfortran/../../gfortran
version 7.0.1 20170324 (experimental) (GCC)
=== libatomic tests ===
Running target unix
=== libatomic Summary ===
# of expected passes 54
=== libgomp tests ===
Running target unix
FAIL: libgomp.c/examples-4/target-1.c execution test
FAIL: libgomp.c/examples-4/target-3.c execution test
FAIL: libgomp.c/examples-4/target-4.c execution test
FAIL: libgomp.fortran/declare-simd-1.f90 -O1 execution test
FAIL: libgomp.oacc-c/../libgomp.oacc-c-c++-common/kernels-loop-nest.c
-DACC_DEVICE_TYPE_host=1 -DACC_MEM_SHARED=1 -O2 execution test
FAIL: libgomp.oacc-c++/../libgomp.oacc-c-c++-common/kernels-loop-nest.c
-DACC_DEVICE_TYPE_host=1 -DACC_MEM_SHARED=1 -O2 execution test
=== libgomp Summary ===
# of expected passes 5120
# of unexpected failures 6
# of unsupported tests 321
=== libstdc++ tests ===
Running target unix
FAIL: 20_util/is_nothrow_copy_assignable/value.cc (test for excess errors)
FAIL:
20_util/is_nothrow_copy_constructible/requirements/explicit_instantiation.cc
(test for excess errors)
FAIL: 20_util/is_nothrow_copy_constructible/requirements/typedefs.cc
(test for excess errors)
FAIL: 20_util/is_nothrow_copy_constructible/value.cc (test for excess
errors)
FAIL:
20_util/is_nothrow_default_constructible/requirements/explicit_instantiation.cc
(test for excess errors)
FAIL: 20_util/is_nothrow_default_constructible/requirements/typedefs.cc
(test for excess errors)
FAIL: 20_util/is_nothrow_default_constructible/value.cc (test for excess
errors)
FAIL:
20_util/is_nothrow_destructible/requirements/explicit_instantiation.cc
(test for excess errors)
FAIL: 20_util/is_nothrow_destructible/requirements/typedefs.cc (test for
excess errors)
FAIL: 20_util/is_nothrow_destructible/value.cc (test for excess errors)
FAIL:
20_util/is_nothrow_invocable/requirements/explicit_instantiation.cc
(test for excess errors)
FAIL:
20_util/is_nothrow_invocable/requirements/explicit_instantiation_ext.cc
(test for excess errors)
FAIL: 20_util/is_nothrow_invocable/requirements/typedefs.cc (test for
excess errors)
FAIL: 20_util/is_nothrow_invocable/requirements/typedefs_ext.cc (test
for excess errors)
FAIL: 20_util/is_nothrow_invocable/value.cc (test for excess errors)
FAIL: 20_util/is_nothrow_invocable/value_ext.cc (test for excess errors)
FAIL:
20_util/is_nothrow_move_assignable/requirements/explicit_instantiation.cc
(test for excess errors)
FAIL: 20_util/is_nothrow_move_assignable/requirements/typedefs.cc (test
for excess errors)
FAIL: 20_util/is_nothrow_move_assignable/value.cc (test for excess errors)
FAIL:
20_util/is_nothrow_move_constructible/requirements/explicit_instantiation.cc
(test for excess errors)
FAIL: 20_util/is_nothrow_move_constructible/requirements/typedefs.cc
(test for excess errors)
FAIL: 20_util/is_nothrow_move_constructible/value.cc (test for excess
errors)
FAIL:
20_util/is_nothrow_swappable/requirements/explicit_instantiation.cc
(test for excess errors)
FAIL:
20_util/is_nothrow_swappable/requirements/explicit_instantiation_ext.cc
(test for excess errors)
FAIL: 20_util/is_nothrow_swappable/requirements/typedefs.cc (test for
excess errors)
FAIL: 20_util/is_nothrow_swappable/requirements/typedefs_ext.cc (test
for excess errors)
FAIL: 20_util/is_nothrow_swappable/value.cc (test for excess errors)
FAIL: 20_util/is_nothrow_swappable/value_ext.cc (test for excess errors)
FAIL:
20_util/is_nothrow_swappable_with/requirements/explicit_instantiation.cc
(test for excess errors)
FAIL: 20_util/is_nothrow_swappable_with/requirements/typedefs.cc (test
for excess errors)
FAIL: 20_util/is_nothrow_swappable_with/value.cc (test for excess errors)
FAIL: 20_util/is_null_pointer/requirements/explicit_instantiation.cc
(test for excess errors)
FAIL: 20_util/is_null_pointer/requirements/typedefs.cc (test for excess
errors)
FAIL: 20_util/is_null_pointer/value.cc (test for excess errors)
FAIL: 20_util/is_object/24808.cc (test for excess errors)
UNRESOLVED: 20_util/is_object/24808.cc compilation failed to produce
executable
FAIL: 20_util/is_object/requirements/explicit_instantiation.cc (test for
excess errors)
FAIL: 20_util/is_object/requirements/typedefs.cc (test for excess errors)
FAIL: 20_util/is_object/value.cc (test for excess errors)
FAIL: 20_util/is_pod/requirements/explicit_instantiation.cc (test for
excess errors)
FAIL: 20_util/is_pod/requirements/typedefs.cc (test for excess errors)
FAIL: 20_util/is_pod/value.cc (test for excess errors)
FAIL: 20_util/is_pointer/requirements/explicit_instantiation.cc (test
for excess errors)
FAIL: 20_util/is_pointer/value.cc (test for excess errors)
FAIL: 20_util/is_polymorphic/requirements/explicit_instantiation.cc
(test for excess errors)
FAIL: 20_util/is_polymorphic/requirements/typedefs.cc (test for excess
errors)
FAIL: 20_util/is_polymorphic/value.cc (test for excess errors)
FAIL: 20_util/is_reference/requirements/explicit_instantiation.cc (test
for excess errors)
FAIL: 20_util/is_reference/requirements/typedefs.cc (test for excess errors)
FAIL: 20_util/is_reference/value.cc (test for excess errors)
FAIL: 20_util/is_rvalue_reference/requirements/explicit_instantiation.cc
(test for excess errors)
FAIL: 20_util/is_rvalue_reference/requirements/typedefs.cc (test for
excess errors)
FAIL: 20_util/is_rvalue_reference/value.cc (test for excess errors)
FAIL: 20_util/is_same/requirements/explicit_instantiation.cc (test for
excess errors)
FAIL: 20_util/is_same/requirements/typedefs.cc (test for excess errors)
FAIL: 20_util/is_same/value.cc (test for excess errors)
FAIL: 20_util/is_scalar/requirements/explicit_instantiation.cc (test for
excess errors)
FAIL: 20_util/is_scalar/requirements/typedefs.cc (test for excess errors)
FAIL: 20_util/is_scalar/value.cc (test for excess errors)
FAIL: 20_util/is_signed/requirements/explicit_instantiation.cc (test for
excess errors)
FAIL: 20_util/is_signed/requirements/typedefs.cc (test for excess errors)
FAIL: 20_util/is_signed/value.cc (test for excess errors)
FAIL:
20_util/is_standard_layout/requiremenents/explicit_instantiation.cc
(test for excess errors)
FAIL: 20_util/is_standard_layout/requiremenents/typedefs.cc (test for
excess errors)
FAIL: 20_util/is_standard_layout/value.cc (test for excess errors)
FAIL: 20_util/is_swappable/requirements/explicit_instantiation.cc (test
for excess errors)
FAIL: 20_util/is_swappable/requirements/explicit_instantiation_ext.cc
(test for excess errors)
FAIL: 20_util/is_swappable/requirements/typedefs.cc (test for excess errors)
FAIL: 20_util/is_swappable/requirements/typedefs_ext.cc (test for excess
errors)
FAIL: 20_util/is_swappable/value.cc (test for excess errors)
FAIL: 20_util/is_swappable/value_ext.cc (test for excess errors)
FAIL: 20_util/is_swappable_with/requirements/explicit_instantiation.cc
(test for excess errors)
FAIL: 20_util/is_swappable_with/requirements/typedefs.cc (test for
excess errors)
FAIL: 20_util/is_swappable_with/value.cc (test for excess errors)
FAIL: 20_util/is_trivial/requirements/explicit_instantiation.cc (test
for excess errors)
FAIL: 20_util/is_trivial/requirements/typedefs.cc (test for excess errors)
FAIL: 20_util/is_trivial/value.cc (test for excess errors)
FAIL:
20_util/is_trivially_assignable/requirements/explicit_instantiation.cc
(test for excess errors)
FAIL: 20_util/is_trivially_assignable/requirements/typedefs.cc (test for
excess errors)
FAIL: 20_util/is_trivially_assignable/value.cc (test for excess errors)
FAIL:
20_util/is_trivially_constructible/requirements/explicit_instantiation.cc
(test for excess errors)
FAIL: 20_util/is_trivially_constructible/requirements/typedefs.cc (test
for excess errors)
FAIL: 20_util/is_trivially_constructible/value.cc (test for excess errors)
FAIL:
20_util/is_trivially_copy_assignable/requirements/explicit_instantiation.cc
(test for excess errors)
FAIL: 20_util/is_trivially_copy_assignable/requirements/typedefs.cc
(test for excess errors)
FAIL: 20_util/is_trivially_copy_assignable/value.cc (test for excess errors)
FAIL:
20_util/is_trivially_copy_constructible/requirements/explicit_instantiation.cc
(test for excess errors)
FAIL: 20_util/is_trivially_copy_constructible/requirements/typedefs.cc
(test for excess errors)
FAIL: 20_util/is_trivially_copy_constructible/value.cc (test for excess
errors)
FAIL:
20_util/is_trivially_copyable/requirements/explicit_instantiation.cc
(test for excess errors)
FAIL: 20_util/is_trivially_copyable/requirements/typedefs.cc (test for
excess errors)
FAIL: 20_util/is_trivially_copyable/value.cc (test for excess errors)
FAIL:
20_util/is_trivially_default_constructible/requirements/explicit_instantiation.cc
(test for excess errors)
FAIL:
20_util/is_trivially_default_constructible/requirements/typedefs.cc
(test for excess errors)
FAIL: 20_util/is_trivially_default_constructible/value.cc (test for
excess errors)
FAIL:
20_util/is_trivially_destructible/requirements/explicit_instantiation.cc
(test for excess errors)
FAIL: 20_util/is_trivially_destructible/requirements/typedefs.cc (test
for excess errors)
FAIL: 20_util/is_trivially_destructible/value.cc (test for excess errors)
FAIL:
20_util/is_trivially_move_assignable/requirements/explicit_instantiation.cc
(test for excess errors)
FAIL: 20_util/is_trivially_move_assignable/requirements/typedefs.cc
(test for excess errors)
FAIL: 20_util/is_trivially_move_assignable/value.cc (test for excess errors)
FAIL:
20_util/is_trivially_move_constructible/requirements/explicit_instantiation.cc
(test for excess errors)
FAIL: 20_util/is_trivially_move_constructible/requirements/typedefs.cc
(test for excess errors)
FAIL: 20_util/is_trivially_move_constructible/value.cc (test for excess
errors)
FAIL: 20_util/is_union/requirements/explicit_instantiation.cc (test for
excess errors)
FAIL: 20_util/is_union/requirements/typedefs.cc (test for excess errors)
FAIL: 20_util/is_union/value.cc (test for excess errors)
FAIL: 20_util/is_unsigned/requirements/explicit_instantiation.cc (test
for excess errors)
FAIL: 20_util/is_unsigned/requirements/typedefs.cc (test for excess errors)
FAIL: 20_util/is_unsigned/value.cc (test for excess errors)
FAIL: 20_util/is_void/requirements/explicit_instantiation.cc (test for
excess errors)
FAIL: 20_util/is_void/requirements/typedefs.cc (test for excess errors)
FAIL: 20_util/is_void/value.cc (test for excess errors)
=== libatomic tests ===
Running target unix
=== libatomic Summary ===
# of expected passes 54
=== libgomp tests ===
Running target unix
FAIL: libgomp.c/examples-4/target-1.c execution test
FAIL: libgomp.c/examples-4/target-3.c execution test
FAIL: libgomp.c/examples-4/target-4.c execution test
FAIL: libgomp.fortran/declare-simd-1.f90 -O1 execution test
FAIL: libgomp.oacc-c/../libgomp.oacc-c-c++-common/kernels-loop-nest.c
-DACC_DEVICE_TYPE_host=1 -DACC_MEM_SHARED=1 -O2 execution test
FAIL: libgomp.oacc-c++/../libgomp.oacc-c-c++-common/kernels-loop-nest.c
-DACC_DEVICE_TYPE_host=1 -DACC_MEM_SHARED=1 -O2 execution test
=== libgomp Summary ===
# of expected passes 5126
# of unexpected failures 6
# of unsupported tests 321
=== libstdc++ tests ===
Running target unix
FAIL: 22_locale/ctype/scan/wchar_t/1.cc execution test
XPASS: 23_containers/array/element_access/at_neg.cc execution test
FAIL: 30_threads/call_once/constexpr.cc (test for excess errors)
FAIL: 30_threads/mutex/cons/constexpr.cc (test for excess errors)
FAIL: 30_threads/this_thread/60421.cc execution test
FAIL: decimal/conversion-to-integral.cc (test for excess errors)
UNRESOLVED: decimal/conversion-to-integral.cc compilation failed to
produce executable
FAIL: ext/codecvt/wchar_t.cc execution test
=== libstdc++ Summary ===
# of expected passes 11241
# of unexpected failures 6
# of unexpected successes 1
# of expected failures 65
# of unresolved testcases 1
# of unsupported tests 690
Compiler version: 7.0.1 20170324 (experimental) (GCC)
Platform: x86_64-unknown-cygwin
configure flags: --prefix=/usr/local/gcc7 --enable-languages='c c++
fortran' --enable-libgomp --enable-threads=posix --with-dwarf2
--without-libiconv-prefix --without-libintl-prefix --with-system-zlib
--disable-werror --without-cloog --without-isl
--enable-languages=c,c++,fortran,lto --no-create --no-recursion
More information about the Gcc-testresults
mailing list