Results for 7.0.1 20170324 (experimental) [trunk revision 246437] (GCC) testsuite on sh4-unknown-linux-gnu
Kaz Kojima
kkojima@rr.iij4u.or.jp
Sat Mar 25 00:56:00 GMT 2017
Remote host: linux 3.18.0 sh4
GNU C Library version 2.20.90
LAST_UPDATED: Fri Mar 24 09:38:51 UTC 2017 (revision 246437)
Target is sh4-unknown-linux-gnu
Host is i686-pc-linux-gnu
=== g++ tests ===
Running target unix
WARNING: Assuming target board is the local machine (which is probably wrong).
FAIL: g++.dg/Wno-frame-address.C -std=gnu++98 (test for excess errors)
FAIL: g++.dg/Wno-frame-address.C -std=gnu++11 (test for excess errors)
FAIL: g++.dg/Wno-frame-address.C -std=gnu++14 (test for excess errors)
FAIL: c-c++-common/Wimplicit-fallthrough-7.c -std=gnu++98 (test for warnings, line 24)
FAIL: c-c++-common/Wimplicit-fallthrough-7.c -std=gnu++98 (test for warnings, line 34)
FAIL: c-c++-common/Wimplicit-fallthrough-7.c -std=gnu++98 (test for excess errors)
FAIL: c-c++-common/Wimplicit-fallthrough-7.c -std=gnu++11 (test for warnings, line 24)
FAIL: c-c++-common/Wimplicit-fallthrough-7.c -std=gnu++11 (test for warnings, line 34)
FAIL: c-c++-common/Wimplicit-fallthrough-7.c -std=gnu++11 (test for excess errors)
FAIL: c-c++-common/Wimplicit-fallthrough-7.c -std=gnu++14 (test for warnings, line 24)
FAIL: c-c++-common/Wimplicit-fallthrough-7.c -std=gnu++14 (test for warnings, line 34)
FAIL: c-c++-common/Wimplicit-fallthrough-7.c -std=gnu++14 (test for excess errors)
=== g++ Summary ===
# of expected passes 100118
# of unexpected failures 12
# of expected failures 374
# of unsupported tests 4417
/home/ldroot/dodes/xsh-gcc-orig/gcc/xg++ version 7.0.1 20170324 (experimental) [trunk revision 246437] (GCC)
Host is i686-pc-linux-gnu
=== gcc tests ===
Running target unix
WARNING: Assuming target board is the local machine (which is probably wrong).
FAIL: gcc.dg/atomic/c11-atomic-exec-5.c -O3 -fomit-frame-pointer -funroll-loops -fpeel-loops -ftracer -finline-functions execution test
FAIL: gcc.dg/Walloca-1.c (test for warnings, line 26)
FAIL: gcc.dg/Walloca-1.c (test for excess errors)
FAIL: gcc.dg/Walloca-2.c (test for warnings, line 38)
FAIL: gcc.dg/Walloca-2.c (test for excess errors)
FAIL: gcc.dg/Wno-frame-address.c (test for excess errors)
FAIL: gcc.dg/Wvla-larger-than-2.c note (test for warnings, line 25)
FAIL: gcc.dg/ifcvt-4.c scan-rtl-dump ce1 "2 true changes made"
FAIL: gcc.dg/pr59833.c execution test
FAIL: gcc.dg/pr61441.c execution test
FAIL: c-c++-common/Wimplicit-fallthrough-7.c -Wc++-compat (test for warnings, line 23)
FAIL: c-c++-common/Wimplicit-fallthrough-7.c -Wc++-compat (test for warnings, line 33)
FAIL: c-c++-common/Wimplicit-fallthrough-7.c -Wc++-compat (test for excess errors)
FAIL: gcc.dg/ipa/iinline-attr.c scan-ipa-dump inline "hooray[^\\\\n]*inline copy in test"
FAIL: gcc.dg/torture/float32-nan.c -O0 execution test
FAIL: gcc.dg/torture/float32-nan.c -O1 execution test
FAIL: gcc.dg/torture/float32-nan.c -O2 execution test
FAIL: gcc.dg/torture/float32-nan.c -O3 -g execution test
FAIL: gcc.dg/torture/float32-nan.c -Os execution test
FAIL: gcc.dg/torture/float32-nan.c -O2 -flto -fno-use-linker-plugin -flto-partition=none execution test
FAIL: gcc.dg/torture/float32-nan.c -O2 -flto -fuse-linker-plugin -fno-fat-lto-objects execution test
FAIL: gcc.dg/torture/float32x-nan.c -O0 execution test
FAIL: gcc.dg/torture/float32x-nan.c -O1 execution test
FAIL: gcc.dg/torture/float32x-nan.c -O2 execution test
FAIL: gcc.dg/torture/float32x-nan.c -O3 -g execution test
FAIL: gcc.dg/torture/float32x-nan.c -Os execution test
FAIL: gcc.dg/torture/float32x-nan.c -O2 -flto -fno-use-linker-plugin -flto-partition=none execution test
FAIL: gcc.dg/torture/float32x-nan.c -O2 -flto -fuse-linker-plugin -fno-fat-lto-objects execution test
FAIL: gcc.dg/torture/float64-nan.c -O0 execution test
FAIL: gcc.dg/torture/float64-nan.c -O1 execution test
FAIL: gcc.dg/torture/float64-nan.c -O2 execution test
FAIL: gcc.dg/torture/float64-nan.c -O3 -g execution test
FAIL: gcc.dg/torture/float64-nan.c -Os execution test
FAIL: gcc.dg/torture/float64-nan.c -O2 -flto -fno-use-linker-plugin -flto-partition=none execution test
FAIL: gcc.dg/torture/float64-nan.c -O2 -flto -fuse-linker-plugin -fno-fat-lto-objects execution test
FAIL: gcc.dg/torture/pr68264.c -O0 execution test
FAIL: gcc.dg/torture/pr68264.c -Os execution test
FAIL: gcc.dg/tree-ssa/builtins-folding-gimple-ub.c (internal compiler error)
FAIL: gcc.dg/tree-ssa/builtins-folding-gimple-ub.c (test for excess errors)
FAIL: gcc.target/sh/pr49263-1.c scan-assembler-times extu 1
FAIL: gcc.target/sh/pr49263-1.c scan-assembler-times exts 1
FAIL: gcc.target/sh/pr49263-4.c scan-assembler-not extu
FAIL: gcc.target/sh/pr49263.c scan-assembler-not extu
FAIL: gcc.target/sh/pr51244-10.c scan-assembler-not shll|subc|and
FAIL: gcc.target/sh/pr51244-19.c scan-assembler-not movt
FAIL: gcc.target/sh/pr53987-1.c scan-assembler-times extu.b 2
FAIL: gcc.target/sh/pr53988-1.c scan-assembler-times extu.b 4
FAIL: gcc.target/sh/pr53988-1.c scan-assembler-times extu.w 2
FAIL: gcc.target/sh/pr59533-1.c scan-assembler-times shll 1
FAIL: gcc.target/sh/pr59533-1.c scan-assembler-times cmp/pz 27
FAIL: gcc.target/sh/pr59533-1.c scan-assembler-times addc 4
FAIL: gcc.target/sh/pr59533-1.c scan-assembler-times subc 16
FAIL: gcc.target/sh/pr64345-1.c scan-assembler-times cmp/pz 6
FAIL: gcc.target/sh/pr64345-1.c scan-assembler-times shll\\t 6
=== gcc Summary ===
# of expected passes 92994
# of unexpected failures 54
# of expected failures 201
# of unsupported tests 2219
/home/ldroot/dodes/xsh-gcc-orig/gcc/xgcc version 7.0.1 20170324 (experimental) [trunk revision 246437] (GCC)
Host is i686-pc-linux-gnu
=== gfortran tests ===
Running target unix
WARNING: Assuming target board is the local machine (which is probably wrong).
FAIL: gfortran.dg/assumed_rank_bounds_1.f90 -O2 execution test
FAIL: gfortran.dg/common_14.f90 -O (test for warnings, line 16)
FAIL: gfortran.dg/common_14.f90 -O (test for warnings, line 22)
FAIL: gfortran.dg/common_14.f90 -O (test for excess errors)
FAIL: gfortran.dg/dec_io_1.f90 -O0 execution test
FAIL: gfortran.dg/dec_io_1.f90 -O1 execution test
FAIL: gfortran.dg/dec_io_1.f90 -O2 execution test
FAIL: gfortran.dg/dec_io_1.f90 -O3 -fomit-frame-pointer -funroll-loops -fpeel-loops -ftracer -finline-functions execution test
FAIL: gfortran.dg/dec_io_1.f90 -O3 -g execution test
FAIL: gfortran.dg/dec_io_1.f90 -Os execution test
FAIL: gfortran.dg/proc_ptr_comp_13.f90 -O0 execution test
FAIL: gfortran.dg/read_dir.f90 -O0 execution test
FAIL: gfortran.dg/read_dir.f90 -O1 execution test
FAIL: gfortran.dg/read_dir.f90 -O2 execution test
FAIL: gfortran.dg/read_dir.f90 -O3 -fomit-frame-pointer -funroll-loops -fpeel-loops -ftracer -finline-functions execution test
FAIL: gfortran.dg/read_dir.f90 -O3 -g execution test
FAIL: gfortran.dg/read_dir.f90 -Os execution test
FAIL: gfortran.dg/ieee/ieee_1.F90 -O1 execution test
FAIL: gfortran.dg/ieee/ieee_1.F90 -O2 execution test
FAIL: gfortran.dg/ieee/ieee_1.F90 -O3 -fomit-frame-pointer -funroll-loops -fpeel-loops -ftracer -finline-functions execution test
FAIL: gfortran.dg/ieee/ieee_1.F90 -O3 -g execution test
FAIL: gfortran.dg/ieee/ieee_1.F90 -Os execution test
FAIL: gfortran.dg/ieee/ieee_6.f90 -O0 execution test
FAIL: gfortran.dg/ieee/ieee_6.f90 -O1 execution test
FAIL: gfortran.dg/ieee/ieee_6.f90 -O2 execution test
FAIL: gfortran.dg/ieee/ieee_6.f90 -O3 -fomit-frame-pointer -funroll-loops -fpeel-loops -ftracer -finline-functions execution test
FAIL: gfortran.dg/ieee/ieee_6.f90 -O3 -g execution test
FAIL: gfortran.dg/ieee/ieee_6.f90 -Os execution test
FAIL: gfortran.dg/ieee/large_3.F90 -O1 execution test
FAIL: gfortran.dg/ieee/large_3.F90 -O2 execution test
FAIL: gfortran.dg/ieee/large_3.F90 -O3 -fomit-frame-pointer -funroll-loops -fpeel-loops -ftracer -finline-functions execution test
FAIL: gfortran.dg/ieee/large_3.F90 -O3 -g execution test
FAIL: gfortran.dg/ieee/large_3.F90 -Os execution test
=== gfortran Summary ===
# of expected passes 43584
# of unexpected failures 33
# of expected failures 78
# of unsupported tests 329
/home/ldroot/dodes/xsh-gcc-orig/gcc/gfortran version 7.0.1 20170324 (experimental) [trunk revision 246437] (GCC)
Host is i686-pc-linux-gnu
=== objc tests ===
Running target unix
WARNING: Assuming target board is the local machine (which is probably wrong).
=== objc Summary ===
# of expected passes 2803
# of unsupported tests 68
/home/ldroot/dodes/xsh-gcc-orig/gcc/xgcc version 7.0.1 20170324 (experimental) [trunk revision 246437] (GCC)
Host is sh4-unknown-linux-gnu
=== libatomic tests ===
Running target unix
WARNING: Assuming target board is the local machine (which is probably wrong).
=== libatomic Summary ===
# of expected passes 44
# of unsupported tests 5
Host is sh4-unknown-linux-gnu
=== libgomp tests ===
Running target unix
WARNING: Assuming target board is the local machine (which is probably wrong).
=== libgomp Summary ===
# of expected passes 5000
# of unsupported tests 387
Host is sh4-unknown-linux-gnu
=== libitm tests ===
Running target unix
WARNING: Assuming target board is the local machine (which is probably wrong).
=== libitm Summary ===
# of expected passes 42
# of expected failures 3
# of unsupported tests 1
Host is sh4-unknown-linux-gnu
=== libstdc++ tests ===
Running target unix
WARNING: Assuming target board is the local machine (which is probably wrong).
FAIL: 26_numerics/headers/cmath/hypot.cc execution test
FAIL: experimental/filesystem/operations/last_write_time.cc execution test
=== libstdc++ Summary ===
# of expected passes 10842
# of unexpected failures 2
# of expected failures 66
# of unsupported tests 617
Compiler version: 7.0.1 20170324 (experimental) [trunk revision 246437] (GCC)
Platform: sh4-unknown-linux-gnu
configure flags: --target=sh4-unknown-linux-gnu --enable-build-with-cxx --enable-lto --enable-shared --enable-threads=posix --enable-clocale=gnu --enable-libitm --with-ld=/usr/local/bin/sh4-unknown-linux-gnu-ld --with-as=/usr/local/bin/sh4-unknown-linux-gnu-as --with-sysroot=/exp/ldroot --with-mpfr=/opt3/i686-pc-linux-gnu --with-mpc=/opt3/i686-pc-linux-gnu --with-libelf=/opt3/i686-pc-linux-gnu --with-ppl=no target_alias=sh4-unknown-linux-gnu --enable-languages=c,c++,fortran,lto,objc
More information about the Gcc-testresults
mailing list