Results for 7.0.1 20170316 (experimental) [master revision 9bc0e40:65c6d84:3375ad24861b429e60d263ef835b24d43b14cae8] (Cavium Inc. (Build 1259)) testsuite on aarch64-unknown-linux-gnu
Jenkins
jenkins@cavium.com
Thu Mar 16 07:38:00 GMT 2017
LAST_UPDATED: Thu Mar 16 04:24:54 UTC 2017 (revision 9bc0e40:65c6d84:3375ad24861b429e60d263ef835b24d43b14cae8)
Native configuration is aarch64-unknown-linux-gnu
=== libatomic tests ===
Running target unix
=== libatomic Summary ===
# of expected passes 54
=== libffi tests ===
Running target unix
=== libffi Summary ===
# of expected passes 2214
=== libgo tests ===
Running target unix
=== libgo Summary ===
# of expected passes 145
/home/jenkins/workspace/BuildThunderX_native_gcc_upstream/objdir/./gcc/gccgo version 7.0.1 20170316 (experimental) [master revision 9bc0e40:65c6d84:3375ad24861b429e60d263ef835b24d43b14cae8] (Cavium Inc. (Build 1259))
=== libgomp tests ===
Running target unix
=== libgomp Summary ===
# of expected passes 5010
# of unsupported tests 380
=== libitm tests ===
Running target unix
=== libitm Summary ===
# of expected passes 42
# of expected failures 3
# of unsupported tests 1
=== libstdc++ tests ===
Running target unix
FAIL: 27_io/manipulators/extended/get_money/char/1.cc execution test
=== libstdc++ Summary ===
# of expected passes 11288
# of unexpected failures 1
# of expected failures 66
# of unsupported tests 556
=== gcc tests ===
Running target unix
FAIL: gcc.dg/tree-prof/pr66295.c compilation, -fprofile-generate -D_PROFILE_GENERATE
UNRESOLVED: gcc.dg/tree-prof/pr66295.c compilation, -fprofile-use -D_PROFILE_USE
UNRESOLVED: gcc.dg/tree-prof/pr66295.c execution, -fprofile-generate -D_PROFILE_GENERATE
UNRESOLVED: gcc.dg/tree-prof/pr66295.c execution, -fprofile-use -D_PROFILE_USE
FAIL: c-c++-common/ubsan/overflow-mul-4.c -O0 output pattern test
FAIL: c-c++-common/ubsan/overflow-mul-4.c -O2 -flto -fno-use-linker-plugin -flto-partition=none output pattern test
FAIL: gcc.target/aarch64/vect-abs-compile.c scan-assembler abs\\\\tv[0-9]+.16b
FAIL: gcc.target/aarch64/vect-abs-compile.c scan-assembler abs\\\\tv[0-9]+.8h
=== gcc Summary ===
# of expected passes 111879
# of unexpected failures 5
# of expected failures 316
# of unresolved testcases 3
# of unsupported tests 3144
/home/jenkins/workspace/BuildThunderX_native_gcc_upstream/objdir/gcc/xgcc version 7.0.1 20170316 (experimental) [master revision 9bc0e40:65c6d84:3375ad24861b429e60d263ef835b24d43b14cae8] (Cavium Inc. (Build 1259))
=== gfortran tests ===
Running target unix
=== gfortran Summary ===
# of expected passes 44128
# of expected failures 85
# of unsupported tests 68
/home/jenkins/workspace/BuildThunderX_native_gcc_upstream/objdir/gcc/testsuite/gfortran/../../gfortran version 7.0.1 20170316 (experimental) [master revision 9bc0e40:65c6d84:3375ad24861b429e60d263ef835b24d43b14cae8] (Cavium Inc. (Build 1259))
=== g++ tests ===
Running target unix
FAIL: c-c++-common/ubsan/overflow-mul-4.c -O0 output pattern test
FAIL: c-c++-common/ubsan/overflow-mul-4.c -O1 output pattern test
FAIL: c-c++-common/ubsan/overflow-mul-4.c -O2 -flto -fno-use-linker-plugin -flto-partition=none output pattern test
=== g++ Summary ===
# of expected passes 107894
# of unexpected failures 3
# of expected failures 374
# of unsupported tests 4640
/home/jenkins/workspace/BuildThunderX_native_gcc_upstream/objdir/gcc/testsuite/g++/../../xg++ version 7.0.1 20170316 (experimental) [master revision 9bc0e40:65c6d84:3375ad24861b429e60d263ef835b24d43b14cae8] (Cavium Inc. (Build 1259))
=== go tests ===
Running target unix
FAIL: go.test/test/cmplxdivide.go
FAIL: go.test/test/ken/cplx2.go execution, -O2 -g
WARNING: program timed out.
=== go Summary ===
# of expected passes 7242
# of unexpected failures 2
# of expected failures 1
# of untested testcases 10
# of unsupported tests 3
/home/jenkins/workspace/BuildThunderX_native_gcc_upstream/objdir/gcc/testsuite/go/../../gccgo version 7.0.1 20170316 (experimental) [master revision 9bc0e40:65c6d84:3375ad24861b429e60d263ef835b24d43b14cae8] (Cavium Inc. (Build 1259))
Compiler version: 7.0.1 20170316 (experimental) [master revision 9bc0e40:65c6d84:3375ad24861b429e60d263ef835b24d43b14cae8] (Cavium Inc. (Build 1259))
Platform: aarch64-unknown-linux-gnu
configure flags: --prefix=/home/jenkins/workspace/BuildThunderX_native_gcc_upstream/objdir/../tools --enable-languages=c,c++,fortran,go --disable-werror --with-sysroot=/ --enable-plugins --enable-gnu-indirect-function --with-pkgversion='Cavium Inc. (Build 1259)'
More information about the Gcc-testresults
mailing list