Results for 7.0.1 20170301 (experimental) [master revision 42decc1:ad55366:b3afa3d84b82ecb66a9dedc22c807cc41e898ee3] (Cavium Inc. (Build 1191)) testsuite on aarch64-unknown-linux-gnu
jenkins@cavium.com
jenkins@cavium.com
Wed Mar 1 03:07:00 GMT 2017
LAST_UPDATED: Wed Mar 1 01:24:23 UTC 2017 (revision 42decc1:ad55366:b3afa3d84b82ecb66a9dedc22c807cc41e898ee3)
Native configuration is aarch64-unknown-linux-gnu
=== libatomic tests ===
Running target unix
=== libatomic Summary ===
# of expected passes 54
=== libffi tests ===
Running target unix
=== libffi Summary ===
# of expected passes 2214
=== libgo tests ===
Running target unix
=== libgo Summary ===
# of expected passes 145
/data1/jenkins/workspace/BuildThunderX_native_gcc_upstream/objdir/./gcc/gccgo version 7.0.1 20170301 (experimental) [master revision 42decc1:ad55366:b3afa3d84b82ecb66a9dedc22c807cc41e898ee3] (Cavium Inc. (Build 1191))
=== libgomp tests ===
Running target unix
=== libgomp Summary ===
# of expected passes 5008
# of unsupported tests 380
=== libitm tests ===
Running target unix
=== libitm Summary ===
# of expected passes 42
# of expected failures 3
# of unsupported tests 1
=== libstdc++ tests ===
Running target unix
FAIL: 27_io/manipulators/extended/get_money/char/1.cc execution test
=== libstdc++ Summary ===
# of expected passes 11270
# of unexpected failures 1
# of expected failures 66
# of unsupported tests 556
=== gcc tests ===
Running target unix
XPASS: gcc.dg/attr-alloc_size-11.c missing range info for short (test for warnings, line 50)
XPASS: gcc.dg/attr-alloc_size-11.c missing range info for signed char (test for warnings, line 49)
FAIL: c-c++-common/ubsan/float-cast-overflow-1.c -O2 -flto -fno-use-linker-plugin -flto-partition=none output pattern test
FAIL: c-c++-common/ubsan/overflow-mul-4.c -O2 output pattern test
FAIL: c-c++-common/ubsan/overflow-mul-4.c -O2 -flto -fno-use-linker-plugin -flto-partition=none output pattern test
FAIL: c-c++-common/ubsan/overflow-mul-4.c -O3 -fomit-frame-pointer -funroll-loops -fpeel-loops -ftracer -finline-functions output pattern test
FAIL: c-c++-common/ubsan/overflow-mul-4.c -O3 -g output pattern test
FAIL: c-c++-common/ubsan/overflow-mul-4.c -Os output pattern test
FAIL: gcc.target/aarch64/vect-abs-compile.c scan-assembler abs\\\\tv[0-9]+.16b
FAIL: gcc.target/aarch64/vect-abs-compile.c scan-assembler abs\\\\tv[0-9]+.8h
=== gcc Summary ===
# of expected passes 111593
# of unexpected failures 8
# of unexpected successes 2
# of expected failures 316
# of unsupported tests 3131
/data1/jenkins/workspace/BuildThunderX_native_gcc_upstream/objdir/gcc/xgcc version 7.0.1 20170301 (experimental) [master revision 42decc1:ad55366:b3afa3d84b82ecb66a9dedc22c807cc41e898ee3] (Cavium Inc. (Build 1191))
=== gfortran tests ===
Running target unix
=== gfortran Summary ===
# of expected passes 43970
# of expected failures 85
# of unsupported tests 68
/data1/jenkins/workspace/BuildThunderX_native_gcc_upstream/objdir/gcc/testsuite/gfortran/../../gfortran version 7.0.1 20170301 (experimental) [master revision 42decc1:ad55366:b3afa3d84b82ecb66a9dedc22c807cc41e898ee3] (Cavium Inc. (Build 1191))
=== g++ tests ===
Running target unix
FAIL: c-c++-common/ubsan/overflow-mul-4.c -O1 output pattern test
FAIL: c-c++-common/ubsan/overflow-mul-4.c -O2 output pattern test
FAIL: c-c++-common/ubsan/overflow-mul-4.c -O3 -fomit-frame-pointer -funroll-loops -fpeel-loops -ftracer -finline-functions output pattern test
FAIL: c-c++-common/ubsan/overflow-mul-4.c -Os output pattern test
=== g++ Summary ===
# of expected passes 107675
# of unexpected failures 4
# of expected failures 374
# of unsupported tests 4594
/data1/jenkins/workspace/BuildThunderX_native_gcc_upstream/objdir/gcc/testsuite/g++/../../xg++ version 7.0.1 20170301 (experimental) [master revision 42decc1:ad55366:b3afa3d84b82ecb66a9dedc22c807cc41e898ee3] (Cavium Inc. (Build 1191))
=== go tests ===
Running target unix
FAIL: go.test/test/ken/cplx2.go execution, -O2 -g
=== go Summary ===
# of expected passes 7243
# of unexpected failures 1
# of expected failures 1
# of untested testcases 10
# of unsupported tests 3
/data1/jenkins/workspace/BuildThunderX_native_gcc_upstream/objdir/gcc/testsuite/go/../../gccgo version 7.0.1 20170301 (experimental) [master revision 42decc1:ad55366:b3afa3d84b82ecb66a9dedc22c807cc41e898ee3] (Cavium Inc. (Build 1191))
Compiler version: 7.0.1 20170301 (experimental) [master revision 42decc1:ad55366:b3afa3d84b82ecb66a9dedc22c807cc41e898ee3] (Cavium Inc. (Build 1191))
Platform: aarch64-unknown-linux-gnu
configure flags: --prefix=/data1/jenkins/workspace/BuildThunderX_native_gcc_upstream/objdir/../tools --enable-languages=c,c++,fortran,go --disable-werror --with-sysroot=/ --enable-plugins --enable-gnu-indirect-function --with-pkgversion='Cavium Inc. (Build 1191)'
More information about the Gcc-testresults
mailing list