Results for 8.0.0 20170621 (experimental) [master revision 35d7e40:74d60e6:c4d7dd8b7f40df691157fbbabb194daa08aec05f] (Cavium Inc. (Build 4266)) testsuite on x86_64-pc-linux-gnu
jenkins@dell1s-1.localdomain
jenkins@dell1s-1.localdomain
Wed Jun 21 23:49:00 GMT 2017
LAST_UPDATED: Wed Jun 21 21:26:56 UTC 2017 (revision 35d7e40:74d60e6:c4d7dd8b7f40df691157fbbabb194daa08aec05f)
Native configuration is x86_64-pc-linux-gnu
=== gcc tests ===
Running target unix
FAIL: gcc.dg/tree-ssa/ipa-split-5.c scan-tree-dump optimized "part"
FAIL: gcc.dg/vect/pr66636.c (test for excess errors)
FAIL: gcc.dg/vect/pr66636.c -flto -ffat-lto-objects (test for excess errors)
WARNING: gcc.dg/vect/pr66636.c -flto -ffat-lto-objects compilation failed to produce executable
WARNING: gcc.dg/vect/pr66636.c compilation failed to produce executable
FAIL: gcc.target/i386/pr57275.c (test for excess errors)
WARNING: gcc.target/i386/pr57275.c compilation failed to produce executable
=== gcc Summary ===
# of expected passes 123784
# of unexpected failures 4
# of expected failures 397
# of unsupported tests 3344
/home/jenkins/workspace/GCCupstream/objdir/gcc/xgcc version 8.0.0 20170621 (experimental) [master revision 35d7e40:74d60e6:c4d7dd8b7f40df691157fbbabb194daa08aec05f] (Cavium Inc. (Build 4266))
=== gfortran tests ===
Running target unix
FAIL: gfortran.dg/graphite/pr14741.f90 -O scan-tree-dump graphite "tiled by"
FAIL: gfortran.dg/guality/pr41558.f90 -O2 line 7 s == 'foo'
FAIL: gfortran.dg/guality/pr41558.f90 -O3 -fomit-frame-pointer -funroll-loops -fpeel-loops -ftracer -finline-functions line 7 s == 'foo'
FAIL: gfortran.dg/guality/pr41558.f90 -O3 -g line 7 s == 'foo'
FAIL: gfortran.dg/guality/pr41558.f90 -Os line 7 s == 'foo'
=== gfortran Summary ===
# of expected passes 45377
# of unexpected failures 5
# of expected failures 92
# of unsupported tests 87
/home/jenkins/workspace/GCCupstream/objdir/gcc/testsuite/gfortran/../../gfortran version 8.0.0 20170621 (experimental) [master revision 35d7e40:74d60e6:c4d7dd8b7f40df691157fbbabb194daa08aec05f] (Cavium Inc. (Build 4266))
=== g++ tests ===
Running target unix
FAIL: g++.dg/tls/thread_local-order2.C -std=c++11 execution test
FAIL: g++.dg/tls/thread_local-order2.C -std=c++14 execution test
=== g++ Summary ===
# of expected passes 117312
# of unexpected failures 2
# of expected failures 386
# of unsupported tests 4400
/home/jenkins/workspace/GCCupstream/objdir/gcc/testsuite/g++/../../xg++ version 8.0.0 20170621 (experimental) [master revision 35d7e40:74d60e6:c4d7dd8b7f40df691157fbbabb194daa08aec05f] (Cavium Inc. (Build 4266))
=== go tests ===
Running target unix
FAIL: ./index0-out.go execution, -O0 -g -fno-var-tracking-assignments
=== go Summary ===
# of expected passes 7253
# of unexpected failures 1
# of expected failures 1
# of untested testcases 6
# of unsupported tests 1
/home/jenkins/workspace/GCCupstream/objdir/gcc/testsuite/go/../../gccgo version 8.0.0 20170621 (experimental) [master revision 35d7e40:74d60e6:c4d7dd8b7f40df691157fbbabb194daa08aec05f] (Cavium Inc. (Build 4266))
=== gotools tests ===
FAIL: TestCgoConsistentResults
FAIL: TestCgoHandlesWlORIGIN
=== gotools Summary ===
# of expected passes 131
# of unexpected failures 2
# of untested testcases 76
/home/jenkins/workspace/GCCupstream/objdir/./gcc/gccgo version 8.0.0 20170621 (experimental) [master revision 35d7e40:74d60e6:c4d7dd8b7f40df691157fbbabb194daa08aec05f] (Cavium Inc. (Build 4266))
=== libatomic tests ===
Running target unix
=== libatomic Summary ===
# of expected passes 54
=== libffi tests ===
Running target unix
=== libffi Summary ===
# of expected passes 2214
=== libgo tests ===
Running target unix
=== libgo Summary ===
# of expected passes 146
/home/jenkins/workspace/GCCupstream/objdir/./gcc/gccgo version 8.0.0 20170621 (experimental) [master revision 35d7e40:74d60e6:c4d7dd8b7f40df691157fbbabb194daa08aec05f] (Cavium Inc. (Build 4266))
=== libgomp tests ===
Running target unix
=== libgomp Summary ===
# of expected passes 5160
# of unsupported tests 363
=== libitm tests ===
Running target unix
=== libitm Summary ===
# of expected passes 42
# of expected failures 3
# of unsupported tests 1
=== libstdc++ tests ===
Running target unix
=== libstdc++ Summary ===
# of expected passes 11829
# of expected failures 69
# of unsupported tests 248
Compiler version: 8.0.0 20170621 (experimental) [master revision 35d7e40:74d60e6:c4d7dd8b7f40df691157fbbabb194daa08aec05f] (Cavium Inc. (Build 4266))
Platform: x86_64-pc-linux-gnu
configure flags: --prefix=/home/jenkins/workspace/GCCupstream/objdir/../tools --enable-languages=c,c++,fortran,go --disable-werror --enable-plugins --enable-gnu-indirect-function --with-pkgversion='Cavium Inc. (Build 4266)' --disable-multilib
More information about the Gcc-testresults
mailing list