Results for 8.0.0 20170616 (experimental) [trunk revision 249245] (GCC) testsuite on sparc-sun-solaris2.11
Rainer Orth
ro@CeBiTec.Uni-Bielefeld.DE
Sat Jun 17 07:13:00 GMT 2017
LAST_UPDATED: Fri Jun 16 11:57:16 UTC 2017 (revision 249245)
=== acats tests ===
FAIL: cc3106b
FAIL: cc3128a
FAIL: cc3224a
FAIL: cc3225a
FAIL: cc3230a
FAIL: cc3231a
FAIL: cc3305a
FAIL: cc3305d
FAIL: cc3603a
FAIL: cc3605a
FAIL: cc3606b
FAIL: cc3607b
FAIL: cc50001
FAIL: cc51002
FAIL: cc51003
FAIL: cc51004
FAIL: cc51007
FAIL: cc51008
FAIL: cc51a01
FAIL: cc54001
FAIL: cc54002
FAIL: cc54003
FAIL: cc54004
FAIL: cc70002
FAIL: cc70003
FAIL: cc70c01
FAIL: cd10001
FAIL: cd10002
FAIL: cd1009a
FAIL: cd1009b
FAIL: cd1009g
FAIL: cd1009h
FAIL: cd1009j
FAIL: cd1009k
FAIL: cd1009l
FAIL: cd1009m
FAIL: cd1009o
FAIL: cd1009p
FAIL: cd1009q
FAIL: cd1009t
FAIL: cd1009u
FAIL: cd1009z
FAIL: cd1c03a
FAIL: cd1c03b
FAIL: cd1c03c
FAIL: cd1c03g
FAIL: cd1c04a
FAIL: cd1c04d
FAIL: cd1c06a
FAIL: cd20001
FAIL: cd2a21a
FAIL: cd2a21c
FAIL: cd2a21e
FAIL: cd2a22e
FAIL: cd2a22i
FAIL: cd2a22j
FAIL: cd2a23a
FAIL: cd2a24a
FAIL: cd2a24e
FAIL: cd2a24i
FAIL: cd2a31e
FAIL: cd2a32a
FAIL: cd2a32e
FAIL: cd2a32g
FAIL: cd2a32i
FAIL: cd2b11a
FAIL: cd2b11b
FAIL: cd2b11d
FAIL: cd2b11e
FAIL: cd2c11a
FAIL: cd2d11a
FAIL: cd30001
FAIL: cd30002
FAIL: cd30003
FAIL: cd30004
FAIL: cd30005
FAIL: cd3014a
FAIL: cd3014c
FAIL: cd3014c
FAIL: cd3014d
FAIL: cd3014d
FAIL: cd3014f
FAIL: cd3014f
FAIL: cd3015a
FAIL: cd3015a
FAIL: cd3015c
FAIL: cd3015e
FAIL: cd3015f
FAIL: cd3015g
FAIL: cd3015h
FAIL: cd3015i
FAIL: cd3015k
FAIL: cd3015k
FAIL: cd3021a
FAIL: cd3021a
FAIL: cd33001
FAIL: cd33002
FAIL: cd40001
FAIL: cd4031a
FAIL: cd4041a
FAIL: cd4051a
FAIL: cd4051b
FAIL: cd4051c
FAIL: cd4051d
FAIL: cd4051d
FAIL: cd5003a
FAIL: cd5003a
FAIL: cd5003b
FAIL: cd5003c
FAIL: cd5003d
FAIL: cd5003e
FAIL: cd5003f
FAIL: cd5003g
FAIL: cd5003h
FAIL: cd5003i
FAIL: cd5011a
FAIL: cd5011a
FAIL: cd5011c
FAIL: cd5011e
FAIL: cd5011g
FAIL: cd5011i
FAIL: cd5011k
FAIL: cd5011m
FAIL: cd5011q
FAIL: cd5011s
FAIL: cd5012a
FAIL: cd5012b
FAIL: cd5012b
FAIL: cd5012e
FAIL: cd5012e
=== acats Summary ===
# of expected passes 2240
# of unexpected failures 130
Native configuration is sparc-sun-solaris2.11
=== g++ tests ===
Running target unix
FAIL: g++.dg/template/nontype10.C -std=c++11 (test for excess errors)
FAIL: g++.dg/template/nontype10.C -std=c++14 (test for excess errors)
FAIL: g++.dg/template/nontype10.C -std=c++98 (test for excess errors)
=== g++ Summary for unix ===
# of expected passes 106110
# of unexpected failures 3
# of expected failures 391
# of unsupported tests 4614
Running target unix/-m64
=== g++ Summary for unix/-m64 ===
# of expected passes 107995
# of expected failures 391
# of unsupported tests 4586
=== g++ Summary ===
# of expected passes 214105
# of unexpected failures 3
# of expected failures 782
# of unsupported tests 9200
/var/gcc/regression/trunk/11-gcc-gas/build/gcc/testsuite/g++/../../xg++ version 8.0.0 20170616 (experimental) [trunk revision 249245] (GCC)
=== gcc tests ===
Running target unix
FAIL: gcc.dg/visibility-22.c execution test
FAIL: gcc.dg/plugin/must-tail-call-1.c -fplugin=./must_tail_call_plugin.so (test for excess errors)
FAIL: gcc.dg/simulate-thread/atomic-other-int.c -O2 -g thread simulation test
FAIL: gcc.dg/simulate-thread/atomic-other-int.c -O3 -g thread simulation test
FAIL: gcc.dg/simulate-thread/speculative-store-4.c -O0 -g thread simulation test
FAIL: gcc.dg/simulate-thread/speculative-store-4.c -O2 -g thread simulation test
FAIL: gcc.dg/simulate-thread/speculative-store-4.c -O3 -g thread simulation test
FAIL: gcc.dg/simulate-thread/speculative-store.c -O0 -g thread simulation test
FAIL: gcc.dg/vect/pr80815-3.c -flto -ffat-lto-objects scan-tree-dump vect "improved number of alias checks from [0-9]* to 1"
FAIL: gcc.dg/vect/pr80815-3.c scan-tree-dump vect "improved number of alias checks from [0-9]* to 1"
XPASS: gcc.dg/vect/vect-multitypes-12.c -flto -ffat-lto-objects scan-tree-dump-times vect "vectorized 1 loops" 1
XPASS: gcc.dg/vect/vect-multitypes-12.c scan-tree-dump-times vect "vectorized 1 loops" 1
=== gcc Summary for unix ===
# of expected passes 100108
# of unexpected failures 10
# of unexpected successes 2
# of expected failures 430
# of unsupported tests 2628
Running target unix/-m64
FAIL: gcc.dg/visibility-22.c execution test
FAIL: gcc.dg/plugin/must-tail-call-1.c -fplugin=./must_tail_call_plugin.so (test for excess errors)
FAIL: gcc.dg/vect/pr80815-3.c -flto -ffat-lto-objects scan-tree-dump vect "improved number of alias checks from [0-9]* to 1"
FAIL: gcc.dg/vect/pr80815-3.c scan-tree-dump vect "improved number of alias checks from [0-9]* to 1"
=== gcc Summary for unix/-m64 ===
# of expected passes 101172
# of unexpected failures 4
# of expected failures 417
# of unsupported tests 2420
=== gcc Summary ===
# of expected passes 201280
# of unexpected failures 14
# of unexpected successes 2
# of expected failures 847
# of unsupported tests 5048
/var/gcc/regression/trunk/11-gcc-gas/build/gcc/xgcc version 8.0.0 20170616 (experimental) [trunk revision 249245] (GCC)
=== gfortran tests ===
Running target unix
FAIL: gfortran.dg/alloc_comp_deep_copy_1.f03 -O3 -g (test for excess errors)
FAIL: gfortran.dg/alloc_comp_deep_copy_2.f03 -O2 (test for excess errors)
FAIL: gfortran.dg/alloc_comp_default_init_1.f90 -O1 (test for excess errors)
WARNING: gfortran.dg/alloc_comp_default_init_1.f90 -O1 compilation failed to produce executable
FAIL: gfortran.dg/alloc_comp_default_init_1.f90 -O2 (test for excess errors)
FAIL: gfortran.dg/alloc_comp_transformational_1.f90 -O3 -g (test for excess errors)
FAIL: gfortran.dg/elemental_subroutine_3.f90 -O1 (test for excess errors)
FAIL: gfortran.dg/elemental_subroutine_3.f90 -O2 (test for excess errors)
FAIL: gfortran.dg/elemental_subroutine_3.f90 -O3 -fomit-frame-pointer -funroll-loops -fpeel-loops -ftracer -finline-functions (test for excess errors)
FAIL: gfortran.dg/elemental_subroutine_3.f90 -O3 -g (test for excess errors)
FAIL: gfortran.dg/elemental_subroutine_3.f90 -Os (test for excess errors)
=== gfortran Summary for unix ===
# of expected passes 44997
# of unexpected failures 10
# of expected failures 94
# of unsupported tests 242
Running target unix/-m64
FAIL: gfortran.dg/elemental_subroutine_3.f90 -O1 (test for excess errors)
FAIL: gfortran.dg/elemental_subroutine_3.f90 -O2 (test for excess errors)
FAIL: gfortran.dg/elemental_subroutine_3.f90 -O3 -fomit-frame-pointer -funroll-loops -fpeel-loops -ftracer -finline-functions (test for excess errors)
FAIL: gfortran.dg/elemental_subroutine_3.f90 -O3 -g (test for excess errors)
FAIL: gfortran.dg/elemental_subroutine_3.f90 -Os (test for excess errors)
FAIL: gfortran.dg/graphite/pr14741.f90 -O scan-tree-dump graphite "tiled by"
=== gfortran Summary for unix/-m64 ===
# of expected passes 45249
# of unexpected failures 6
# of expected failures 94
# of unsupported tests 121
=== gfortran Summary ===
# of expected passes 90246
# of unexpected failures 16
# of expected failures 188
# of unsupported tests 363
/var/gcc/regression/trunk/11-gcc-gas/build/gcc/testsuite/gfortran/../../gfortran version 8.0.0 20170616 (experimental) [trunk revision 249245] (GCC)
=== gnat tests ===
Running target unix
FAIL: gnat.dg/lto21.adb (test for excess errors)
FAIL: gnat.dg/lto6.adb (test for excess errors)
FAIL: gnat.dg/lto7.adb (test for excess errors)
WARNING: gnat.dg/lto7.adb compilation failed to produce executable
FAIL: gnat.dg/nan_max.adb (test for excess errors)
FAIL: gnat.dg/nat1r.adb (test for excess errors)
FAIL: gnat.dg/nested_return_test.adb (test for excess errors)
FAIL: gnat.dg/no_final.adb (test for excess errors)
FAIL: gnat.dg/null_pointer_deref2.adb (test for excess errors)
FAIL: gnat.dg/null_pointer_deref3.adb (test for excess errors)
=== gnat Summary for unix ===
# of expected passes 2533
# of unexpected failures 9
# of expected failures 24
# of unsupported tests 23
Running target unix/-m64
=== gnat Summary for unix/-m64 ===
# of expected passes 2543
# of expected failures 24
# of unsupported tests 23
=== gnat Summary ===
# of expected passes 5076
# of unexpected failures 9
# of expected failures 48
# of unsupported tests 46
/var/gcc/regression/trunk/11-gcc-gas/build/gcc/gnatmake version 8.0.0 20170616 (experimental) [trunk revision 249245]
=== go tests ===
Running target unix
FAIL: ./index0-out.go execution, -O0 -g -fno-var-tracking-assignments
FAIL: go.test/test/fixedbugs/issue4562.go execution, -O2 -g
FAIL: go.test/test/method5.go execution, -O2 -g
FAIL: go.test/test/nil.go execution, -O2 -g
=== go Summary for unix ===
# of expected passes 7358
# of unexpected failures 4
# of expected failures 1
# of untested testcases 11
# of unsupported tests 3
Running target unix/-m64
FAIL: ./index0-out.go execution, -O0 -g -fno-var-tracking-assignments
=== go Summary for unix/-m64 ===
# of expected passes 7241
# of unexpected failures 1
# of expected failures 1
# of untested testcases 11
# of unsupported tests 3
=== go Summary ===
# of expected passes 14599
# of unexpected failures 5
# of expected failures 2
# of untested testcases 22
# of unsupported tests 6
=== obj-c++ tests ===
Running target unix
=== obj-c++ Summary for unix ===
# of expected passes 1459
# of expected failures 2
# of unsupported tests 77
Running target unix/-m64
FAIL: obj-c++.dg/encode-10.mm -fgnu-runtime (test for excess errors)
WARNING: obj-c++.dg/encode-10.mm -fgnu-runtime compilation failed to produce executable
FAIL: obj-c++.dg/except-1.mm -fgnu-runtime (test for excess errors)
FAIL: obj-c++.dg/gnu-api-2-ivar.mm -fgnu-runtime (test for excess errors)
=== obj-c++ Summary for unix/-m64 ===
# of expected passes 1447
# of unexpected failures 3
# of expected failures 10
# of unsupported tests 77
=== obj-c++ Summary ===
# of expected passes 2906
# of unexpected failures 3
# of expected failures 12
# of unsupported tests 154
/var/gcc/regression/trunk/11-gcc-gas/build/gcc/testsuite/obj-c++/../../xg++ version 8.0.0 20170616 (experimental) [trunk revision 249245] (GCC)
=== objc tests ===
Running target unix
FAIL: objc.dg/torture/strings/const-str-8.m -O1 -fgnu-runtime (test for excess errors)
WARNING: objc.dg/torture/strings/const-str-8.m -O1 -fgnu-runtime compilation failed to produce executable
FAIL: objc.dg/torture/strings/const-str-8.m -O2 -fgnu-runtime (test for excess errors)
FAIL: objc.dg/torture/strings/const-str-8.m -O3 -g -fgnu-runtime (test for excess errors)
FAIL: objc.dg/torture/strings/string1.m -O2 -flto -flto-partition=none -fgnu-runtime (test for excess errors)
FAIL: objc.dg/torture/strings/string3.m -O2 -fgnu-runtime (test for excess errors)
FAIL: objc.dg/torture/strings/string4.m -O2 -fgnu-runtime (test for excess errors)
FAIL: objc.dg/torture/strings/string4.m -O3 -g -fgnu-runtime (test for excess errors)
FAIL: objc.dg/torture/strings/string4.m -Os -fgnu-runtime (test for excess errors)
WARNING: objc.dg/torture/strings/string4.m -Os -fgnu-runtime compilation failed to produce executable
=== objc Summary for unix ===
# of expected passes 2751
# of unexpected failures 8
# of unsupported tests 89
Running target unix/-m64
FAIL: objc/execute/exceptions/finally-1.m compilation, -O3 -g -fgnu-runtime
UNRESOLVED: objc/execute/exceptions/finally-1.m execution, -O3 -g -fgnu-runtime
FAIL: objc/execute/exceptions/foward-1.m compilation, -O2 -fgnu-runtime
FAIL: objc/execute/exceptions/foward-1.m compilation, -O3 -g -fgnu-runtime
UNRESOLVED: objc/execute/exceptions/foward-1.m execution, -O2 -fgnu-runtime
UNRESOLVED: objc/execute/exceptions/foward-1.m execution, -O3 -g -fgnu-runtime
FAIL: objc/execute/exceptions/pr31281.m compilation, -O2 -fgnu-runtime
UNRESOLVED: objc/execute/exceptions/pr31281.m execution, -O2 -fgnu-runtime
FAIL: objc/execute/exceptions/throw-nil.m compilation, -O1 -fgnu-runtime
FAIL: objc/execute/exceptions/throw-nil.m compilation, -O3 -g -fgnu-runtime
UNRESOLVED: objc/execute/exceptions/throw-nil.m execution, -O1 -fgnu-runtime
UNRESOLVED: objc/execute/exceptions/throw-nil.m execution, -O3 -g -fgnu-runtime
FAIL: objc/execute/bf-13.m compilation, -O0 -fgnu-runtime
FAIL: objc/execute/bf-13.m compilation, -O2 -fgnu-runtime
FAIL: objc/execute/bf-13.m compilation, -Os -fgnu-runtime
UNRESOLVED: objc/execute/bf-13.m execution, -O0 -fgnu-runtime
UNRESOLVED: objc/execute/bf-13.m execution, -O2 -fgnu-runtime
UNRESOLVED: objc/execute/bf-13.m execution, -Os -fgnu-runtime
=== objc Summary for unix/-m64 ===
# of expected passes 2785
# of unexpected failures 9
# of unresolved testcases 9
# of unsupported tests 68
=== objc Summary ===
# of expected passes 5536
# of unexpected failures 17
# of unresolved testcases 9
# of unsupported tests 157
/var/gcc/regression/trunk/11-gcc-gas/build/gcc/xgcc version 8.0.0 20170616 (experimental) [trunk revision 249245] (GCC)
=== gotools tests ===
=== gotools Summary ===
# of expected passes 35
# of untested testcases 15
=== libatomic tests ===
Running target unix
=== libatomic Summary for unix ===
# of expected passes 44
# of unsupported tests 5
Running target unix/-m64
=== libatomic Summary for unix/-m64 ===
# of expected passes 54
=== libatomic Summary ===
# of expected passes 98
# of unsupported tests 5
=== libffi tests ===
Running target unix
=== libffi Summary for unix ===
# of expected passes 2214
Running target unix/-m64
=== libffi Summary for unix/-m64 ===
# of expected passes 2214
=== libffi Summary ===
# of expected passes 4428
=== libgo tests ===
Running target unix
FAIL: net
FAIL: runtime
FAIL: crypto/subtle
FAIL: html/template
FAIL: go/build
FAIL: net/http
FAIL: text/template/parse
=== libgo Summary for unix ===
# of expected passes 140
# of unexpected failures 7
Running target unix/-m64
FAIL: net
FAIL: go/build
FAIL: os/signal
=== libgo Summary for unix/-m64 ===
# of expected passes 144
# of unexpected failures 3
=== libgo Summary ===
# of expected passes 284
# of unexpected failures 10
=== libgomp tests ===
Running target unix
=== libgomp Summary for unix ===
# of expected passes 5128
# of unsupported tests 378
Running target unix/-m64
=== libgomp Summary for unix/-m64 ===
# of expected passes 5128
# of unsupported tests 378
=== libgomp Summary ===
# of expected passes 10256
# of unsupported tests 756
=== libitm tests ===
Running target unix
=== libitm Summary for unix ===
# of expected passes 42
# of expected failures 3
# of unsupported tests 1
Running target unix/-m64
=== libitm Summary for unix/-m64 ===
# of expected passes 42
# of expected failures 3
# of unsupported tests 1
=== libitm Summary ===
# of expected passes 84
# of expected failures 6
# of unsupported tests 2
=== libstdc++ tests ===
Running target unix
=== libstdc++ Summary for unix ===
# of expected passes 10852
# of expected failures 69
# of unsupported tests 635
Running target unix/-m64
=== libstdc++ Summary for unix/-m64 ===
# of expected passes 10852
# of expected failures 69
# of unsupported tests 635
=== libstdc++ Summary ===
# of expected passes 21704
# of expected failures 138
# of unsupported tests 1270
Compiler version: 8.0.0 20170616 (experimental) [trunk revision 249245] (GCC)
Platform: sparc-sun-solaris2.11
configure flags: --prefix=/vol/gcc --target=sparc-sun-solaris2.11 --enable-objc-gc --with-target-bdw-gc-include=/vol/gcc/include --with-target-bdw-gc-lib=/vol/gcc/lib,sparcv9=/vol/gcc/lib/sparcv9 --enable-libmudflap --with-as=/vol/gcc/bin/gas-2.28 --with-gnu-as --with-gmp-include=/vol/gcc/include --with-gmp-lib=/vol/gcc/lib --with-mpfr-include=/vol/gcc/include --with-mpfr-lib=/vol/gcc/lib --with-mpc-include=/vol/gcc/include --with-mpc-lib=/vol/gcc/lib --enable-languages=all,ada,obj-c++,go --with-isl-include=/vol/gcc/include --with-isl-lib=/vol/gcc/lib --build=sparc-sun-solaris2.11 --host=sparc-sun-solaris2.11
BOOT_CFLAGS=-g -O2
More information about the Gcc-testresults
mailing list