Results for 8.0.0 20170613 (experimental) [master revision 9917317:8b08e05:2f9d7788419490c3cf5e0d5479e08241f2652484] (Cavium Inc. (Build 4213)) testsuite on x86_64-pc-linux-gnu
jenkins@dell1s-2.localdomain
jenkins@dell1s-2.localdomain
Tue Jun 13 20:00:00 GMT 2017
LAST_UPDATED: Tue Jun 13 15:23:15 UTC 2017 (revision 9917317:8b08e05:2f9d7788419490c3cf5e0d5479e08241f2652484)
Native configuration is x86_64-pc-linux-gnu
=== gcc tests ===
Running target unix
ERROR: (DejaGnu) proc "^:\\\\" does not exist.
ERROR: (DejaGnu) proc "^:\\\\" does not exist.
FAIL: gcc.dg/vect/pr66636.c (test for excess errors)
FAIL: gcc.dg/vect/pr66636.c -flto -ffat-lto-objects (test for excess errors)
WARNING: gcc.dg/vect/pr66636.c -flto -ffat-lto-objects compilation failed to produce executable
WARNING: gcc.dg/vect/pr66636.c compilation failed to produce executable
FAIL: gcc.target/i386/pr57275.c (test for excess errors)
WARNING: gcc.target/i386/pr57275.c compilation failed to produce executable
=== gcc Summary ===
# of DejaGnu errors 2
# of expected passes 123602
# of unexpected failures 3
# of expected failures 400
# of unsupported tests 3342
/home/jenkins/workspace/GCCupstream/objdir/gcc/xgcc version 8.0.0 20170613 (experimental) [master revision 9917317:8b08e05:2f9d7788419490c3cf5e0d5479e08241f2652484] (Cavium Inc. (Build 4213))
=== gfortran tests ===
Running target unix
FAIL: gfortran.dg/graphite/pr14741.f90 -O scan-tree-dump graphite "tiled by"
FAIL: gfortran.dg/guality/pr41558.f90 -O2 line 7 s == 'foo'
FAIL: gfortran.dg/guality/pr41558.f90 -O3 -fomit-frame-pointer -funroll-loops -fpeel-loops -ftracer -finline-functions line 7 s == 'foo'
FAIL: gfortran.dg/guality/pr41558.f90 -O3 -g line 7 s == 'foo'
FAIL: gfortran.dg/guality/pr41558.f90 -Os line 7 s == 'foo'
=== gfortran Summary ===
# of expected passes 45373
# of unexpected failures 5
# of expected failures 92
# of unsupported tests 87
/home/jenkins/workspace/GCCupstream/objdir/gcc/testsuite/gfortran/../../gfortran version 8.0.0 20170613 (experimental) [master revision 9917317:8b08e05:2f9d7788419490c3cf5e0d5479e08241f2652484] (Cavium Inc. (Build 4213))
=== g++ tests ===
Running target unix
FAIL: g++.dg/tls/thread_local-order2.C -std=c++11 execution test
FAIL: g++.dg/tls/thread_local-order2.C -std=c++14 execution test
=== g++ Summary ===
# of expected passes 115897
# of unexpected failures 2
# of expected failures 386
# of unsupported tests 4385
/home/jenkins/workspace/GCCupstream/objdir/gcc/testsuite/g++/../../xg++ version 8.0.0 20170613 (experimental) [master revision 9917317:8b08e05:2f9d7788419490c3cf5e0d5479e08241f2652484] (Cavium Inc. (Build 4213))
=== go tests ===
Running target unix
FAIL: ./index0-out.go execution, -O0 -g -fno-var-tracking-assignments
=== go Summary ===
# of expected passes 7253
# of unexpected failures 1
# of expected failures 1
# of untested testcases 6
# of unsupported tests 1
/home/jenkins/workspace/GCCupstream/objdir/gcc/testsuite/go/../../gccgo version 8.0.0 20170613 (experimental) [master revision 9917317:8b08e05:2f9d7788419490c3cf5e0d5479e08241f2652484] (Cavium Inc. (Build 4213))
=== libatomic tests ===
Running target unix
=== libatomic Summary ===
# of expected passes 54
=== libffi tests ===
Running target unix
=== libffi Summary ===
# of expected passes 2214
=== libgo tests ===
Running target unix
=== libgo Summary ===
# of expected passes 146
/home/jenkins/workspace/GCCupstream/objdir/./gcc/gccgo version 8.0.0 20170613 (experimental) [master revision 9917317:8b08e05:2f9d7788419490c3cf5e0d5479e08241f2652484] (Cavium Inc. (Build 4213))
=== libgomp tests ===
Running target unix
=== libgomp Summary ===
# of expected passes 5158
# of unsupported tests 363
=== libitm tests ===
Running target unix
=== libitm Summary ===
# of expected passes 42
# of expected failures 3
# of unsupported tests 1
=== libstdc++ tests ===
Running target unix
=== libstdc++ Summary ===
# of expected passes 11824
# of expected failures 68
# of unsupported tests 248
Compiler version: 8.0.0 20170613 (experimental) [master revision 9917317:8b08e05:2f9d7788419490c3cf5e0d5479e08241f2652484] (Cavium Inc. (Build 4213))
Platform: x86_64-pc-linux-gnu
configure flags: --prefix=/home/jenkins/workspace/GCCupstream/objdir/../tools --enable-languages=c,c++,fortran,go --disable-werror --enable-plugins --enable-gnu-indirect-function --with-pkgversion='Cavium Inc. (Build 4213)' --disable-multilib
More information about the Gcc-testresults
mailing list