Results for 8.0.0 20170609 (experimental) [trunk revision 249050] (GCC) testsuite on sparc-sun-solaris2.11
Rainer Orth
ro@CeBiTec.Uni-Bielefeld.DE
Sat Jun 10 05:40:00 GMT 2017
LAST_UPDATED: Fri Jun 9 09:21:42 UTC 2017 (revision 249050)
=== acats tests ===
FAIL: c954013
FAIL: c96004a
FAIL: c97202a
FAIL: c97304b
FAIL: c974003
FAIL: c974013
FAIL: c9a007a
=== acats Summary ===
# of expected passes 2313
# of unexpected failures 7
Native configuration is sparc-sun-solaris2.11
=== g++ tests ===
Running target unix
=== g++ Summary for unix ===
# of expected passes 104893
# of expected failures 391
# of unsupported tests 4603
Running target unix/-m64
=== g++ Summary for unix/-m64 ===
# of expected passes 106777
# of expected failures 391
# of unsupported tests 4574
=== g++ Summary ===
# of expected passes 211670
# of expected failures 782
# of unsupported tests 9177
/var/gcc/regression/trunk/11-gcc-gas/build/gcc/testsuite/g++/../../xg++ version 8.0.0 20170609 (experimental) [trunk revision 249050] (GCC)
=== gcc tests ===
Running target unix
FAIL: gcc.dg/visibility-22.c execution test
FAIL: gcc.dg/plugin/must-tail-call-1.c -fplugin=./must_tail_call_plugin.so (test for excess errors)
FAIL: gcc.dg/simulate-thread/atomic-other-int.c -O2 -g thread simulation test
FAIL: gcc.dg/simulate-thread/atomic-other-int.c -O3 -g thread simulation test
FAIL: gcc.dg/simulate-thread/speculative-store-4.c -O0 -g thread simulation test
FAIL: gcc.dg/simulate-thread/speculative-store-4.c -O2 -g thread simulation test
FAIL: gcc.dg/simulate-thread/speculative-store-4.c -O3 -g thread simulation test
FAIL: gcc.dg/simulate-thread/speculative-store.c -O0 -g thread simulation test
FAIL: gcc.dg/vect/pr80815-3.c -flto -ffat-lto-objects scan-tree-dump vect "improved number of alias checks from [0-9]* to 1"
FAIL: gcc.dg/vect/pr80815-3.c scan-tree-dump vect "improved number of alias checks from [0-9]* to 1"
XPASS: gcc.dg/vect/vect-multitypes-12.c -flto -ffat-lto-objects scan-tree-dump-times vect "vectorized 1 loops" 1
XPASS: gcc.dg/vect/vect-multitypes-12.c scan-tree-dump-times vect "vectorized 1 loops" 1
=== gcc Summary for unix ===
# of expected passes 100050
# of unexpected failures 10
# of unexpected successes 2
# of expected failures 430
# of unsupported tests 2651
Running target unix/-m64
FAIL: gcc.dg/visibility-22.c execution test
FAIL: gcc.dg/plugin/must-tail-call-1.c -fplugin=./must_tail_call_plugin.so (test for excess errors)
FAIL: gcc.dg/vect/pr80815-3.c -flto -ffat-lto-objects scan-tree-dump vect "improved number of alias checks from [0-9]* to 1"
FAIL: gcc.dg/vect/pr80815-3.c scan-tree-dump vect "improved number of alias checks from [0-9]* to 1"
=== gcc Summary for unix/-m64 ===
# of expected passes 101114
# of unexpected failures 4
# of expected failures 417
# of unsupported tests 2443
=== gcc Summary ===
# of expected passes 201164
# of unexpected failures 14
# of unexpected successes 2
# of expected failures 847
# of unsupported tests 5094
/var/gcc/regression/trunk/11-gcc-gas/build/gcc/xgcc version 8.0.0 20170609 (experimental) [trunk revision 249050] (GCC)
=== gfortran tests ===
Running target unix
FAIL: gfortran.dg/allocate_with_source_11.f08 -O3 -g (test for excess errors)
FAIL: gfortran.dg/allocate_with_source_2.f90 -Os (test for excess errors)
FAIL: gfortran.dg/allocate_with_source_20.f03 -O0 (test for excess errors)
FAIL: gfortran.dg/allocate_with_source_5.f90 -O3 -fomit-frame-pointer -funroll-loops -fpeel-loops -ftracer -finline-functions (test for excess errors)
FAIL: gfortran.dg/elemental_subroutine_3.f90 -O1 (test for excess errors)
FAIL: gfortran.dg/elemental_subroutine_3.f90 -O2 (test for excess errors)
FAIL: gfortran.dg/elemental_subroutine_3.f90 -O3 -fomit-frame-pointer -funroll-loops -fpeel-loops -ftracer -finline-functions (test for excess errors)
FAIL: gfortran.dg/elemental_subroutine_3.f90 -O3 -g (test for excess errors)
FAIL: gfortran.dg/elemental_subroutine_3.f90 -Os (test for excess errors)
=== gfortran Summary for unix ===
# of expected passes 44985
# of unexpected failures 9
# of expected failures 94
# of unsupported tests 242
Running target unix/-m64
FAIL: gfortran.dg/elemental_subroutine_3.f90 -O1 (test for excess errors)
FAIL: gfortran.dg/elemental_subroutine_3.f90 -O2 (test for excess errors)
FAIL: gfortran.dg/elemental_subroutine_3.f90 -O3 -fomit-frame-pointer -funroll-loops -fpeel-loops -ftracer -finline-functions (test for excess errors)
FAIL: gfortran.dg/elemental_subroutine_3.f90 -O3 -g (test for excess errors)
FAIL: gfortran.dg/elemental_subroutine_3.f90 -Os (test for excess errors)
FAIL: gfortran.dg/graphite/pr14741.f90 -O scan-tree-dump graphite "tiled by"
=== gfortran Summary for unix/-m64 ===
# of expected passes 45235
# of unexpected failures 6
# of expected failures 94
# of unsupported tests 121
=== gfortran Summary ===
# of expected passes 90220
# of unexpected failures 15
# of expected failures 188
# of unsupported tests 363
/var/gcc/regression/trunk/11-gcc-gas/build/gcc/testsuite/gfortran/../../gfortran version 8.0.0 20170609 (experimental) [trunk revision 249050] (GCC)
=== gnat tests ===
Running target unix
FAIL: gnat.dg/sso/conv1.adb -O0 (test for excess errors)
FAIL: gnat.dg/sso/p12.adb -O1 -fno-inline (test for excess errors)
FAIL: gnat.dg/sso/q1.adb -O1 -fno-inline (test for excess errors)
=== gnat Summary for unix ===
# of expected passes 2540
# of unexpected failures 3
# of expected failures 24
# of unsupported tests 23
Running target unix/-m64
=== gnat Summary for unix/-m64 ===
# of expected passes 2543
# of expected failures 24
# of unsupported tests 23
=== gnat Summary ===
# of expected passes 5083
# of unexpected failures 3
# of expected failures 48
# of unsupported tests 46
/var/gcc/regression/trunk/11-gcc-gas/build/gcc/gnatmake version 8.0.0 20170609 (experimental) [trunk revision 249050]
=== go tests ===
Running target unix
FAIL: ./index0-out.go execution, -O0 -g -fno-var-tracking-assignments
FAIL: go.test/test/fixedbugs/issue4562.go execution, -O2 -g
FAIL: go.test/test/method5.go execution, -O2 -g
FAIL: go.test/test/nil.go execution, -O2 -g
=== go Summary for unix ===
# of expected passes 7358
# of unexpected failures 4
# of expected failures 1
# of untested testcases 11
# of unsupported tests 3
Running target unix/-m64
FAIL: ./index0-out.go execution, -O0 -g -fno-var-tracking-assignments
=== go Summary for unix/-m64 ===
# of expected passes 7241
# of unexpected failures 1
# of expected failures 1
# of untested testcases 11
# of unsupported tests 3
=== go Summary ===
# of expected passes 14599
# of unexpected failures 5
# of expected failures 2
# of untested testcases 22
# of unsupported tests 6
=== obj-c++ tests ===
Running target unix
=== obj-c++ Summary for unix ===
# of expected passes 1459
# of expected failures 2
# of unsupported tests 77
Running target unix/-m64
=== obj-c++ Summary for unix/-m64 ===
# of expected passes 1451
# of expected failures 10
# of unsupported tests 77
=== obj-c++ Summary ===
# of expected passes 2910
# of expected failures 12
# of unsupported tests 154
/var/gcc/regression/trunk/11-gcc-gas/build/gcc/testsuite/obj-c++/../../xg++ version 8.0.0 20170609 (experimental) [trunk revision 249050] (GCC)
=== objc tests ===
Running target unix
=== objc Summary for unix ===
# of expected passes 2803
# of unsupported tests 68
Running target unix/-m64
=== objc Summary for unix/-m64 ===
# of expected passes 2803
# of unsupported tests 68
=== objc Summary ===
# of expected passes 5606
# of unsupported tests 136
/var/gcc/regression/trunk/11-gcc-gas/build/gcc/xgcc version 8.0.0 20170609 (experimental) [trunk revision 249050] (GCC)
=== libatomic tests ===
Running target unix
=== libatomic Summary for unix ===
# of expected passes 44
# of unsupported tests 5
Running target unix/-m64
=== libatomic Summary for unix/-m64 ===
# of expected passes 54
=== libatomic Summary ===
# of expected passes 98
# of unsupported tests 5
=== libffi tests ===
Running target unix
=== libffi Summary for unix ===
# of expected passes 2214
Running target unix/-m64
=== libffi Summary for unix/-m64 ===
# of expected passes 2214
=== libffi Summary ===
# of expected passes 4428
=== libgo tests ===
Running target unix
FAIL: net
FAIL: runtime
FAIL: go/build
FAIL: net/http
FAIL: os/signal
=== libgo Summary for unix ===
# of expected passes 142
# of unexpected failures 5
Running target unix/-m64
FAIL: net
FAIL: go/build
FAIL: net/http
FAIL: os/signal
=== libgo Summary for unix/-m64 ===
# of expected passes 143
# of unexpected failures 4
=== libgo Summary ===
# of expected passes 285
# of unexpected failures 9
=== libgomp tests ===
Running target unix
=== libgomp Summary for unix ===
# of expected passes 5128
# of unsupported tests 378
Running target unix/-m64
=== libgomp Summary for unix/-m64 ===
# of expected passes 5128
# of unsupported tests 378
=== libgomp Summary ===
# of expected passes 10256
# of unsupported tests 756
=== libitm tests ===
Running target unix
=== libitm Summary for unix ===
# of expected passes 42
# of expected failures 3
# of unsupported tests 1
Running target unix/-m64
=== libitm Summary for unix/-m64 ===
# of expected passes 42
# of expected failures 3
# of unsupported tests 1
=== libitm Summary ===
# of expected passes 84
# of expected failures 6
# of unsupported tests 2
=== libstdc++ tests ===
Running target unix
=== libstdc++ Summary for unix ===
# of expected passes 10841
# of expected failures 66
# of unsupported tests 636
Running target unix/-m64
=== libstdc++ Summary for unix/-m64 ===
# of expected passes 10841
# of expected failures 66
# of unsupported tests 636
=== libstdc++ Summary ===
# of expected passes 21682
# of expected failures 132
# of unsupported tests 1272
Compiler version: 8.0.0 20170609 (experimental) [trunk revision 249050] (GCC)
Platform: sparc-sun-solaris2.11
configure flags: --prefix=/vol/gcc --target=sparc-sun-solaris2.11 --enable-objc-gc --with-target-bdw-gc-include=/vol/gcc/include --with-target-bdw-gc-lib=/vol/gcc/lib,sparcv9=/vol/gcc/lib/sparcv9 --enable-libmudflap --with-as=/vol/gcc/bin/gas-2.28 --with-gnu-as --with-gmp-include=/vol/gcc/include --with-gmp-lib=/vol/gcc/lib --with-mpfr-include=/vol/gcc/include --with-mpfr-lib=/vol/gcc/lib --with-mpc-include=/vol/gcc/include --with-mpc-lib=/vol/gcc/lib --enable-languages=all,ada,obj-c++,go --with-isl-include=/vol/gcc/include --with-isl-lib=/vol/gcc/lib --build=sparc-sun-solaris2.11 --host=sparc-sun-solaris2.11
BOOT_CFLAGS=-g -O2
More information about the Gcc-testresults
mailing list