Results for 8.0.0 20170708 (experimental) [trunk revision 250075] (GCC) testsuite on hppa64-hp-hpux11.00
John David Anglin
dave@hiauly2.hia.nrc.ca
Sat Jul 22 21:55:00 GMT 2017
Native configuration is hppa64-hp-hpux11.00
=== g++ tests ===
Running target unix
WARNING: program timed out.
FAIL: g++.dg/cpp0x/constexpr-70001-1.C -std=c++11 (test for excess errors)
WARNING: program timed out.
FAIL: g++.dg/cpp0x/constexpr-70001-3.C -std=c++14 (test for excess errors)
WARNING: program timed out.
FAIL: g++.dg/cpp0x/constexpr-70001-4.C -std=c++14 (test for excess errors)
FAIL: g++.dg/cpp0x/udlit-string-literal.C -std=c++11 (test for excess errors)
FAIL: g++.dg/cpp0x/udlit-string-literal.C -std=c++14 (test for excess errors)
WARNING: program timed out.
FAIL: g++.dg/lto/20081109 cp_lto_20081109_0.o-cp_lto_20081109_1.o execute -O0 -flto -flto-partition=none
FAIL: g++.dg/lto/20081109 cp_lto_20081109_0.o-cp_lto_20081109_1.o execute -O2 -flto -flto-partition=none
FAIL: g++.dg/lto/20081109 cp_lto_20081109_0.o-cp_lto_20081109_1.o execute -O0 -flto -flto-partition=1to1
FAIL: g++.dg/lto/20081109 cp_lto_20081109_0.o-cp_lto_20081109_1.o execute -O2 -flto -flto-partition=1to1
FAIL: g++.dg/lto/20081109 cp_lto_20081109_0.o-cp_lto_20081109_1.o execute -O0 -flto
FAIL: g++.dg/lto/20081109 cp_lto_20081109_0.o-cp_lto_20081109_1.o execute -O2 -flto
FAIL: g++.dg/torture/pr49115.C -O2 -flto -flto-partition=none execution test
FAIL: g++.dg/torture/pr49115.C -O2 -flto execution test
FAIL: g++.dg/torture/pr60750.C -O2 -flto -flto-partition=none execution test
FAIL: g++.dg/torture/pr60750.C -O2 -flto execution test
FAIL: g++.dg/torture/pr68184.C -O2 -flto -flto-partition=none execution test
FAIL: g++.dg/torture/pr68184.C -O2 -flto execution test
FAIL: g++.dg/torture/stackalign/throw-3.C -O2 -flto -flto-partition=none execution test
FAIL: g++.dg/torture/stackalign/throw-3.C -O2 -flto -flto-partition=none -fpic execution test
FAIL: g++.dg/torture/stackalign/throw-3.C -O2 -flto execution test
FAIL: g++.dg/torture/stackalign/throw-3.C -O2 -flto -fpic execution test
=== g++ Summary ===
# of expected passes 101802
# of unexpected failures 21
# of expected failures 382
# of unsupported tests 4829
/home/gnu/gcc/objdir/gcc/testsuite/g++/../../xg++ version 8.0.0 20170708 (experimental) [trunk revision 250075] (GCC)
=== gcc tests ===
Running target unix
WARNING: program timed out.
FAIL: gcc.c-torture/compile/limits-externdecl.c -O0 (test for excess errors)
WARNING: program timed out.
FAIL: gcc.c-torture/compile/limits-externdecl.c -O1 (test for excess errors)
WARNING: program timed out.
FAIL: gcc.c-torture/compile/limits-externdecl.c -O2 (test for excess errors)
WARNING: program timed out.
FAIL: gcc.c-torture/compile/limits-externdecl.c -O3 -g (test for excess errors)
WARNING: program timed out.
FAIL: gcc.c-torture/compile/limits-externdecl.c -Os (test for excess errors)
WARNING: program timed out.
FAIL: gcc.c-torture/compile/limits-externdecl.c -O2 -flto -flto-partition=none (test for excess errors)
WARNING: program timed out.
FAIL: gcc.c-torture/compile/limits-externdecl.c -O2 -flto (test for excess errors)
WARNING: program timed out.
FAIL: gcc.c-torture/compile/limits-fndefn.c -O1 (test for excess errors)
WARNING: program timed out.
FAIL: gcc.c-torture/compile/limits-fndefn.c -O2 (test for excess errors)
WARNING: program timed out.
FAIL: gcc.c-torture/compile/limits-fndefn.c -O3 -g (test for excess errors)
WARNING: program timed out.
FAIL: gcc.c-torture/compile/limits-fndefn.c -Os (test for excess errors)
WARNING: program timed out.
FAIL: gcc.c-torture/compile/limits-fndefn.c -O2 -flto -flto-partition=none (test for excess errors)
WARNING: program timed out.
FAIL: gcc.c-torture/compile/limits-fndefn.c -O2 -flto (test for excess errors)
WARNING: program timed out.
FAIL: gcc.c-torture/compile/limits-structnest.c -O0 (test for excess errors)
WARNING: program timed out.
FAIL: gcc.c-torture/compile/limits-structnest.c -O1 (test for excess errors)
WARNING: program timed out.
FAIL: gcc.c-torture/compile/limits-structnest.c -O2 (test for excess errors)
WARNING: program timed out.
FAIL: gcc.c-torture/compile/limits-structnest.c -O3 -g (test for excess errors)
WARNING: program timed out.
FAIL: gcc.c-torture/compile/limits-structnest.c -Os (test for excess errors)
WARNING: program timed out.
FAIL: gcc.c-torture/compile/limits-structnest.c -O2 -flto -flto-partition=none (test for excess errors)
WARNING: program timed out.
FAIL: gcc.c-torture/compile/limits-structnest.c -O2 -flto (test for excess errors)
WARNING: program timed out.
FAIL: gcc.dg/atomic/c11-atomic-exec-2.c -O2 -flto -flto-partition=none (test for excess errors)
WARNING: program timed out.
FAIL: gcc.dg/atomic/c11-atomic-exec-2.c -O2 -flto (test for excess errors)
FAIL: gcc.dg/atomic/c11-atomic-exec-5.c -O0 execution test
FAIL: gcc.dg/atomic/c11-atomic-exec-5.c -O1 execution test
FAIL: gcc.dg/atomic/c11-atomic-exec-5.c -O2 execution test
FAIL: gcc.dg/atomic/c11-atomic-exec-5.c -O3 -fomit-frame-pointer -funroll-loops -fpeel-loops -ftracer -finline-functions execution test
FAIL: gcc.dg/atomic/c11-atomic-exec-5.c -O3 -g execution test
FAIL: gcc.dg/atomic/c11-atomic-exec-5.c -Os execution test
FAIL: gcc.dg/atomic/c11-atomic-exec-5.c -O2 -flto -flto-partition=none execution test
FAIL: gcc.dg/atomic/c11-atomic-exec-5.c -O2 -flto execution test
FAIL: gcc.dg/20030711-1.c execution test
WARNING: program timed out.
FAIL: gcc.dg/c11-atomic-2.c (test for excess errors)
WARNING: program timed out.
FAIL: gcc.dg/c99-intconst-1.c (test for excess errors)
WARNING: program timed out.
FAIL: gcc.dg/pr48141.c (test for excess errors)
XPASS: gcc.dg/sibcall-3.c execution test
XPASS: gcc.dg/sibcall-4.c execution test
FAIL: gcc.dg/strlenopt-33g.c (test for excess errors)
FAIL: gcc.dg/strlenopt-33g.c execution test
FAIL: gcc.dg/plugin/must-tail-call-1.c -fplugin=./must_tail_call_plugin.so (test for excess errors)
XPASS: gcc.dg/torture/pr47917.c -O1 execution test
XPASS: gcc.dg/torture/pr47917.c -O2 execution test
XPASS: gcc.dg/torture/pr47917.c -O3 -g execution test
XPASS: gcc.dg/torture/pr47917.c -Os execution test
XPASS: gcc.dg/torture/pr47917.c -O2 -flto -flto-partition=none execution test
XPASS: gcc.dg/torture/pr47917.c -O2 -flto execution test
FAIL: gcc.dg/tree-ssa/builtin-sprintf.c execution test
FAIL: gcc.dg/tree-ssa/cswtch-4.c scan-tree-dump-times switchconv "Switch converted" 2
FAIL: gcc.dg/tree-ssa/cswtch-4.c scan-tree-dump-times switchconv "= CSWTCH" 2
FAIL: gcc.dg/tree-ssa/cswtch-5.c scan-tree-dump-times switchconv "Switch converted" 2
FAIL: gcc.dg/tree-ssa/cswtch-5.c scan-tree-dump-times switchconv "= CSWTCH" 2
FAIL: gcc.dg/tree-ssa/sra-17.c scan-tree-dump-times esra "Removing load: a = \\\\*.?L.?C.?.?.?0;" 1
FAIL: gcc.dg/tree-ssa/sra-17.c scan-tree-dump-times esra "SR\\\\.[0-9_]+ = \\\\*.?L.?C.?.?.?0\\\\[" 4
FAIL: gcc.dg/tree-ssa/sra-18.c scan-tree-dump-times esra "Removing load: a = \\\\*.?L.?C.?.?.?0;" 1
FAIL: gcc.dg/tree-ssa/sra-18.c scan-tree-dump-times esra "SR\\\\.[0-9_]+ = \\\\*.?L.?C.?.?.?0\\\\.b\\\\[0\\\\]\\\\.f\\\\[0\\\\]\\\\.x" 1
FAIL: gcc.dg/tree-ssa/sra-18.c scan-tree-dump-times esra "SR\\\\.[0-9_]+ = \\\\*.?L.?C.?.?.?0\\\\.b\\\\[0\\\\]\\\\.f\\\\[1\\\\]\\\\.x" 1
FAIL: gcc.dg/tree-ssa/sra-18.c scan-tree-dump-times esra "SR\\\\.[0-9_]+ = \\\\*.?L.?C.?.?.?0\\\\.b\\\\[1\\\\]\\\\.f\\\\[0\\\\]\\\\.x" 1
FAIL: gcc.dg/tree-ssa/sra-18.c scan-tree-dump-times esra "SR\\\\.[0-9_]+ = \\\\*.?L.?C.?.?.?0\\\\.b\\\\[1\\\\]\\\\.f\\\\[1\\\\]\\\\.x" 1
FAIL: gcc.target/hppa/shadd-3.c scan-assembler-times sh.add 5
=== gcc Summary ===
# of expected passes 91433
# of unexpected failures 50
# of unexpected successes 8
# of expected failures 226
# of unsupported tests 2312
/home/gnu/gcc/objdir/gcc/xgcc version 8.0.0 20170708 (experimental) [trunk revision 250075] (GCC)
=== gfortran tests ===
Running target unix
FAIL: gfortran.dg/elemental_subroutine_3.f90 -O1 (test for excess errors)
FAIL: gfortran.dg/elemental_subroutine_3.f90 -O2 (test for excess errors)
FAIL: gfortran.dg/elemental_subroutine_3.f90 -O3 -fomit-frame-pointer -funroll-loops -fpeel-loops -ftracer -finline-functions (test for excess errors)
FAIL: gfortran.dg/elemental_subroutine_3.f90 -O3 -g (test for excess errors)
FAIL: gfortran.dg/elemental_subroutine_3.f90 -Os (test for excess errors)
FAIL: gfortran.dg/fmt_fw_d.f90 -O0 execution test
FAIL: gfortran.dg/fmt_fw_d.f90 -O1 execution test
FAIL: gfortran.dg/fmt_fw_d.f90 -O2 execution test
FAIL: gfortran.dg/fmt_fw_d.f90 -O3 -fomit-frame-pointer -funroll-loops -fpeel-loops -ftracer -finline-functions execution test
FAIL: gfortran.dg/fmt_fw_d.f90 -O3 -g execution test
FAIL: gfortran.dg/fmt_fw_d.f90 -Os execution test
WARNING: program timed out.
FAIL: gfortran.dg/minlocval_3.f90 -O3 -fomit-frame-pointer -funroll-loops -fpeel-loops -ftracer -finline-functions (test for excess errors)
UNRESOLVED: gfortran.dg/minlocval_3.f90 -O3 -fomit-frame-pointer -funroll-loops -fpeel-loops -ftracer -finline-functions compilation failed to produce executable
WARNING: program timed out.
FAIL: gfortran.dg/minlocval_3.f90 -O3 -g (test for excess errors)
UNRESOLVED: gfortran.dg/minlocval_3.f90 -O3 -g compilation failed to produce executable
=== gfortran Summary ===
# of expected passes 43759
# of unexpected failures 13
# of expected failures 100
# of unresolved testcases 2
# of unsupported tests 344
/home/gnu/gcc/objdir/gcc/testsuite/gfortran/../../gfortran version 8.0.0 20170708 (experimental) [trunk revision 250075] (GCC)
=== obj-c++ tests ===
Running target unix
=== obj-c++ Summary ===
# of expected passes 1451
# of expected failures 10
# of unsupported tests 77
/home/gnu/gcc/objdir/gcc/testsuite/obj-c++/../../xg++ version 8.0.0 20170708 (experimental) [trunk revision 250075] (GCC)
=== objc tests ===
Running target unix
=== objc Summary ===
# of expected passes 2801
# of unsupported tests 69
/home/gnu/gcc/objdir/gcc/xgcc version 8.0.0 20170708 (experimental) [trunk revision 250075] (GCC)
=== libstdc++ tests ===
Running target unix
WARNING: program timed out.
FAIL: 20_util/scoped_allocator/2.cc (test for excess errors)
UNRESOLVED: 20_util/scoped_allocator/2.cc compilation failed to produce executable
FAIL: 20_util/shared_ptr/thread/default_weaktoshared.cc (test for excess errors)
FAIL: 20_util/shared_ptr/thread/default_weaktoshared.cc execution test
FAIL: 20_util/shared_ptr/thread/mutex_weaktoshared.cc (test for excess errors)
FAIL: 20_util/shared_ptr/thread/mutex_weaktoshared.cc execution test
FAIL: 22_locale/codecvt/codecvt_utf16/79980.cc (test for excess errors)
UNRESOLVED: 22_locale/codecvt/codecvt_utf16/79980.cc compilation failed to produce executable
FAIL: 22_locale/codecvt/codecvt_utf16/misaligned.cc (test for excess errors)
UNRESOLVED: 22_locale/codecvt/codecvt_utf16/misaligned.cc compilation failed to produce executable
FAIL: 22_locale/codecvt/codecvt_utf8/79980.cc (test for excess errors)
UNRESOLVED: 22_locale/codecvt/codecvt_utf8/79980.cc compilation failed to produce executable
FAIL: 22_locale/codecvt/codecvt_utf8_utf16/79511.cc (test for excess errors)
UNRESOLVED: 22_locale/codecvt/codecvt_utf8_utf16/79511.cc compilation failed to produce executable
FAIL: 22_locale/conversions/buffer/1.cc (test for excess errors)
UNRESOLVED: 22_locale/conversions/buffer/1.cc compilation failed to produce executable
FAIL: 22_locale/conversions/buffer/2.cc (test for excess errors)
UNRESOLVED: 22_locale/conversions/buffer/2.cc compilation failed to produce executable
FAIL: 22_locale/conversions/buffer/requirements/typedefs.cc (test for excess errors)
FAIL: 22_locale/conversions/string/1.cc (test for excess errors)
UNRESOLVED: 22_locale/conversions/string/1.cc compilation failed to produce executable
FAIL: 22_locale/conversions/string/2.cc (test for excess errors)
UNRESOLVED: 22_locale/conversions/string/2.cc compilation failed to produce executable
FAIL: 22_locale/conversions/string/3.cc (test for excess errors)
UNRESOLVED: 22_locale/conversions/string/3.cc compilation failed to produce executable
FAIL: 22_locale/conversions/string/66441.cc (test for excess errors)
UNRESOLVED: 22_locale/conversions/string/66441.cc compilation failed to produce executable
FAIL: 22_locale/conversions/string/requirements/typedefs-2.cc (test for excess errors)
FAIL: 22_locale/conversions/string/requirements/typedefs.cc (test for excess errors)
FAIL: 22_locale/num_put/put/char/14220.cc execution test
FAIL: 22_locale/num_put/put/char/15565.cc (test for excess errors)
FAIL: 22_locale/num_put/put/char/15565.cc execution test
FAIL: 22_locale/num_put/put/char/2.cc (test for excess errors)
FAIL: 22_locale/num_put/put/char/2.cc execution test
FAIL: 22_locale/num_put/put/char/23953.cc (test for excess errors)
FAIL: 22_locale/num_put/put/char/23953.cc execution test
FAIL: 22_locale/num_put/put/char/38196.cc (test for excess errors)
FAIL: 22_locale/num_put/put/char/38196.cc execution test
FAIL: 22_locale/num_put/put/char/38210.cc (test for excess errors)
FAIL: 22_locale/num_put/put/char/38210.cc execution test
FAIL: 22_locale/num_put/put/char/4.cc (test for excess errors)
FAIL: 22_locale/num_put/put/char/4.cc execution test
FAIL: 22_locale/num_put/put/char/6.cc (test for excess errors)
FAIL: 22_locale/num_put/put/char/6.cc execution test
FAIL: 22_locale/num_put/put/char/8.cc (test for excess errors)
FAIL: 22_locale/num_put/put/char/8.cc execution test
FAIL: 22_locale/num_put/put/char/9.cc (test for excess errors)
FAIL: 22_locale/num_put/put/char/9.cc execution test
FAIL: 22_locale/num_put/requirements/base_classes.cc (test for excess errors)
FAIL: 22_locale/num_put/requirements/explicit_instantiation.cc (test for excess errors)
FAIL: 22_locale/numpunct/members/char/1.cc (test for excess errors)
FAIL: 22_locale/numpunct/members/char/1.cc execution test
FAIL: 22_locale/numpunct/members/char/cache_1.cc (test for excess errors)
FAIL: 22_locale/numpunct/members/char/cache_1.cc execution test
FAIL: 22_locale/numpunct/members/char/cache_2.cc (test for excess errors)
FAIL: 22_locale/numpunct/members/char/cache_2.cc execution test
FAIL: 22_locale/numpunct/members/pod/1.cc (test for excess errors)
FAIL: 22_locale/numpunct/members/pod/1.cc execution test
FAIL: 22_locale/numpunct/members/pod/2.cc (test for excess errors)
FAIL: 22_locale/numpunct/members/pod/2.cc execution test
FAIL: 22_locale/numpunct/requirements/base_classes.cc (test for excess errors)
FAIL: 22_locale/numpunct/requirements/explicit_instantiation.cc (test for excess errors)
FAIL: 22_locale/numpunct/requirements/typedefs.cc (test for excess errors)
FAIL: 22_locale/numpunct_byname/1.cc (test for excess errors)
FAIL: 22_locale/numpunct_byname/requirements/base_classes.cc (test for excess errors)
FAIL: 22_locale/numpunct_byname/requirements/explicit_instantiation.cc (test for excess errors)
FAIL: 22_locale/numpunct_byname/requirements/typedefs.cc (test for excess errors)
FAIL: 22_locale/time_get/date_order/char/1.cc (test for excess errors)
FAIL: 22_locale/time_get/date_order/char/1.cc execution test
FAIL: 22_locale/time_get/get/char/1.cc (test for excess errors)
FAIL: 22_locale/time_get/get/char/1.cc execution test
FAIL: 22_locale/time_get/get_date/char/1.cc (test for excess errors)
FAIL: 22_locale/time_get/get_date/char/1.cc execution test
FAIL: 22_locale/time_get/get_date/char/12791.cc (test for excess errors)
FAIL: 22_locale/time_get/get_date/char/12791.cc execution test
FAIL: 22_locale/time_get/get_date/char/3.cc (test for excess errors)
FAIL: 22_locale/time_get/get_date/char/3.cc execution test
FAIL: 22_locale/time_get/get_date/char/5.cc (test for excess errors)
FAIL: 22_locale/time_get/get_date/char/5.cc execution test
FAIL: 22_locale/time_get/get_monthname/char/1.cc (test for excess errors)
FAIL: 22_locale/time_get/get_monthname/char/1.cc execution test
FAIL: 22_locale/time_get/get_monthname/char/3.cc (test for excess errors)
FAIL: 22_locale/time_get/get_monthname/char/3.cc execution test
FAIL: 22_locale/time_get/get_monthname/char/4.cc (test for excess errors)
FAIL: 22_locale/time_get/get_monthname/char/4.cc execution test
FAIL: 22_locale/time_get/get_monthname/char/5.cc (test for excess errors)
FAIL: 22_locale/time_get/get_monthname/char/5.cc execution test
FAIL: 22_locale/time_get/get_monthname/char/6.cc (test for excess errors)
FAIL: 22_locale/time_get/get_monthname/char/6.cc execution test
FAIL: 22_locale/time_get/get_time/char/3.cc (test for excess errors)
FAIL: 22_locale/time_get/get_time/char/3.cc execution test
FAIL: 22_locale/time_get/get_time/char/4.cc (test for excess errors)
FAIL: 22_locale/time_get/get_time/char/4.cc execution test
FAIL: 22_locale/time_get/get_time/char/5.cc (test for excess errors)
FAIL: 22_locale/time_get/get_time/char/5.cc execution test
FAIL: 22_locale/time_get/get_time/char/6.cc (test for excess errors)
FAIL: 22_locale/time_get/get_time/char/6.cc execution test
FAIL: 22_locale/time_get/get_weekday/char/1.cc (test for excess errors)
FAIL: 22_locale/time_get/get_weekday/char/1.cc execution test
FAIL: 22_locale/time_get/get_weekday/char/3.cc (test for excess errors)
FAIL: 22_locale/time_get/get_weekday/char/3.cc execution test
FAIL: 22_locale/time_get/get_weekday/char/5.cc (test for excess errors)
FAIL: 22_locale/time_get/get_weekday/char/5.cc execution test
FAIL: 22_locale/time_get/get_weekday/char/6.cc (test for excess errors)
FAIL: 22_locale/time_get/get_weekday/char/6.cc execution test
Compiler version: 8.0.0 20170708 (experimental) [trunk revision 250075] (GCC)
Platform: hppa64-hp-hpux11.00
configure flags:Test Run By dave on Mon Jul 17 17:15:12 2017
More information about the Gcc-testresults
mailing list