Results for 8.0.0 20170721 (experimental) [trunk revision 250424] (GCC) testsuite on sparc-sun-solaris2.11
Rainer Orth
ro@CeBiTec.Uni-Bielefeld.DE
Sat Jul 22 06:52:00 GMT 2017
LAST_UPDATED: Fri Jul 21 12:54:31 UTC 2017 (revision 250424)
=== acats tests ===
FAIL: c32111b
=== acats Summary ===
# of expected passes 2319
# of unexpected failures 1
Native configuration is sparc-sun-solaris2.11
=== g++ tests ===
Running target unix
FAIL: g++.dg/lookup/missing-std-include-2.C -std=gnu++11 (test for warnings, line 13)
FAIL: g++.dg/lookup/missing-std-include-2.C -std=gnu++11 (test for warnings, line 24)
FAIL: g++.dg/lookup/missing-std-include-2.C -std=gnu++11 expected multiline pattern lines 45-53 not found: "\\s*@@ -7,6 \\+7,8 @@.*\\n directives\\)\\. \\*/.*\\n .*\\n #include <stdio\\.h>.*\\n\\+#include <string>.*\\n\\+#include <iostream>.*\\n .*\\n void test \\(void\\).*\\n \\{.*\\n"
FAIL: g++.dg/lookup/missing-std-include-2.C -std=gnu++11 (test for excess errors)
FAIL: g++.dg/lookup/missing-std-include-2.C -std=gnu++14 (test for warnings, line 13)
FAIL: g++.dg/lookup/missing-std-include-2.C -std=gnu++14 (test for warnings, line 24)
FAIL: g++.dg/lookup/missing-std-include-2.C -std=gnu++14 expected multiline pattern lines 45-53 not found: "\\s*@@ -7,6 \\+7,8 @@.*\\n directives\\)\\. \\*/.*\\n .*\\n #include <stdio\\.h>.*\\n\\+#include <string>.*\\n\\+#include <iostream>.*\\n .*\\n void test \\(void\\).*\\n \\{.*\\n"
FAIL: g++.dg/lookup/missing-std-include-2.C -std=gnu++14 (test for excess errors)
FAIL: g++.dg/lookup/missing-std-include-2.C -std=gnu++98 (test for warnings, line 13)
FAIL: g++.dg/lookup/missing-std-include-2.C -std=gnu++98 (test for warnings, line 24)
FAIL: g++.dg/lookup/missing-std-include-2.C -std=gnu++98 expected multiline pattern lines 45-53 not found: "\\s*@@ -7,6 \\+7,8 @@.*\\n directives\\)\\. \\*/.*\\n .*\\n #include <stdio\\.h>.*\\n\\+#include <string>.*\\n\\+#include <iostream>.*\\n .*\\n void test \\(void\\).*\\n \\{.*\\n"
FAIL: g++.dg/lookup/missing-std-include-2.C -std=gnu++98 (test for excess errors)
FAIL: g++.dg/template/nontype10.C -std=c++11 (test for excess errors)
FAIL: g++.dg/template/nontype10.C -std=c++14 (test for excess errors)
FAIL: g++.dg/template/nontype10.C -std=c++98 (test for excess errors)
=== g++ Summary for unix ===
# of expected passes 106855
# of unexpected failures 15
# of expected failures 394
# of unsupported tests 4646
Running target unix/-m64
FAIL: g++.dg/lookup/missing-std-include-2.C -std=gnu++11 (test for warnings, line 13)
FAIL: g++.dg/lookup/missing-std-include-2.C -std=gnu++11 (test for warnings, line 24)
FAIL: g++.dg/lookup/missing-std-include-2.C -std=gnu++11 expected multiline pattern lines 45-53 not found: "\\s*@@ -7,6 \\+7,8 @@.*\\n directives\\)\\. \\*/.*\\n .*\\n #include <stdio\\.h>.*\\n\\+#include <string>.*\\n\\+#include <iostream>.*\\n .*\\n void test \\(void\\).*\\n \\{.*\\n"
FAIL: g++.dg/lookup/missing-std-include-2.C -std=gnu++11 (test for excess errors)
FAIL: g++.dg/lookup/missing-std-include-2.C -std=gnu++14 (test for warnings, line 13)
FAIL: g++.dg/lookup/missing-std-include-2.C -std=gnu++14 (test for warnings, line 24)
FAIL: g++.dg/lookup/missing-std-include-2.C -std=gnu++14 expected multiline pattern lines 45-53 not found: "\\s*@@ -7,6 \\+7,8 @@.*\\n directives\\)\\. \\*/.*\\n .*\\n #include <stdio\\.h>.*\\n\\+#include <string>.*\\n\\+#include <iostream>.*\\n .*\\n void test \\(void\\).*\\n \\{.*\\n"
FAIL: g++.dg/lookup/missing-std-include-2.C -std=gnu++14 (test for excess errors)
FAIL: g++.dg/lookup/missing-std-include-2.C -std=gnu++98 (test for warnings, line 13)
FAIL: g++.dg/lookup/missing-std-include-2.C -std=gnu++98 (test for warnings, line 24)
FAIL: g++.dg/lookup/missing-std-include-2.C -std=gnu++98 expected multiline pattern lines 45-53 not found: "\\s*@@ -7,6 \\+7,8 @@.*\\n directives\\)\\. \\*/.*\\n .*\\n #include <stdio\\.h>.*\\n\\+#include <string>.*\\n\\+#include <iostream>.*\\n .*\\n void test \\(void\\).*\\n \\{.*\\n"
FAIL: g++.dg/lookup/missing-std-include-2.C -std=gnu++98 (test for excess errors)
=== g++ Summary for unix/-m64 ===
# of expected passes 108740
# of unexpected failures 12
# of expected failures 394
# of unsupported tests 4618
=== g++ Summary ===
# of expected passes 215595
# of unexpected failures 27
# of expected failures 788
# of unsupported tests 9264
/var/gcc/regression/trunk/11-gcc/build/gcc/testsuite/g++/../../xg++ version 8.0.0 20170721 (experimental) [trunk revision 250424] (GCC)
=== gcc tests ===
Running target unix
FAIL: gcc.dg/visibility-22.c execution test
FAIL: gcc.dg/plugin/must-tail-call-1.c -fplugin=./must_tail_call_plugin.so (test for excess errors)
FAIL: gcc.dg/simulate-thread/atomic-other-int.c -O2 -g thread simulation test
FAIL: gcc.dg/simulate-thread/atomic-other-int.c -O3 -g thread simulation test
FAIL: gcc.dg/simulate-thread/speculative-store-4.c -O0 -g thread simulation test
FAIL: gcc.dg/simulate-thread/speculative-store-4.c -O2 -g thread simulation test
FAIL: gcc.dg/simulate-thread/speculative-store-4.c -O3 -g thread simulation test
FAIL: gcc.dg/simulate-thread/speculative-store.c -O0 -g thread simulation test
FAIL: gcc.dg/vect/bb-slp-1.c -flto -ffat-lto-objects scan-tree-dump-times slp1 "basic block vectorized" 1
FAIL: gcc.dg/vect/bb-slp-1.c scan-tree-dump-times slp1 "basic block vectorized" 1
FAIL: gcc.dg/vect/bb-slp-16.c -flto -ffat-lto-objects scan-tree-dump-times slp1 "basic block vectorized" 1
FAIL: gcc.dg/vect/bb-slp-16.c scan-tree-dump-times slp1 "basic block vectorized" 1
FAIL: gcc.dg/vect/bb-slp-2.c -flto -ffat-lto-objects scan-tree-dump-times slp1 "basic block vectorized" 1
FAIL: gcc.dg/vect/bb-slp-2.c scan-tree-dump-times slp1 "basic block vectorized" 1
FAIL: gcc.dg/vect/pr80815-3.c -flto -ffat-lto-objects scan-tree-dump vect "improved number of alias checks from [0-9]* to 1"
FAIL: gcc.dg/vect/pr80815-3.c scan-tree-dump vect "improved number of alias checks from [0-9]* to 1"
XPASS: gcc.dg/vect/vect-multitypes-12.c -flto -ffat-lto-objects scan-tree-dump-times vect "vectorized 1 loops" 1
XPASS: gcc.dg/vect/vect-multitypes-12.c scan-tree-dump-times vect "vectorized 1 loops" 1
=== gcc Summary for unix ===
# of expected passes 100458
# of unexpected failures 16
# of unexpected successes 2
# of expected failures 428
# of unsupported tests 2643
Running target unix/-m64
FAIL: gcc.dg/visibility-22.c execution test
FAIL: gcc.dg/plugin/must-tail-call-1.c -fplugin=./must_tail_call_plugin.so (test for excess errors)
FAIL: gcc.dg/vect/bb-slp-1.c -flto -ffat-lto-objects scan-tree-dump-times slp1 "basic block vectorized" 1
FAIL: gcc.dg/vect/bb-slp-1.c scan-tree-dump-times slp1 "basic block vectorized" 1
FAIL: gcc.dg/vect/bb-slp-16.c -flto -ffat-lto-objects scan-tree-dump-times slp1 "basic block vectorized" 1
FAIL: gcc.dg/vect/bb-slp-16.c scan-tree-dump-times slp1 "basic block vectorized" 1
FAIL: gcc.dg/vect/bb-slp-2.c -flto -ffat-lto-objects scan-tree-dump-times slp1 "basic block vectorized" 1
FAIL: gcc.dg/vect/bb-slp-2.c scan-tree-dump-times slp1 "basic block vectorized" 1
FAIL: gcc.dg/vect/pr80815-3.c -flto -ffat-lto-objects scan-tree-dump vect "improved number of alias checks from [0-9]* to 1"
FAIL: gcc.dg/vect/pr80815-3.c scan-tree-dump vect "improved number of alias checks from [0-9]* to 1"
=== gcc Summary for unix/-m64 ===
# of expected passes 101522
# of unexpected failures 10
# of expected failures 415
# of unsupported tests 2435
=== gcc Summary ===
# of expected passes 201980
# of unexpected failures 26
# of unexpected successes 2
# of expected failures 843
# of unsupported tests 5078
/var/gcc/regression/trunk/11-gcc/build/gcc/xgcc version 8.0.0 20170721 (experimental) [trunk revision 250424] (GCC)
=== gfortran tests ===
Running target unix
FAIL: gfortran.dg/elemental_subroutine_3.f90 -O1 (test for excess errors)
FAIL: gfortran.dg/elemental_subroutine_3.f90 -O2 (test for excess errors)
FAIL: gfortran.dg/elemental_subroutine_3.f90 -O3 -fomit-frame-pointer -funroll-loops -fpeel-loops -ftracer -finline-functions (test for excess errors)
FAIL: gfortran.dg/elemental_subroutine_3.f90 -O3 -g (test for excess errors)
FAIL: gfortran.dg/elemental_subroutine_3.f90 -Os (test for excess errors)
=== gfortran Summary for unix ===
# of expected passes 45032
# of unexpected failures 5
# of expected failures 94
# of unsupported tests 248
Running target unix/-m64
FAIL: gfortran.dg/elemental_subroutine_3.f90 -O1 (test for excess errors)
FAIL: gfortran.dg/elemental_subroutine_3.f90 -O2 (test for excess errors)
FAIL: gfortran.dg/elemental_subroutine_3.f90 -O3 -fomit-frame-pointer -funroll-loops -fpeel-loops -ftracer -finline-functions (test for excess errors)
FAIL: gfortran.dg/elemental_subroutine_3.f90 -O3 -g (test for excess errors)
FAIL: gfortran.dg/elemental_subroutine_3.f90 -Os (test for excess errors)
FAIL: gfortran.dg/graphite/pr14741.f90 -O scan-tree-dump graphite "tiled by"
=== gfortran Summary for unix/-m64 ===
# of expected passes 45278
# of unexpected failures 6
# of expected failures 94
# of unsupported tests 127
=== gfortran Summary ===
# of expected passes 90310
# of unexpected failures 11
# of expected failures 188
# of unsupported tests 375
/var/gcc/regression/trunk/11-gcc/build/gcc/testsuite/gfortran/../../gfortran version 8.0.0 20170721 (experimental) [trunk revision 250424] (GCC)
=== gnat tests ===
Running target unix
=== gnat Summary for unix ===
# of expected passes 2552
# of expected failures 24
# of unsupported tests 23
Running target unix/-m64
=== gnat Summary for unix/-m64 ===
# of expected passes 2552
# of expected failures 24
# of unsupported tests 23
=== gnat Summary ===
# of expected passes 5104
# of expected failures 48
# of unsupported tests 46
/var/gcc/regression/trunk/11-gcc/build/gcc/gnatmake version 8.0.0 20170721 (experimental) [trunk revision 250424]
=== go tests ===
Running target unix
FAIL: ./index0-out.go execution, -O0 -g -fno-var-tracking-assignments
FAIL: go.test/test/fixedbugs/issue4562.go execution, -O2 -g
FAIL: go.test/test/method5.go execution, -O2 -g
FAIL: go.test/test/nil.go execution, -O2 -g
=== go Summary for unix ===
# of expected passes 7358
# of unexpected failures 4
# of expected failures 1
# of untested testcases 11
# of unsupported tests 3
Running target unix/-m64
FAIL: ./index0-out.go execution, -O0 -g -fno-var-tracking-assignments
=== go Summary for unix/-m64 ===
# of expected passes 7241
# of unexpected failures 1
# of expected failures 1
# of untested testcases 11
# of unsupported tests 3
=== go Summary ===
# of expected passes 14599
# of unexpected failures 5
# of expected failures 2
# of untested testcases 22
# of unsupported tests 6
=== obj-c++ tests ===
Running target unix
=== obj-c++ Summary for unix ===
# of expected passes 1459
# of expected failures 2
# of unsupported tests 77
Running target unix/-m64
=== obj-c++ Summary for unix/-m64 ===
# of expected passes 1451
# of expected failures 10
# of unsupported tests 77
=== obj-c++ Summary ===
# of expected passes 2910
# of expected failures 12
# of unsupported tests 154
/var/gcc/regression/trunk/11-gcc/build/gcc/testsuite/obj-c++/../../xg++ version 8.0.0 20170721 (experimental) [trunk revision 250424] (GCC)
=== objc tests ===
Running target unix
=== objc Summary for unix ===
# of expected passes 2803
# of unsupported tests 68
Running target unix/-m64
=== objc Summary for unix/-m64 ===
# of expected passes 2803
# of unsupported tests 68
=== objc Summary ===
# of expected passes 5606
# of unsupported tests 136
/var/gcc/regression/trunk/11-gcc/build/gcc/xgcc version 8.0.0 20170721 (experimental) [trunk revision 250424] (GCC)
=== gotools tests ===
FAIL: TestGoListStdDoesNotIncludeCommands
FAIL: TestLdBindNow
FAIL: TestCgoHandlesWlORIGIN
FAIL: TestMultipleGOPATHEntriesReportedSeparately
FAIL: TestUnsuccessfulGoInstallShouldMentionMissingPackage
FAIL: TestGOROOTSearchFailureReporting
FAIL: TestCaseCollisions
FAIL: TestGoGenerateEnv
FAIL: TestGenerateUsesBuildContext
FAIL: TestMatchesNoTestsDoesNotOverrideBuildFailure
FAIL: TestDefaultGOPATH
FAIL: TestMentionGOPATHInFirstGOPATHEntry
FAIL: TestGoEnv
FAIL: TestSelectStackAdjust
FAIL: TestBreakpoint
FAIL: TestCaller
FAIL: TestInstall
FAIL: TestEarlySignalHandler
FAIL: TestSignalForwardingExternal
FAIL: TestOsSignal
FAIL: TestSigaltstack
FAIL: TestPIE
=== gotools Summary ===
# of expected passes 223
# of unexpected failures 22
# of untested testcases 117
=== libatomic tests ===
Running target unix
=== libatomic Summary for unix ===
# of expected passes 44
# of unsupported tests 5
Running target unix/-m64
=== libatomic Summary for unix/-m64 ===
# of expected passes 54
=== libatomic Summary ===
# of expected passes 98
# of unsupported tests 5
=== libffi tests ===
Running target unix
FAIL: libffi.call/return_ll.c -W -Wall -Wno-psabi -O3 (test for excess errors)
=== libffi Summary for unix ===
# of expected passes 2213
# of unexpected failures 1
Running target unix/-m64
=== libffi Summary for unix/-m64 ===
# of expected passes 2214
=== libffi Summary ===
# of expected passes 4427
# of unexpected failures 1
=== libgo tests ===
Running target unix
FAIL: net
FAIL: runtime
FAIL: go/build
FAIL: net/http
=== libgo Summary for unix ===
# of expected passes 143
# of unexpected failures 4
Running target unix/-m64
FAIL: net
FAIL: go/build
FAIL: net/http
FAIL: os/signal
=== libgo Summary for unix/-m64 ===
# of expected passes 143
# of unexpected failures 4
=== libgo Summary ===
# of expected passes 286
# of unexpected failures 8
=== libgomp tests ===
Running target unix
FAIL: libgomp.c/pr32362-1.c (internal compiler error)
FAIL: libgomp.c/pr32362-1.c (test for excess errors)
WARNING: libgomp.c/pr32362-1.c compilation failed to produce executable
=== libgomp Summary for unix ===
# of expected passes 5134
# of unexpected failures 2
# of unsupported tests 379
Running target unix/-m64
=== libgomp Summary for unix/-m64 ===
# of expected passes 5136
# of unsupported tests 379
=== libgomp Summary ===
# of expected passes 10270
# of unexpected failures 2
# of unsupported tests 758
=== libitm tests ===
Running target unix
=== libitm Summary for unix ===
# of expected passes 42
# of expected failures 3
# of unsupported tests 1
Running target unix/-m64
=== libitm Summary for unix/-m64 ===
# of expected passes 42
# of expected failures 3
# of unsupported tests 1
=== libitm Summary ===
# of expected passes 84
# of expected failures 6
# of unsupported tests 2
=== libstdc++ tests ===
Running target unix
FAIL: 23_containers/deque/types/1.cc (test for excess errors)
FAIL: 23_containers/list/requirements/exception/propagation_consistent.cc (test for excess errors)
FAIL: 23_containers/map/operations/1.cc (test for excess errors)
FAIL: 23_containers/multimap/allocator/swap.cc (test for excess errors)
FAIL: 23_containers/multiset/cons/moveable.cc (test for excess errors)
FAIL: 23_containers/multiset/modifiers/emplace/1.cc (test for excess errors)
FAIL: 23_containers/multiset/modifiers/merge.cc (test for excess errors)
FAIL: 23_containers/multiset/requirements/exception/basic.cc (test for excess errors)
WARNING: 23_containers/multiset/requirements/exception/basic.cc compilation failed to produce executable
FAIL: 23_containers/multiset/requirements/partial_specialization/1.cc (test for excess errors)
FAIL: 23_containers/set/allocator/minimal.cc (test for excess errors)
WARNING: 23_containers/set/allocator/minimal.cc compilation failed to produce executable
FAIL: 23_containers/set/modifiers/16728.cc (test for excess errors)
FAIL: 23_containers/set/modifiers/insert/3.cc (test for excess errors)
WARNING: 23_containers/set/modifiers/insert/3.cc compilation failed to produce executable
FAIL: 23_containers/set/range_access.cc (test for excess errors)
FAIL: 23_containers/set/requirements/explicit_instantiation/4.cc (test for excess errors)
FAIL: 23_containers/unordered_map/55043.cc (test for excess errors)
FAIL: 23_containers/unordered_map/allocator/move.cc (test for excess errors)
WARNING: 23_containers/unordered_map/allocator/move.cc compilation failed to produce executable
FAIL: 23_containers/unordered_map/debug/construct5_neg.cc (test for excess errors)
FAIL: 23_containers/unordered_map/debug/move_neg.cc (test for excess errors)
WARNING: 23_containers/unordered_map/debug/move_neg.cc compilation failed to produce executable
FAIL: 23_containers/unordered_map/insert/map_single_move-2.cc (test for excess errors)
=== libstdc++ Summary for unix ===
# of expected passes 10841
# of unexpected failures 19
# of expected failures 69
# of unsupported tests 636
Running target unix/-m64
=== libstdc++ Summary for unix/-m64 ===
# of expected passes 10864
# of expected failures 70
# of unsupported tests 636
=== libstdc++ Summary ===
# of expected passes 21705
# of unexpected failures 19
# of expected failures 139
# of unsupported tests 1272
Compiler version: 8.0.0 20170721 (experimental) [trunk revision 250424] (GCC)
Platform: sparc-sun-solaris2.11
configure flags: --prefix=/vol/gcc --target=sparc-sun-solaris2.11 --enable-objc-gc --with-target-bdw-gc-include=/vol/gcc/include --with-target-bdw-gc-lib=/vol/gcc/lib,sparcv9=/vol/gcc/lib/sparcv9 --enable-libmudflap --with-as=/usr/ccs/bin/as --without-gnu-as --with-gmp-include=/vol/gcc/include --with-gmp-lib=/vol/gcc/lib --with-mpfr-include=/vol/gcc/include --with-mpfr-lib=/vol/gcc/lib --with-mpc-include=/vol/gcc/include --with-mpc-lib=/vol/gcc/lib --enable-languages=all,ada,obj-c++,go --with-isl-include=/vol/gcc/include --with-isl-lib=/vol/gcc/lib --build=sparc-sun-solaris2.11 --host=sparc-sun-solaris2.11
BOOT_CFLAGS=-g -O2
More information about the Gcc-testresults
mailing list