Results for 8.0.0 20170714 (experimental) [trunk revision 250207] (GCC) testsuite on x86_64-pc-solaris2.12
Rainer Orth
ro@CeBiTec.Uni-Bielefeld.DE
Sat Jul 15 13:48:00 GMT 2017
LAST_UPDATED: Fri Jul 14 16:12:44 UTC 2017 (revision 250207)
Native configuration is x86_64-pc-solaris2.12
=== libatomic tests ===
Running target unix/-m32
=== libatomic Summary for unix/-m32 ===
# of expected passes 44
# of unsupported tests 5
Running target unix
=== libatomic Summary for unix ===
# of expected passes 54
=== libatomic Summary ===
# of expected passes 98
# of unsupported tests 5
=== libffi tests ===
Running target unix/-m32
=== libffi Summary for unix/-m32 ===
# of expected passes 2799
Running target unix
=== libffi Summary for unix ===
# of expected passes 2214
=== libffi Summary ===
# of expected passes 5013
=== libgo tests ===
Running target unix
FAIL: go/build
FAIL: net/http
=== libgo Summary for unix ===
# of expected passes 145
# of unexpected failures 2
Running target unix/-m32
FAIL: runtime
FAIL: go/build
=== libgo Summary for unix/-m32 ===
# of expected passes 145
# of unexpected failures 2
=== libgo Summary ===
# of expected passes 290
# of unexpected failures 4
/var/gcc/regression/trunk/12-gcc-gas-64/build/./gcc/gccgo version 8.0.0 20170714 (experimental) [trunk revision 250207] (GCC)
=== libgomp tests ===
Running target unix/-m32
=== libgomp Summary for unix/-m32 ===
# of expected passes 5234
# of unsupported tests 329
Running target unix
=== libgomp Summary for unix ===
# of expected passes 5234
# of unsupported tests 329
=== libgomp Summary ===
# of expected passes 10468
# of unsupported tests 658
=== libitm tests ===
Running target unix/-m32
=== libitm Summary for unix/-m32 ===
# of expected passes 42
# of expected failures 3
# of unsupported tests 1
Running target unix
=== libitm Summary for unix ===
# of expected passes 42
# of expected failures 3
# of unsupported tests 1
=== libitm Summary ===
# of expected passes 84
# of expected failures 6
# of unsupported tests 2
=== libstdc++ tests ===
Running target unix
FAIL: 21_strings/basic_string/modifiers/insert/char/1.cc execution test
FAIL: 21_strings/basic_string/modifiers/insert/wchar_t/1.cc execution test
=== libstdc++ Summary for unix ===
# of expected passes 10891
# of unexpected failures 2
# of expected failures 69
# of unsupported tests 620
Running target unix/-m32
FAIL: 21_strings/basic_string/modifiers/insert/char/1.cc execution test
FAIL: 21_strings/basic_string/modifiers/insert/wchar_t/1.cc execution test
FAIL: experimental/memory_resource/resource_adaptor.cc execution test
=== libstdc++ Summary for unix/-m32 ===
# of expected passes 10898
# of unexpected failures 3
# of expected failures 69
# of unsupported tests 616
=== libstdc++ Summary ===
# of expected passes 21789
# of unexpected failures 5
# of expected failures 138
# of unsupported tests 1236
=== acats tests ===
FAIL: cb4008a
FAIL: cb41001
=== acats Summary ===
# of expected passes 2318
# of unexpected failures 2
=== g++ tests ===
Running target unix
FAIL: g++.dg/debug/debug9.C -gstabs -O2 (test for excess errors)
FAIL: g++.dg/debug/debug9.C -gstabs -O3 (test for excess errors)
FAIL: g++.dg/debug/debug9.C -gstabs+ -O2 (test for excess errors)
FAIL: g++.dg/debug/debug9.C -gstabs+ -O3 (test for excess errors)
FAIL: g++.dg/debug/debug9.C -gstabs+1 -O2 (test for excess errors)
FAIL: g++.dg/debug/debug9.C -gstabs+1 -O3 (test for excess errors)
FAIL: g++.dg/debug/debug9.C -gstabs+3 -O2 (test for excess errors)
FAIL: g++.dg/debug/debug9.C -gstabs+3 -O3 (test for excess errors)
FAIL: g++.dg/debug/debug9.C -gstabs1 -O2 (test for excess errors)
FAIL: g++.dg/debug/debug9.C -gstabs1 -O3 (test for excess errors)
FAIL: g++.dg/debug/debug9.C -gstabs3 -O2 (test for excess errors)
FAIL: g++.dg/debug/debug9.C -gstabs3 -O3 (test for excess errors)
FAIL: g++.dg/lookup/missing-std-include-2.C -std=gnu++11 (test for warnings, line 13)
FAIL: g++.dg/lookup/missing-std-include-2.C -std=gnu++11 (test for warnings, line 24)
FAIL: g++.dg/lookup/missing-std-include-2.C -std=gnu++11 expected multiline pattern lines 45-53 not found: "\\s*@@ -7,6 \\+7,8 @@.*\\n directives\\)\\. \\*/.*\\n .*\\n #include <stdio\\.h>.*\\n\\+#include <string>.*\\n\\+#include <iostream>.*\\n .*\\n void test \\(void\\).*\\n \\{.*\\n"
FAIL: g++.dg/lookup/missing-std-include-2.C -std=gnu++11 (test for excess errors)
FAIL: g++.dg/lookup/missing-std-include-2.C -std=gnu++14 (test for warnings, line 13)
FAIL: g++.dg/lookup/missing-std-include-2.C -std=gnu++14 (test for warnings, line 24)
FAIL: g++.dg/lookup/missing-std-include-2.C -std=gnu++14 expected multiline pattern lines 45-53 not found: "\\s*@@ -7,6 \\+7,8 @@.*\\n directives\\)\\. \\*/.*\\n .*\\n #include <stdio\\.h>.*\\n\\+#include <string>.*\\n\\+#include <iostream>.*\\n .*\\n void test \\(void\\).*\\n \\{.*\\n"
FAIL: g++.dg/lookup/missing-std-include-2.C -std=gnu++14 (test for excess errors)
FAIL: g++.dg/lookup/missing-std-include-2.C -std=gnu++98 (test for warnings, line 13)
FAIL: g++.dg/lookup/missing-std-include-2.C -std=gnu++98 (test for warnings, line 24)
FAIL: g++.dg/lookup/missing-std-include-2.C -std=gnu++98 expected multiline pattern lines 45-53 not found: "\\s*@@ -7,6 \\+7,8 @@.*\\n directives\\)\\. \\*/.*\\n .*\\n #include <stdio\\.h>.*\\n\\+#include <string>.*\\n\\+#include <iostream>.*\\n .*\\n void test \\(void\\).*\\n \\{.*\\n"
FAIL: g++.dg/lookup/missing-std-include-2.C -std=gnu++98 (test for excess errors)
FAIL: g++.dg/gcov/pr16855-priority.C -std=gnu++11 gcov: 1 failures in line counts, 0 in branch percentages, 0 in return percentages, 0 in intermediate format
FAIL: g++.dg/gcov/pr16855-priority.C -std=gnu++11 line 22: is #####:should be 1
FAIL: g++.dg/gcov/pr16855-priority.C -std=gnu++14 gcov: 1 failures in line counts, 0 in branch percentages, 0 in return percentages, 0 in intermediate format
FAIL: g++.dg/gcov/pr16855-priority.C -std=gnu++14 line 22: is #####:should be 1
FAIL: g++.dg/gcov/pr16855-priority.C -std=gnu++98 gcov: 1 failures in line counts, 0 in branch percentages, 0 in return percentages, 0 in intermediate format
FAIL: g++.dg/gcov/pr16855-priority.C -std=gnu++98 line 22: is #####:should be 1
FAIL: g++.dg/gcov/pr16855.C -std=gnu++11 gcov: 1 failures in line counts, 0 in branch percentages, 0 in return percentages, 0 in intermediate format
FAIL: g++.dg/gcov/pr16855.C -std=gnu++11 line 21: is #####:should be 1
FAIL: g++.dg/gcov/pr16855.C -std=gnu++14 gcov: 1 failures in line counts, 0 in branch percentages, 0 in return percentages, 0 in intermediate format
FAIL: g++.dg/gcov/pr16855.C -std=gnu++14 line 21: is #####:should be 1
FAIL: g++.dg/gcov/pr16855.C -std=gnu++98 gcov: 1 failures in line counts, 0 in branch percentages, 0 in return percentages, 0 in intermediate format
FAIL: g++.dg/gcov/pr16855.C -std=gnu++98 line 21: is #####:should be 1
FAIL: g++.old-deja/g++.jason/return2.C -std=c++14 (test for excess errors)
WARNING: g++.old-deja/g++.jason/return2.C -std=c++14 compilation failed to produce executable
WARNING: program timed out.
=== g++ Summary for unix ===
# of expected passes 109730
# of unexpected failures 37
# of expected failures 388
# of unsupported tests 4286
Running target unix/-m32
FAIL: g++.dg/debug/debug9.C -gstabs -O2 (test for excess errors)
FAIL: g++.dg/debug/debug9.C -gstabs -O3 (test for excess errors)
FAIL: g++.dg/debug/debug9.C -gstabs+ -O2 (test for excess errors)
FAIL: g++.dg/debug/debug9.C -gstabs+ -O3 (test for excess errors)
FAIL: g++.dg/debug/debug9.C -gstabs+1 -O2 (test for excess errors)
FAIL: g++.dg/debug/debug9.C -gstabs+1 -O3 (test for excess errors)
FAIL: g++.dg/debug/debug9.C -gstabs+3 -O2 (test for excess errors)
FAIL: g++.dg/debug/debug9.C -gstabs+3 -O3 (test for excess errors)
FAIL: g++.dg/debug/debug9.C -gstabs1 -O2 (test for excess errors)
FAIL: g++.dg/debug/debug9.C -gstabs1 -O3 (test for excess errors)
FAIL: g++.dg/debug/debug9.C -gstabs3 -O2 (test for excess errors)
FAIL: g++.dg/debug/debug9.C -gstabs3 -O3 (test for excess errors)
FAIL: g++.dg/lookup/missing-std-include-2.C -std=gnu++11 (test for warnings, line 13)
FAIL: g++.dg/lookup/missing-std-include-2.C -std=gnu++11 (test for warnings, line 24)
FAIL: g++.dg/lookup/missing-std-include-2.C -std=gnu++11 expected multiline pattern lines 45-53 not found: "\\s*@@ -7,6 \\+7,8 @@.*\\n directives\\)\\. \\*/.*\\n .*\\n #include <stdio\\.h>.*\\n\\+#include <string>.*\\n\\+#include <iostream>.*\\n .*\\n void test \\(void\\).*\\n \\{.*\\n"
FAIL: g++.dg/lookup/missing-std-include-2.C -std=gnu++11 (test for excess errors)
FAIL: g++.dg/lookup/missing-std-include-2.C -std=gnu++14 (test for warnings, line 13)
FAIL: g++.dg/lookup/missing-std-include-2.C -std=gnu++14 (test for warnings, line 24)
FAIL: g++.dg/lookup/missing-std-include-2.C -std=gnu++14 expected multiline pattern lines 45-53 not found: "\\s*@@ -7,6 \\+7,8 @@.*\\n directives\\)\\. \\*/.*\\n .*\\n #include <stdio\\.h>.*\\n\\+#include <string>.*\\n\\+#include <iostream>.*\\n .*\\n void test \\(void\\).*\\n \\{.*\\n"
FAIL: g++.dg/lookup/missing-std-include-2.C -std=gnu++14 (test for excess errors)
FAIL: g++.dg/lookup/missing-std-include-2.C -std=gnu++98 (test for warnings, line 13)
FAIL: g++.dg/lookup/missing-std-include-2.C -std=gnu++98 (test for warnings, line 24)
FAIL: g++.dg/lookup/missing-std-include-2.C -std=gnu++98 expected multiline pattern lines 45-53 not found: "\\s*@@ -7,6 \\+7,8 @@.*\\n directives\\)\\. \\*/.*\\n .*\\n #include <stdio\\.h>.*\\n\\+#include <string>.*\\n\\+#include <iostream>.*\\n .*\\n void test \\(void\\).*\\n \\{.*\\n"
FAIL: g++.dg/lookup/missing-std-include-2.C -std=gnu++98 (test for excess errors)
FAIL: g++.dg/opt/pr59470.C -std=gnu++11 (test for excess errors)
WARNING: g++.dg/opt/pr59470.C -std=gnu++11 compilation failed to produce executable
FAIL: g++.dg/opt/pr59470.C -std=gnu++14 (test for excess errors)
WARNING: g++.dg/opt/pr59470.C -std=gnu++14 compilation failed to produce executable
FAIL: g++.dg/opt/pr59470.C -std=gnu++98 (test for excess errors)
WARNING: g++.dg/opt/pr59470.C -std=gnu++98 compilation failed to produce executable
FAIL: g++.dg/pr62079.C (internal compiler error)
FAIL: g++.dg/pr62079.C (test for excess errors)
FAIL: g++.dg/template/nontype10.C -std=c++11 (test for excess errors)
FAIL: g++.dg/template/nontype10.C -std=c++14 (test for excess errors)
FAIL: g++.dg/template/nontype10.C -std=c++98 (test for excess errors)
FAIL: g++.dg/gcov/pr16855-priority.C -std=gnu++11 gcov: 1 failures in line counts, 0 in branch percentages, 0 in return percentages, 0 in intermediate format
FAIL: g++.dg/gcov/pr16855-priority.C -std=gnu++11 line 22: is #####:should be 1
FAIL: g++.dg/gcov/pr16855-priority.C -std=gnu++14 gcov: 1 failures in line counts, 0 in branch percentages, 0 in return percentages, 0 in intermediate format
FAIL: g++.dg/gcov/pr16855-priority.C -std=gnu++14 line 22: is #####:should be 1
FAIL: g++.dg/gcov/pr16855-priority.C -std=gnu++98 gcov: 1 failures in line counts, 0 in branch percentages, 0 in return percentages, 0 in intermediate format
FAIL: g++.dg/gcov/pr16855-priority.C -std=gnu++98 line 22: is #####:should be 1
FAIL: g++.dg/gcov/pr16855.C -std=gnu++11 gcov: 1 failures in line counts, 0 in branch percentages, 0 in return percentages, 0 in intermediate format
FAIL: g++.dg/gcov/pr16855.C -std=gnu++11 line 21: is #####:should be 1
FAIL: g++.dg/gcov/pr16855.C -std=gnu++14 gcov: 1 failures in line counts, 0 in branch percentages, 0 in return percentages, 0 in intermediate format
FAIL: g++.dg/gcov/pr16855.C -std=gnu++14 line 21: is #####:should be 1
FAIL: g++.dg/gcov/pr16855.C -std=gnu++98 gcov: 1 failures in line counts, 0 in branch percentages, 0 in return percentages, 0 in intermediate format
FAIL: g++.dg/gcov/pr16855.C -std=gnu++98 line 21: is #####:should be 1
=== g++ Summary for unix/-m32 ===
# of expected passes 108387
# of unexpected failures 44
# of expected failures 388
# of unsupported tests 4048
=== g++ Summary ===
# of expected passes 218117
# of unexpected failures 81
# of expected failures 776
# of unsupported tests 8334
/var/gcc/regression/trunk/12-gcc-gas-64/build/gcc/testsuite/g++/../../xg++ version 8.0.0 20170714 (experimental) [trunk revision 250207] (GCC)
=== gcc tests ===
Running target unix
FAIL: gcc.dg/rtl/x86_64/final.c (internal compiler error)
FAIL: gcc.dg/rtl/x86_64/final.c (test for excess errors)
UNRESOLVED: gcc.dg/rtl/x86_64/final.c scan-assembler .cfi_endproc
UNRESOLVED: gcc.dg/rtl/x86_64/final.c scan-assembler .cfi_startproc
UNRESOLVED: gcc.dg/rtl/x86_64/final.c scan-assembler ret
UNRESOLVED: gcc.dg/rtl/x86_64/final.c scan-assembler test_1:
FAIL: gcc.dg/vect/pr65947-14.c -flto -ffat-lto-objects execution test
FAIL: gcc.dg/vect/pr65947-14.c execution test
FAIL: gcc.target/i386/pr59501-3a.c scan-assembler-not and[^\\n\\r]*sp
FAIL: gcc.target/i386/pr70021.c scan-tree-dump-times vect "vectorized 1 loops" 2
=== gcc Summary for unix ===
# of expected passes 120063
# of unexpected failures 6
# of expected failures 364
# of unresolved testcases 4
# of unsupported tests 2020
Running target unix/-m32
FAIL: gcc.dg/vect/pr65947-14.c -flto -ffat-lto-objects execution test
FAIL: gcc.dg/vect/pr65947-14.c execution test
FAIL: gcc.target/i386/pr70021.c scan-tree-dump-times vect "vectorized 1 loops" 2
=== gcc Summary for unix/-m32 ===
# of expected passes 118469
# of unexpected failures 3
# of expected failures 370
# of unsupported tests 2052
=== gcc Summary ===
# of expected passes 238532
# of unexpected failures 9
# of expected failures 734
# of unresolved testcases 4
# of unsupported tests 4072
/var/gcc/regression/trunk/12-gcc-gas-64/build/gcc/xgcc version 8.0.0 20170714 (experimental) [trunk revision 250207] (GCC)
=== gfortran tests ===
Running target unix
FAIL: gfortran.dg/graphite/pr14741.f90 -O scan-tree-dump graphite "tiled by"
=== gfortran Summary for unix ===
# of expected passes 45384
# of unexpected failures 1
# of expected failures 92
# of unsupported tests 85
Running target unix/-m32
=== gfortran Summary for unix/-m32 ===
# of expected passes 45168
# of expected failures 92
# of unsupported tests 188
=== gfortran Summary ===
# of expected passes 90552
# of unexpected failures 1
# of expected failures 184
# of unsupported tests 273
/var/gcc/regression/trunk/12-gcc-gas-64/build/gcc/testsuite/gfortran/../../gfortran version 8.0.0 20170714 (experimental) [trunk revision 250207] (GCC)
=== gnat tests ===
Running target unix
=== gnat Summary for unix ===
# of expected passes 2584
# of expected failures 24
# of unsupported tests 7
Running target unix/-m32
=== gnat Summary for unix/-m32 ===
# of expected passes 2584
# of expected failures 24
# of unsupported tests 7
=== gnat Summary ===
# of expected passes 5168
# of expected failures 48
# of unsupported tests 14
/var/gcc/regression/trunk/12-gcc-gas-64/build/gcc/gnatmake version 8.0.0 20170714 (experimental) [trunk revision 250207]
=== go tests ===
Running target unix
FAIL: ./index0-out.go execution, -O0 -g -fno-var-tracking-assignments
=== go Summary for unix ===
# of expected passes 7245
# of unexpected failures 1
# of expected failures 1
# of untested testcases 10
# of unsupported tests 1
Running target unix/-m32
FAIL: ./index0-out.go execution, -O0 -g -fno-var-tracking-assignments
=== go Summary for unix/-m32 ===
# of expected passes 7364
# of unexpected failures 1
# of expected failures 1
# of untested testcases 10
# of unsupported tests 2
=== go Summary ===
# of expected passes 14609
# of unexpected failures 2
# of expected failures 2
# of untested testcases 20
# of unsupported tests 3
=== obj-c++ tests ===
Running target unix/-m32
=== obj-c++ Summary for unix/-m32 ===
# of expected passes 1459
# of expected failures 2
# of unsupported tests 77
Running target unix
=== obj-c++ Summary for unix ===
# of expected passes 1451
# of expected failures 10
# of unsupported tests 77
=== obj-c++ Summary ===
# of expected passes 2910
# of expected failures 12
# of unsupported tests 154
/var/gcc/regression/trunk/12-gcc-gas-64/build/gcc/testsuite/obj-c++/../../xg++ version 8.0.0 20170714 (experimental) [trunk revision 250207] (GCC)
=== objc tests ===
Running target unix
=== objc Summary for unix ===
# of expected passes 2797
# of expected failures 6
# of unsupported tests 68
Running target unix/-m32
=== objc Summary for unix/-m32 ===
# of expected passes 2797
# of expected failures 6
# of unsupported tests 68
=== objc Summary ===
# of expected passes 5594
# of expected failures 12
# of unsupported tests 136
/var/gcc/regression/trunk/12-gcc-gas-64/build/gcc/xgcc version 8.0.0 20170714 (experimental) [trunk revision 250207] (GCC)
=== gotools tests ===
FAIL: TestRecursivePanic
FAIL: TestCgoCrashHandler
FAIL: TestCgoCheckBytes
FAIL: TestCgoExternalThreadPanic
FAIL: TestCgoExecSignalMask
FAIL: TestCgoCCodeSIGPROF
FAIL: TestEnsureDropM
FAIL: TestCgoExternalThreadSignal
FAIL: TestCgoExternalThreadSIGPROF
FAIL: TestCgoTraceback
FAIL: TestCgoSignalDeadlock
FAIL: TestCgoCallbackGC
FAIL: TestCgoPanicDeadlock
FAIL: TestInstall
FAIL: TestEarlySignalHandler
FAIL: TestSignalForwarding
FAIL: TestSignalForwardingExternal
FAIL: TestOsSignal
FAIL: TestSigaltstack
FAIL: TestPIE
=== gotools Summary ===
# of expected passes 160
# of unexpected failures 20
# of untested testcases 58
/var/gcc/regression/trunk/12-gcc-gas-64/build/./gcc/gccgo version 8.0.0 20170714 (experimental) [trunk revision 250207] (GCC)
Compiler version: 8.0.0 20170714 (experimental) [trunk revision 250207] (GCC)
Platform: x86_64-pc-solaris2.12
configure flags: --prefix=/vol/gcc --target=amd64-pc-solaris2.12 --enable-objc-gc --with-target-bdw-gc-include=/vol/gcc/include --with-target-bdw-gc-lib=/vol/gcc/lib/amd64,32=/vol/gcc/lib --with-as=/vol/gcc/bin/amd64/gas-2.28 --with-gnu-as --with-gmp-include=/vol/gcc/include --with-gmp-lib=/vol/gcc/lib/amd64 --with-mpfr-include=/vol/gcc/include --with-mpfr-lib=/vol/gcc/lib/amd64 --with-mpc-include=/vol/gcc/include --with-mpc-lib=/vol/gcc/lib/amd64 --enable-languages=all,ada,obj-c++,go --with-isl-include=/vol/gcc/include --with-isl-lib=/vol/gcc/lib/amd64 --build=amd64-pc-solaris2.12 --host=amd64-pc-solaris2.12
BOOT_CFLAGS=-g -O2
More information about the Gcc-testresults
mailing list