Results for 7.0.0 20170111 (experimental) [trunk revision 244302] (GCC) testsuite on hppa64-hp-hpux11.00
John David Anglin
dave@hiauly2.hia.nrc.ca
Tue Jan 31 01:09:00 GMT 2017
Native configuration is hppa64-hp-hpux11.00
=== g++ tests ===
Running target unix
WARNING: program timed out.
FAIL: g++.dg/cpp0x/constexpr-70001-1.C -std=c++11 (test for excess errors)
WARNING: program timed out.
FAIL: g++.dg/cpp0x/constexpr-70001-1.C -std=c++14 (test for excess errors)
WARNING: program timed out.
FAIL: g++.dg/cpp0x/constexpr-70001-3.C -std=c++11 (test for excess errors)
WARNING: program timed out.
FAIL: g++.dg/cpp0x/constexpr-70001-3.C -std=c++14 (test for excess errors)
WARNING: program timed out.
FAIL: g++.dg/cpp0x/constexpr-70001-4.C -std=c++11 (test for excess errors)
WARNING: program timed out.
FAIL: g++.dg/cpp0x/constexpr-70001-4.C -std=c++14 (test for excess errors)
FAIL: g++.dg/ipa/nothrow-1.C -std=gnu++98 scan-tree-dump optimized "__cxa_begin_catch"
FAIL: g++.dg/ipa/nothrow-1.C -std=gnu++11 scan-tree-dump optimized "__cxa_begin_catch"
FAIL: g++.dg/ipa/nothrow-1.C -std=gnu++14 scan-tree-dump optimized "__cxa_begin_catch"
WARNING: program timed out.
FAIL: g++.old-deja/g++.abi/vtable2.C -std=gnu++98 execution test
FAIL: g++.old-deja/g++.abi/vtable2.C -std=gnu++11 execution test
FAIL: g++.old-deja/g++.abi/vtable2.C -std=gnu++14 execution test
=== g++ Summary ===
# of expected passes 96799
# of unexpected failures 12
# of expected failures 331
# of unsupported tests 4544
/home/gnu/gcc/objdir/gcc/testsuite/g++/../../xg++ version 7.0.0 20170111 (experimental) [trunk revision 244302] (GCC)
=== gcc tests ===
Running target unix
WARNING: program timed out.
FAIL: gcc.c-torture/compile/20001226-1.c -O3 -g (test for excess errors)
WARNING: program timed out.
FAIL: gcc.c-torture/compile/limits-externdecl.c -O0 (test for excess errors)
WARNING: program timed out.
FAIL: gcc.c-torture/compile/limits-externdecl.c -O1 (test for excess errors)
WARNING: program timed out.
FAIL: gcc.c-torture/compile/limits-externdecl.c -O2 (test for excess errors)
WARNING: program timed out.
FAIL: gcc.c-torture/compile/limits-externdecl.c -O3 -g (test for excess errors)
WARNING: program timed out.
FAIL: gcc.c-torture/compile/limits-externdecl.c -Os (test for excess errors)
WARNING: program timed out.
FAIL: gcc.c-torture/compile/limits-externdecl.c -O2 -flto -flto-partition=none (test for excess errors)
WARNING: program timed out.
FAIL: gcc.c-torture/compile/limits-externdecl.c -O2 -flto (test for excess errors)
WARNING: program timed out.
FAIL: gcc.c-torture/compile/limits-fndefn.c -O1 (test for excess errors)
WARNING: program timed out.
FAIL: gcc.c-torture/compile/limits-fndefn.c -O2 (test for excess errors)
WARNING: program timed out.
FAIL: gcc.c-torture/compile/limits-fndefn.c -O3 -g (test for excess errors)
WARNING: program timed out.
FAIL: gcc.c-torture/compile/limits-fndefn.c -Os (test for excess errors)
WARNING: program timed out.
FAIL: gcc.c-torture/compile/limits-fndefn.c -O2 -flto -flto-partition=none (test for excess errors)
WARNING: program timed out.
FAIL: gcc.c-torture/compile/limits-fndefn.c -O2 -flto (test for excess errors)
WARNING: program timed out.
FAIL: gcc.c-torture/compile/limits-structnest.c -O0 (test for excess errors)
WARNING: program timed out.
FAIL: gcc.c-torture/compile/limits-structnest.c -O1 (test for excess errors)
WARNING: program timed out.
FAIL: gcc.c-torture/compile/limits-structnest.c -O2 (test for excess errors)
WARNING: program timed out.
FAIL: gcc.c-torture/compile/limits-structnest.c -O3 -g (test for excess errors)
WARNING: program timed out.
FAIL: gcc.c-torture/compile/limits-structnest.c -Os (test for excess errors)
WARNING: program timed out.
FAIL: gcc.c-torture/compile/limits-structnest.c -O2 -flto -flto-partition=none (test for excess errors)
WARNING: program timed out.
FAIL: gcc.c-torture/compile/limits-structnest.c -O2 -flto (test for excess errors)
FAIL: gcc.c-torture/execute/pr78622.c -O0 execution test
FAIL: gcc.c-torture/execute/pr78622.c -O1 execution test
FAIL: gcc.c-torture/execute/pr78622.c -O2 execution test
FAIL: gcc.c-torture/execute/pr78622.c -O3 -g execution test
FAIL: gcc.c-torture/execute/pr78622.c -Os execution test
FAIL: gcc.c-torture/execute/pr78622.c -O2 -flto -flto-partition=none execution test
FAIL: gcc.c-torture/execute/pr78622.c -O2 -flto execution test
WARNING: program timed out.
FAIL: gcc.dg/atomic/c11-atomic-exec-2.c -O2 -flto -flto-partition=none (test for excess errors)
WARNING: program timed out.
FAIL: gcc.dg/atomic/c11-atomic-exec-2.c -O2 -flto (test for excess errors)
FAIL: gcc.dg/atomic/c11-atomic-exec-5.c -O0 execution test
FAIL: gcc.dg/atomic/c11-atomic-exec-5.c -O1 execution test
FAIL: gcc.dg/atomic/c11-atomic-exec-5.c -O2 execution test
FAIL: gcc.dg/atomic/c11-atomic-exec-5.c -O3 -fomit-frame-pointer -funroll-loops -fpeel-loops -ftracer -finline-functions execution test
FAIL: gcc.dg/atomic/c11-atomic-exec-5.c -O3 -g execution test
FAIL: gcc.dg/atomic/c11-atomic-exec-5.c -Os execution test
FAIL: gcc.dg/atomic/c11-atomic-exec-5.c -O2 -flto -flto-partition=none execution test
FAIL: gcc.dg/atomic/c11-atomic-exec-5.c -O2 -flto execution test
FAIL: gcc.dg/compat/scalar-by-value-4 c_compat_x_tst.o-c_compat_y_tst.o execute
FAIL: gcc.dg/compat/scalar-return-4 c_compat_x_tst.o-c_compat_y_tst.o execute
FAIL: gcc.dg/20030711-1.c execution test
WARNING: program timed out.
FAIL: gcc.dg/c11-atomic-2.c (test for excess errors)
WARNING: program timed out.
FAIL: gcc.dg/c99-intconst-1.c (test for excess errors)
WARNING: program timed out.
FAIL: gcc.dg/pr48141.c (test for excess errors)
XPASS: gcc.dg/sibcall-3.c execution test
XPASS: gcc.dg/sibcall-4.c execution test
FAIL: gcc.dg/plugin/self-assign-test-1.c -fplugin=./selfassign.so (test for warnings, line 15)
FAIL: gcc.dg/plugin/self-assign-test-1.c -fplugin=./selfassign.so (test for warnings, line 20)
FAIL: gcc.dg/plugin/self-assign-test-1.c -fplugin=./selfassign.so (test for warnings, line 21)
FAIL: gcc.dg/plugin/self-assign-test-1.c -fplugin=./selfassign.so (test for warnings, line 22)
FAIL: gcc.dg/plugin/self-assign-test-1.c -fplugin=./selfassign.so (test for excess errors)
FAIL: gcc.dg/plugin/self-assign-test-2.c -fplugin=./selfassign.so (test for excess errors)
FAIL: gcc.dg/plugin/ggcplug-test-1.c -fplugin=./ggcplug.so (test for excess errors)
FAIL: gcc.dg/plugin/one_time-test-1.c -fplugin=./one_time_plugin.so (test for excess errors)
FAIL: gcc.dg/plugin/start_unit-test-1.c -fplugin=./start_unit_plugin.so (test for excess errors)
FAIL: gcc.dg/plugin/finish_unit-test-1.c -fplugin=./finish_unit_plugin.so (test for excess errors)
FAIL: gcc.dg/plugin/wide-int-test-1.c -fplugin=./wide-int_plugin.so (test for excess errors)
FAIL: gcc.dg/plugin/diagnostic-test-show-locus-bw.c -fplugin=./diagnostic_plugin_test_show_locus.so (test for warnings, line 14)
FAIL: gcc.dg/plugin/diagnostic-test-show-locus-bw.c -fplugin=./diagnostic_plugin_test_show_locus.so (test for warnings, line 26)
FAIL: gcc.dg/plugin/diagnostic-test-show-locus-bw.c -fplugin=./diagnostic_plugin_test_show_locus.so (test for warnings, line 40)
FAIL: gcc.dg/plugin/diagnostic-test-show-locus-bw.c -fplugin=./diagnostic_plugin_test_show_locus.so (test for warnings, line 59)
FAIL: gcc.dg/plugin/diagnostic-test-show-locus-bw.c -fplugin=./diagnostic_plugin_test_show_locus.so (test for warnings, line 96)
FAIL: gcc.dg/plugin/diagnostic-test-show-locus-bw.c -fplugin=./diagnostic_plugin_test_show_locus.so (test for warnings, line 107)
FAIL: gcc.dg/plugin/diagnostic-test-show-locus-bw.c -fplugin=./diagnostic_plugin_test_show_locus.so (test for warnings, line 118)
FAIL: gcc.dg/plugin/diagnostic-test-show-locus-bw.c -fplugin=./diagnostic_plugin_test_show_locus.so (test for warnings, line 132)
FAIL: gcc.dg/plugin/diagnostic-test-show-locus-bw.c -fplugin=./diagnostic_plugin_test_show_locus.so (test for warnings, line 144)
FAIL: gcc.dg/plugin/diagnostic-test-show-locus-bw.c -fplugin=./diagnostic_plugin_test_show_locus.so (test for warnings, line 160)
FAIL: gcc.dg/plugin/diagnostic-test-show-locus-bw.c -fplugin=./diagnostic_plugin_test_show_locus.so (test for warnings, line 174)
FAIL: gcc.dg/plugin/diagnostic-test-show-locus-bw.c -fplugin=./diagnostic_plugin_test_show_locus.so (test for warnings, line 188)
FAIL: gcc.dg/plugin/diagnostic-test-show-locus-bw.c -fplugin=./diagnostic_plugin_test_show_locus.so (test for warnings, line 201)
FAIL: gcc.dg/plugin/diagnostic-test-show-locus-bw.c -fplugin=./diagnostic_plugin_test_show_locus.so (test for warnings, line 213)
FAIL: gcc.dg/plugin/diagnostic-test-show-locus-bw.c -fplugin=./diagnostic_plugin_test_show_locus.so expected multiline pattern lines 17-18 not found: "\\s*myvar = myvar\\.x;.*\\n ~~~~~\\^~\\n"
FAIL: gcc.dg/plugin/diagnostic-test-show-locus-bw.c -fplugin=./diagnostic_plugin_test_show_locus.so expected multiline pattern lines 29-30 not found: " x = first_function \\(\\) \\+ second_function \\(\\);.*\\n ~~~~~~~~~~~~~~~~~ \\^ ~~~~~~~~~~~~~~~~~~\\n"
FAIL: gcc.dg/plugin/diagnostic-test-show-locus-bw.c -fplugin=./diagnostic_plugin_test_show_locus.so expected multiline pattern lines 43-46 not found: " x = \\(first_function \\(\\).*\\n ~~~~~~~~~~~~~~~~~\\n \\+ second_function \\(\\)\\);.*\\n \\^ ~~~~~~~~~~~~~~~~~~\\n"
FAIL: gcc.dg/plugin/diagnostic-test-show-locus-bw.c -fplugin=./diagnostic_plugin_test_show_locus.so expected multiline pattern lines 67-88 not found: " x = \\(first_function_with_a_very_long_name \\(lorem, ipsum, dolor, sit, amet,.*\\n ~~~~~~~~~~~~~~~~~~~~~~~~~~~~~~~~~~~~~~~~~~~~~~~~~~~~~~~~~~~~~~~~~~~~~\\n consectetur, adipiscing, elit,.*\\n ~~~~~~~~~~~~~~~~~~~~~~~~~~~~~~\\n sed, eiusmod, tempor,.*\\n ~~~~~~~~~~~~~~~~~~~~~\\n incididunt, ut, labore, et,.*\\n ~~~~~~~~~~~~~~~~~~~~~~~~~~~\\n dolore, magna, aliqua\\).*\\n ~~~~~~~~~~~~~~~~~~~~~~\\n \\+ second_function_with_a_very_long_name \\(lorem, ipsum, dolor, sit!
,.*\\n \\^ ~~~~~~~~~~~~~~~~~~~~~~~~~~~~~~~~~~~~~~~~~~~~~~~~~~~~~~~~~~~~~~~~~~~~~~~~~~~~~~~~~~~~~~~~~~~~\\n amet, consectetur,.*\\n ~~~~~~~~~~~~~~~~~~\\n adipiscing, elit, sed,.*\\n ~~~~~~~~~~~~~~~~~~~~~~\\n eiusmod, tempor, incididunt,.*\\n ~~~~~~~~~~~~~~~~~~~~~~~~~~~~\\n ut, labore, et, dolore,.*\\n ~~~~~~~~~~~~~~~~~~~~~~~\\n magna, aliqua\\)\\);.*\\n ~~~~~~~~~~~~~~\\n"
FAIL: gcc.dg/plugin/diagnostic-test-show-locus-bw.c -fplugin=./diagnostic_plugin_test_show_locus.so expected multiline pattern lines 98-99 not found: " float f = 98\\.6f;.*\\n \\^~~~~\\n"
FAIL: gcc.dg/plugin/diagnostic-test-show-locus-bw.c -fplugin=./diagnostic_plugin_test_show_locus.so expected multiline pattern lines 109-110 not found: " float f = foo \\* bar;.*\\n ~~~~\\^~~~~\\n"
FAIL: gcc.dg/plugin/diagnostic-test-show-locus-bw.c -fplugin=./diagnostic_plugin_test_show_locus.so expected multiline pattern lines 120-124 not found: " 0 0 0 0 0 0 1 .*\\n 4 5 6 7 8 9 0 .*\\n 6789012345678901234567890123456789012345678901234567890123456789012345.*\\n float f = foo \\* bar;.*\\n ~~~~\\^~~~~\\n"
FAIL: gcc.dg/plugin/diagnostic-test-show-locus-bw.c -fplugin=./diagnostic_plugin_test_show_locus.so expected multiline pattern lines 134-135 not found: " x = x \\+ y.*\\n A B.*\\n"
FAIL: gcc.dg/plugin/diagnostic-test-show-locus-bw.c -fplugin=./diagnostic_plugin_test_show_locus.so expected multiline pattern lines 146-149 not found: " ASSOCIATE \\(y => x\\).*\\n 2.*\\n y = 5.*\\n 1.*\\n"
FAIL: gcc.dg/plugin/diagnostic-test-show-locus-bw.c -fplugin=./diagnostic_plugin_test_show_locus.so expected multiline pattern lines 162-164 not found: " int a\\[2\\]\\[2\\] = \\{ 0, 1 , 2, 3 \\};.*\\n \\^~~~\\n \\{ \\}.*\\n"
FAIL: gcc.dg/plugin/diagnostic-test-show-locus-bw.c -fplugin=./diagnostic_plugin_test_show_locus.so expected multiline pattern lines 176-178 not found: " int a;;.*\\n \\^\\n -.*\\n"
FAIL: gcc.dg/plugin/diagnostic-test-show-locus-bw.c -fplugin=./diagnostic_plugin_test_show_locus.so expected multiline pattern lines 190-192 not found: " gtk_widget_showall \\(dlg\\);.*\\n \\^~~~~~~~~~~~~~~~~~\\n gtk_widget_show_all.*\\n"
FAIL: gcc.dg/plugin/diagnostic-test-show-locus-bw.c -fplugin=./diagnostic_plugin_test_show_locus.so expected multiline pattern lines 203-204 not found: " int local = 0;.*\\n \\^~~~~\\n"
FAIL: gcc.dg/plugin/diagnostic-test-show-locus-bw.c -fplugin=./diagnostic_plugin_test_show_locus.so expected multiline pattern lines 224-249 not found: " /\\*.*\\n \\^\\n Lorem ipsum dolor sit amet, consectetur adipiscing elit,.*\\n \\^~~~~ \\^~~~~ \\^~~~~ \\^~~ \\^~~~ \\^~~~~~~~~~~ \\^~~~~~~~~~ \\^~~~\\n LOREM IPSUM DOLOR SIT AMET CONSECTETUR ADIPISCING ELIT.*\\n sed do eiusmod tempor incididunt ut labore et dolore magna.*\\n \\^~~ \\^~ \\^~~~~~~ \\^~~~~~ \\^~~~~~~~~~ \\^~ \\^~~~~~ \\^~ \\^~~~~~ \\^~~~~\\n SED DO EIUSMOD TEMPOR INCIDIDUNT UT LABORE ET DOLORE MAGNA.*\\n aliqua\\. Ut enim ad minim veniam, quis nostrud exercitation.*\\n \\^~~~~~ \\^~ \\^~~~ \\^~ \\^~~~~ \\^~~~~~ \\^~~~ \\^~~~~~~ \\^~~~~~~~~~~~\\n ALIQUA UT ENIM AD MINIM VENIAM QUIS NOSTRUD EXERCITATION.*\\n ullamco laboris nisi ut aliquip ex ea commodo consequat\\. Duis.*\\n \\^~~~~~~ \\^~~~~~~ \\^~~~ \\^~ \\^~~~~~~ \\^~ \\^~ \\^~~~~~~ \\^~~~~~~~~ \\^~~~\!
\n ULLAMCO LABORIS NISI UT ALIQUIP EX EA COMMODO CONSEQUAT DUIS.*\\n aute irure dolor in reprehenderit in voluptate velit esse cillum.*\\n \\^~~~ \\^~~~~ \\^~~~~ \\^~ \\^~~~~~~~~~~~~ \\^~ \\^~~~~~~~~ \\^~~~~ \\^~~~ \\^~~~~~\\n AUTE IRURE DOLOR IN REPREHENDERIT IN VOLUPTATE VELIT ESSE CILLUM.*\\n dolore eu fugiat nulla pariatur\\. Excepteur sint occaecat.*\\n \\^~~~~~ \\^~ \\^~~~~~ \\^~~~~ \\^~~~~~~~ \\^~~~~~~~~ \\^~~~ \\^~~~~~~~\\n DOLORE EU FUGIAT NULLA PARIATUR EXCEPTEUR SINT OCCAECAT.*\\n cupidatat non proident, sunt in culpa qui officia deserunt.*\\n \\^~~~~~~~~ \\^~~ \\^~~~~~~~ \\^~~~ \\^~ \\^~~~~ \\^~~ \\^~~~~~~ \\^~~~~~~~\\n CUPIDATAT NON PROIDENT SUNT IN CULPA QUI OFFICIA DESERUNT.*\\n mollit anim id est laborum\\..*\\n \\^~~~~~ \\^~~~ \\^~ \\^~~ \\^~~~~~~\\n MOLLIT ANIM ID EST LABORUM.*\\n"
FAIL: gcc.dg/plugin/diagnostic-test-show-locus-bw.c -fplugin=./diagnostic_plugin_test_show_locus.so (test for excess errors)
FAIL: gcc.dg/plugin/diagnostic-test-show-locus-color.c -fplugin=./diagnostic_plugin_test_show_locus.so (test for warnings, line 14)
FAIL: gcc.dg/plugin/diagnostic-test-show-locus-color.c -fplugin=./diagnostic_plugin_test_show_locus.so (test for warnings, line 26)
FAIL: gcc.dg/plugin/diagnostic-test-show-locus-color.c -fplugin=./diagnostic_plugin_test_show_locus.so (test for warnings, line 40)
FAIL: gcc.dg/plugin/diagnostic-test-show-locus-color.c -fplugin=./diagnostic_plugin_test_show_locus.so (test for warnings, line 59)
FAIL: gcc.dg/plugin/diagnostic-test-show-locus-color.c -fplugin=./diagnostic_plugin_test_show_locus.so (test for warnings, line 96)
FAIL: gcc.dg/plugin/diagnostic-test-show-locus-color.c -fplugin=./diagnostic_plugin_test_show_locus.so (test for warnings, line 107)
FAIL: gcc.dg/plugin/diagnostic-test-show-locus-color.c -fplugin=./diagnostic_plugin_test_show_locus.so (test for warnings, line 118)
FAIL: gcc.dg/plugin/diagnostic-test-show-locus-color.c -fplugin=./diagnostic_plugin_test_show_locus.so (test for warnings, line 132)
FAIL: gcc.dg/plugin/diagnostic-test-show-locus-color.c -fplugin=./diagnostic_plugin_test_show_locus.so (test for warnings, line 144)
FAIL: gcc.dg/plugin/diagnostic-test-show-locus-color.c -fplugin=./diagnostic_plugin_test_show_locus.so (test for warnings, line 160)
FAIL: gcc.dg/plugin/diagnostic-test-show-locus-color.c -fplugin=./diagnostic_plugin_test_show_locus.so (test for warnings, line 174)
FAIL: gcc.dg/plugin/diagnostic-test-show-locus-color.c -fplugin=./diagnostic_plugin_test_show_locus.so (test for warnings, line 188)
FAIL: gcc.dg/plugin/diagnostic-test-show-locus-color.c -fplugin=./diagnostic_plugin_test_show_locus.so expected multiline pattern lines 17-18 not found: "\\s*myvar = \\[32m\\[Kmyvar\\[m\\[K\\[01;35m\\[K\\.\\[m\\[K\\[34m\\[Kx\\[m\\[K;.*\\n \\[32m\\[K~~~~~\\[m\\[K\\[01;35m\\[K\\^\\[m\\[K\\[34m\\[K~\\[m\\[K.*\\n"
FAIL: gcc.dg/plugin/diagnostic-test-show-locus-color.c -fplugin=./diagnostic_plugin_test_show_locus.so expected multiline pattern lines 29-30 not found: " x = \\[32m\\[Kfirst_function \\(\\)\\[m\\[K \\[01;35m\\[K\\+\\[m\\[K \\[34m\\[Ksecond_function \\(\\)\\[m\\[K;.*\\n \\[32m\\[K~~~~~~~~~~~~~~~~~\\[m\\[K \\[01;35m\\[K\\^\\[m\\[K \\[34m\\[K~~~~~~~~~~~~~~~~~~\\[m\\[K.*\\n"
FAIL: gcc.dg/plugin/diagnostic-test-show-locus-color.c -fplugin=./diagnostic_plugin_test_show_locus.so expected multiline pattern lines 43-46 not found: " x = \\(\\[32m\\[Kfirst_function \\(\\)\\[m\\[K.*\\n \\[32m\\[K~~~~~~~~~~~~~~~~~\\[m\\[K.*\\n \\[01;35m\\[K\\+\\[m\\[K \\[34m\\[Ksecond_function \\(\\)\\[m\\[K\\);.*\\n \\[01;35m\\[K\\^\\[m\\[K \\[34m\\[K~~~~~~~~~~~~~~~~~~\\[m\\[K.*\\n"
FAIL: gcc.dg/plugin/diagnostic-test-show-locus-color.c -fplugin=./diagnostic_plugin_test_show_locus.so expected multiline pattern lines 67-88 not found: " x = \\(\\[32m\\[Kfirst_function_with_a_very_long_name \\(lorem, ipsum, dolor, sit, amet,\\[m\\[K.*\\n \\[32m\\[K~~~~~~~~~~~~~~~~~~~~~~~~~~~~~~~~~~~~~~~~~~~~~~~~~~~~~~~~~~~~~~~~~~~~~\\[m\\[K.*\\n \\[32m\\[K consectetur, adipiscing, elit,\\[m\\[K.*\\n \\[32m\\[K~~~~~~~~~~~~~~~~~~~~~~~~~~~~~~\\[m\\[K.*\\n \\[32m\\[K sed, eiusmod, tempor,\\[m\\[K.*\\n \\[32m\\[K~~~~~~~~~~~~~~~~~~~~~\\[m\\[K.*\\n \\[32m\\[K incididunt, ut, labore, et,\\[m\\[K.*\\n \\[32m\\[K~~~~~~~~~~~~~~~~~~~~~~~~~~~\\[m\\[K.*\\n \\[32m\\[K !
dolore, magna, aliqua\\)\\[m\\[K.*\\n \\[32m\\[K~~~~~~~~~~~~~~~~~~~~~~\\[m\\[K.*\\n \\[01;35m\\[K\\+\\[m\\[K \\[34m\\[Ksecond_function_with_a_very_long_name \\(lorem, ipsum, dolor, sit,.*\\n \\[01;35m\\[K\\^\\[m\\[K \\[34m\\[K~~~~~~~~~~~~~~~~~~~~~~~~~~~~~~~~~~~~~~~~~~~~~~~~~~~~~~~~~~~~~~~~~~~~~~~~~~~~~~~~~~~~~~~~~~~~\\[m\\[K.*\\n \\[34m\\[K amet, consectetur,\\[m\\[K.*\\n \\[34m\\[K~~~~~~~~~~~~~~~~~~\\[m\\[K.*\\n \\[34m\\[K adipiscing, elit, sed,\\[m\\[K.*\\n \\[34m\\[K~~~~~~~~~~~~~~~~~~~~~~\\[m\\[K.*\\n \\[34m\\[K eiusmod, tempor, incididunt,\\[m\\[K.*\\n \\[34m\\[K~~~~~~~!
~~~~~~~~~~~~~~~~~~~~~\\[m\\[K.*\\n \\[34m\\[K
FAIL: gcc.dg/plugin/diagnostic-test-show-locus-color.c -fplugin=./diagnostic_plugin_test_show_locus.so expected multiline pattern lines 98-99 not found: " float f = \\[01;35m\\[K98\\.6f\\[m\\[K;.*\\n \\[01;35m\\[K\\^~~~~\\[m\\[K.*\\n"
FAIL: gcc.dg/plugin/diagnostic-test-show-locus-color.c -fplugin=./diagnostic_plugin_test_show_locus.so expected multiline pattern lines 109-110 not found: " float f = \\[01;35m\\[Kfoo \\* bar\\[m\\[K;.*\\n \\[01;35m\\[K~~~~\\^~~~~\\[m\\[K.*\\n"
FAIL: gcc.dg/plugin/diagnostic-test-show-locus-color.c -fplugin=./diagnostic_plugin_test_show_locus.so expected multiline pattern lines 120-124 not found: " 0 0 0 0 0 0 1 .*\\n 4 5 6 7 8 9 0 .*\\n 6789012345678901234567890123456789012345678901234567890123456789012345.*\\n float f = \\[01;35m\\[Kfoo \\* bar\\[m\\[K;.*\\n \\[01;35m\\[K~~~~\\^~~~~\\[m\\[K.*\\n"
FAIL: gcc.dg/plugin/diagnostic-test-show-locus-color.c -fplugin=./diagnostic_plugin_test_show_locus.so expected multiline pattern lines 134-135 not found: " x = \\[01;35m\\[Kx\\[m\\[K \\+ \\[32m\\[Ky\\[m\\[K.*\\n \\[01;35m\\[KA\\[m\\[K \\[32m\\[KB\\[m\\[K.*\\n"
FAIL: gcc.dg/plugin/diagnostic-test-show-locus-color.c -fplugin=./diagnostic_plugin_test_show_locus.so expected multiline pattern lines 146-149 not found: " ASSOCIATE \\(y =>\\[32m\\[K \\[m\\[Kx\\).*\\n \\[32m\\[K2\\[m\\[K.*\\n \\[01;35m\\[K \\[m\\[Ky = 5.*\\n \\[01;35m\\[K1\\[m\\[K.*\\n"
FAIL: gcc.dg/plugin/diagnostic-test-show-locus-color.c -fplugin=./diagnostic_plugin_test_show_locus.so expected multiline pattern lines 162-164 not found: " int a\\[2\\]\\[2\\] = \\{ \\[01;35m\\[K0, 1\\[m\\[K , 2, 3 \\};.*\\n \\[01;35m\\[K\\^~~~\\[m\\[K.*\\n \\[32m\\[K\\{\\[m\\[K \\[32m\\[K\\}\\[m\\[K.*\\n"
FAIL: gcc.dg/plugin/diagnostic-test-show-locus-color.c -fplugin=./diagnostic_plugin_test_show_locus.so expected multiline pattern lines 176-178 not found: " int a;\\[01;35m\\[K;\\[m\\[K.*\\n \\[01;35m\\[K\\^\\[m\\[K.*\\n \\[31m\\[K-\\[m\\[K.*\\n"
FAIL: gcc.dg/plugin/diagnostic-test-show-locus-color.c -fplugin=./diagnostic_plugin_test_show_locus.so expected multiline pattern lines 190-192 not found: " \\[01;35m\\[Kgtk_widget_showall\\[m\\[K \\(dlg\\);.*\\n \\[01;35m\\[K\\^~~~~~~~~~~~~~~~~~\\[m\\[K.*\\n \\[32m\\[Kgtk_widget_show_all\\[m\\[K.*\\n"
FAIL: gcc.dg/plugin/diagnostic-test-show-locus-color.c -fplugin=./diagnostic_plugin_test_show_locus.so (test for excess errors)
FAIL: gcc.dg/plugin/diagnostic-test-show-locus-parseable-fixits.c -fplugin=./diagnostic_plugin_test_show_locus.so (test for warnings, line 17)
FAIL: gcc.dg/plugin/diagnostic-test-show-locus-parseable-fixits.c -fplugin=./diagnostic_plugin_test_show_locus.so (test for warnings, line 28)
FAIL: gcc.dg/plugin/diagnostic-test-show-locus-parseable-fixits.c -fplugin=./diagnostic_plugin_test_show_locus.so (test for warnings, line 38)
FAIL: gcc.dg/plugin/diagnostic-test-show-locus-parseable-fixits.c -fplugin=./diagnostic_plugin_test_show_locus.so dg-regexp 18 not found: "fix-it:.*\\{17:20-17:20\\}:.*"
FAIL: gcc.dg/plugin/diagnostic-test-show-locus-parseable-fixits.c -fplugin=./diagnostic_plugin_test_show_locus.so dg-regexp 19 not found: "fix-it:.*\\{17:24-17:24\\}:.*"
FAIL: gcc.dg/plugin/diagnostic-test-show-locus-parseable-fixits.c -fplugin=./diagnostic_plugin_test_show_locus.so dg-regexp 29 not found: "fix-it:.*\\{28:9-28:10\\}:.*"
FAIL: gcc.dg/plugin/diagnostic-test-show-locus-parseable-fixits.c -fplugin=./diagnostic_plugin_test_show_locus.so dg-regexp 39 not found: "fix-it:.*\\{38:3-38:21\\}:.*"
FAIL: gcc.dg/plugin/diagnostic-test-show-locus-parseable-fixits.c -fplugin=./diagnostic_plugin_test_show_locus.so (test for excess errors)
FAIL: gcc.dg/plugin/diagnostic-test-show-locus-generate-patch.c -fplugin=./diagnostic_plugin_test_show_locus.so (test for warnings, line 17)
FAIL: gcc.dg/plugin/diagnostic-test-show-locus-generate-patch.c -fplugin=./diagnostic_plugin_test_show_locus.so (test for warnings, line 26)
FAIL: gcc.dg/plugin/diagnostic-test-show-locus-generate-patch.c -fplugin=./diagnostic_plugin_test_show_locus.so (test for warnings, line 35)
FAIL: gcc.dg/plugin/diagnostic-test-show-locus-generate-patch.c -fplugin=./diagnostic_plugin_test_show_locus.so expected multiline pattern lines 50-76 not found: "\\s*@@ -14,7 \\+14,7 @@.*\\n void test_fixit_insert \\(void\\).*\\n \\{.*\\n #if 0.*\\n- int a\\[2\\]\\[2\\] = \\{ 0, 1 , 2, 3 \\};.*\\n\\+ int a\\[2\\]\\[2\\] = \\{ \\{0, 1\\} , 2, 3 \\};.*\\n #endif.*\\n \\}.*\\n .*\\n@@ -23,7 \\+23,7 @@.*\\n void test_fixit_remove \\(void\\).*\\n \\{.*\\n #if 0.*\\n- int a;;.*\\n\\+ int a;.*\\n #endif.*\\n \\}.*\\n .*\\n@@ -32,7 \\+32,7 @@.*\\n void test_fixit_replace \\(void\\).*\\n \\{.*\\n #if 0.*\\n- gtk_widget_showall \\(dlg\\);.*\\n\\+ gtk_widget_show_all \\(dlg\\);.*\\n #endif.*\\n \\}.*\\n .*\\n"
FAIL: gcc.dg/plugin/diagnostic-test-show-locus-generate-patch.c -fplugin=./diagnostic_plugin_test_show_locus.so dg-regexp 45 not found: "\\-\\-\\- .*"
FAIL: gcc.dg/plugin/diagnostic-test-show-locus-generate-patch.c -fplugin=./diagnostic_plugin_test_show_locus.so dg-regexp 46 not found: "\\+\\+\\+ .*"
FAIL: gcc.dg/plugin/diagnostic-test-show-locus-generate-patch.c -fplugin=./diagnostic_plugin_test_show_locus.so (test for excess errors)
FAIL: gcc.dg/plugin/diagnostic-test-expressions-1.c -fplugin=./diagnostic_plugin_test_tree_expression_range.so (test for warnings, line 24)
FAIL: gcc.dg/plugin/diagnostic-test-expressions-1.c -fplugin=./diagnostic_plugin_test_tree_expression_range.so (test for warnings, line 30)
FAIL: gcc.dg/plugin/diagnostic-test-expressions-1.c -fplugin=./diagnostic_plugin_test_tree_expression_range.so (test for warnings, line 36)
FAIL: gcc.dg/plugin/diagnostic-test-expressions-1.c -fplugin=./diagnostic_plugin_test_tree_expression_range.so (test for warnings, line 47)
FAIL: gcc.dg/plugin/diagnostic-test-expressions-1.c -fplugin=./diagnostic_plugin_test_tree_expression_range.so (test for warnings, line 56)
FAIL: gcc.dg/plugin/diagnostic-test-expressions-1.c -fplugin=./diagnostic_plugin_test_tree_expression_range.so (test for warnings, line 74)
FAIL: gcc.dg/plugin/diagnostic-test-expressions-1.c -fplugin=./diagnostic_plugin_test_tree_expression_range.so (test for warnings, line 80)
FAIL: gcc.dg/plugin/diagnostic-test-expressions-1.c -fplugin=./diagnostic_plugin_test_tree_expression_range.so (test for warnings, line 89)
FAIL: gcc.dg/plugin/diagnostic-test-expressions-1.c -fplugin=./diagnostic_plugin_test_tree_expression_range.so (test for warnings, line 95)
FAIL: gcc.dg/plugin/diagnostic-test-expressions-1.c -fplugin=./diagnostic_plugin_test_tree_expression_range.so (test for warnings, line 106)
FAIL: gcc.dg/plugin/diagnostic-test-expressions-1.c -fplugin=./diagnostic_plugin_test_tree_expression_range.so (test for warnings, line 112)
FAIL: gcc.dg/plugin/diagnostic-test-expressions-1.c -fplugin=./diagnostic_plugin_test_tree_expression_range.so (test for warnings, line 121)
FAIL: gcc.dg/plugin/diagnostic-test-expressions-1.c -fplugin=./diagnostic_plugin_test_tree_expression_range.so (test for warnings, line 130)
FAIL: gcc.dg/plugin/diagnostic-test-expressions-1.c -fplugin=./diagnostic_plugin_test_tree_expression_range.so (test for warnings, line 139)
FAIL: gcc.dg/plugin/diagnostic-test-expressions-1.c -fplugin=./diagnostic_plugin_test_tree_expression_range.so (test for warnings, line 148)
FAIL: gcc.dg/plugin/diagnostic-test-expressions-1.c -fplugin=./diagnostic_plugin_test_tree_expression_range.so (test for warnings, line 157)
FAIL: gcc.dg/plugin/diagnostic-test-expressions-1.c -fplugin=./diagnostic_plugin_test_tree_expression_range.so (test for warnings, line 168)
FAIL: gcc.dg/plugin/diagnostic-test-expressions-1.c -fplugin=./diagnostic_plugin_test_tree_expression_range.so (test for warnings, line 180)
FAIL: gcc.dg/plugin/diagnostic-test-expressions-1.c -fplugin=./diagnostic_plugin_test_tree_expression_range.so (test for warnings, line 186)
FAIL: gcc.dg/plugin/diagnostic-test-expressions-1.c -fplugin=./diagnostic_plugin_test_tree_expression_range.so (test for warnings, line 192)
FAIL: gcc.dg/plugin/diagnostic-test-expressions-1.c -fplugin=./diagnostic_plugin_test_tree_expression_range.so (test for warnings, line 201)
FAIL: gcc.dg/plugin/diagnostic-test-expressions-1.c -fplugin=./diagnostic_plugin_test_tree_expression_range.so (test for warnings, line 207)
FAIL: gcc.dg/plugin/diagnostic-test-expressions-1.c -fplugin=./diagnostic_plugin_test_tree_expression_range.so (test for warnings, line 216)
FAIL: gcc.dg/plugin/diagnostic-test-expressions-1.c -fplugin=./diagnostic_plugin_test_tree_expression_range.so (test for warnings, line 222)
FAIL: gcc.dg/plugin/diagnostic-test-expressions-1.c -fplugin=./diagnostic_plugin_test_tree_expression_range.so (test for warnings, line 231)
FAIL: gcc.dg/plugin/diagnostic-test-expressions-1.c -fplugin=./diagnostic_plugin_test_tree_expression_range.so (test for warnings, line 237)
FAIL: gcc.dg/plugin/diagnostic-test-expressions-1.c -fplugin=./diagnostic_plugin_test_tree_expression_range.so (test for warnings, line 243)
FAIL: gcc.dg/plugin/diagnostic-test-expressions-1.c -fplugin=./diagnostic_plugin_test_tree_expression_range.so (test for warnings, line 249)
FAIL: gcc.dg/plugin/diagnostic-test-expressions-1.c -fplugin=./diagnostic_plugin_test_tree_expression_range.so (test for warnings, line 258)
FAIL: gcc.dg/plugin/diagnostic-test-expressions-1.c -fplugin=./diagnostic_plugin_test_tree_expression_range.so (test for warnings, line 264)
FAIL: gcc.dg/plugin/diagnostic-test-expressions-1.c -fplugin=./diagnostic_plugin_test_tree_expression_range.so (test for warnings, line 273)
FAIL: gcc.dg/plugin/diagnostic-test-expressions-1.c -fplugin=./diagnostic_plugin_test_tree_expression_range.so (test for warnings, line 279)
FAIL: gcc.dg/plugin/diagnostic-test-expressions-1.c -fplugin=./diagnostic_plugin_test_tree_expression_range.so (test for warnings, line 285)
FAIL: gcc.dg/plugin/diagnostic-test-expressions-1.c -fplugin=./diagnostic_plugin_test_tree_expression_range.so (test for warnings, line 294)
FAIL: gcc.dg/plugin/diagnostic-test-expressions-1.c -fplugin=./diagnostic_plugin_test_tree_expression_range.so (test for warnings, line 300)
FAIL: gcc.dg/plugin/diagnostic-test-expressions-1.c -fplugin=./diagnostic_plugin_test_tree_expression_range.so (test for warnings, line 311)
FAIL: gcc.dg/plugin/diagnostic-test-expressions-1.c -fplugin=./diagnostic_plugin_test_tree_expression_range.so (test for warnings, line 322)
FAIL: gcc.dg/plugin/diagnostic-test-expressions-1.c -fplugin=./diagnostic_plugin_test_tree_expression_range.so (test for warnings, line 328)
FAIL: gcc.dg/plugin/diagnostic-test-expressions-1.c -fplugin=./diagnostic_plugin_test_tree_expression_range.so (test for warnings, line 334)
FAIL: gcc.dg/plugin/diagnostic-test-expressions-1.c -fplugin=./diagnostic_plugin_test_tree_expression_range.so (test for warnings, line 340)
FAIL: gcc.dg/plugin/diagnostic-test-expressions-1.c -fplugin=./diagnostic_plugin_test_tree_expression_range.so (test for warnings, line 346)
FAIL: gcc.dg/plugin/diagnostic-test-expressions-1.c -fplugin=./diagnostic_plugin_test_tree_expression_range.so (test for warnings, line 352)
FAIL: gcc.dg/plugin/diagnostic-test-expressions-1.c -fplugin=./diagnostic_plugin_test_tree_expression_range.so (test for warnings, line 358)
FAIL: gcc.dg/plugin/diagnostic-test-expressions-1.c -fplugin=./diagnostic_plugin_test_tree_expression_range.so (test for warnings, line 364)
FAIL: gcc.dg/plugin/diagnostic-test-expressions-1.c -fplugin=./diagnostic_plugin_test_tree_expression_range.so (test for warnings, line 370)
FAIL: gcc.dg/plugin/diagnostic-test-expressions-1.c -fplugin=./diagnostic_plugin_test_tree_expression_range.so (test for warnings, line 376)
FAIL: gcc.dg/plugin/diagnostic-test-expressions-1.c -fplugin=./diagnostic_plugin_test_tree_expression_range.so (test for warnings, line 382)
FAIL: gcc.dg/plugin/diagnostic-test-expressions-1.c -fplugin=./diagnostic_plugin_test_tree_expression_range.so (test for warnings, line 393)
FAIL: gcc.dg/plugin/diagnostic-test-expressions-1.c -fplugin=./diagnostic_plugin_test_tree_expression_range.so (test for warnings, line 413)
FAIL: gcc.dg/plugin/diagnostic-test-expressions-1.c -fplugin=./diagnostic_plugin_test_tree_expression_range.so (test for warnings, line 420)
FAIL: gcc.dg/plugin/diagnostic-test-expressions-1.c -fplugin=./diagnostic_plugin_test_tree_expression_range.so (test for warnings, line 431)
FAIL: gcc.dg/plugin/diagnostic-test-expressions-1.c -fplugin=./diagnostic_plugin_test_tree_expression_range.so (test for warnings, line 443)
FAIL: gcc.dg/plugin/diagnostic-test-expressions-1.c -fplugin=./diagnostic_plugin_test_tree_expression_range.so (test for errors, line 453)
FAIL: gcc.dg/plugin/diagnostic-test-expressions-1.c -fplugin=./diagnostic_plugin_test_tree_expression_range.so (test for errors, line 458)
FAIL: gcc.dg/plugin/diagnostic-test-expressions-1.c -fplugin=./diagnostic_plugin_test_tree_expression_range.so (test for warnings, line 467)
FAIL: gcc.dg/plugin/diagnostic-test-expressions-1.c -fplugin=./diagnostic_plugin_test_tree_expression_range.so (test for warnings, line 473)
FAIL: gcc.dg/plugin/diagnostic-test-expressions-1.c -fplugin=./diagnostic_plugin_test_tree_expression_range.so (test for warnings, line 479)
FAIL: gcc.dg/plugin/diagnostic-test-expressions-1.c -fplugin=./diagnostic_plugin_test_tree_expression_range.so (test for warnings, line 488)
FAIL: gcc.dg/plugin/diagnostic-test-expressions-1.c -fplugin=./diagnostic_plugin_test_tree_expression_range.so (test for warnings, line 494)
FAIL: gcc.dg/plugin/diagnostic-test-expressions-1.c -fplugin=./diagnostic_plugin_test_tree_expression_range.so (test for warnings, line 508)
FAIL: gcc.dg/plugin/diagnostic-test-expressions-1.c -fplugin=./diagnostic_plugin_test_tree_expression_range.so (test for warnings, line 514)
FAIL: gcc.dg/plugin/diagnostic-test-expressions-1.c -fplugin=./diagnostic_plugin_test_tree_expression_range.so (test for warnings, line 523)
FAIL: gcc.dg/plugin/diagnostic-test-expressions-1.c -fplugin=./diagnostic_plugin_test_tree_expression_range.so (test for warnings, line 529)
FAIL: gcc.dg/plugin/diagnostic-test-expressions-1.c -fplugin=./diagnostic_plugin_test_tree_expression_range.so (test for warnings, line 541)
FAIL: gcc.dg/plugin/diagnostic-test-expressions-1.c -fplugin=./diagnostic_plugin_test_tree_expression_range.so (test for warnings, line 548)
FAIL: gcc.dg/plugin/diagnostic-test-expressions-1.c -fplugin=./diagnostic_plugin_test_tree_expression_range.so (test for warnings, line 557)
FAIL: gcc.dg/plugin/diagnostic-test-expressions-1.c -fplugin=./diagnostic_plugin_test_tree_expression_range.so (test for warnings, line 566)
FAIL: gcc.dg/plugin/diagnostic-test-expressions-1.c -fplugin=./diagnostic_plugin_test_tree_expression_range.so (test for warnings, line 576)
FAIL: gcc.dg/plugin/diagnostic-test-expressions-1.c -fplugin=./diagnostic_plugin_test_tree_expression_range.so (test for warnings, line 582)
FAIL: gcc.dg/plugin/diagnostic-test-expressions-1.c -fplugin=./diagnostic_plugin_test_tree_expression_range.so (test for warnings, line 591)
FAIL: gcc.dg/plugin/diagnostic-test-expressions-1.c -fplugin=./diagnostic_plugin_test_tree_expression_range.so (test for warnings, line 597)
FAIL: gcc.dg/plugin/diagnostic-test-expressions-1.c -fplugin=./diagnostic_plugin_test_tree_expression_range.so (test for warnings, line 603)
FAIL: gcc.dg/plugin/diagnostic-test-expressions-1.c -fplugin=./diagnostic_plugin_test_tree_expression_range.so (test for warnings, line 609)
FAIL: gcc.dg/plugin/diagnostic-test-expressions-1.c -fplugin=./diagnostic_plugin_test_tree_expression_range.so (test for warnings, line 622)
FAIL: gcc.dg/plugin/diagnostic-test-expressions-1.c -fplugin=./diagnostic_plugin_test_tree_expression_range.so (test for warnings, line 630)
FAIL: gcc.dg/plugin/diagnostic-test-expressions-1.c -fplugin=./diagnostic_plugin_test_tree_expression_range.so (test for warnings, line 646)
FAIL: gcc.dg/plugin/diagnostic-test-expressions-1.c -fplugin=./diagnostic_plugin_test_tree_expression_range.so (test for warnings, line 668)
FAIL: gcc.dg/plugin/diagnostic-test-expressions-1.c -fplugin=./diagnostic_plugin_test_tree_expression_range.so (test for warnings, line 683)
FAIL: gcc.dg/plugin/diagnostic-test-expressions-1.c -fplugin=./diagnostic_plugin_test_tree_expression_range.so (test for warnings, line 698)
FAIL: gcc.dg/plugin/diagnostic-test-expressions-1.c -fplugin=./diagnostic_plugin_test_tree_expression_range.so expected multiline pattern lines 26-27 not found: "\\s*__emit_expression_range \\(0, \\(a \\+ b\\) \\);.*\\n ~~~\\^~~~\\n"
FAIL: gcc.dg/plugin/diagnostic-test-expressions-1.c -fplugin=./diagnostic_plugin_test_tree_expression_range.so expected multiline pattern lines 32-33 not found: " __emit_expression_range \\(0, \\(a \\+ b\\) \\* \\(a - b\\) \\);.*\\n ~~~~~~~~\\^~~~~~~~~\\n"
FAIL: gcc.dg/plugin/diagnostic-test-expressions-1.c -fplugin=./diagnostic_plugin_test_tree_expression_range.so expected multiline pattern lines 38-39 not found: " __emit_expression_range \\(0, !\\(a && b\\) \\);.*\\n \\^~~~~~~~~\\n"
FAIL: gcc.dg/plugin/diagnostic-test-expressions-1.c -fplugin=./diagnostic_plugin_test_tree_expression_range.so expected multiline pattern lines 49-50 not found: " __emit_expression_range \\(0, arr\\[100\\] \\);.*\\n ~~~\\^~~~~\\n"
FAIL: gcc.dg/plugin/diagnostic-test-expressions-1.c -fplugin=./diagnostic_plugin_test_tree_expression_range.so expected multiline pattern lines 58-59 not found: " __emit_expression_range \\(0, test_function_call \\(p, q, r\\) \\);.*\\n \\^~~~~~~~~~~~~~~~~~~~~~~~~~~~\\n"
FAIL: gcc.dg/plugin/diagnostic-test-expressions-1.c -fplugin=./diagnostic_plugin_test_tree_expression_range.so expected multiline pattern lines 76-77 not found: " __emit_expression_range \\(0, local\\.field \\);.*\\n ~~~~~\\^~~~~~\\n"
FAIL: gcc.dg/plugin/diagnostic-test-expressions-1.c -fplugin=./diagnostic_plugin_test_tree_expression_range.so expected multiline pattern lines 82-83 not found: " __emit_expression_range \\(0, ptr->field \\);.*\\n ~~~\\^~~~~~~\\n"
FAIL: gcc.dg/plugin/diagnostic-test-expressions-1.c -fplugin=./diagnostic_plugin_test_tree_expression_range.so expected multiline pattern lines 91-92 not found: " __emit_expression_range \\(0, i\\+\\+ \\);.*\\n ~\\^~\\n"
FAIL: gcc.dg/plugin/diagnostic-test-expressions-1.c -fplugin=./diagnostic_plugin_test_tree_expression_range.so expected multiline pattern lines 97-98 not found: " __emit_expression_range \\(0, i-- \\);.*\\n ~\\^~\\n"
FAIL: gcc.dg/plugin/diagnostic-test-expressions-1.c -fplugin=./diagnostic_plugin_test_tree_expression_range.so expected multiline pattern lines 108-109 not found: " __emit_expression_range \\(0, \\+\\+i \\);.*\\n \\^~~\\n"
FAIL: gcc.dg/plugin/diagnostic-test-expressions-1.c -fplugin=./diagnostic_plugin_test_tree_expression_range.so expected multiline pattern lines 114-115 not found: " __emit_expression_range \\(0, --i \\);.*\\n \\^~~\\n"
FAIL: gcc.dg/plugin/diagnostic-test-expressions-1.c -fplugin=./diagnostic_plugin_test_tree_expression_range.so expected multiline pattern lines 123-124 not found: " __emit_expression_range \\(0, &global \\);.*\\n \\^~~~~~~\\n"
FAIL: gcc.dg/plugin/diagnostic-test-expressions-1.c -fplugin=./diagnostic_plugin_test_tree_expression_range.so expected multiline pattern lines 132-133 not found: " __emit_expression_range \\(0, \\*ptr \\);.*\\n \\^~~~\\n"
FAIL: gcc.dg/plugin/diagnostic-test-expressions-1.c -fplugin=./diagnostic_plugin_test_tree_expression_range.so expected multiline pattern lines 141-142 not found: " __emit_expression_range \\(0, -i \\);.*\\n \\^~\\n"
FAIL: gcc.dg/plugin/diagnostic-test-expressions-1.c -fplugin=./diagnostic_plugin_test_tree_expression_range.so expected multiline pattern lines 150-151 not found: " __emit_expression_range \\(0, ~i \\);.*\\n \\^~\\n"
FAIL: gcc.dg/plugin/diagnostic-test-expressions-1.c -fplugin=./diagnostic_plugin_test_tree_expression_range.so expected multiline pattern lines 159-160 not found: " __emit_expression_range \\(0, !flag \\);.*\\n \\^~~~~\\n"
FAIL: gcc.dg/plugin/diagnostic-test-expressions-1.c -fplugin=./diagnostic_plugin_test_tree_expression_range.so expected multiline pattern lines 170-171 not found: " __emit_expression_range \\(0, \\(int \\*\\)ptr \\);.*\\n \\^~~~~~~~~~\\n"
FAIL: gcc.dg/plugin/diagnostic-test-expressions-1.c -fplugin=./diagnostic_plugin_test_tree_expression_range.so expected multiline pattern lines 182-183 not found: " __emit_expression_range \\(0, lhs \\* rhs \\);.*\\n ~~~~\\^~~~~\\n"
FAIL: gcc.dg/plugin/diagnostic-test-expressions-1.c -fplugin=./diagnostic_plugin_test_tree_expression_range.so expected multiline pattern lines 188-189 not found: " __emit_expression_range \\(0, lhs / rhs \\);.*\\n ~~~~\\^~~~~\\n"
FAIL: gcc.dg/plugin/diagnostic-test-expressions-1.c -fplugin=./diagnostic_plugin_test_tree_expression_range.so expected multiline pattern lines 194-195 not found: " __emit_expression_range \\(0, lhs % rhs \\);.*\\n ~~~~\\^~~~~\\n"
FAIL: gcc.dg/plugin/diagnostic-test-expressions-1.c -fplugin=./diagnostic_plugin_test_tree_expression_range.so expected multiline pattern lines 203-204 not found: " __emit_expression_range \\(0, lhs \\+ rhs \\);.*\\n ~~~~\\^~~~~\\n"
FAIL: gcc.dg/plugin/diagnostic-test-expressions-1.c -fplugin=./diagnostic_plugin_test_tree_expression_range.so expected multiline pattern lines 209-210 not found: " __emit_expression_range \\(0, lhs - rhs \\);.*\\n ~~~~\\^~~~~\\n"
FAIL: gcc.dg/plugin/diagnostic-test-expressions-1.c -fplugin=./diagnostic_plugin_test_tree_expression_range.so expected multiline pattern lines 218-219 not found: " __emit_expression_range \\(0, lhs << rhs \\);.*\\n ~~~~\\^~~~~~\\n"
FAIL: gcc.dg/plugin/diagnostic-test-expressions-1.c -fplugin=./diagnostic_plugin_test_tree_expression_range.so expected multiline pattern lines 224-225 not found: " __emit_expression_range \\(0, lhs >> rhs \\);.*\\n ~~~~\\^~~~~~\\n"
FAIL: gcc.dg/plugin/diagnostic-test-expressions-1.c -fplugin=./diagnostic_plugin_test_tree_expression_range.so expected multiline pattern lines 233-234 not found: " __emit_expression_range \\(0, lhs < rhs \\);.*\\n ~~~~\\^~~~~\\n"
FAIL: gcc.dg/plugin/diagnostic-test-expressions-1.c -fplugin=./diagnostic_plugin_test_tree_expression_range.so expected multiline pattern lines 239-240 not found: " __emit_expression_range \\(0, lhs > rhs \\);.*\\n ~~~~\\^~~~~\\n"
FAIL: gcc.dg/plugin/diagnostic-test-expressions-1.c -fplugin=./diagnostic_plugin_test_tree_expression_range.so expected multiline pattern lines 245-246 not found: " __emit_expression_range \\(0, lhs <= rhs \\);.*\\n ~~~~\\^~~~~~\\n"
FAIL: gcc.dg/plugin/diagnostic-test-expressions-1.c -fplugin=./diagnostic_plugin_test_tree_expression_range.so expected multiline pattern lines 251-252 not found: " __emit_expression_range \\(0, lhs >= rhs \\);.*\\n ~~~~\\^~~~~~\\n"
FAIL: gcc.dg/plugin/diagnostic-test-expressions-1.c -fplugin=./diagnostic_plugin_test_tree_expression_range.so expected multiline pattern lines 260-261 not found: " __emit_expression_range \\(0, lhs == rhs \\);.*\\n ~~~~\\^~~~~~\\n"
FAIL: gcc.dg/plugin/diagnostic-test-expressions-1.c -fplugin=./diagnostic_plugin_test_tree_expression_range.so expected multiline pattern lines 266-267 not found: " __emit_expression_range \\(0, lhs != rhs \\);.*\\n ~~~~\\^~~~~~\\n"
FAIL: gcc.dg/plugin/diagnostic-test-expressions-1.c -fplugin=./diagnostic_plugin_test_tree_expression_range.so expected multiline pattern lines 275-276 not found: " __emit_expression_range \\(0, lhs & rhs \\);.*\\n ~~~~\\^~~~~\\n"
FAIL: gcc.dg/plugin/diagnostic-test-expressions-1.c -fplugin=./diagnostic_plugin_test_tree_expression_range.so expected multiline pattern lines 281-282 not found: " __emit_expression_range \\(0, lhs \\^ rhs \\);.*\\n ~~~~\\^~~~~\\n"
FAIL: gcc.dg/plugin/diagnostic-test-expressions-1.c -fplugin=./diagnostic_plugin_test_tree_expression_range.so expected multiline pattern lines 287-288 not found: " __emit_expression_range \\(0, lhs \\| rhs \\);.*\\n ~~~~\\^~~~~\\n"
FAIL: gcc.dg/plugin/diagnostic-test-expressions-1.c -fplugin=./diagnostic_plugin_test_tree_expression_range.so expected multiline pattern lines 296-297 not found: " __emit_expression_range \\(0, lhs && rhs \\);.*\\n ~~~~\\^~~~~~\\n"
FAIL: gcc.dg/plugin/diagnostic-test-expressions-1.c -fplugin=./diagnostic_plugin_test_tree_expression_range.so expected multiline pattern lines 302-303 not found: " __emit_expression_range \\(0, lhs \\|\\| rhs \\);.*\\n ~~~~\\^~~~~~\\n"
FAIL: gcc.dg/plugin/diagnostic-test-expressions-1.c -fplugin=./diagnostic_plugin_test_tree_expression_range.so expected multiline pattern lines 313-314 not found: " __emit_expression_range \\(0, flag \\? on_true : on_false \\);.*\\n ~~~~~~~~~~~~~~~\\^~~~~~~~~~\\n"
FAIL: gcc.dg/plugin/diagnostic-test-expressions-1.c -fplugin=./diagnostic_plugin_test_tree_expression_range.so expected multiline pattern lines 324-325 not found: " __emit_expression_range \\(0, dest = other \\);.*\\n ~~~~~\\^~~~~~~\\n"
FAIL: gcc.dg/plugin/diagnostic-test-expressions-1.c -fplugin=./diagnostic_plugin_test_tree_expression_range.so expected multiline pattern lines 330-331 not found: " __emit_expression_range \\(0, dest \\*= other \\);.*\\n ~~~~~\\^~~~~~~~\\n"
FAIL: gcc.dg/plugin/diagnostic-test-expressions-1.c -fplugin=./diagnostic_plugin_test_tree_expression_range.so expected multiline pattern lines 336-337 not found: " __emit_expression_range \\(0, dest /= other \\);.*\\n ~~~~~\\^~~~~~~~\\n"
FAIL: gcc.dg/plugin/diagnostic-test-expressions-1.c -fplugin=./diagnostic_plugin_test_tree_expression_range.so expected multiline pattern lines 342-343 not found: " __emit_expression_range \\(0, dest %= other \\);.*\\n ~~~~~\\^~~~~~~~\\n"
FAIL: gcc.dg/plugin/diagnostic-test-expressions-1.c -fplugin=./diagnostic_plugin_test_tree_expression_range.so expected multiline pattern lines 348-349 not found: " __emit_expression_range \\(0, dest \\+= other \\);.*\\n ~~~~~\\^~~~~~~~\\n"
FAIL: gcc.dg/plugin/diagnostic-test-expressions-1.c -fplugin=./diagnostic_plugin_test_tree_expression_range.so expected multiline pattern lines 354-355 not found: " __emit_expression_range \\(0, dest -= other \\);.*\\n ~~~~~\\^~~~~~~~\\n"
FAIL: gcc.dg/plugin/diagnostic-test-expressions-1.c -fplugin=./diagnostic_plugin_test_tree_expression_range.so expected multiline pattern lines 360-361 not found: " __emit_expression_range \\(0, dest <<= other \\);.*\\n ~~~~~\\^~~~~~~~~\\n"
FAIL: gcc.dg/plugin/diagnostic-test-expressions-1.c -fplugin=./diagnostic_plugin_test_tree_expression_range.so expected multiline pattern lines 366-367 not found: " __emit_expression_range \\(0, dest >>= other \\);.*\\n ~~~~~\\^~~~~~~~~\\n"
FAIL: gcc.dg/plugin/diagnostic-test-expressions-1.c -fplugin=./diagnostic_plugin_test_tree_expression_range.so expected multiline pattern lines 372-373 not found: " __emit_expression_range \\(0, dest &= other \\);.*\\n ~~~~~\\^~~~~~~~\\n"
FAIL: gcc.dg/plugin/diagnostic-test-expressions-1.c -fplugin=./diagnostic_plugin_test_tree_expression_range.so expected multiline pattern lines 378-379 not found: " __emit_expression_range \\(0, dest \\^= other \\);.*\\n ~~~~~\\^~~~~~~~\\n"
FAIL: gcc.dg/plugin/diagnostic-test-expressions-1.c -fplugin=./diagnostic_plugin_test_tree_expression_range.so expected multiline pattern lines 384-385 not found: " __emit_expression_range \\(0, dest \\|= other \\);.*\\n ~~~~~\\^~~~~~~~\\n"
FAIL: gcc.dg/plugin/diagnostic-test-expressions-1.c -fplugin=./diagnostic_plugin_test_tree_expression_range.so expected multiline pattern lines 395-396 not found: " __emit_expression_range \\(0, \\(a\\+\\+, a \\+ b\\) \\);.*\\n ~~~~\\^~~~~~~~\\n"
FAIL: gcc.dg/plugin/diagnostic-test-expressions-1.c -fplugin=./diagnostic_plugin_test_tree_expression_range.so expected multiline pattern lines 415-416 not found: " __emit_expression_range \\(0, \\(vector\\(4, float\\)\\)\\{2\\., 2\\., 2\\., 2\\.\\} \\+ 1\\);.*\\n ~~~~~~~~~~~~~~~~~\\^~~\\n"
FAIL: gcc.dg/plugin/diagnostic-test-expressions-1.c -fplugin=./diagnostic_plugin_test_tree_expression_range.so expected multiline pattern lines 422-423 not found: " __emit_expression_range \\(0, &\\(vector\\(4, float\\)\\)\\{2\\., 2\\., 2\\., 2\\.\\}\\);.*\\n \\^~~~~~~~~~~~~~~~~~~~~~~~~~~~~~~~~~~\\n"
FAIL: gcc.dg/plugin/diagnostic-test-expressions-1.c -fplugin=./diagnostic_plugin_test_tree_expression_range.so expected multiline pattern lines 433-434 not found: " __emit_expression_range \\(0, \\(\\{ static int a; a; \\}\\) \\);.*\\n ~\\^~~~~~~~~~~~~~~~~~~~~\\n"
FAIL: gcc.dg/plugin/diagnostic-test-expressions-1.c -fplugin=./diagnostic_plugin_test_tree_expression_range.so expected multiline pattern lines 445-446 not found: " __emit_expression_range \\(0, &&label \\);.*\\n \\^~~~~~~\\n"
FAIL: gcc.dg/plugin/diagnostic-test-expressions-1.c -fplugin=./diagnostic_plugin_test_tree_expression_range.so expected multiline pattern lines 455-456 not found: " i = __transaction_atomic \\(42\\);.*\\n \\^~~~~~~~~~~~~~~~~~~~\\n"
FAIL: gcc.dg/plugin/diagnostic-test-expressions-1.c -fplugin=./diagnostic_plugin_test_tree_expression_range.so expected multiline pattern lines 460-461 not found: " i = __transaction_relaxed \\(42\\);.*\\n \\^~~~~~~~~~~~~~~~~~~~~\\n"
FAIL: gcc.dg/plugin/diagnostic-test-expressions-1.c -fplugin=./diagnostic_plugin_test_tree_expression_range.so expected multiline pattern lines 469-470 not found: " __emit_expression_range \\(0, __FUNCTION__\\[i\\] \\);.*\\n ~~~~~~~~~~~~\\^~~\\n"
FAIL: gcc.dg/plugin/diagnostic-test-expressions-1.c -fplugin=./diagnostic_plugin_test_tree_expression_range.so expected multiline pattern lines 475-476 not found: " __emit_expression_range \\(0, __PRETTY_FUNCTION__ \\);.*\\n \\^~~~~~~~~~~~~~~~~~~\\n"
FAIL: gcc.dg/plugin/diagnostic-test-expressions-1.c -fplugin=./diagnostic_plugin_test_tree_expression_range.so expected multiline pattern lines 481-482 not found: " __emit_expression_range \\(0, __func__ \\);.*\\n \\^~~~~~~~\\n"
FAIL: gcc.dg/plugin/diagnostic-test-expressions-1.c -fplugin=./diagnostic_plugin_test_tree_expression_range.so expected multiline pattern lines 490-491 not found: " __emit_expression_range \\(0, __builtin_va_arg \\(v, int\\) \\);.*\\n ~~~~~~~~~~~~~~~~~~~~~\\^~~~\\n"
FAIL: gcc.dg/plugin/diagnostic-test-expressions-1.c -fplugin=./diagnostic_plugin_test_tree_expression_range.so expected multiline pattern lines 496-497 not found: " __emit_expression_range \\(0, __builtin_va_arg \\(v, int\\) \\+ 1 \\);.*\\n ~~~~~~~~~~~~~~~~~~~~~~~~~~\\^~~\\n"
FAIL: gcc.dg/plugin/diagnostic-test-expressions-1.c -fplugin=./diagnostic_plugin_test_tree_expression_range.so expected multiline pattern lines 510-511 not found: " __emit_expression_range \\(0, i \\+ __builtin_offsetof \\(struct s, f\\) \\);.*\\n ~~\\^~~~~~~~~~~~~~~~~~~~~~~~~~~~~~~~~~\\n"
FAIL: gcc.dg/plugin/diagnostic-test-expressions-1.c -fplugin=./diagnostic_plugin_test_tree_expression_range.so expected multiline pattern lines 516-517 not found: " __emit_expression_range \\(0, __builtin_offsetof \\(struct s, f\\) \\+ i \\);.*\\n ~~~~~~~~~~~~~~~~~~~~~~~~~~~~~~~~~\\^~~\\n"
FAIL: gcc.dg/plugin/diagnostic-test-expressions-1.c -fplugin=./diagnostic_plugin_test_tree_expression_range.so expected multiline pattern lines 525-526 not found: " __emit_expression_range \\(0, __builtin_choose_expr \\(1, i, i\\) \\+ i\\);.*\\n ~~~~~~~~~~~~~~~~~~~~~~~~~~~~~~~~\\^~~\\n"
FAIL: gcc.dg/plugin/diagnostic-test-expressions-1.c -fplugin=./diagnostic_plugin_test_tree_expression_range.so expected multiline pattern lines 531-532 not found: " __emit_expression_range \\(0, i \\+ __builtin_choose_expr \\(1, i, i\\)\\);.*\\n ~~\\^~~~~~~~~~~~~~~~~~~~~~~~~~~~~~~~~\\n"
FAIL: gcc.dg/plugin/diagnostic-test-expressions-1.c -fplugin=./diagnostic_plugin_test_tree_expression_range.so expected multiline pattern lines 543-544 not found: " f \\(i\\) \\+ __builtin_types_compatible_p \\(long, int\\)\\);.*\\n ~~~~~~\\^~~~~~~~~~~~~~~~~~~~~~~~~~~~~~~~~~~~~~~~~~\\n"
FAIL: gcc.dg/plugin/diagnostic-test-expressions-1.c -fplugin=./diagnostic_plugin_test_tree_expression_range.so expected multiline pattern lines 550-551 not found: " __builtin_types_compatible_p \\(long, int\\) \\+ f \\(i\\)\\);.*\\n ~~~~~~~~~~~~~~~~~~~~~~~~~~~~~~~~~~~~~~~~~\\^~~~~~~\\n"
FAIL: gcc.dg/plugin/diagnostic-test-expressions-1.c -fplugin=./diagnostic_plugin_test_tree_expression_range.so expected multiline pattern lines 559-560 not found: " __emit_expression_range \\(0, __builtin_call_with_static_chain \\(f \\(i\\), ptr\\)\\);.*\\n ~~~~~~~~~~~~~~~~~~~~~~~~~~~~~~~~~~\\^~~~~~~~~~~\\n"
FAIL: gcc.dg/plugin/diagnostic-test-expressions-1.c -fplugin=./diagnostic_plugin_test_tree_expression_range.so expected multiline pattern lines 568-569 not found: " __emit_expression_range \\(0, __builtin_complex \\(i, j\\) \\);.*\\n \\^~~~~~~~~~~~~~~~~~~~~~~~\\n"
FAIL: gcc.dg/plugin/diagnostic-test-expressions-1.c -fplugin=./diagnostic_plugin_test_tree_expression_range.so expected multiline pattern lines 578-579 not found: " __emit_expression_range \\(0, __builtin_shuffle \\(a, mask\\) \\);.*\\n \\^~~~~~~~~~~~~~~~~~~~~~~~~~~\\n"
FAIL: gcc.dg/plugin/diagnostic-test-expressions-1.c -fplugin=./diagnostic_plugin_test_tree_expression_range.so expected multiline pattern lines 584-585 not found: " __emit_expression_range \\(0, __builtin_shuffle \\(a, b, mask\\) \\);.*\\n \\^~~~~~~~~~~~~~~~~~~~~~~~~~~~~~\\n"
FAIL: gcc.dg/plugin/diagnostic-test-expressions-1.c -fplugin=./diagnostic_plugin_test_tree_expression_range.so expected multiline pattern lines 593-594 not found: " __emit_expression_range \\(0, __alignof__ \\(int\\) \\+ param \\);.*\\n ~~~~~~~~~~~~~~~~~~\\^~~~~~~\\n"
FAIL: gcc.dg/plugin/diagnostic-test-expressions-1.c -fplugin=./diagnostic_plugin_test_tree_expression_range.so expected multiline pattern lines 599-600 not found: " __emit_expression_range \\(0, param \\+ __alignof__ \\(int\\) \\);.*\\n ~~~~~~\\^~~~~~~~~~~~~~~~~~~\\n"
FAIL: gcc.dg/plugin/diagnostic-test-expressions-1.c -fplugin=./diagnostic_plugin_test_tree_expression_range.so expected multiline pattern lines 605-606 not found: " __emit_expression_range \\(0, __alignof__ \\(param\\) \\+ param \\);.*\\n ~~~~~~~~~~~~~~~~~~~~\\^~~~~~~\\n"
FAIL: gcc.dg/plugin/diagnostic-test-expressions-1.c -fplugin=./diagnostic_plugin_test_tree_expression_range.so expected multiline pattern lines 611-612 not found: " __emit_expression_range \\(0, param \\+ __alignof__ \\(param\\) \\);.*\\n ~~~~~~\\^~~~~~~~~~~~~~~~~~~~~\\n"
FAIL: gcc.dg/plugin/diagnostic-test-expressions-1.c -fplugin=./diagnostic_plugin_test_tree_expression_range.so expected multiline pattern lines 624-625 not found: " __emit_expression_range \\(0, b \\* b - 4 \\* a \\* c \\);.*\\n ~~~~~~\\^~~~~~~~~~~\\n"
FAIL: gcc.dg/plugin/diagnostic-test-expressions-1.c -fplugin=./diagnostic_plugin_test_tree_expression_range.so expected multiline pattern lines 632-635 not found: " \\(-b \\+ sqrt \\(b \\* b - 4 \\* a \\* c\\)\\).*\\n ~~~~~~~~~~~~~~~~~~~~~~~~~~~~~~~\\n / \\(2 \\* a\\)\\);.*\\n \\^~~~~~~~~\\n"
FAIL: gcc.dg/plugin/diagnostic-test-expressions-1.c -fplugin=./diagnostic_plugin_test_tree_expression_range.so expected multiline pattern lines 648-649 not found: " __emit_expression_range \\(0, TEST_EQ \\(fmin\\) \\);.*\\n \\^\\n"
FAIL: gcc.dg/plugin/diagnostic-test-expressions-1.c -fplugin=./diagnostic_plugin_test_tree_expression_range.so expected multiline pattern lines 652-653 not found: " #define TEST_EQ\\(FUNC\\) FUNC##l\\(xl,xl\\).*\\n \\^~~~\\n"
FAIL: gcc.dg/plugin/diagnostic-test-expressions-1.c -fplugin=./diagnostic_plugin_test_tree_expression_range.so expected multiline pattern lines 672-675 not found: " __emit_expression_range \\(0, foo \\(0,.*\\n \\^~~~~~~~~~~~~~~~~~~~~~~~~~~~~~~~~~~~\\n "0123456789012345678901234567890123456789012345678901234567890123456789012345678901234567890123456789012345678901234567890123456789"\\)\\);.*\\n ~~~~~~~~~~~~~~~~~~~~~~~~~~~~~~~~~~~~~~~~~~~~~~~~~~~~~~~~~~~~~~~~~~~~~~~~~~~~~~~~~~~~~~~~~~~~~~~~~~~~~~~~~~~~~~~~~~~~~~~~~~~~~~~~~~~~~\\n"
FAIL: gcc.dg/plugin/diagnostic-test-expressions-1.c -fplugin=./diagnostic_plugin_test_tree_expression_range.so expected multiline pattern lines 686-689 not found: " __emit_expression_range \\(0, foo \\(0, "012345678901234567890123456789012345678901234567890123456789012345678901234567890123456789012345678901234567890123456789012345678901234567890123456789012345678901234567890123456789012345678901234567890123456789012345678901234567890123456789012345678901234567890123456789012345678901234567890123456789012345678901234567890123456789012345678901234567890123456789012345678901234567890123456789012345678901234567890123456789012345678901234567890123456789012345678901234567890123456789012345678901234567890123456789012345678901234567890123456789012345678901234567890123456789012345678901234567890123456789012345678901234567890123456789012345678901234567890123456789012345678901234567890123456789012345678901234567890123456789012345678901234567890123456789012345678901234567890123456789!
0123456789012345678901234567890123456789012345678901234567890123456789012345678901234567890123456789012345678901234567890123456789012345678901234567890123456789012345678901234567890123456789012345678901234567890123456789012345678901234567890123456789012345678901234567890123456789012345678901234567890123456789012345678901234567890123456789012345678901234567890123456789012345678901234567890123456789012345678901234567890123456789012345678901234567890123456789012345678901234567890123456789012345678901234567890123456789012345678901234567890123456789012345678901234567890123456789012345678901234567890123456789012345678901234567890123456789012345678901234567890123456789012345678901234567890123456789012345678901234567890123456789012345678901234567890123456789012345678901234567890123456789012345678901234567890123456789012345678901234567890123456789012345678901234567890123456789012345678901234567890123456789012345678901234567890123456789012345678901234567890123456789012345678901234567!
8901234567890123456789012345678901234567890123456789012345678901234
FAIL: gcc.dg/plugin/diagnostic-test-expressions-1.c -fplugin=./diagnostic_plugin_test_tree_expression_range.so expected multiline pattern lines 703-708 not found: " __emit_expression_range \\(0, "foo\\\\.*\\n \\^~~~~\\n bar\\\\.*\\n ~~~~ .*\\n baz"\\);.*\\n ~~~~ .*\\n"
FAIL: gcc.dg/plugin/diagnostic-test-expressions-1.c -fplugin=./diagnostic_plugin_test_tree_expression_range.so (test for excess errors)
FAIL: gcc.dg/plugin/diagnostic-test-show-trees-1.c -fplugin=./diagnostic_plugin_show_trees.so expected multiline pattern lines 25-28 not found: "\\s*\\(-b \\+ sqrt \\(b \\* b - 4 \\* a \\* c\\)\\).*\\n ~~~~~~~~~~~~~~~~~~~~~~~~~~~~~~~\\n / \\(2 \\* a\\)\\);.*\\n \\^~~~~~~~~\\n"
FAIL: gcc.dg/plugin/diagnostic-test-show-trees-1.c -fplugin=./diagnostic_plugin_show_trees.so expected multiline pattern lines 32-33 not found: " \\(-b \\+ sqrt \\(b \\* b - 4 \\* a \\* c\\)\\).*\\n ~~~~\\^~~~~~~~~~~~~~~~~~~~~~~~~~~\\n"
FAIL: gcc.dg/plugin/diagnostic-test-show-trees-1.c -fplugin=./diagnostic_plugin_show_trees.so expected multiline pattern lines 37-38 not found: " \\(-b \\+ sqrt \\(b \\* b - 4 \\* a \\* c\\)\\).*\\n \\^~~~~~~~~~~~~~~~~~~~~~~~\\n"
FAIL: gcc.dg/plugin/diagnostic-test-show-trees-1.c -fplugin=./diagnostic_plugin_show_trees.so expected multiline pattern lines 42-43 not found: " \\(-b \\+ sqrt \\(b \\* b - 4 \\* a \\* c\\)\\).*\\n ~~~~~~\\^~~~~~~~~~~\\n"
FAIL: gcc.dg/plugin/diagnostic-test-show-trees-1.c -fplugin=./diagnostic_plugin_show_trees.so expected multiline pattern lines 47-48 not found: " \\(-b \\+ sqrt \\(b \\* b - 4 \\* a \\* c\\)\\).*\\n ~~\\^~~\\n"
FAIL: gcc.dg/plugin/diagnostic-test-show-trees-1.c -fplugin=./diagnostic_plugin_show_trees.so expected multiline pattern lines 52-53 not found: " \\(-b \\+ sqrt \\(b \\* b - 4 \\* a \\* c\\)\\).*\\n ~~~~~~\\^~~\\n"
FAIL: gcc.dg/plugin/diagnostic-test-show-trees-1.c -fplugin=./diagnostic_plugin_show_trees.so expected multiline pattern lines 57-58 not found: " \\(-b \\+ sqrt \\(b \\* b - 4 \\* a \\* c\\)\\).*\\n ~~\\^~~\\n"
FAIL: gcc.dg/plugin/diagnostic-test-show-trees-1.c -fplugin=./diagnostic_plugin_show_trees.so expected multiline pattern lines 62-63 not found: " / \\(2 \\* a\\)\\);.*\\n ~~~\\^~~~\\n"
FAIL: gcc.dg/plugin/diagnostic-test-show-trees-1.c -fplugin=./diagnostic_plugin_show_trees.so (test for excess errors)
FAIL: gcc.dg/plugin/diagnostic-test-string-literals-1.c -fplugin=./diagnostic_plugin_test_string_literals.so (test for warnings, line 22)
FAIL: gcc.dg/plugin/diagnostic-test-string-literals-1.c -fplugin=./diagnostic_plugin_test_string_literals.so (test for warnings, line 33)
FAIL: gcc.dg/plugin/diagnostic-test-string-literals-1.c -fplugin=./diagnostic_plugin_test_string_literals.so (test for warnings, line 44)
FAIL: gcc.dg/plugin/diagnostic-test-string-literals-1.c -fplugin=./diagnostic_plugin_test_string_literals.so (test for warnings, line 81)
FAIL: gcc.dg/plugin/diagnostic-test-string-literals-1.c -fplugin=./diagnostic_plugin_test_string_literals.so (test for warnings, line 95)
FAIL: gcc.dg/plugin/diagnostic-test-string-literals-1.c -fplugin=./diagnostic_plugin_test_string_literals.so (test for warnings, line 108)
FAIL: gcc.dg/plugin/diagnostic-test-string-literals-1.c -fplugin=./diagnostic_plugin_test_string_literals.so (test for warnings, line 125)
FAIL: gcc.dg/plugin/diagnostic-test-string-literals-1.c -fplugin=./diagnostic_plugin_test_string_literals.so (test for warnings, line 140)
FAIL: gcc.dg/plugin/diagnostic-test-string-literals-1.c -fplugin=./diagnostic_plugin_test_string_literals.so (test for warnings, line 152)
FAIL: gcc.dg/plugin/diagnostic-test-string-literals-1.c -fplugin=./diagnostic_plugin_test_string_literals.so (test for errors, line 164)
FAIL: gcc.dg/plugin/diagnostic-test-string-literals-1.c -fplugin=./diagnostic_plugin_test_string_literals.so (test for errors, line 176)
FAIL: gcc.dg/plugin/diagnostic-test-string-literals-1.c -fplugin=./diagnostic_plugin_test_string_literals.so (test for errors, line 188)
FAIL: gcc.dg/plugin/diagnostic-test-string-literals-1.c -fplugin=./diagnostic_plugin_test_string_literals.so (test for warnings, line 200)
FAIL: gcc.dg/plugin/diagnostic-test-string-literals-1.c -fplugin=./diagnostic_plugin_test_string_literals.so (test for errors, line 211)
FAIL: gcc.dg/plugin/diagnostic-test-string-literals-1.c -fplugin=./diagnostic_plugin_test_string_literals.so (test for warnings, line 232)
FAIL: gcc.dg/plugin/diagnostic-test-string-literals-1.c -fplugin=./diagnostic_plugin_test_string_literals.so (test for errors, line 249)
FAIL: gcc.dg/plugin/diagnostic-test-string-literals-1.c -fplugin=./diagnostic_plugin_test_string_literals.so (test for warnings, line 268)
FAIL: gcc.dg/plugin/diagnostic-test-string-literals-1.c -fplugin=./diagnostic_plugin_test_string_literals.so (test for errors, line 282)
FAIL: gcc.dg/plugin/diagnostic-test-string-literals-1.c -fplugin=./diagnostic_plugin_test_string_literals.so expected multiline pattern lines 25-26 not found: "\\s*__emit_string_literal_range \\("0123456789",.*\\n \\^~\\n"
FAIL: gcc.dg/plugin/diagnostic-test-string-literals-1.c -fplugin=./diagnostic_plugin_test_string_literals.so expected multiline pattern lines 36-37 not found: " __emit_string_literal_range \\("01234" "56789",.*\\n ~\\^~~~~~\\n"
FAIL: gcc.dg/plugin/diagnostic-test-string-literals-1.c -fplugin=./diagnostic_plugin_test_string_literals.so expected multiline pattern lines 48-51 not found: " __emit_string_literal_range \\("01234".*\\n ~\\^~~~~~~~~~~~~~~~~~~~~~~~~~~~~~~\\n "56789",.*\\n ~~~ .*\\n"
FAIL: gcc.dg/plugin/diagnostic-test-string-literals-1.c -fplugin=./diagnostic_plugin_test_string_literals.so expected multiline pattern lines 84-85 not found: " __emit_string_literal_range \\("01234\\\\x35 789".*\\n ~\\^~~~~~~\\n"
FAIL: gcc.dg/plugin/diagnostic-test-string-literals-1.c -fplugin=./diagnostic_plugin_test_string_literals.so expected multiline pattern lines 98-99 not found: " __emit_string_literal_range \\("01234\\\\065 789".*\\n ~\\^~~~~~~\\n"
FAIL: gcc.dg/plugin/diagnostic-test-string-literals-1.c -fplugin=./diagnostic_plugin_test_string_literals.so expected multiline pattern lines 111-112 not found: " __emit_string_literal_range \\("01234" "\\\\x35" "\\\\066" "789",.*\\n ~~~~~~\\^~~~~~~~~~~~~~~~~~\\n"
FAIL: gcc.dg/plugin/diagnostic-test-string-literals-1.c -fplugin=./diagnostic_plugin_test_string_literals.so expected multiline pattern lines 128-129 not found: " __emit_string_literal_range \\("01234\\\\u2174\\\\u2175789",.*\\n ~\\^~~~~~~~~~~~~\\n"
FAIL: gcc.dg/plugin/diagnostic-test-string-literals-1.c -fplugin=./diagnostic_plugin_test_string_literals.so expected multiline pattern lines 143-144 not found: " __emit_string_literal_range \\("01234\\\\U00002174\\\\U00002175789",.*\\n ~\\^~~~~~~~~~~~~~~~~~~~~\\n"
FAIL: gcc.dg/plugin/diagnostic-test-string-literals-1.c -fplugin=./diagnostic_plugin_test_string_literals.so expected multiline pattern lines 155-156 not found: " __emit_string_literal_range \\(u8"0123456789",.*\\n ~~\\^~\\n"
FAIL: gcc.dg/plugin/diagnostic-test-string-literals-1.c -fplugin=./diagnostic_plugin_test_string_literals.so expected multiline pattern lines 167-168 not found: " __emit_string_literal_range \\(u"0123456789",.*\\n \\^~~~~~~~~~~~~\\n"
FAIL: gcc.dg/plugin/diagnostic-test-string-literals-1.c -fplugin=./diagnostic_plugin_test_string_literals.so expected multiline pattern lines 179-180 not found: " __emit_string_literal_range \\(U"0123456789",.*\\n \\^~~~~~~~~~~~~\\n"
FAIL: gcc.dg/plugin/diagnostic-test-string-literals-1.c -fplugin=./diagnostic_plugin_test_string_literals.so expected multiline pattern lines 191-192 not found: " __emit_string_literal_range \\(L"0123456789",.*\\n \\^~~~~~~~~~~~~\\n"
FAIL: gcc.dg/plugin/diagnostic-test-string-literals-1.c -fplugin=./diagnostic_plugin_test_string_literals.so expected multiline pattern lines 203-204 not found: " __emit_string_literal_range \\(R"foo\\(0123456789\\)foo",.*\\n ~~\\^~\\n"
FAIL: gcc.dg/plugin/diagnostic-test-string-literals-1.c -fplugin=./diagnostic_plugin_test_string_literals.so expected multiline pattern lines 218-225 not found: " __emit_string_literal_range \\(R"foo\\(.*\\n \\^~~~~~\\n hello.*\\n ~~~~~ .*\\n world.*\\n ~~~~~ .*\\n \\)foo",.*\\n ~~~~~ .*\\n"
FAIL: gcc.dg/plugin/diagnostic-test-string-literals-1.c -fplugin=./diagnostic_plugin_test_string_literals.so expected multiline pattern lines 237-242 not found: " #define START "01234".*\\n ~\\^~~~~~~~~~~~~~~~~~~~~~~~~~~~~~~~\\n __emit_string_literal_range \\(START.*\\n ~~~~~~~~~~~~~~~~~~~~~~~~~~~~~~~~~~\\n "56789",.*\\n ~~~\\n"
FAIL: gcc.dg/plugin/diagnostic-test-string-literals-1.c -fplugin=./diagnostic_plugin_test_string_literals.so expected multiline pattern lines 252-253 not found: " #define RANGE \\("0123456789"\\).*\\n \\^\\n"
FAIL: gcc.dg/plugin/diagnostic-test-string-literals-1.c -fplugin=./diagnostic_plugin_test_string_literals.so expected multiline pattern lines 256-257 not found: " __emit_string_literal_range \\(RANGE, 4, 3, 6\\);.*\\n \\^~~~~\\n"
FAIL: gcc.dg/plugin/diagnostic-test-string-literals-1.c -fplugin=./diagnostic_plugin_test_string_literals.so expected multiline pattern lines 271-272 not found: " __emit_string_literal_range \\("0123456789",.*\\n \\^\\n"
FAIL: gcc.dg/plugin/diagnostic-test-string-literals-1.c -fplugin=./diagnostic_plugin_test_string_literals.so expected multiline pattern lines 287-292 not found: " __emit_string_literal_range \\("\\\\.*\\n \\^~\\n 01234\\\\.*\\n ~~~~~~ .*\\n 56789", 6, 6, 7\\);.*\\n ~~~~~~ .*\\n"
FAIL: gcc.dg/plugin/diagnostic-test-string-literals-1.c -fplugin=./diagnostic_plugin_test_string_literals.so (test for excess errors)
FAIL: gcc.dg/plugin/diagnostic-test-string-literals-2.c -fplugin=./diagnostic_plugin_test_string_literals.so (test for errors, line 15)
FAIL: gcc.dg/plugin/diagnostic-test-string-literals-2.c -fplugin=./diagnostic_plugin_test_string_literals.so (test for errors, line 28)
FAIL: gcc.dg/plugin/diagnostic-test-string-literals-2.c -fplugin=./diagnostic_plugin_test_string_literals.so (test for errors, line 46)
FAIL: gcc.dg/plugin/diagnostic-test-string-literals-2.c -fplugin=./diagnostic_plugin_test_string_literals.so (test for excess errors)
FAIL: gcc.dg/plugin/diagnostic-test-string-literals-3.c -fplugin=./diagnostic_plugin_test_string_literals.so (test for errors, line 13)
FAIL: gcc.dg/plugin/diagnostic-test-string-literals-3.c -fplugin=./diagnostic_plugin_test_string_literals.so (test for errors, line 20)
FAIL: gcc.dg/plugin/diagnostic-test-string-literals-3.c -fplugin=./diagnostic_plugin_test_string_literals.so (test for errors, line 31)
FAIL: gcc.dg/plugin/diagnostic-test-string-literals-3.c -fplugin=./diagnostic_plugin_test_string_literals.so (test for errors, line 41)
FAIL: gcc.dg/plugin/diagnostic-test-string-literals-3.c -fplugin=./diagnostic_plugin_test_string_literals.so (test for excess errors)
FAIL: gcc.dg/plugin/diagnostic-test-string-literals-4.c -fplugin=./diagnostic_plugin_test_string_literals.so (test for errors, line 13)
FAIL: gcc.dg/plugin/diagnostic-test-string-literals-4.c -fplugin=./diagnostic_plugin_test_string_literals.so (test for errors, line 20)
FAIL: gcc.dg/plugin/diagnostic-test-string-literals-4.c -fplugin=./diagnostic_plugin_test_string_literals.so (test for errors, line 30)
FAIL: gcc.dg/plugin/diagnostic-test-string-literals-4.c -fplugin=./diagnostic_plugin_test_string_literals.so (test for errors, line 40)
FAIL: gcc.dg/plugin/diagnostic-test-string-literals-4.c -fplugin=./diagnostic_plugin_test_string_literals.so (test for excess errors)
FAIL: gcc.dg/plugin/location-overflow-test-1.c -fplugin=./location_overflow_plugin.so (test for errors, line 8)
FAIL: gcc.dg/plugin/location-overflow-test-1.c -fplugin=./location_overflow_plugin.so (test for warnings, line 16)
FAIL: gcc.dg/plugin/location-overflow-test-1.c -fplugin=./location_overflow_plugin.so (test for excess errors)
FAIL: gcc.dg/plugin/location-overflow-test-2.c -fplugin=./location_overflow_plugin.so (test for errors, line 8)
FAIL: gcc.dg/plugin/location-overflow-test-2.c -fplugin=./location_overflow_plugin.so (test for warnings, line 23)
FAIL: gcc.dg/plugin/location-overflow-test-2.c -fplugin=./location_overflow_plugin.so expected multiline pattern lines 12-13 not found: "\\s*extern unknown_type test;.*\\n \\^~~~~~~~~~~~\\n"
FAIL: gcc.dg/plugin/location-overflow-test-2.c -fplugin=./location_overflow_plugin.so expected multiline pattern lines 30-31 not found: " if \\(flag\\) foo = 3; bar = 2;.*\\n \\^~~\\n"
FAIL: gcc.dg/plugin/location-overflow-test-2.c -fplugin=./location_overflow_plugin.so expected multiline pattern lines 34-35 not found: " if \\(flag\\) foo = 3; bar = 2;.*\\n \\^~\\n"
FAIL: gcc.dg/plugin/location-overflow-test-2.c -fplugin=./location_overflow_plugin.so (test for excess errors)
FAIL: gcc.dg/plugin/must-tail-call-1.c -fplugin=./must_tail_call_plugin.so (test for excess errors)
FAIL: gcc.dg/plugin/must-tail-call-2.c -fplugin=./must_tail_call_plugin.so (test for errors, line 17)
FAIL: gcc.dg/plugin/must-tail-call-2.c -fplugin=./must_tail_call_plugin.so (test for errors, line 32)
FAIL: gcc.dg/plugin/must-tail-call-2.c -fplugin=./must_tail_call_plugin.so (test for errors, line 39)
FAIL: gcc.dg/plugin/must-tail-call-2.c -fplugin=./must_tail_call_plugin.so (test for errors, line 48)
FAIL: gcc.dg/plugin/must-tail-call-2.c -fplugin=./must_tail_call_plugin.so (test for errors, line 57)
FAIL: gcc.dg/plugin/must-tail-call-2.c -fplugin=./must_tail_call_plugin.so (test for excess errors)
XPASS: gcc.dg/torture/pr47917.c -O1 execution test
XPASS: gcc.dg/torture/pr47917.c -O2 execution test
XPASS: gcc.dg/torture/pr47917.c -O3 -g execution test
XPASS: gcc.dg/torture/pr47917.c -Os execution test
FAIL: gcc.dg/torture/pr78515.c -O0 (test for excess errors)
FAIL: gcc.dg/torture/pr78515.c -O1 (test for excess errors)
FAIL: gcc.dg/torture/pr78515.c -O2 (test for excess errors)
FAIL: gcc.dg/torture/pr78515.c -O3 -g (test for excess errors)
FAIL: gcc.dg/torture/pr78515.c -Os (test for excess errors)
FAIL: gcc.dg/torture/pr78515.c -O2 -flto -flto-partition=none (test for excess errors)
FAIL: gcc.dg/torture/pr78515.c -O2 -flto (test for excess errors)
FAIL: gcc.dg/tree-ssa/flatten-3.c scan-assembler cycle[123][: \\t\\n]
FAIL: gcc.dg/tree-ssa/pr69270-3.c scan-tree-dump-times uncprop1 ", 1" 4
FAIL: gcc.dg/tree-ssa/scev-3.c scan-tree-dump-times optimized "&a" 1
FAIL: gcc.dg/tree-ssa/scev-4.c scan-tree-dump-times optimized "&a" 1
FAIL: gcc.dg/tree-ssa/sra-17.c scan-tree-dump-times esra "Removing load: a = \\\\*.?L.?C.?.?.?0;" 1
FAIL: gcc.dg/tree-ssa/sra-17.c scan-tree-dump-times esra "SR\\\\.[0-9_]+ = \\\\*.?L.?C.?.?.?0\\\\[" 4
FAIL: gcc.dg/tree-ssa/sra-18.c scan-tree-dump-times esra "Removing load: a = \\\\*.?L.?C.?.?.?0;" 1
FAIL: gcc.dg/tree-ssa/sra-18.c scan-tree-dump-times esra "SR\\\\.[0-9_]+ = \\\\*.?L.?C.?.?.?0\\\\.b\\\\[0\\\\]\\\\.f\\\\[0\\\\]\\\\.x" 1
FAIL: gcc.dg/tree-ssa/sra-18.c scan-tree-dump-times esra "SR\\\\.[0-9_]+ = \\\\*.?L.?C.?.?.?0\\\\.b\\\\[0\\\\]\\\\.f\\\\[1\\\\]\\\\.x" 1
FAIL: gcc.dg/tree-ssa/sra-18.c scan-tree-dump-times esra "SR\\\\.[0-9_]+ = \\\\*.?L.?C.?.?.?0\\\\.b\\\\[1\\\\]\\\\.f\\\\[0\\\\]\\\\.x" 1
FAIL: gcc.dg/tree-ssa/sra-18.c scan-tree-dump-times esra "SR\\\\.[0-9_]+ = \\\\*.?L.?C.?.?.?0\\\\.b\\\\[1\\\\]\\\\.f\\\\[1\\\\]\\\\.x" 1
FAIL: gcc.target/hppa/shadd-3.c scan-assembler-times sh.add 5
=== gcc Summary ===
# of expected passes 88396
# of unexpected failures 380
# of unexpected successes 6
# of expected failures 192
# of unsupported tests 2240
/home/gnu/gcc/objdir/gcc/xgcc version 7.0.0 20170111 (experimental) [trunk revision 244302] (GCC)
=== gfortran tests ===
Running target unix
FAIL: gfortran.dg/coarray/event_2.f90 -fcoarray=lib -O2 -lcaf_single -latomic execution test
FAIL: gfortran.dg/alloc_comp_class_5.f03 -O0 execution test
FAIL: gfortran.dg/alloc_comp_class_5.f03 -O1 execution test
FAIL: gfortran.dg/alloc_comp_class_5.f03 -O2 execution test
FAIL: gfortran.dg/alloc_comp_class_5.f03 -O3 -fomit-frame-pointer -funroll-loops -fpeel-loops -ftracer -finline-functions execution test
FAIL: gfortran.dg/alloc_comp_class_5.f03 -O3 -g execution test
FAIL: gfortran.dg/alloc_comp_class_5.f03 -Os execution test
FAIL: gfortran.dg/coarray_41.f90 -O0 (test for excess errors)
FAIL: gfortran.dg/coarray_41.f90 -O0 execution test
FAIL: gfortran.dg/coarray_41.f90 -O1 (test for excess errors)
FAIL: gfortran.dg/coarray_41.f90 -O1 execution test
FAIL: gfortran.dg/coarray_41.f90 -O2 (test for excess errors)
FAIL: gfortran.dg/coarray_41.f90 -O2 execution test
FAIL: gfortran.dg/coarray_41.f90 -O3 -fomit-frame-pointer -funroll-loops -fpeel-loops -ftracer -finline-functions (test for excess errors)
FAIL: gfortran.dg/coarray_41.f90 -O3 -fomit-frame-pointer -funroll-loops -fpeel-loops -ftracer -finline-functions execution test
FAIL: gfortran.dg/coarray_41.f90 -O3 -g (test for excess errors)
FAIL: gfortran.dg/coarray_41.f90 -O3 -g execution test
FAIL: gfortran.dg/coarray_41.f90 -Os (test for excess errors)
FAIL: gfortran.dg/coarray_41.f90 -Os execution test
FAIL: gfortran.dg/coarray_42.f90 -O0 (test for excess errors)
FAIL: gfortran.dg/coarray_42.f90 -O0 execution test
FAIL: gfortran.dg/coarray_42.f90 -O1 (test for excess errors)
FAIL: gfortran.dg/coarray_42.f90 -O1 execution test
FAIL: gfortran.dg/coarray_42.f90 -O2 (test for excess errors)
FAIL: gfortran.dg/coarray_42.f90 -O2 execution test
FAIL: gfortran.dg/coarray_42.f90 -O3 -fomit-frame-pointer -funroll-loops -fpeel-loops -ftracer -finline-functions (test for excess errors)
FAIL: gfortran.dg/coarray_42.f90 -O3 -fomit-frame-pointer -funroll-loops -fpeel-loops -ftracer -finline-functions execution test
FAIL: gfortran.dg/coarray_42.f90 -O3 -g (test for excess errors)
FAIL: gfortran.dg/coarray_42.f90 -O3 -g execution test
FAIL: gfortran.dg/coarray_42.f90 -Os (test for excess errors)
FAIL: gfortran.dg/coarray_42.f90 -Os execution test
FAIL: gfortran.dg/coarray_alloc_comp_3.f08 -O0 (test for excess errors)
FAIL: gfortran.dg/coarray_alloc_comp_3.f08 -O0 execution test
FAIL: gfortran.dg/coarray_alloc_comp_3.f08 -O1 (test for excess errors)
FAIL: gfortran.dg/coarray_alloc_comp_3.f08 -O1 execution test
FAIL: gfortran.dg/coarray_alloc_comp_3.f08 -O2 (test for excess errors)
FAIL: gfortran.dg/coarray_alloc_comp_3.f08 -O2 execution test
FAIL: gfortran.dg/coarray_alloc_comp_3.f08 -O3 -fomit-frame-pointer -funroll-loops -fpeel-loops -ftracer -finline-functions (test for excess errors)
FAIL: gfortran.dg/coarray_alloc_comp_3.f08 -O3 -fomit-frame-pointer -funroll-loops -fpeel-loops -ftracer -finline-functions execution test
FAIL: gfortran.dg/coarray_alloc_comp_3.f08 -O3 -g (test for excess errors)
FAIL: gfortran.dg/coarray_alloc_comp_3.f08 -O3 -g execution test
FAIL: gfortran.dg/coarray_alloc_comp_3.f08 -Os (test for excess errors)
FAIL: gfortran.dg/coarray_alloc_comp_3.f08 -Os execution test
FAIL: gfortran.dg/coarray_lib_alloc_4.f90 -O0 (test for excess errors)
FAIL: gfortran.dg/coarray_lib_alloc_4.f90 -O0 execution test
FAIL: gfortran.dg/coarray_lib_alloc_4.f90 -O1 (test for excess errors)
FAIL: gfortran.dg/coarray_lib_alloc_4.f90 -O1 execution test
FAIL: gfortran.dg/coarray_lib_alloc_4.f90 -O2 (test for excess errors)
FAIL: gfortran.dg/coarray_lib_alloc_4.f90 -O2 execution test
FAIL: gfortran.dg/coarray_lib_alloc_4.f90 -O3 -fomit-frame-pointer -funroll-loops -fpeel-loops -ftracer -finline-functions (test for excess errors)
FAIL: gfortran.dg/coarray_lib_alloc_4.f90 -O3 -fomit-frame-pointer -funroll-loops -fpeel-loops -ftracer -finline-functions execution test
FAIL: gfortran.dg/coarray_lib_alloc_4.f90 -O3 -g (test for excess errors)
FAIL: gfortran.dg/coarray_lib_alloc_4.f90 -O3 -g execution test
FAIL: gfortran.dg/coarray_lib_alloc_4.f90 -Os (test for excess errors)
FAIL: gfortran.dg/coarray_lib_alloc_4.f90 -Os execution test
FAIL: gfortran.dg/fmt_fw_d.f90 -O0 execution test
FAIL: gfortran.dg/fmt_fw_d.f90 -O1 execution test
FAIL: gfortran.dg/fmt_fw_d.f90 -O2 execution test
FAIL: gfortran.dg/fmt_fw_d.f90 -O3 -fomit-frame-pointer -funroll-loops -fpeel-loops -ftracer -finline-functions execution test
FAIL: gfortran.dg/fmt_fw_d.f90 -O3 -g execution test
FAIL: gfortran.dg/fmt_fw_d.f90 -Os execution test
WARNING: program timed out.
FAIL: gfortran.dg/minlocval_3.f90 -O3 -fomit-frame-pointer -funroll-loops -fpeel-loops -ftracer -finline-functions (test for excess errors)
UNRESOLVED: gfortran.dg/minlocval_3.f90 -O3 -fomit-frame-pointer -funroll-loops -fpeel-loops -ftracer -finline-functions compilation failed to produce executable
WARNING: program timed out.
FAIL: gfortran.dg/minlocval_3.f90 -O3 -g (test for excess errors)
UNRESOLVED: gfortran.dg/minlocval_3.f90 -O3 -g compilation failed to produce executable
=== gfortran Summary ===
# of expected passes 42830
# of unexpected failures 63
# of expected failures 96
# of unresolved testcases 2
# of unsupported tests 338
/home/gnu/gcc/objdir/gcc/testsuite/gfortran/../../gfortran version 7.0.0 20170111 (experimental) [trunk revision 244302] (GCC)
=== obj-c++ tests ===
Running target unix
FAIL: obj-c++.dg/basic.mm -fgnu-runtime (test for excess errors)
FAIL: obj-c++.dg/bitfield-1.mm -fgnu-runtime (test for excess errors)
FAIL: obj-c++.dg/bitfield-2.mm -fgnu-runtime (test for excess errors)
FAIL: obj-c++.dg/bitfield-4.mm -fgnu-runtime (test for excess errors)
FAIL: obj-c++.dg/cxx-ivars-1.mm -fgnu-runtime (test for excess errors)
FAIL: obj-c++.dg/cxx-scope-1.mm -fgnu-runtime (test for excess errors)
FAIL: obj-c++.dg/defs.mm -fgnu-runtime (test for excess errors)
FAIL: obj-c++.dg/demangle-1.mm -fgnu-runtime (test for excess errors)
FAIL: obj-c++.dg/demangle-2.mm -fgnu-runtime (test for excess errors)
FAIL: obj-c++.dg/encode-10.mm -fgnu-runtime (test for excess errors)
FAIL: obj-c++.dg/encode-3.mm -fgnu-runtime (test for excess errors)
FAIL: obj-c++.dg/encode-4.mm -fgnu-runtime (test for excess errors)
FAIL: obj-c++.dg/encode-5.mm -fgnu-runtime (test for excess errors)
FAIL: obj-c++.dg/encode-6.mm -fgnu-runtime (test for excess errors)
FAIL: obj-c++.dg/encode-9.mm -fgnu-runtime (test for excess errors)
FAIL: obj-c++.dg/except-1.mm -fgnu-runtime (test for excess errors)
FAIL: obj-c++.dg/gnu-api-2-class-meta.mm -fgnu-runtime (test for excess errors)
FAIL: obj-c++.dg/gnu-api-2-class.mm -fgnu-runtime (test for excess errors)
FAIL: obj-c++.dg/gnu-api-2-ivar.mm -fgnu-runtime (test for excess errors)
FAIL: obj-c++.dg/gnu-api-2-method.mm -fgnu-runtime (test for excess errors)
FAIL: obj-c++.dg/gnu-api-2-objc.mm -fgnu-runtime (test for excess errors)
FAIL: obj-c++.dg/gnu-api-2-objc_msg_lookup.mm -fgnu-runtime (test for excess errors)
FAIL: obj-c++.dg/gnu-api-2-object.mm -fgnu-runtime (test for excess errors)
FAIL: obj-c++.dg/gnu-api-2-property.mm -fgnu-runtime (test for excess errors)
FAIL: obj-c++.dg/gnu-api-2-protocol.mm -fgnu-runtime (test for excess errors)
FAIL: obj-c++.dg/gnu-api-2-resolve-method.mm -fgnu-runtime (test for excess errors)
FAIL: obj-c++.dg/gnu-api-2-sel.mm -fgnu-runtime (test for excess errors)
FAIL: obj-c++.dg/gnu-runtime-3.mm -fgnu-runtime (test for excess errors)
FAIL: obj-c++.dg/lookup-2.mm -fgnu-runtime (test for excess errors)
FAIL: obj-c++.dg/method-10.mm -fgnu-runtime (test for excess errors)
FAIL: obj-c++.dg/method-17.mm -fgnu-runtime (test for excess errors)
FAIL: obj-c++.dg/method-19.mm -fgnu-runtime (test for excess errors)
FAIL: obj-c++.dg/method-22.mm -fgnu-runtime (test for excess errors)
FAIL: obj-c++.dg/method-23.mm -fgnu-runtime (test for excess errors)
FAIL: obj-c++.dg/proto-lossage-3.mm -fgnu-runtime (test for excess errors)
FAIL: obj-c++.dg/proto-qual-1.mm -fgnu-runtime (test for excess errors)
FAIL: obj-c++.dg/qual-types-1.mm -fgnu-runtime (test for excess errors)
FAIL: obj-c++.dg/template-1.mm -fgnu-runtime (test for excess errors)
FAIL: obj-c++.dg/template-3.mm -fgnu-runtime (test for excess errors)
FAIL: obj-c++.dg/template-4.mm -fgnu-runtime (test for excess errors)
FAIL: obj-c++.dg/template-8.mm -fgnu-runtime (test for excess errors)
FAIL: obj-c++.dg/try-catch-2.mm -fgnu-runtime (test for excess errors)
FAIL: obj-c++.dg/try-catch-9.mm -fgnu-runtime (test for excess errors)
FAIL: obj-c++.dg/va-meth-1.mm -fgnu-runtime (test for excess errors)
FAIL: obj-c++.dg/lto/trivial-1 obj_cpp_lto_trivial-1_0.o-obj_cpp_lto_trivial-1_0.o link, -O0 -flto -fgnu-runtime
UNRESOLVED: obj-c++.dg/lto/trivial-1 obj_cpp_lto_trivial-1_0.o-obj_cpp_lto_trivial-1_0.o execute -O0 -flto -fgnu-runtime
FAIL: obj-c++.dg/lto/trivial-1 obj_cpp_lto_trivial-1_0.o-obj_cpp_lto_trivial-1_0.o link, -O2 -flto -fgnu-runtime
UNRESOLVED: obj-c++.dg/lto/trivial-1 obj_cpp_lto_trivial-1_0.o-obj_cpp_lto_trivial-1_0.o execute -O2 -flto -fgnu-runtime
FAIL: obj-c++.dg/lto/trivial-1 obj_cpp_lto_trivial-1_0.o-obj_cpp_lto_trivial-1_0.o link, -O0 -flto -flto-partition=none -fgnu-runtime
UNRESOLVED: obj-c++.dg/lto/trivial-1 obj_cpp_lto_trivial-1_0.o-obj_cpp_lto_trivial-1_0.o execute -O0 -flto -flto-partition=none -fgnu-runtime
FAIL: obj-c++.dg/lto/trivial-1 obj_cpp_lto_trivial-1_0.o-obj_cpp_lto_trivial-1_0.o link, -O2 -flto -flto-partition=none -fgnu-runtime
UNRESOLVED: obj-c++.dg/lto/trivial-1 obj_cpp_lto_trivial-1_0.o-obj_cpp_lto_trivial-1_0.o execute -O2 -flto -flto-partition=none -fgnu-runtime
FAIL: obj-c++.dg/plugin/diagnostic-test-expressions-1.mm -fplugin=./diagnostic_plugin_test_tree_expression_range.so (test for warnings, line 39)
FAIL: obj-c++.dg/plugin/diagnostic-test-expressions-1.mm -fplugin=./diagnostic_plugin_test_tree_expression_range.so (test for warnings, line 44)
FAIL: obj-c++.dg/plugin/diagnostic-test-expressions-1.mm -fplugin=./diagnostic_plugin_test_tree_expression_range.so (test for warnings, line 52)
FAIL: obj-c++.dg/plugin/diagnostic-test-expressions-1.mm -fplugin=./diagnostic_plugin_test_tree_expression_range.so (test for warnings, line 60)
FAIL: obj-c++.dg/plugin/diagnostic-test-expressions-1.mm -fplugin=./diagnostic_plugin_test_tree_expression_range.so (test for warnings, line 68)
FAIL: obj-c++.dg/plugin/diagnostic-test-expressions-1.mm -fplugin=./diagnostic_plugin_test_tree_expression_range.so (test for warnings, line 81)
FAIL: obj-c++.dg/plugin/diagnostic-test-expressions-1.mm -fplugin=./diagnostic_plugin_test_tree_expression_range.so (test for warnings, line 88)
FAIL: obj-c++.dg/plugin/diagnostic-test-expressions-1.mm -fplugin=./diagnostic_plugin_test_tree_expression_range.so expected multiline pattern lines 41-42 not found: "\\s*__emit_expression_range \\( 0, \\[self func0\\] \\);.*\\n \\^~~~~~~~~~~~\\n"
FAIL: obj-c++.dg/plugin/diagnostic-test-expressions-1.mm -fplugin=./diagnostic_plugin_test_tree_expression_range.so expected multiline pattern lines 46-47 not found: " __emit_expression_range \\( 0, \\[self func1:5\\] \\);.*\\n \\^~~~~~~~~~~~~~\\n"
FAIL: obj-c++.dg/plugin/diagnostic-test-expressions-1.mm -fplugin=./diagnostic_plugin_test_tree_expression_range.so expected multiline pattern lines 54-55 not found: " __emit_expression_range \\( 0, tests\\.func2 \\);.*\\n ~~~~~~\\^~~~~\\n"
FAIL: obj-c++.dg/plugin/diagnostic-test-expressions-1.mm -fplugin=./diagnostic_plugin_test_tree_expression_range.so expected multiline pattern lines 62-63 not found: " __emit_expression_range \\( 0, @selector\\(func0\\) \\);.*\\n \\^~~~~~~~~~~~~~~~\\n"
FAIL: obj-c++.dg/plugin/diagnostic-test-expressions-1.mm -fplugin=./diagnostic_plugin_test_tree_expression_range.so expected multiline pattern lines 70-71 not found: " __emit_expression_range \\( 0, @protocol\\(prot\\) \\);.*\\n \\^~~~~~~~~~~~~~~\\n"
FAIL: obj-c++.dg/plugin/diagnostic-test-expressions-1.mm -fplugin=./diagnostic_plugin_test_tree_expression_range.so expected multiline pattern lines 83-84 not found: " __emit_expression_range \\( 0, @encode\\(int\\) \\+ i \\);.*\\n ~~~~~~~~~~~~~\\^~~\\n"
FAIL: obj-c++.dg/plugin/diagnostic-test-expressions-1.mm -fplugin=./diagnostic_plugin_test_tree_expression_range.so expected multiline pattern lines 90-91 not found: " __emit_expression_range \\( 0, i \\+ @encode\\(int\\) \\);.*\\n ~~\\^~~~~~~~~~~~~~\\n"
FAIL: obj-c++.dg/plugin/diagnostic-test-expressions-1.mm -fplugin=./diagnostic_plugin_test_tree_expression_range.so (test for excess errors)
FAIL: obj-c++.dg/property/at-property-10.mm -fgnu-runtime (test for excess errors)
FAIL: obj-c++.dg/property/at-property-11.mm -fgnu-runtime (test for excess errors)
FAIL: obj-c++.dg/property/at-property-12.mm -fgnu-runtime (test for excess errors)
FAIL: obj-c++.dg/property/at-property-13.mm -fgnu-runtime (test for excess errors)
FAIL: obj-c++.dg/property/at-property-19.mm -fgnu-runtime (test for excess errors)
FAIL: obj-c++.dg/property/at-property-22.mm -fgnu-runtime (test for excess errors)
FAIL: obj-c++.dg/property/at-property-24.mm -fgnu-runtime (test for excess errors)
FAIL: obj-c++.dg/property/at-property-26.mm -fgnu-runtime (test for excess errors)
FAIL: obj-c++.dg/property/at-property-27.mm -fgnu-runtime (test for excess errors)
FAIL: obj-c++.dg/property/at-property-6.mm -fgnu-runtime (test for excess errors)
FAIL: obj-c++.dg/property/at-property-7.mm -fgnu-runtime (test for excess errors)
FAIL: obj-c++.dg/property/at-property-8.mm -fgnu-runtime (test for excess errors)
FAIL: obj-c++.dg/property/at-property-9.mm -fgnu-runtime (test for excess errors)
FAIL: obj-c++.dg/property/dotsyntax-1.mm -fgnu-runtime (test for excess errors)
FAIL: obj-c++.dg/property/dotsyntax-10.mm -fgnu-runtime (test for excess errors)
FAIL: obj-c++.dg/property/dotsyntax-12.mm -fgnu-runtime (test for excess errors)
FAIL: obj-c++.dg/property/dotsyntax-13.mm -fgnu-runtime (test for excess errors)
FAIL: obj-c++.dg/property/dotsyntax-16.mm -fgnu-runtime (test for excess errors)
FAIL: obj-c++.dg/property/dotsyntax-18.mm -fgnu-runtime (test for excess errors)
FAIL: obj-c++.dg/property/dotsyntax-19.mm -fgnu-runtime (test for excess errors)
FAIL: obj-c++.dg/property/dotsyntax-2.mm -fgnu-runtime (test for excess errors)
FAIL: obj-c++.dg/property/dotsyntax-21.mm -fgnu-runtime (test for excess errors)
FAIL: obj-c++.dg/property/dotsyntax-3.mm -fgnu-runtime (test for excess errors)
FAIL: obj-c++.dg/property/dotsyntax-5.mm -fgnu-runtime (test for excess errors)
FAIL: obj-c++.dg/property/dotsyntax-6.mm -fgnu-runtime (test for excess errors)
FAIL: obj-c++.dg/property/dotsyntax-7.mm -fgnu-runtime (test for excess errors)
FAIL: obj-c++.dg/property/dotsyntax-8.mm -fgnu-runtime (test for excess errors)
FAIL: obj-c++.dg/property/dotsyntax-9.mm -fgnu-runtime (test for excess errors)
FAIL: obj-c++.dg/property/dynamic-5.mm -fgnu-runtime (test for excess errors)
FAIL: obj-c++.dg/property/fsf-property-basic.mm -fgnu-runtime (test for excess errors)
FAIL: obj-c++.dg/property/fsf-property-method-access.mm -fgnu-runtime (test for excess errors)
FAIL: obj-c++.dg/property/fsf-property-named-ivar.mm -fgnu-runtime (test for excess errors)
FAIL: obj-c++.dg/property/property-1.mm -fgnu-runtime (test for excess errors)
FAIL: obj-c++.dg/property/property-encoding-1.mm -fgnu-runtime (test for excess errors)
FAIL: obj-c++.dg/property/synthesize-10.mm -fgnu-runtime (test for excess errors)
FAIL: obj-c++.dg/property/synthesize-2.mm -fgnu-runtime (test for excess errors)
FAIL: obj-c++.dg/property/synthesize-3.mm -fgnu-runtime (test for excess errors)
FAIL: obj-c++.dg/property/synthesize-4.mm -fgnu-runtime (test for excess errors)
FAIL: obj-c++.dg/property/synthesize-7.mm -fgnu-runtime (test for excess errors)
FAIL: obj-c++.dg/strings/strings-2.mm -fgnu-runtime (test for excess errors)
FAIL: obj-c++.dg/tls/static-1.mm -fgnu-runtime (test for excess errors)
FAIL: obj-c++.dg/torture/trivial.mm -O0 -fgnu-runtime (test for excess errors)
FAIL: obj-c++.dg/torture/trivial.mm -O1 -fgnu-runtime (test for excess errors)
FAIL: obj-c++.dg/torture/trivial.mm -O2 -fgnu-runtime (test for excess errors)
FAIL: obj-c++.dg/torture/trivial.mm -O3 -g -fgnu-runtime (test for excess errors)
FAIL: obj-c++.dg/torture/trivial.mm -Os -fgnu-runtime (test for excess errors)
FAIL: obj-c++.dg/torture/trivial.mm -O2 -flto -flto-partition=none -fgnu-runtime (test for excess errors)
FAIL: obj-c++.dg/torture/trivial.mm -O2 -flto -fgnu-runtime (test for excess errors)
FAIL: obj-c++.dg/torture/strings/const-str-7.mm -O0 -fgnu-runtime (test for excess errors)
FAIL: obj-c++.dg/torture/strings/const-str-7.mm -O1 -fgnu-runtime (test for excess errors)
FAIL: obj-c++.dg/torture/strings/const-str-7.mm -O2 -fgnu-runtime (test for excess errors)
FAIL: obj-c++.dg/torture/strings/const-str-7.mm -O3 -g -fgnu-runtime (test for excess errors)
FAIL: obj-c++.dg/torture/strings/const-str-7.mm -Os -fgnu-runtime (test for excess errors)
FAIL: obj-c++.dg/torture/strings/const-str-7.mm -O2 -flto -flto-partition=none -fgnu-runtime (test for excess errors)
FAIL: obj-c++.dg/torture/strings/const-str-7.mm -O2 -flto -fgnu-runtime (test for excess errors)
FAIL: obj-c++.dg/torture/strings/string1.mm -O0 -fgnu-runtime (test for excess errors)
FAIL: obj-c++.dg/torture/strings/string1.mm -O1 -fgnu-runtime (test for excess errors)
FAIL: obj-c++.dg/torture/strings/string1.mm -O2 -fgnu-runtime (test for excess errors)
FAIL: obj-c++.dg/torture/strings/string1.mm -O3 -g -fgnu-runtime (test for excess errors)
FAIL: obj-c++.dg/torture/strings/string1.mm -Os -fgnu-runtime (test for excess errors)
FAIL: obj-c++.dg/torture/strings/string1.mm -O2 -flto -flto-partition=none -fgnu-runtime (test for excess errors)
FAIL: obj-c++.dg/torture/strings/string1.mm -O2 -flto -fgnu-runtime (test for excess errors)
FAIL: obj-c++.dg/torture/tls/thr-init-1.mm -O0 -fgnu-runtime (test for excess errors)
FAIL: obj-c++.dg/torture/tls/thr-init-1.mm -O1 -fgnu-runtime (test for excess errors)
FAIL: obj-c++.dg/torture/tls/thr-init-1.mm -O2 -fgnu-runtime (test for excess errors)
FAIL: obj-c++.dg/torture/tls/thr-init-1.mm -O3 -g -fgnu-runtime (test for excess errors)
FAIL: obj-c++.dg/torture/tls/thr-init-1.mm -Os -fgnu-runtime (test for excess errors)
FAIL: obj-c++.dg/torture/tls/thr-init-1.mm -O2 -flto -flto-partition=none -fgnu-runtime (test for excess errors)
FAIL: obj-c++.dg/torture/tls/thr-init-1.mm -O2 -flto -fgnu-runtime (test for excess errors)
FAIL: obj-c++.dg/torture/tls/thr-init-2.mm -O0 -fgnu-runtime (test for excess errors)
FAIL: obj-c++.dg/torture/tls/thr-init-2.mm -O1 -fgnu-runtime (test for excess errors)
FAIL: obj-c++.dg/torture/tls/thr-init-2.mm -O2 -fgnu-runtime (test for excess errors)
FAIL: obj-c++.dg/torture/tls/thr-init-2.mm -O3 -g -fgnu-runtime (test for excess errors)
FAIL: obj-c++.dg/torture/tls/thr-init-2.mm -Os -fgnu-runtime (test for excess errors)
FAIL: obj-c++.dg/torture/tls/thr-init-2.mm -O2 -flto -flto-partition=none -fgnu-runtime (test for excess errors)
FAIL: obj-c++.dg/torture/tls/thr-init-2.mm -O2 -flto -fgnu-runtime (test for excess errors)
FAIL: obj-c++.dg/torture/tls/thr-init-3.mm -O0 -fgnu-runtime (test for excess errors)
FAIL: obj-c++.dg/torture/tls/thr-init-3.mm -O1 -fgnu-runtime (test for excess errors)
FAIL: obj-c++.dg/torture/tls/thr-init-3.mm -O2 -fgnu-runtime (test for excess errors)
FAIL: obj-c++.dg/torture/tls/thr-init-3.mm -O3 -g -fgnu-runtime (test for excess errors)
FAIL: obj-c++.dg/torture/tls/thr-init-3.mm -Os -fgnu-runtime (test for excess errors)
FAIL: obj-c++.dg/torture/tls/thr-init-3.mm -O2 -flto -flto-partition=none -fgnu-runtime (test for excess errors)
FAIL: obj-c++.dg/torture/tls/thr-init-3.mm -O2 -flto -fgnu-runtime (test for excess errors)
=== obj-c++ Summary ===
# of expected passes 1300
# of unexpected failures 146
# of expected failures 10
# of unresolved testcases 4
# of unsupported tests 77
/home/gnu/gcc/objdir/gcc/testsuite/obj-c++/../../xg++ version 7.0.0 20170111 (experimental) [trunk revision 244302] (GCC)
=== objc tests ===
Running target unix
FAIL: objc.dg/plugin/diagnostic-test-expressions-1.m -fplugin=./diagnostic_plugin_test_tree_expression_range.so (test for warnings, line 39)
FAIL: objc.dg/plugin/diagnostic-test-expressions-1.m -fplugin=./diagnostic_plugin_test_tree_expression_range.so (test for warnings, line 44)
FAIL: objc.dg/plugin/diagnostic-test-expressions-1.m -fplugin=./diagnostic_plugin_test_tree_expression_range.so (test for warnings, line 52)
FAIL: objc.dg/plugin/diagnostic-test-expressions-1.m -fplugin=./diagnostic_plugin_test_tree_expression_range.so (test for warnings, line 60)
FAIL: objc.dg/plugin/diagnostic-test-expressions-1.m -fplugin=./diagnostic_plugin_test_tree_expression_range.so (test for warnings, line 68)
FAIL: objc.dg/plugin/diagnostic-test-expressions-1.m -fplugin=./diagnostic_plugin_test_tree_expression_range.so (test for warnings, line 81)
FAIL: objc.dg/plugin/diagnostic-test-expressions-1.m -fplugin=./diagnostic_plugin_test_tree_expression_range.so (test for warnings, line 88)
FAIL: objc.dg/plugin/diagnostic-test-expressions-1.m -fplugin=./diagnostic_plugin_test_tree_expression_range.so expected multiline pattern lines 41-42 not found: "\\s*__emit_expression_range \\( 0, \\[self func0\\] \\);.*\\n ~~~~~~~~~~~~\\n"
FAIL: objc.dg/plugin/diagnostic-test-expressions-1.m -fplugin=./diagnostic_plugin_test_tree_expression_range.so expected multiline pattern lines 46-47 not found: " __emit_expression_range \\( 0, \\[self func1:5\\] \\);.*\\n ~~~~~~~~~~~~~~\\n"
FAIL: objc.dg/plugin/diagnostic-test-expressions-1.m -fplugin=./diagnostic_plugin_test_tree_expression_range.so expected multiline pattern lines 54-55 not found: " __emit_expression_range \\( 0, tests\\.func2 \\);.*\\n ~~~~~~~~~~~\\n"
FAIL: objc.dg/plugin/diagnostic-test-expressions-1.m -fplugin=./diagnostic_plugin_test_tree_expression_range.so expected multiline pattern lines 62-63 not found: " __emit_expression_range \\( 0, @selector\\(func0\\) \\);.*\\n \\^~~~~~~~~~~~~~~~\\n"
FAIL: objc.dg/plugin/diagnostic-test-expressions-1.m -fplugin=./diagnostic_plugin_test_tree_expression_range.so expected multiline pattern lines 70-71 not found: " __emit_expression_range \\( 0, @protocol\\(prot\\) \\);.*\\n ~~~~~~~~~~~~~~~\\n"
FAIL: objc.dg/plugin/diagnostic-test-expressions-1.m -fplugin=./diagnostic_plugin_test_tree_expression_range.so expected multiline pattern lines 83-84 not found: " __emit_expression_range \\( 0, @encode\\(int\\) \\+ i \\);.*\\n ~~~~~~~~~~~~~\\^~~\\n"
FAIL: objc.dg/plugin/diagnostic-test-expressions-1.m -fplugin=./diagnostic_plugin_test_tree_expression_range.so expected multiline pattern lines 90-91 not found: " __emit_expression_range \\( 0, i \\+ @encode\\(int\\) \\);.*\\n ~~\\^~~~~~~~~~~~~~\\n"
FAIL: objc.dg/plugin/diagnostic-test-expressions-1.m -fplugin=./diagnostic_plugin_test_tree_expression_range.so (test for excess errors)
=== objc Summary ===
# of expected passes 2786
# of unexpected failures 15
# of unsupported tests 69
/home/gnu/gcc/objdir/gcc/xgcc version 7.0.0 20170111 (experimental) [trunk revision 244302] (GCC)
=== libstdc++ tests ===
Running target unix
WARNING: program timed out.
FAIL: 20_util/scoped_allocator/2.cc (test for excess errors)
UNRESOLVED: 20_util/scoped_allocator/2.cc compilation failed to produce executable
FAIL: 22_locale/conversions/buffer/1.cc (test for excess errors)
UNRESOLVED: 22_locale/conversions/buffer/1.cc compilation failed to produce executable
FAIL: 22_locale/conversions/buffer/requirements/typedefs.cc (test for excess errors)
FAIL: 22_locale/conversions/string/1.cc (test for excess errors)
UNRESOLVED: 22_locale/conversions/string/1.cc compilation failed to produce executable
FAIL: 22_locale/conversions/string/2.cc (test for excess errors)
UNRESOLVED: 22_locale/conversions/string/2.cc compilation failed to produce executable
FAIL: 22_locale/conversions/string/3.cc (test for excess errors)
UNRESOLVED: 22_locale/conversions/string/3.cc compilation failed to produce executable
FAIL: 22_locale/conversions/string/66441.cc (test for excess errors)
UNRESOLVED: 22_locale/conversions/string/66441.cc compilation failed to produce executable
FAIL: 22_locale/conversions/string/requirements/typedefs-2.cc (test for excess errors)
FAIL: 22_locale/conversions/string/requirements/typedefs.cc (test for excess errors)
FAIL: 22_locale/num_put/put/char/14220.cc execution test
WARNING: program timed out.
FAIL: 23_containers/deque/allocator/ext_ptr.cc (test for excess errors)
UNRESOLVED: 23_containers/deque/allocator/ext_ptr.cc compilation failed to produce executable
WARNING: program timed out.
FAIL: 23_containers/deque/requirements/exception/basic.cc (test for excess errors)
UNRESOLVED: 23_containers/deque/requirements/exception/basic.cc compilation failed to produce executable
WARNING: program timed out.
FAIL: 23_containers/forward_list/requirements/exception/basic.cc (test for excess errors)
UNRESOLVED: 23_containers/forward_list/requirements/exception/basic.cc compilation failed to produce executable
WARNING: program timed out.
FAIL: 23_containers/list/requirements/exception/basic.cc (test for excess errors)
UNRESOLVED: 23_containers/list/requirements/exception/basic.cc compilation failed to produce executable
WARNING: program timed out.
FAIL: 23_containers/map/requirements/exception/basic.cc (test for excess errors)
UNRESOLVED: 23_containers/map/requirements/exception/basic.cc compilation failed to produce executable
WARNING: program timed out.
FAIL: 23_containers/multimap/requirements/exception/basic.cc (test for excess errors)
UNRESOLVED: 23_containers/multimap/requirements/exception/basic.cc compilation failed to produce executable
WARNING: program timed out.
FAIL: 23_containers/multiset/requirements/exception/basic.cc (test for excess errors)
UNRESOLVED: 23_containers/multiset/requirements/exception/basic.cc compilation failed to produce executable
WARNING: program timed out.
FAIL: 23_containers/set/requirements/exception/basic.cc (test for excess errors)
UNRESOLVED: 23_containers/set/requirements/exception/basic.cc compilation failed to produce executable
WARNING: program timed out.
FAIL: 23_containers/unordered_map/requirements/debug_container.cc (test for excess errors)
WARNING: program timed out.
FAIL: 23_containers/unordered_map/requirements/exception/basic.cc (test for excess errors)
UNRESOLVED: 23_containers/unordered_map/requirements/exception/basic.cc compilation failed to produce executable
WARNING: program timed out.
FAIL: 23_containers/unordered_multimap/requirements/exception/basic.cc (test for excess errors)
UNRESOLVED: 23_containers/unordered_multimap/requirements/exception/basic.cc compilation failed to produce executable
WARNING: program timed out.
FAIL: 23_containers/unordered_multiset/requirements/exception/basic.cc (test for excess errors)
UNRESOLVED: 23_containers/unordered_multiset/requirements/exception/basic.cc compilation failed to produce executable
WARNING: program timed out.
FAIL: 23_containers/unordered_set/requirements/exception/basic.cc (test for excess errors)
UNRESOLVED: 23_containers/unordered_set/requirements/exception/basic.cc compilation failed to produce executable
WARNING: program timed out.
FAIL: 23_containers/vector/requirements/exception/basic.cc (test for excess errors)
UNRESOLVED: 23_containers/vector/requirements/exception/basic.cc compilation failed to produce executable
FAIL: 27_io/basic_ostream/inserters_arithmetic/char/4402.cc execution test
WARNING: program timed out.
FAIL: 28_regex/algorithms/regex_match/awk/cstring_01.cc (test for excess errors)
UNRESOLVED: 28_regex/algorithms/regex_match/awk/cstring_01.cc compilation failed to produce executable
WARNING: program timed out.
FAIL: 28_regex/algorithms/regex_match/basic/empty_range.cc (test for excess errors)
UNRESOLVED: 28_regex/algorithms/regex_match/basic/empty_range.cc compilation failed to produce executable
WARNING: program timed out.
FAIL: 28_regex/algorithms/regex_match/basic/string_01.cc (test for excess errors)
UNRESOLVED: 28_regex/algorithms/regex_match/basic/string_01.cc compilation failed to produce executable
WARNING: program timed out.
FAIL: 28_regex/algorithms/regex_match/basic/string_range_00_03.cc (test for excess errors)
UNRESOLVED: 28_regex/algorithms/regex_match/basic/string_range_00_03.cc compilation failed to produce executable
WARNING: program timed out.
FAIL: 28_regex/algorithms/regex_match/basic/string_range_01_03.cc (test for excess errors)
UNRESOLVED: 28_regex/algorithms/regex_match/basic/string_range_01_03.cc compilation failed to produce executable
WARNING: program timed out.
FAIL: 28_regex/algorithms/regex_match/basic/string_range_02_03.cc (test for excess errors)
UNRESOLVED: 28_regex/algorithms/regex_match/basic/string_range_02_03.cc compilation failed to produce executable
WARNING: program timed out.
FAIL: 28_regex/algorithms/regex_match/cstring_bracket_01.cc (test for excess errors)
UNRESOLVED: 28_regex/algorithms/regex_match/cstring_bracket_01.cc compilation failed to produce executable
WARNING: program timed out.
FAIL: 28_regex/algorithms/regex_match/ecma/char/53622.cc (test for excess errors)
UNRESOLVED: 28_regex/algorithms/regex_match/ecma/char/53622.cc compilation failed to produce executable
WARNING: program timed out.
FAIL: 28_regex/algorithms/regex_match/ecma/char/57173.cc (test for excess errors)
UNRESOLVED: 28_regex/algorithms/regex_match/ecma/char/57173.cc compilation failed to produce executable
WARNING: program timed out.
FAIL: 28_regex/algorithms/regex_match/ecma/char/58576.cc (test for excess errors)
UNRESOLVED: 28_regex/algorithms/regex_match/ecma/char/58576.cc compilation failed to produce executable
WARNING: program timed out.
FAIL: 28_regex/algorithms/regex_match/ecma/char/61601.cc (test for excess errors)
UNRESOLVED: 28_regex/algorithms/regex_match/ecma/char/61601.cc compilation failed to produce executable
WARNING: program timed out.
FAIL: 28_regex/algorithms/regex_match/ecma/char/68863.cc (test for excess errors)
UNRESOLVED: 28_regex/algorithms/regex_match/ecma/char/68863.cc compilation failed to produce executable
WARNING: program timed out.
FAIL: 28_regex/algorithms/regex_match/ecma/char/anymatcher.cc (test for excess errors)
UNRESOLVED: 28_regex/algorithms/regex_match/ecma/char/anymatcher.cc compilation failed to produce executable
WARNING: program timed out.
FAIL: 28_regex/algorithms/regex_match/ecma/char/backref.cc (test for excess errors)
UNRESOLVED: 28_regex/algorithms/regex_match/ecma/char/backref.cc compilation failed to produce executable
WARNING: program timed out.
FAIL: 28_regex/algorithms/regex_match/ecma/char/empty_range.cc (test for excess errors)
UNRESOLVED: 28_regex/algorithms/regex_match/ecma/char/empty_range.cc compilation failed to produce executable
WARNING: program timed out.
FAIL: 28_regex/algorithms/regex_match/ecma/char/emptygroup.cc (test for excess errors)
UNRESOLVED: 28_regex/algorithms/regex_match/ecma/char/emptygroup.cc compilation failed to produce executable
WARNING: program timed out.
FAIL: 28_regex/algorithms/regex_match/ecma/char/hex.cc (test for excess errors)
UNRESOLVED: 28_regex/algorithms/regex_match/ecma/char/hex.cc compilation failed to produce executable
WARNING: program timed out.
FAIL: 28_regex/algorithms/regex_match/ecma/char/quoted_char.cc (test for excess errors)
UNRESOLVED: 28_regex/algorithms/regex_match/ecma/char/quoted_char.cc compilation failed to produce executable
WARNING: program timed out.
FAIL: 28_regex/algorithms/regex_match/ecma/char/ungreedy.cc (test for excess errors)
UNRESOLVED: 28_regex/algorithms/regex_match/ecma/char/ungreedy.cc compilation failed to produce executable
WARNING: program timed out.
FAIL: 28_regex/algorithms/regex_match/extended/cstring_plus.cc (test for excess errors)
UNRESOLVED: 28_regex/algorithms/regex_match/extended/cstring_plus.cc compilation failed to produce executable
WARNING: program timed out.
FAIL: 28_regex/algorithms/regex_match/extended/cstring_questionmark.cc (test for excess errors)
UNRESOLVED: 28_regex/algorithms/regex_match/extended/cstring_questionmark.cc compilation failed to produce executable
WARNING: program timed out.
FAIL: 28_regex/algorithms/regex_match/extended/cstring_range.cc (test for excess errors)
UNRESOLVED: 28_regex/algorithms/regex_match/extended/cstring_range.cc compilation failed to produce executable
WARNING: program timed out.
FAIL: 28_regex/algorithms/regex_match/extended/string_any.cc (test for excess errors)
UNRESOLVED: 28_regex/algorithms/regex_match/extended/string_any.cc compilation failed to produce executable
WARNING: program timed out.
FAIL: 28_regex/algorithms/regex_match/extended/string_range_00_03.cc (test for excess errors)
UNRESOLVED: 28_regex/algorithms/regex_match/extended/string_range_00_03.cc compilation failed to produce executable
WARNING: program timed out.
FAIL: 28_regex/algorithms/regex_match/extended/string_range_01_03.cc (test for excess errors)
UNRESOLVED: 28_regex/algorithms/regex_match/extended/string_range_01_03.cc compilation failed to produce executable
WARNING: program timed out.
FAIL: 28_regex/algorithms/regex_match/extended/string_range_02_03.cc (test for excess errors)
UNRESOLVED: 28_regex/algorithms/regex_match/extended/string_range_02_03.cc compilation failed to produce executable
WARNING: program timed out.
FAIL: 28_regex/algorithms/regex_replace/char/51711.cc (test for excess errors)
WARNING: program timed out.
FAIL: 28_regex/algorithms/regex_replace/char/basic_replace.cc (test for excess errors)
UNRESOLVED: 28_regex/algorithms/regex_replace/char/basic_replace.cc compilation failed to produce executable
WARNING: program timed out.
FAIL: 28_regex/algorithms/regex_replace/char/dr2213.cc (test for excess errors)
UNRESOLVED: 28_regex/algorithms/regex_replace/char/dr2213.cc compilation failed to produce executable
WARNING: program timed out.
FAIL: 28_regex/algorithms/regex_search/61424.cc (test for excess errors)
UNRESOLVED: 28_regex/algorithms/regex_search/61424.cc compilation failed to produce executable
WARNING: program timed out.
FAIL: 28_regex/algorithms/regex_search/61720.cc (test for excess errors)
UNRESOLVED: 28_regex/algorithms/regex_search/61720.cc compilation failed to produce executable
WARNING: program timed out.
FAIL: 28_regex/algorithms/regex_search/basic/string_01.cc (test for excess errors)
UNRESOLVED: 28_regex/algorithms/regex_search/basic/string_01.cc compilation failed to produce executable
WARNING: program timed out.
FAIL: 28_regex/algorithms/regex_search/ecma/assertion.cc (test for excess errors)
UNRESOLVED: 28_regex/algorithms/regex_search/ecma/assertion.cc compilation failed to produce executable
WARNING: program timed out.
FAIL: 28_regex/algorithms/regex_search/ecma/flags.cc (test for excess errors)
UNRESOLVED: 28_regex/algorithms/regex_search/ecma/flags.cc compilation failed to produce executable
WARNING: program timed out.
FAIL: 28_regex/algorithms/regex_search/ecma/greedy.cc (test for excess errors)
UNRESOLVED: 28_regex/algorithms/regex_search/ecma/greedy.cc compilation failed to produce executable
WARNING: program timed out.
FAIL: 28_regex/algorithms/regex_search/ecma/string_01.cc (test for excess errors)
UNRESOLVED: 28_regex/algorithms/regex_search/ecma/string_01.cc compilation failed to produce executable
WARNING: program timed out.
FAIL: 28_regex/basic_regex/assign/char/cstring.cc (test for excess errors)
UNRESOLVED: 28_regex/basic_regex/assign/char/cstring.cc compilation failed to produce executable
WARNING: program timed out.
FAIL: 28_regex/basic_regex/assign/char/cstring_op.cc (test for excess errors)
WARNING: program timed out.
FAIL: 28_regex/basic_regex/assign/char/moveable.cc (test for excess errors)
UNRESOLVED: 28_regex/basic_regex/assign/char/moveable.cc compilation failed to produce executable
WARNING: program timed out.
FAIL: 28_regex/basic_regex/assign/char/pstring.cc (test for excess errors)
WARNING: program timed out.
FAIL: 28_regex/basic_regex/assign/char/range.cc (test for excess errors)
WARNING: program timed out.
FAIL: 28_regex/basic_regex/assign/char/string.cc (test for excess errors)
UNRESOLVED: 28_regex/basic_regex/assign/char/string.cc compilation failed to produce executable
WARNING: program timed out.
FAIL: 28_regex/basic_regex/assign/char/string_op.cc (test for excess errors)
WARNING: program timed out.
FAIL: 28_regex/basic_regex/ctors/47724.cc (test for excess errors)
UNRESOLVED: 28_regex/basic_regex/ctors/47724.cc compilation failed to produce executable
WARNING: program timed out.
FAIL: 28_regex/basic_regex/ctors/basic/cstring.cc (test for excess errors)
WARNING: program timed out.
FAIL: 28_regex/basic_regex/ctors/basic/pstring_char.cc (test for excess errors)
UNRESOLVED: 28_regex/basic_regex/ctors/basic/pstring_char.cc compilation failed to produce executable
WARNING: program timed out.
FAIL: 28_regex/basic_regex/ctors/basic/raw_string.cc (test for excess errors)
UNRESOLVED: 28_regex/basic_regex/ctors/basic/raw_string.cc compilation failed to produce executable
WARNING: program timed out.
FAIL: 28_regex/basic_regex/ctors/basic/string_range_01_02_03.cc (test for excess errors)
UNRESOLVED: 28_regex/basic_regex/ctors/basic/string_range_01_02_03.cc compilation failed to produce executable
WARNING: program timed out.
FAIL: 28_regex/basic_regex/ctors/char/cstring.cc (test for excess errors)
WARNING: program timed out.
FAIL: 28_regex/basic_regex/ctors/char/cstring_awk.cc (test for excess errors)
WARNING: program timed out.
FAIL: 28_regex/basic_regex/ctors/char/cstring_ecma.cc (test for excess errors)
WARNING: program timed out.
FAIL: 28_regex/basic_regex/ctors/char/cstring_egrep.cc (test for excess errors)
WARNING: program timed out.
FAIL: 28_regex/basic_regex/ctors/char/cstring_grep.cc (test for excess errors)
WARNING: program timed out.
FAIL: 28_regex/basic_regex/ctors/char/range.cc (test for excess errors)
WARNING: program timed out.
FAIL: 28_regex/basic_regex/ctors/copy_char.cc (test for excess errors)
UNRESOLVED: 28_regex/basic_regex/ctors/copy_char.cc compilation failed to produce executable
WARNING: program timed out.
FAIL: 28_regex/basic_regex/ctors/extended/cstring.cc (test for excess errors)
UNRESOLVED: 28_regex/basic_regex/ctors/extended/cstring.cc compilation failed to produce executable
WARNING: program timed out.
FAIL: 28_regex/basic_regex/ctors/extended/string_range_01_02_03.cc (test for excess errors)
UNRESOLVED: 28_regex/basic_regex/ctors/extended/string_range_01_02_03.cc compilation failed to produce executable
WARNING: program timed out.
FAIL: 28_regex/basic_regex/ctors/move_char.cc (test for excess errors)
UNRESOLVED: 28_regex/basic_regex/ctors/move_char.cc compilation failed to produce executable
WARNING: program timed out.
FAIL: 28_regex/basic_regex/ctors/string_char.cc (test for excess errors)
WARNING: program timed out.
FAIL: 28_regex/basic_regex/imbue/string.cc (test for excess errors)
UNRESOLVED: 28_regex/basic_regex/imbue/string.cc compilation failed to produce executable
WARNING: program timed out.
FAIL: 28_regex/basic_regex/multiple_quantifiers.cc (test for excess errors)
UNRESOLVED: 28_regex/basic_regex/multiple_quantifiers.cc compilation failed to produce executable
WARNING: program timed out.
FAIL: 28_regex/constants/syntax_option_type.cc (test for excess errors)
UNRESOLVED: 28_regex/constants/syntax_option_type.cc compilation failed to produce executable
WARNING: program timed out.
FAIL: 28_regex/init-list.cc (test for excess errors)
UNRESOLVED: 28_regex/init-list.cc compilation failed to produce executable
WARNING: program timed out.
FAIL: 28_regex/iterators/regex_iterator/char/64140.cc (test for excess errors)
UNRESOLVED: 28_regex/iterators/regex_iterator/char/64140.cc compilation failed to produce executable
WARNING: program timed out.
FAIL: 28_regex/iterators/regex_iterator/char/string_01.cc (test for excess errors)
UNRESOLVED: 28_regex/iterators/regex_iterator/char/string_01.cc compilation failed to produce executable
WARNING: program timed out.
FAIL: 28_regex/iterators/regex_iterator/char/string_position_01.cc (test for excess errors)
UNRESOLVED: 28_regex/iterators/regex_iterator/char/string_position_01.cc compilation failed to produce executable
WARNING: program timed out.
FAIL: 28_regex/iterators/regex_token_iterator/64303.cc (test for excess errors)
UNRESOLVED: 28_regex/iterators/regex_token_iterator/64303.cc compilation failed to produce executable
WARNING: program timed out.
FAIL: 28_regex/iterators/regex_token_iterator/char/string_01.cc (test for excess errors)
UNRESOLVED: 28_regex/iterators/regex_token_iterator/char/string_01.cc compilation failed to produce executable
WARNING: program timed out.
FAIL: 28_regex/match_results/format.cc (test for excess errors)
UNRESOLVED: 28_regex/match_results/format.cc compilation failed to produce executable
WARNING: program timed out.
FAIL: 28_regex/match_results/out_of_range_submatches.cc (test for excess errors)
UNRESOLVED: 28_regex/match_results/out_of_range_submatches.cc compilation failed to produce executable
WARNING: program timed out.
FAIL: 28_regex/match_results/swap.cc (test for excess errors)
UNRESOLVED: 28_regex/match_results/swap.cc compilation failed to produce executable
WARNING: program timed out.
FAIL: 28_regex/regression.cc (test for excess errors)
UNRESOLVED: 28_regex/regression.cc compilation failed to produce executable
WARNING: program timed out.
FAIL: 28_regex/traits/char/icase.cc (test for excess errors)
UNRESOLVED: 28_regex/traits/char/icase.cc compilation failed to produce executable
WARNING: program timed out.
FAIL: 28_regex/traits/char/user_defined.cc (test for excess errors)
UNRESOLVED: 28_regex/traits/char/user_defined.cc compilation failed to produce executable
FAIL: 30_threads/call_once/constexpr.cc (test for excess errors)
FAIL: 30_threads/mutex/cons/constexpr.cc (test for excess errors)
FAIL: 30_threads/once_flag/cons/constexpr.cc (test for excess errors)
WARNING: program timed out.
FAIL: ext/vstring/requirements/exception/basic.cc (test for excess errors)
UNRESOLVED: ext/vstring/requirements/exception/basic.cc compilation failed to produce executable
=== libstdc++ Summary ===
# of expected passes 8502
# of unexpected failures 103
# of expected failures 65
# of unresolved testcases 81
# of unsupported tests 877
Compiler version: 7.0.0 20170111 (experimental) [trunk revision 244302] (GCC)
Platform: hppa64-hp-hpux11.00
configure flags:Test Run By dave on Tue Jan 24 16:05:29 2017
More information about the Gcc-testresults
mailing list