Results for 5.4.0 (GCC) testsuite on powerpc-apple-darwin9
Iain Sandoe
iain@codesourcery.com
Mon Jan 30 07:45:00 GMT 2017
LAST_UPDATED: Fri Jun 3 10:45:21 UTC 2016 (revision 237057)
=== acats tests ===
FAIL: c52103x
FAIL: c52104x
=== acats Summary ===
# of expected passes 1538
# of unexpected failures 2
Native configuration is powerpc-apple-darwin9
=== g++ tests ===
Running target unix/-m32
FAIL: g++.dg/debug/dwarf2/imported-decl-2.C -std=gnu++11 scan-assembler-times ascii "AAAA\\\\\\\\0".*ascii "BBBB\\\\\\\\0".*DIE .0x[0-9a-f]*. DW_TAG_imported_declaration 1
FAIL: g++.dg/debug/dwarf2/imported-decl-2.C -std=gnu++14 scan-assembler-times ascii "AAAA\\\\\\\\0".*ascii "BBBB\\\\\\\\0".*DIE .0x[0-9a-f]*. DW_TAG_imported_declaration 1
FAIL: g++.dg/debug/dwarf2/imported-decl-2.C -std=gnu++98 scan-assembler-times ascii "AAAA\\\\\\\\0".*ascii "BBBB\\\\\\\\0".*DIE .0x[0-9a-f]*. DW_TAG_imported_declaration 1
FAIL: g++.dg/ext/alignof2.C -std=c++11 execution test
FAIL: g++.dg/ext/alignof2.C -std=c++14 execution test
FAIL: g++.dg/ext/alignof2.C -std=c++98 execution test
FAIL: g++.dg/ipa/pr67056.C scan-ipa-dump cp "Speculative outer type:struct CompositeClass"
UNRESOLVED: g++.dg/lto/pr65276 cp_lto_pr65276_0.o-cp_lto_pr65276_1.o execute -flto -O0 -std=c++11
FAIL: g++.dg/lto/pr65276 cp_lto_pr65276_0.o-cp_lto_pr65276_1.o link, -flto -O0 -std=c++11
FAIL: g++.dg/lto/pr65549 cp_lto_pr65549_0.o assemble, -std=gnu++14 -flto -g
FAIL: g++.dg/lto/pr65549 cp_lto_pr65549_0.o assemble, -std=gnu++14 -flto -g -O2 -fno-inline -flto-partition=max
UNRESOLVED: g++.dg/lto/pr65549 cp_lto_pr65549_0.o-cp_lto_pr65549_0.o execute -std=gnu++14 -flto -g
UNRESOLVED: g++.dg/lto/pr65549 cp_lto_pr65549_0.o-cp_lto_pr65549_0.o execute -std=gnu++14 -flto -g -O2 -fno-inline -flto-partition=max
UNRESOLVED: g++.dg/lto/pr65549 cp_lto_pr65549_0.o-cp_lto_pr65549_0.o link -std=gnu++14 -flto -g
UNRESOLVED: g++.dg/lto/pr65549 cp_lto_pr65549_0.o-cp_lto_pr65549_0.o link -std=gnu++14 -flto -g -O2 -fno-inline -flto-partition=max
FAIL: g++.dg/vect/pr36648.cc -std=c++11 scan-tree-dump-times vect "vectorized 1 loops" 1
FAIL: g++.dg/vect/pr36648.cc -std=c++11 scan-tree-dump-times vect "vectorizing stmts using SLP" 1
FAIL: g++.dg/vect/pr36648.cc -std=c++14 scan-tree-dump-times vect "vectorized 1 loops" 1
FAIL: g++.dg/vect/pr36648.cc -std=c++14 scan-tree-dump-times vect "vectorizing stmts using SLP" 1
FAIL: g++.dg/vect/pr36648.cc -std=c++98 scan-tree-dump-times vect "vectorized 1 loops" 1
FAIL: g++.dg/vect/pr36648.cc -std=c++98 scan-tree-dump-times vect "vectorizing stmts using SLP" 1
=== g++ Summary for unix/-m32 ===
# of expected passes 82337
# of unexpected failures 16
# of expected failures 285
# of unresolved testcases 5
# of unsupported tests 3844
Running target unix/-m64
FAIL: g++.dg/debug/dwarf2/imported-decl-2.C -std=gnu++11 scan-assembler-times ascii "AAAA\\\\\\\\0".*ascii "BBBB\\\\\\\\0".*DIE .0x[0-9a-f]*. DW_TAG_imported_declaration 1
FAIL: g++.dg/debug/dwarf2/imported-decl-2.C -std=gnu++14 scan-assembler-times ascii "AAAA\\\\\\\\0".*ascii "BBBB\\\\\\\\0".*DIE .0x[0-9a-f]*. DW_TAG_imported_declaration 1
FAIL: g++.dg/debug/dwarf2/imported-decl-2.C -std=gnu++98 scan-assembler-times ascii "AAAA\\\\\\\\0".*ascii "BBBB\\\\\\\\0".*DIE .0x[0-9a-f]*. DW_TAG_imported_declaration 1
FAIL: g++.dg/ipa/pr67056.C scan-ipa-dump cp "Speculative outer type:struct CompositeClass"
UNRESOLVED: g++.dg/lto/pr65276 cp_lto_pr65276_0.o-cp_lto_pr65276_1.o execute -flto -O0 -std=c++11
FAIL: g++.dg/lto/pr65276 cp_lto_pr65276_0.o-cp_lto_pr65276_1.o link, -flto -O0 -std=c++11
FAIL: g++.dg/lto/pr65549 cp_lto_pr65549_0.o assemble, -std=gnu++14 -flto -g
FAIL: g++.dg/lto/pr65549 cp_lto_pr65549_0.o assemble, -std=gnu++14 -flto -g -O2 -fno-inline -flto-partition=max
UNRESOLVED: g++.dg/lto/pr65549 cp_lto_pr65549_0.o-cp_lto_pr65549_0.o execute -std=gnu++14 -flto -g
UNRESOLVED: g++.dg/lto/pr65549 cp_lto_pr65549_0.o-cp_lto_pr65549_0.o execute -std=gnu++14 -flto -g -O2 -fno-inline -flto-partition=max
UNRESOLVED: g++.dg/lto/pr65549 cp_lto_pr65549_0.o-cp_lto_pr65549_0.o link -std=gnu++14 -flto -g
UNRESOLVED: g++.dg/lto/pr65549 cp_lto_pr65549_0.o-cp_lto_pr65549_0.o link -std=gnu++14 -flto -g -O2 -fno-inline -flto-partition=max
FAIL: g++.dg/vect/pr36648.cc -std=c++11 scan-tree-dump-times vect "vectorized 1 loops" 1
FAIL: g++.dg/vect/pr36648.cc -std=c++11 scan-tree-dump-times vect "vectorizing stmts using SLP" 1
FAIL: g++.dg/vect/pr36648.cc -std=c++14 scan-tree-dump-times vect "vectorized 1 loops" 1
FAIL: g++.dg/vect/pr36648.cc -std=c++14 scan-tree-dump-times vect "vectorizing stmts using SLP" 1
FAIL: g++.dg/vect/pr36648.cc -std=c++98 scan-tree-dump-times vect "vectorized 1 loops" 1
FAIL: g++.dg/vect/pr36648.cc -std=c++98 scan-tree-dump-times vect "vectorizing stmts using SLP" 1
=== g++ Summary for unix/-m64 ===
# of expected passes 84216
# of unexpected failures 13
# of expected failures 287
# of unresolved testcases 5
# of unsupported tests 3820
=== g++ Summary ===
# of expected passes 166553
# of unexpected failures 29
# of expected failures 572
# of unresolved testcases 10
# of unsupported tests 7664
/Volumes/scratch/10-5-leo/gcc-5-4-unpatched/gcc/testsuite/g++/../../xg++ version 5.4.0 (GCC)
=== gcc tests ===
Running target unix/-m32
FAIL: gcc.c-torture/execute/20141107-1.c -O0 execution test
FAIL: gcc.c-torture/execute/20141107-1.c -O1 execution test
FAIL: gcc.c-torture/execute/20141107-1.c -O2 execution test
FAIL: gcc.c-torture/execute/20141107-1.c -O2 -flto execution test
FAIL: gcc.c-torture/execute/20141107-1.c -O2 -flto -flto-partition=none execution test
FAIL: gcc.c-torture/execute/20141107-1.c -O3 -fomit-frame-pointer execution test
FAIL: gcc.c-torture/execute/20141107-1.c -O3 -g execution test
FAIL: gcc.c-torture/execute/20141107-1.c -Os execution test
FAIL: gcc.c-torture/execute/bcp-1.c -O3 -g (test for excess errors)
FAIL: gcc.dg/debug/pr65771.c -gstabs+ -O (test for excess errors)
FAIL: gcc.dg/debug/pr65771.c -gstabs+ -O3 (test for excess errors)
FAIL: gcc.dg/debug/pr65771.c -gstabs+1 -O (test for excess errors)
FAIL: gcc.dg/debug/pr65771.c -gstabs+1 -O3 (test for excess errors)
FAIL: gcc.dg/debug/pr65771.c -gstabs+3 -O (test for excess errors)
FAIL: gcc.dg/debug/pr65771.c -gstabs+3 -O3 (test for excess errors)
FAIL: gcc.dg/debug/dwarf2/pr53948.c scan-assembler .loc 1 8 0|[#/!][ \\t]+line 8
FAIL: gcc.dg/20020103-1.c scan-assembler-not LC[0-9]
FAIL: gcc.dg/atomic-flag.c execution test
FAIL: gcc.dg/pr56228.c (test for excess errors)
FAIL: gcc.dg/pr56837.c scan-tree-dump-times optimized "memset ..b, 1, 1024.;" 1
FAIL: gcc.dg/sms-8.c scan-rtl-dump-times sms "SMS succeeded" 0
FAIL: gcc.dg/uninit-19.c (test for warnings, line 22)
FAIL: gcc.dg/uninit-19.c (test for excess errors)
UNRESOLVED: gcc.dg/lto/pr61526 c_lto_pr61526_0.o-c_lto_pr61526_1.o execute -fPIC -flto -flto-partition=1to1
FAIL: gcc.dg/lto/pr61526 c_lto_pr61526_0.o-c_lto_pr61526_1.o link, -fPIC -flto -flto-partition=1to1
FAIL: gcc.dg/simulate-thread/atomic-other-int.c -O0 -g thread simulation test
FAIL: gcc.dg/simulate-thread/atomic-other-int.c -O2 -g thread simulation test
FAIL: gcc.dg/simulate-thread/atomic-other-int.c -O3 -g thread simulation test
FAIL: gcc.dg/simulate-thread/atomic-other-short.c -O0 -g thread simulation test
FAIL: gcc.dg/simulate-thread/atomic-other-short.c -O2 -g thread simulation test
FAIL: gcc.dg/simulate-thread/atomic-other-short.c -O3 -g thread simulation test
FAIL: gcc.dg/tree-ssa/ivopts-lt-2.c scan-tree-dump-times ivopts "PHI <p_" 1
FAIL: gcc.dg/tree-ssa/ivopts-lt-2.c scan-tree-dump-times ivopts "PHI" 1
FAIL: gcc.dg/tree-ssa/ivopts-lt-2.c scan-tree-dump-times ivopts "p_[0-9]* <" 1
FAIL: gcc.dg/tree-ssa/sra-12.c scan-tree-dump-times release_ssa "l;" 0
FAIL: gcc.dg/vect/costmodel/ppc/costmodel-bb-slp-9a-pr63175.c scan-assembler-not \\tlwz?u?x?
FAIL: gcc.dg/vect/costmodel/ppc/costmodel-bb-slp-9a-pr63175.c scan-assembler-not \\tstwu?x?
FAIL: gcc.dg/vect/costmodel/ppc/costmodel-vect-33.c scan-tree-dump-times vect "vectorization not profitable" 1
FAIL: gcc.dg/vect/no-vfa-vect-depend-2.c scan-tree-dump-times vect "vectorized 1 loops" 1
FAIL: gcc.dg/vect/no-vfa-vect-depend-3.c scan-tree-dump-times vect "vectorized 1 loops" 4
FAIL: gcc.dg/vect/vect-31.c -flto -ffat-lto-objects scan-tree-dump-times vect "vectorized 4 loops" 1
FAIL: gcc.dg/vect/vect-31.c scan-tree-dump-times vect "vectorized 4 loops" 1
FAIL: gcc.target/powerpc/darwin-bool-1.c (test for excess errors)
UNRESOLVED: gcc.target/powerpc/darwin-bool-1.c compilation failed to produce executable
UNRESOLVED: gcc.target/powerpc/dfmode_off.c object-size text == 320
UNRESOLVED: gcc.target/powerpc/dimode_off.c object-size text <= 640
FAIL: gcc.target/powerpc/pr64205.c (test for excess errors)
UNRESOLVED: gcc.target/powerpc/tfmode_off.c object-size text == 544
=== gcc Summary for unix/-m32 ===
# of expected passes 94376
# of unexpected failures 43
# of expected failures 234
# of unresolved testcases 5
# of unsupported tests 2267
Running target unix/-m64
FAIL: gcc.c-torture/execute/bcp-1.c -O3 -g (test for excess errors)
FAIL: gcc.c-torture/execute/struct-ret-1.c -O2 -flto (test for excess errors)
UNRESOLVED: gcc.c-torture/execute/struct-ret-1.c -O2 -flto compilation failed to produce executable
FAIL: gcc.c-torture/execute/struct-ret-1.c -O2 -flto -flto-partition=none (test for excess errors)
UNRESOLVED: gcc.c-torture/execute/struct-ret-1.c -O2 -flto -flto-partition=none compilation failed to produce executable
FAIL: gcc.dg/debug/pr65771.c -gstabs+ -O (test for excess errors)
FAIL: gcc.dg/debug/pr65771.c -gstabs+ -O3 (test for excess errors)
FAIL: gcc.dg/debug/pr65771.c -gstabs+1 -O (test for excess errors)
FAIL: gcc.dg/debug/pr65771.c -gstabs+1 -O3 (test for excess errors)
FAIL: gcc.dg/debug/pr65771.c -gstabs+3 -O (test for excess errors)
FAIL: gcc.dg/debug/pr65771.c -gstabs+3 -O3 (test for excess errors)
FAIL: gcc.dg/debug/dwarf2/pr53948.c scan-assembler .loc 1 8 0|[#/!][ \\t]+line 8
FAIL: gcc.dg/array-init-2.c execution test
FAIL: gcc.dg/darwin-segaddr.c execution test
FAIL: gcc.dg/ira-shrinkwrap-prep-2.c scan-rtl-dump pro_and_epilogue "Performing shrink-wrapping"
FAIL: gcc.dg/pr56228.c (test for excess errors)
FAIL: gcc.dg/sms-4.c scan-rtl-dump-times sms "SMS succeeded" 1
FAIL: gcc.dg/uninit-19.c (test for warnings, line 22)
FAIL: gcc.dg/uninit-19.c (test for excess errors)
UNRESOLVED: gcc.dg/lto/pr61526 c_lto_pr61526_0.o-c_lto_pr61526_1.o execute -fPIC -flto -flto-partition=1to1
FAIL: gcc.dg/lto/pr61526 c_lto_pr61526_0.o-c_lto_pr61526_1.o link, -fPIC -flto -flto-partition=1to1
FAIL: gcc.dg/tree-ssa/ivopts-lt-2.c scan-tree-dump-times ivopts "PHI <p_" 1
FAIL: gcc.dg/tree-ssa/ivopts-lt-2.c scan-tree-dump-times ivopts "PHI" 1
FAIL: gcc.dg/tree-ssa/ivopts-lt-2.c scan-tree-dump-times ivopts "p_[0-9]* <" 1
FAIL: gcc.dg/vect/costmodel/ppc/costmodel-bb-slp-9a-pr63175.c scan-assembler-not \\tlwz?u?x?
FAIL: gcc.dg/vect/costmodel/ppc/costmodel-bb-slp-9a-pr63175.c scan-assembler-not \\tstwu?x?
FAIL: gcc.dg/vect/costmodel/ppc/costmodel-pr37194.c scan-tree-dump-times vect "vectorization not profitable" 1
FAIL: gcc.dg/vect/costmodel/ppc/costmodel-pr37194.c scan-tree-dump-times vect "vectorized 1 loops" 1
FAIL: gcc.dg/vect/no-vfa-vect-depend-2.c scan-tree-dump-times vect "vectorized 1 loops" 1
FAIL: gcc.dg/vect/no-vfa-vect-depend-3.c scan-tree-dump-times vect "vectorized 1 loops" 4
FAIL: gcc.dg/vect/section-anchors-vect-69.c scan-tree-dump-times vect "Alignment of access forced using versioning" 4
FAIL: gcc.dg/vect/vect-31.c -flto -ffat-lto-objects scan-tree-dump-times vect "vectorized 4 loops" 1
FAIL: gcc.dg/vect/vect-31.c scan-tree-dump-times vect "vectorized 4 loops" 1
UNRESOLVED: gcc.target/powerpc/dfmode_off.c object-size text == 320
UNRESOLVED: gcc.target/powerpc/dimode_off.c object-size text == 440
FAIL: gcc.target/powerpc/optimize-bswapdi-3.c scan-assembler ldbrx
FAIL: gcc.target/powerpc/optimize-bswapdi-3.c scan-assembler stdbrx
UNRESOLVED: gcc.target/powerpc/tfmode_off.c object-size text == 544
UNRESOLVED: gcc.target/powerpc/timode_off.c object-size text <= 700
=== gcc Summary for unix/-m64 ===
# of expected passes 95122
# of unexpected failures 32
# of expected failures 250
# of unresolved testcases 7
# of unsupported tests 2245
=== gcc Summary ===
# of expected passes 189498
# of unexpected failures 75
# of expected failures 484
# of unresolved testcases 12
# of unsupported tests 4512
/Volumes/scratch/10-5-leo/gcc-5-4-unpatched/gcc/xgcc version 5.4.0 (GCC)
=== gfortran tests ===
Running target unix/-m32
FAIL: gfortran.dg/aliasing_array_result_1.f90 -O3 -g (test for excess errors)
FAIL: gfortran.dg/derived_constructor_comps_6.f90 -O1 execution test
FAIL: gfortran.dg/erf_3.F90 -O0 execution test
FAIL: gfortran.dg/erf_3.F90 -O1 execution test
FAIL: gfortran.dg/erf_3.F90 -O2 execution test
FAIL: gfortran.dg/erf_3.F90 -O3 -fomit-frame-pointer execution test
FAIL: gfortran.dg/erf_3.F90 -O3 -fomit-frame-pointer -funroll-all-loops -finline-functions execution test
FAIL: gfortran.dg/erf_3.F90 -O3 -fomit-frame-pointer -funroll-loops execution test
FAIL: gfortran.dg/erf_3.F90 -O3 -g execution test
FAIL: gfortran.dg/erf_3.F90 -Os execution test
FAIL: gfortran.dg/large_real_kind_3.F90 -O0 execution test
XPASS: gfortran.dg/namelist_utf8.f90 -O0 execution test
XPASS: gfortran.dg/namelist_utf8.f90 -O1 execution test
XPASS: gfortran.dg/namelist_utf8.f90 -O2 execution test
XPASS: gfortran.dg/namelist_utf8.f90 -O3 -fomit-frame-pointer execution test
XPASS: gfortran.dg/namelist_utf8.f90 -O3 -fomit-frame-pointer -funroll-all-loops -finline-functions execution test
XPASS: gfortran.dg/namelist_utf8.f90 -O3 -fomit-frame-pointer -funroll-loops execution test
XPASS: gfortran.dg/namelist_utf8.f90 -O3 -g execution test
XPASS: gfortran.dg/namelist_utf8.f90 -Os execution test
FAIL: gfortran.dg/select_type_15.f03 -O3 -g (test for excess errors)
FAIL: gfortran.dg/vect/pr48329.f90 -O scan-tree-dump-times vect "vectorized 1 loops" 1
=== gfortran Summary for unix/-m32 ===
# of expected passes 48905
# of unexpected failures 13
# of unexpected successes 8
# of expected failures 97
# of unsupported tests 254
Running target unix/-m64
FAIL: gfortran.dg/erf_3.F90 -O0 execution test
FAIL: gfortran.dg/erf_3.F90 -O1 execution test
FAIL: gfortran.dg/erf_3.F90 -O2 execution test
FAIL: gfortran.dg/erf_3.F90 -O3 -fomit-frame-pointer execution test
FAIL: gfortran.dg/erf_3.F90 -O3 -fomit-frame-pointer -funroll-all-loops -finline-functions execution test
FAIL: gfortran.dg/erf_3.F90 -O3 -fomit-frame-pointer -funroll-loops execution test
FAIL: gfortran.dg/erf_3.F90 -O3 -g execution test
FAIL: gfortran.dg/erf_3.F90 -Os execution test
FAIL: gfortran.dg/intrinsic_pack_1.f90 -O1 execution test
FAIL: gfortran.dg/intrinsic_pack_1.f90 -O2 execution test
FAIL: gfortran.dg/intrinsic_unpack_1.f90 -O1 execution test
FAIL: gfortran.dg/intrinsic_unpack_1.f90 -O2 execution test
FAIL: gfortran.dg/intrinsic_unpack_1.f90 -O3 -fomit-frame-pointer execution test
FAIL: gfortran.dg/intrinsic_unpack_1.f90 -O3 -fomit-frame-pointer -funroll-all-loops -finline-functions execution test
FAIL: gfortran.dg/intrinsic_unpack_1.f90 -O3 -fomit-frame-pointer -funroll-loops execution test
FAIL: gfortran.dg/intrinsic_unpack_1.f90 -O3 -g execution test
FAIL: gfortran.dg/large_real_kind_3.F90 -O0 execution test
XPASS: gfortran.dg/namelist_utf8.f90 -O0 execution test
XPASS: gfortran.dg/namelist_utf8.f90 -O1 execution test
XPASS: gfortran.dg/namelist_utf8.f90 -O2 execution test
XPASS: gfortran.dg/namelist_utf8.f90 -O3 -fomit-frame-pointer execution test
XPASS: gfortran.dg/namelist_utf8.f90 -O3 -fomit-frame-pointer -funroll-all-loops -finline-functions execution test
XPASS: gfortran.dg/namelist_utf8.f90 -O3 -fomit-frame-pointer -funroll-loops execution test
XPASS: gfortran.dg/namelist_utf8.f90 -O3 -g execution test
XPASS: gfortran.dg/namelist_utf8.f90 -Os execution test
FAIL: gfortran.dg/vect/pr48329.f90 -O scan-tree-dump-times vect "vectorized 1 loops" 1
=== gfortran Summary for unix/-m64 ===
# of expected passes 49226
# of unexpected failures 18
# of unexpected successes 8
# of expected failures 103
# of unsupported tests 93
=== gfortran Summary ===
# of expected passes 98131
# of unexpected failures 31
# of unexpected successes 16
# of expected failures 200
# of unsupported tests 347
/Volumes/scratch/10-5-leo/gcc-5-4-unpatched/gcc/testsuite/gfortran/../../gfortran version 5.4.0 (GCC)
=== gnat tests ===
Running target unix/-m32
FAIL: gnat.dg/alignment8.adb execution test
=== gnat Summary for unix/-m32 ===
# of expected passes 1305
# of unexpected failures 1
# of expected failures 20
# of unsupported tests 19
Running target unix/-m64
FAIL: gnat.dg/socket1.adb execution test
=== gnat Summary for unix/-m64 ===
# of expected passes 1305
# of unexpected failures 1
# of expected failures 20
# of unsupported tests 19
=== gnat Summary ===
# of expected passes 2610
# of unexpected failures 2
# of expected failures 40
# of unsupported tests 38
/Volumes/scratch/10-5-leo/gcc-5-4-unpatched/gcc/gnatmake version 5.4.0
=== obj-c++ tests ===
Running target unix/-m32
=== obj-c++ Summary for unix/-m32 ===
# of expected passes 3165
# of expected failures 2
# of unsupported tests 68
Running target unix/-m64
=== obj-c++ Summary for unix/-m64 ===
# of expected passes 3115
# of expected failures 19
# of unsupported tests 73
=== obj-c++ Summary ===
# of expected passes 6280
# of expected failures 21
# of unsupported tests 141
/Volumes/scratch/10-5-leo/gcc-5-4-unpatched/gcc/testsuite/obj-c++/../../xg++ version 5.4.0 (GCC)
=== objc tests ===
Running target unix/-m32
FAIL: objc.dg/ivar-scope-4.m -fnext-runtime execution test
=== objc Summary for unix/-m32 ===
# of expected passes 6149
# of unexpected failures 1
# of expected failures 4
# of unsupported tests 84
Running target unix/-m64
FAIL: objc.dg/ivar-scope-4.m -fnext-runtime execution test
=== objc Summary for unix/-m64 ===
# of expected passes 6103
# of unexpected failures 1
# of expected failures 8
# of unsupported tests 91
=== objc Summary ===
# of expected passes 12252
# of unexpected failures 2
# of expected failures 12
# of unsupported tests 175
/Volumes/scratch/10-5-leo/gcc-5-4-unpatched/gcc/xgcc version 5.4.0 (GCC)
=== libatomic tests ===
Running target unix/-m32
=== libatomic Summary for unix/-m32 ===
# of expected passes 44
# of unsupported tests 5
Running target unix/-m64
=== libatomic Summary for unix/-m64 ===
# of expected passes 54
=== libatomic Summary ===
# of expected passes 98
# of unsupported tests 5
=== libgomp tests ===
Running target unix/-m32
=== libgomp Summary for unix/-m32 ===
# of expected passes 5806
# of unsupported tests 298
Running target unix/-m64
FAIL: libgomp.fortran/nestedfn5.f90 -O1 (internal compiler error)
FAIL: libgomp.fortran/nestedfn5.f90 -O1 (test for excess errors)
UNRESOLVED: libgomp.fortran/nestedfn5.f90 -O1 compilation failed to produce executable
FAIL: libgomp.fortran/nestedfn5.f90 -O3 -fomit-frame-pointer (internal compiler error)
FAIL: libgomp.fortran/nestedfn5.f90 -O3 -fomit-frame-pointer (test for excess errors)
UNRESOLVED: libgomp.fortran/nestedfn5.f90 -O3 -fomit-frame-pointer compilation failed to produce executable
FAIL: libgomp.fortran/nestedfn5.f90 -O3 -fomit-frame-pointer -funroll-loops (internal compiler error)
FAIL: libgomp.fortran/nestedfn5.f90 -O3 -fomit-frame-pointer -funroll-loops (test for excess errors)
UNRESOLVED: libgomp.fortran/nestedfn5.f90 -O3 -fomit-frame-pointer -funroll-loops compilation failed to produce executable
FAIL: libgomp.fortran/nestedfn5.f90 -O3 -fomit-frame-pointer -funroll-all-loops -finline-functions (internal compiler error)
FAIL: libgomp.fortran/nestedfn5.f90 -O3 -fomit-frame-pointer -funroll-all-loops -finline-functions (test for excess errors)
UNRESOLVED: libgomp.fortran/nestedfn5.f90 -O3 -fomit-frame-pointer -funroll-all-loops -finline-functions compilation failed to produce executable
FAIL: libgomp.fortran/nestedfn5.f90 -O3 -g (internal compiler error)
FAIL: libgomp.fortran/nestedfn5.f90 -O3 -g (test for excess errors)
UNRESOLVED: libgomp.fortran/nestedfn5.f90 -O3 -g compilation failed to produce executable
=== libgomp Summary for unix/-m64 ===
# of expected passes 5796
# of unexpected failures 10
# of unresolved testcases 5
# of unsupported tests 298
=== libgomp Summary ===
# of expected passes 11602
# of unexpected failures 10
# of unresolved testcases 5
# of unsupported tests 596
=== libitm tests ===
Running target unix/-m32
=== libitm Summary for unix/-m32 ===
# of expected passes 26
# of expected failures 3
# of unsupported tests 1
Running target unix/-m64
=== libitm Summary for unix/-m64 ===
# of expected passes 26
# of expected failures 3
# of unsupported tests 1
=== libitm Summary ===
# of expected passes 52
# of expected failures 6
# of unsupported tests 2
=== libstdc++ tests ===
Running target unix/-m32
FAIL: 17_intro/headers/c++1998/all_attributes.cc (test for excess errors)
FAIL: 17_intro/headers/c++200x/all_attributes.cc (test for excess errors)
FAIL: 17_intro/headers/c++2014/all_attributes.cc (test for excess errors)
FAIL: ext/mt_allocator/deallocate_global_thread-1.cc execution test
FAIL: ext/mt_allocator/deallocate_global_thread-3.cc execution test
=== libstdc++ Summary for unix/-m32 ===
# of expected passes 9285
# of unexpected failures 5
# of expected failures 65
# of unsupported tests 702
Running target unix/-m64
FAIL: 17_intro/headers/c++1998/all_attributes.cc (test for excess errors)
FAIL: 17_intro/headers/c++200x/all_attributes.cc (test for excess errors)
FAIL: 17_intro/headers/c++2014/all_attributes.cc (test for excess errors)
FAIL: 21_strings/char_traits/requirements/short/1.cc execution test
FAIL: ext/mt_allocator/deallocate_global_thread-1.cc execution test
FAIL: ext/mt_allocator/deallocate_global_thread-3.cc execution test
=== libstdc++ Summary for unix/-m64 ===
# of expected passes 9282
# of unexpected failures 6
# of expected failures 65
# of unsupported tests 703
=== libstdc++ Summary ===
# of expected passes 18567
# of unexpected failures 11
# of expected failures 130
# of unsupported tests 1405
Compiler version: 5.4.0 (GCC)
Platform: powerpc-apple-darwin9
configure flags: --prefix=/opt/iains/powerpc-apple-darwin9/gcc-5-4-0 --target=powerpc-apple-darwin9 --host=powerpc-apple-darwin9 --build=powerpc-apple-darwin9 --enable-checking=release --disable-nls --enable-version-specific-runtime-libs --with-sysroot=/usr/local/darwin-toolchains/SDKs/darwin9 --enable-languages=c,c++,objc,obj-c++,fortran,lto,ada --with-as=/usr/bin/as --with-ld=/usr/bin/ld
More information about the Gcc-testresults
mailing list