Results for 7.0.1 20170125 (experimental) [trunk revision 244909] (Debian 20170125-1) testsuite on powerpc-unknown-linux-gnu
Matthias Klose
doko@debian.org
Thu Jan 26 17:57:00 GMT 2017
LAST_UPDATED: Wed Jan 25 22:44:50 UTC 2017 (revision 244909)
=== acats tests ===
=== acats Summary ===
# of expected passes 2320
# of unexpected failures 0
Native configuration is powerpc-unknown-linux-gnu
=== g++ tests ===
Running target unix
FAIL: c-c++-common/asan/heap-overflow-1.c -O1 output pattern test
FAIL: c-c++-common/asan/heap-overflow-1.c -O1 output pattern test
FAIL: c-c++-common/asan/heap-overflow-1.c -O2 output pattern test
FAIL: c-c++-common/asan/heap-overflow-1.c -O2 output pattern test
FAIL: c-c++-common/asan/heap-overflow-1.c -O2 -flto -fno-use-linker-plugin -flto-partition=none output pattern test
FAIL: c-c++-common/asan/heap-overflow-1.c -O2 -flto -fno-use-linker-plugin -flto-partition=none output pattern test
FAIL: c-c++-common/asan/heap-overflow-1.c -O2 -flto -fuse-linker-plugin -fno-fat-lto-objects output pattern test
FAIL: c-c++-common/asan/heap-overflow-1.c -O2 -flto -fuse-linker-plugin -fno-fat-lto-objects output pattern test
FAIL: c-c++-common/asan/heap-overflow-1.c -O3 -g output pattern test
FAIL: c-c++-common/asan/heap-overflow-1.c -O3 -g output pattern test
FAIL: c-c++-common/asan/heap-overflow-1.c -Os output pattern test
FAIL: c-c++-common/asan/heap-overflow-1.c -Os output pattern test
FAIL: c-c++-common/asan/sanity-check-pure-c-1.c -O1 output pattern test
FAIL: c-c++-common/asan/sanity-check-pure-c-1.c -O1 output pattern test
FAIL: c-c++-common/asan/sanity-check-pure-c-1.c -O2 output pattern test
FAIL: c-c++-common/asan/sanity-check-pure-c-1.c -O2 output pattern test
FAIL: c-c++-common/asan/sanity-check-pure-c-1.c -O2 -flto -fno-use-linker-plugin -flto-partition=none output pattern test
FAIL: c-c++-common/asan/sanity-check-pure-c-1.c -O2 -flto -fno-use-linker-plugin -flto-partition=none output pattern test
FAIL: c-c++-common/asan/sanity-check-pure-c-1.c -O2 -flto -fuse-linker-plugin -fno-fat-lto-objects output pattern test
FAIL: c-c++-common/asan/sanity-check-pure-c-1.c -O2 -flto -fuse-linker-plugin -fno-fat-lto-objects output pattern test
FAIL: c-c++-common/asan/sanity-check-pure-c-1.c -O3 -g output pattern test
FAIL: c-c++-common/asan/sanity-check-pure-c-1.c -O3 -g output pattern test
FAIL: c-c++-common/asan/sanity-check-pure-c-1.c -Os output pattern test
FAIL: c-c++-common/asan/sanity-check-pure-c-1.c -Os output pattern test
FAIL: c-c++-common/asan/strncpy-overflow-1.c -O1 output pattern test
FAIL: c-c++-common/asan/strncpy-overflow-1.c -O1 output pattern test
FAIL: c-c++-common/asan/strncpy-overflow-1.c -O2 output pattern test
FAIL: c-c++-common/asan/strncpy-overflow-1.c -O2 output pattern test
FAIL: c-c++-common/asan/strncpy-overflow-1.c -O2 -flto -fno-use-linker-plugin -flto-partition=none output pattern test
FAIL: c-c++-common/asan/strncpy-overflow-1.c -O2 -flto -fno-use-linker-plugin -flto-partition=none output pattern test
FAIL: c-c++-common/asan/strncpy-overflow-1.c -O2 -flto -fuse-linker-plugin -fno-fat-lto-objects output pattern test
FAIL: c-c++-common/asan/strncpy-overflow-1.c -O2 -flto -fuse-linker-plugin -fno-fat-lto-objects output pattern test
FAIL: c-c++-common/asan/strncpy-overflow-1.c -O3 -g output pattern test
FAIL: c-c++-common/asan/strncpy-overflow-1.c -O3 -g output pattern test
FAIL: c-c++-common/asan/strncpy-overflow-1.c -Os output pattern test
FAIL: c-c++-common/asan/strncpy-overflow-1.c -Os output pattern test
FAIL: c-c++-common/asan/use-after-free-1.c -O1 output pattern test
FAIL: c-c++-common/asan/use-after-free-1.c -O1 output pattern test
FAIL: c-c++-common/asan/use-after-free-1.c -O2 output pattern test
FAIL: c-c++-common/asan/use-after-free-1.c -O2 output pattern test
FAIL: c-c++-common/asan/use-after-free-1.c -O2 -flto -fno-use-linker-plugin -flto-partition=none output pattern test
FAIL: c-c++-common/asan/use-after-free-1.c -O2 -flto -fno-use-linker-plugin -flto-partition=none output pattern test
FAIL: c-c++-common/asan/use-after-free-1.c -O2 -flto -fuse-linker-plugin -fno-fat-lto-objects output pattern test
FAIL: c-c++-common/asan/use-after-free-1.c -O2 -flto -fuse-linker-plugin -fno-fat-lto-objects output pattern test
FAIL: c-c++-common/asan/use-after-free-1.c -O3 -g output pattern test
FAIL: c-c++-common/asan/use-after-free-1.c -O3 -g output pattern test
FAIL: c-c++-common/asan/use-after-free-1.c -Os output pattern test
FAIL: c-c++-common/asan/use-after-free-1.c -Os output pattern test
FAIL: g++.dg/asan/deep-stack-uaf-1.C -O0 output pattern test
FAIL: g++.dg/asan/deep-stack-uaf-1.C -O0 output pattern test
FAIL: g++.dg/asan/deep-stack-uaf-1.C -O1 output pattern test
FAIL: g++.dg/asan/deep-stack-uaf-1.C -O1 output pattern test
FAIL: g++.dg/asan/deep-stack-uaf-1.C -O2 output pattern test
FAIL: g++.dg/asan/deep-stack-uaf-1.C -O2 output pattern test
FAIL: g++.dg/asan/deep-stack-uaf-1.C -O3 -g output pattern test
FAIL: g++.dg/asan/deep-stack-uaf-1.C -O3 -g output pattern test
FAIL: g++.dg/asan/deep-stack-uaf-1.C -Os output pattern test
FAIL: g++.dg/asan/deep-stack-uaf-1.C -Os output pattern test
FAIL: c-c++-common/gomp/pr63326.c -std=gnu++14 (test for errors, line 230)
FAIL: c-c++-common/gomp/pr63326.c -std=gnu++14 (test for errors, line 93)
FAIL: c-c++-common/gomp/pr63326.c -std=gnu++14 (test for errors, line 96)
FAIL: c-c++-common/gomp/pr63326.c -std=gnu++14 (test for excess errors)
XPASS: g++.dg/tls/thread_local-order2.C -std=c++11 execution test
XPASS: g++.dg/tls/thread_local-order2.C -std=c++11 execution test
XPASS: g++.dg/tls/thread_local-order2.C -std=c++14 execution test
XPASS: g++.dg/tls/thread_local-order2.C -std=c++14 execution test
=== g++ Summary ===
# of expected passes 214070
# of unexpected failures 62
# of unexpected successes 4
# of expected failures 748
# of unsupported tests 9088
/build/gcc-snapshot-t9bSY8/gcc-snapshot-20170125/build/gcc/xg++ version 7.0.1 20170125 (experimental) [trunk revision 244909] (Debian 20170125-1)
=== gcc tests ===
Running target unix
FAIL: c-c++-common/asan/heap-overflow-1.c -O1 output pattern test
FAIL: c-c++-common/asan/heap-overflow-1.c -O1 output pattern test
FAIL: c-c++-common/asan/heap-overflow-1.c -O2 output pattern test
FAIL: c-c++-common/asan/heap-overflow-1.c -O2 output pattern test
FAIL: c-c++-common/asan/heap-overflow-1.c -O2 -flto -fno-use-linker-plugin -flto-partition=none output pattern test
FAIL: c-c++-common/asan/heap-overflow-1.c -O2 -flto -fno-use-linker-plugin -flto-partition=none output pattern test
FAIL: c-c++-common/asan/heap-overflow-1.c -O2 -flto -fuse-linker-plugin -fno-fat-lto-objects output pattern test
FAIL: c-c++-common/asan/heap-overflow-1.c -O2 -flto -fuse-linker-plugin -fno-fat-lto-objects output pattern test
FAIL: c-c++-common/asan/heap-overflow-1.c -O3 -g output pattern test
FAIL: c-c++-common/asan/heap-overflow-1.c -O3 -g output pattern test
FAIL: c-c++-common/asan/heap-overflow-1.c -Os output pattern test
FAIL: c-c++-common/asan/heap-overflow-1.c -Os output pattern test
FAIL: c-c++-common/asan/sanity-check-pure-c-1.c -O1 output pattern test
FAIL: c-c++-common/asan/sanity-check-pure-c-1.c -O1 output pattern test
FAIL: c-c++-common/asan/sanity-check-pure-c-1.c -O2 output pattern test
FAIL: c-c++-common/asan/sanity-check-pure-c-1.c -O2 output pattern test
FAIL: c-c++-common/asan/sanity-check-pure-c-1.c -O2 -flto -fno-use-linker-plugin -flto-partition=none output pattern test
FAIL: c-c++-common/asan/sanity-check-pure-c-1.c -O2 -flto -fno-use-linker-plugin -flto-partition=none output pattern test
FAIL: c-c++-common/asan/sanity-check-pure-c-1.c -O2 -flto -fuse-linker-plugin -fno-fat-lto-objects output pattern test
FAIL: c-c++-common/asan/sanity-check-pure-c-1.c -O2 -flto -fuse-linker-plugin -fno-fat-lto-objects output pattern test
FAIL: c-c++-common/asan/sanity-check-pure-c-1.c -O3 -g output pattern test
FAIL: c-c++-common/asan/sanity-check-pure-c-1.c -O3 -g output pattern test
FAIL: c-c++-common/asan/sanity-check-pure-c-1.c -Os output pattern test
FAIL: c-c++-common/asan/sanity-check-pure-c-1.c -Os output pattern test
FAIL: c-c++-common/asan/strncpy-overflow-1.c -O1 output pattern test
FAIL: c-c++-common/asan/strncpy-overflow-1.c -O1 output pattern test
FAIL: c-c++-common/asan/strncpy-overflow-1.c -O2 output pattern test
FAIL: c-c++-common/asan/strncpy-overflow-1.c -O2 output pattern test
FAIL: c-c++-common/asan/strncpy-overflow-1.c -O2 -flto -fno-use-linker-plugin -flto-partition=none output pattern test
FAIL: c-c++-common/asan/strncpy-overflow-1.c -O2 -flto -fno-use-linker-plugin -flto-partition=none output pattern test
FAIL: c-c++-common/asan/strncpy-overflow-1.c -O2 -flto -fuse-linker-plugin -fno-fat-lto-objects output pattern test
FAIL: c-c++-common/asan/strncpy-overflow-1.c -O2 -flto -fuse-linker-plugin -fno-fat-lto-objects output pattern test
FAIL: c-c++-common/asan/strncpy-overflow-1.c -O3 -g output pattern test
FAIL: c-c++-common/asan/strncpy-overflow-1.c -O3 -g output pattern test
FAIL: c-c++-common/asan/strncpy-overflow-1.c -Os output pattern test
FAIL: c-c++-common/asan/strncpy-overflow-1.c -Os output pattern test
FAIL: c-c++-common/asan/use-after-free-1.c -O1 output pattern test
FAIL: c-c++-common/asan/use-after-free-1.c -O1 output pattern test
FAIL: c-c++-common/asan/use-after-free-1.c -O2 output pattern test
FAIL: c-c++-common/asan/use-after-free-1.c -O2 output pattern test
FAIL: c-c++-common/asan/use-after-free-1.c -O2 -flto -fno-use-linker-plugin -flto-partition=none output pattern test
FAIL: c-c++-common/asan/use-after-free-1.c -O2 -flto -fno-use-linker-plugin -flto-partition=none output pattern test
FAIL: c-c++-common/asan/use-after-free-1.c -O2 -flto -fuse-linker-plugin -fno-fat-lto-objects output pattern test
FAIL: c-c++-common/asan/use-after-free-1.c -O2 -flto -fuse-linker-plugin -fno-fat-lto-objects output pattern test
FAIL: c-c++-common/asan/use-after-free-1.c -O3 -g output pattern test
FAIL: c-c++-common/asan/use-after-free-1.c -O3 -g output pattern test
FAIL: c-c++-common/asan/use-after-free-1.c -Os output pattern test
FAIL: c-c++-common/asan/use-after-free-1.c -Os output pattern test
UNRESOLVED: gcc.dg/asan/use-after-scope-9.c -O2 -flto -fuse-linker-plugin -fno-fat-lto-objects scan-tree-dump-times asan1 "= ASAN_POISON \\\\(\\\\)" 1
UNRESOLVED: gcc.dg/asan/use-after-scope-9.c -O2 -flto -fuse-linker-plugin -fno-fat-lto-objects scan-tree-dump-times asan1 "= ASAN_POISON \\\\(\\\\)" 1
FAIL: gcc.dg/Wdouble-promotion.c (test for warnings, line 56)
XPASS: gcc.dg/attr-alloc_size-11.c missing range info for short (test for warnings, line 50)
XPASS: gcc.dg/attr-alloc_size-11.c missing range info for short (test for warnings, line 50)
XPASS: gcc.dg/attr-alloc_size-11.c missing range info for signed char (test for warnings, line 49)
XPASS: gcc.dg/attr-alloc_size-11.c missing range info for signed char (test for warnings, line 49)
FAIL: gcc.dg/c99-vla-jump-1.c (test for excess errors)
FAIL: gcc.dg/pow-sqrt-synth-1.c scan-tree-dump-times sincos "synthesizing" 7
FAIL: gcc.dg/pow-sqrt-synth-1.c scan-tree-dump-times sincos "synthesizing" 7
FAIL: gcc.dg/pr59833.c execution test
FAIL: gcc.dg/pr59833.c execution test
FAIL: gcc.dg/sms-8.c scan-rtl-dump-times sms "SMS succeeded" 0
FAIL: gcc.dg/sms-8.c scan-rtl-dump-times sms "SMS succeeded" 0
FAIL: gcc.dg/format/ext-3.c (test for excess errors)
FAIL: gcc.dg/graphite/scop-dsyr2k.c scan-tree-dump-times graphite "number of SCoPs: 1" 1
FAIL: gcc.dg/graphite/scop-dsyr2k.c scan-tree-dump-times graphite "number of SCoPs: 1" 1
FAIL: gcc.dg/graphite/scop-dsyrk.c scan-tree-dump-times graphite "number of SCoPs: 1" 1
FAIL: gcc.dg/graphite/scop-dsyrk.c scan-tree-dump-times graphite "number of SCoPs: 1" 1
XPASS: gcc.dg/guality/example.c -O0 execution test
XPASS: gcc.dg/guality/example.c -O0 execution test
XPASS: gcc.dg/guality/example.c -O1 execution test
XPASS: gcc.dg/guality/example.c -O1 execution test
XPASS: gcc.dg/guality/example.c -O2 execution test
XPASS: gcc.dg/guality/example.c -O2 execution test
XPASS: gcc.dg/guality/example.c -O2 -flto -fno-use-linker-plugin -flto-partition=none execution test
XPASS: gcc.dg/guality/example.c -O2 -flto -fno-use-linker-plugin -flto-partition=none execution test
XPASS: gcc.dg/guality/guality.c -O0 execution test
XPASS: gcc.dg/guality/guality.c -O0 execution test
XPASS: gcc.dg/guality/guality.c -O1 execution test
XPASS: gcc.dg/guality/guality.c -O1 execution test
XPASS: gcc.dg/guality/guality.c -O2 execution test
XPASS: gcc.dg/guality/guality.c -O2 execution test
XPASS: gcc.dg/guality/guality.c -O2 -flto -fno-use-linker-plugin -flto-partition=none execution test
XPASS: gcc.dg/guality/guality.c -O2 -flto -fno-use-linker-plugin -flto-partition=none execution test
XPASS: gcc.dg/guality/guality.c -O2 -flto -fuse-linker-plugin -fno-fat-lto-objects execution test
XPASS: gcc.dg/guality/guality.c -O2 -flto -fuse-linker-plugin -fno-fat-lto-objects execution test
XPASS: gcc.dg/guality/guality.c -O3 -g execution test
XPASS: gcc.dg/guality/guality.c -O3 -g execution test
XPASS: gcc.dg/guality/guality.c -Os execution test
XPASS: gcc.dg/guality/guality.c -Os execution test
XPASS: gcc.dg/guality/inline-params.c -O2 execution test
XPASS: gcc.dg/guality/inline-params.c -O2 execution test
XPASS: gcc.dg/guality/inline-params.c -O2 -flto -fno-use-linker-plugin -flto-partition=none execution test
XPASS: gcc.dg/guality/inline-params.c -O2 -flto -fno-use-linker-plugin -flto-partition=none execution test
XPASS: gcc.dg/guality/inline-params.c -O3 -g execution test
XPASS: gcc.dg/guality/inline-params.c -O3 -g execution test
XPASS: gcc.dg/guality/inline-params.c -Os execution test
XPASS: gcc.dg/guality/inline-params.c -Os execution test
FAIL: gcc.dg/guality/nrv-1.c -O2 -flto -fuse-linker-plugin -fno-fat-lto-objects line 20 a2.i[0] == 42
FAIL: gcc.dg/guality/nrv-1.c -O2 -flto -fuse-linker-plugin -fno-fat-lto-objects line 20 a2.i[0] == 42
FAIL: gcc.dg/guality/pr36728-1.c -O2 -flto -fuse-linker-plugin -fno-fat-lto-objects line 16 y == 2
FAIL: gcc.dg/guality/pr36728-1.c -O2 -flto -fuse-linker-plugin -fno-fat-lto-objects line 16 y == 2
FAIL: gcc.dg/guality/pr36728-1.c -O3 -g line 18 y == 2
FAIL: gcc.dg/guality/pr36728-1.c -O3 -g line 18 y == 2
FAIL: gcc.dg/guality/pr36728-2.c -O2 line 18 y == 2
FAIL: gcc.dg/guality/pr36728-2.c -O2 line 18 y == 2
FAIL: gcc.dg/guality/pr36728-2.c -O2 -flto -fno-use-linker-plugin -flto-partition=none line 18 y == 2
FAIL: gcc.dg/guality/pr36728-2.c -O2 -flto -fno-use-linker-plugin -flto-partition=none line 18 y == 2
FAIL: gcc.dg/guality/pr36728-2.c -O2 -flto -fuse-linker-plugin -fno-fat-lto-objects line 16 arg1 == 1
FAIL: gcc.dg/guality/pr36728-2.c -O2 -flto -fuse-linker-plugin -fno-fat-lto-objects line 16 arg1 == 1
FAIL: gcc.dg/guality/pr36728-2.c -O2 -flto -fuse-linker-plugin -fno-fat-lto-objects line 16 arg2 == 2
FAIL: gcc.dg/guality/pr36728-2.c -O2 -flto -fuse-linker-plugin -fno-fat-lto-objects line 16 arg2 == 2
FAIL: gcc.dg/guality/pr36728-2.c -O2 -flto -fuse-linker-plugin -fno-fat-lto-objects line 16 arg3 == 3
FAIL: gcc.dg/guality/pr36728-2.c -O2 -flto -fuse-linker-plugin -fno-fat-lto-objects line 16 arg3 == 3
FAIL: gcc.dg/guality/pr36728-2.c -O2 -flto -fuse-linker-plugin -fno-fat-lto-objects line 16 arg4 == 4
FAIL: gcc.dg/guality/pr36728-2.c -O2 -flto -fuse-linker-plugin -fno-fat-lto-objects line 16 arg4 == 4
FAIL: gcc.dg/guality/pr36728-2.c -O2 -flto -fuse-linker-plugin -fno-fat-lto-objects line 16 arg5 == 5
FAIL: gcc.dg/guality/pr36728-2.c -O2 -flto -fuse-linker-plugin -fno-fat-lto-objects line 16 arg5 == 5
FAIL: gcc.dg/guality/pr36728-2.c -O2 -flto -fuse-linker-plugin -fno-fat-lto-objects line 16 arg6 == 6
FAIL: gcc.dg/guality/pr36728-2.c -O2 -flto -fuse-linker-plugin -fno-fat-lto-objects line 16 arg6 == 6
FAIL: gcc.dg/guality/pr36728-2.c -O2 -flto -fuse-linker-plugin -fno-fat-lto-objects line 16 arg7 == 30
FAIL: gcc.dg/guality/pr36728-2.c -O2 -flto -fuse-linker-plugin -fno-fat-lto-objects line 16 arg7 == 30
FAIL: gcc.dg/guality/pr36728-2.c -O2 -flto -fuse-linker-plugin -fno-fat-lto-objects line 16 y == 2
FAIL: gcc.dg/guality/pr36728-2.c -O2 -flto -fuse-linker-plugin -fno-fat-lto-objects line 16 y == 2
FAIL: gcc.dg/guality/pr36728-2.c -O2 -flto -fuse-linker-plugin -fno-fat-lto-objects line 18 arg1 == 1
FAIL: gcc.dg/guality/pr36728-2.c -O2 -flto -fuse-linker-plugin -fno-fat-lto-objects line 18 arg1 == 1
FAIL: gcc.dg/guality/pr36728-2.c -O2 -flto -fuse-linker-plugin -fno-fat-lto-objects line 18 arg2 == 2
FAIL: gcc.dg/guality/pr36728-2.c -O2 -flto -fuse-linker-plugin -fno-fat-lto-objects line 18 arg2 == 2
FAIL: gcc.dg/guality/pr36728-2.c -O2 -flto -fuse-linker-plugin -fno-fat-lto-objects line 18 arg3 == 3
FAIL: gcc.dg/guality/pr36728-2.c -O2 -flto -fuse-linker-plugin -fno-fat-lto-objects line 18 arg3 == 3
FAIL: gcc.dg/guality/pr36728-2.c -O2 -flto -fuse-linker-plugin -fno-fat-lto-objects line 18 arg4 == 4
FAIL: gcc.dg/guality/pr36728-2.c -O2 -flto -fuse-linker-plugin -fno-fat-lto-objects line 18 arg4 == 4
FAIL: gcc.dg/guality/pr36728-2.c -O2 -flto -fuse-linker-plugin -fno-fat-lto-objects line 18 arg5 == 5
FAIL: gcc.dg/guality/pr36728-2.c -O2 -flto -fuse-linker-plugin -fno-fat-lto-objects line 18 arg5 == 5
FAIL: gcc.dg/guality/pr36728-2.c -O2 -flto -fuse-linker-plugin -fno-fat-lto-objects line 18 arg6 == 6
FAIL: gcc.dg/guality/pr36728-2.c -O2 -flto -fuse-linker-plugin -fno-fat-lto-objects line 18 arg6 == 6
FAIL: gcc.dg/guality/pr36728-2.c -O2 -flto -fuse-linker-plugin -fno-fat-lto-objects line 18 arg7 == 30
FAIL: gcc.dg/guality/pr36728-2.c -O2 -flto -fuse-linker-plugin -fno-fat-lto-objects line 18 arg7 == 30
FAIL: gcc.dg/guality/pr36728-2.c -O3 -g line 16 arg1 == 1
FAIL: gcc.dg/guality/pr36728-2.c -O3 -g line 16 arg1 == 1
FAIL: gcc.dg/guality/pr36728-2.c -O3 -g line 16 arg2 == 2
FAIL: gcc.dg/guality/pr36728-2.c -O3 -g line 16 arg2 == 2
FAIL: gcc.dg/guality/pr36728-2.c -O3 -g line 16 arg3 == 3
FAIL: gcc.dg/guality/pr36728-2.c -O3 -g line 16 arg3 == 3
FAIL: gcc.dg/guality/pr36728-2.c -O3 -g line 16 arg4 == 4
FAIL: gcc.dg/guality/pr36728-2.c -O3 -g line 16 arg4 == 4
FAIL: gcc.dg/guality/pr36728-2.c -O3 -g line 16 arg5 == 5
FAIL: gcc.dg/guality/pr36728-2.c -O3 -g line 16 arg5 == 5
FAIL: gcc.dg/guality/pr36728-2.c -O3 -g line 16 arg6 == 6
FAIL: gcc.dg/guality/pr36728-2.c -O3 -g line 16 arg6 == 6
FAIL: gcc.dg/guality/pr36728-2.c -O3 -g line 16 arg7 == 30
FAIL: gcc.dg/guality/pr36728-2.c -O3 -g line 16 arg7 == 30
FAIL: gcc.dg/guality/pr36728-2.c -O3 -g line 18 arg1 == 1
FAIL: gcc.dg/guality/pr36728-2.c -O3 -g line 18 arg1 == 1
FAIL: gcc.dg/guality/pr36728-2.c -O3 -g line 18 arg2 == 2
FAIL: gcc.dg/guality/pr36728-2.c -O3 -g line 18 arg2 == 2
FAIL: gcc.dg/guality/pr36728-2.c -O3 -g line 18 arg3 == 3
FAIL: gcc.dg/guality/pr36728-2.c -O3 -g line 18 arg3 == 3
FAIL: gcc.dg/guality/pr36728-2.c -O3 -g line 18 arg4 == 4
FAIL: gcc.dg/guality/pr36728-2.c -O3 -g line 18 arg4 == 4
FAIL: gcc.dg/guality/pr36728-2.c -O3 -g line 18 arg5 == 5
FAIL: gcc.dg/guality/pr36728-2.c -O3 -g line 18 arg5 == 5
FAIL: gcc.dg/guality/pr36728-2.c -O3 -g line 18 arg6 == 6
FAIL: gcc.dg/guality/pr36728-2.c -O3 -g line 18 arg6 == 6
FAIL: gcc.dg/guality/pr36728-2.c -O3 -g line 18 arg7 == 30
FAIL: gcc.dg/guality/pr36728-2.c -O3 -g line 18 arg7 == 30
FAIL: gcc.dg/guality/pr36728-2.c -O3 -g line 18 y == 2
FAIL: gcc.dg/guality/pr36728-2.c -O3 -g line 18 y == 2
FAIL: gcc.dg/guality/pr36728-2.c -Os line 18 y == 2
FAIL: gcc.dg/guality/pr36728-2.c -Os line 18 y == 2
XPASS: gcc.dg/guality/pr41353-1.c -O0 line 28 j == 28 + 37
XPASS: gcc.dg/guality/pr41353-1.c -O0 line 28 j == 28 + 37
FAIL: gcc.dg/guality/pr41404-1.c -O2 -flto -fuse-linker-plugin -fno-fat-lto-objects line 10 *foo == 'f'
FAIL: gcc.dg/guality/pr41404-1.c -O2 -flto -fuse-linker-plugin -fno-fat-lto-objects line 10 *foo == 'f'
FAIL: gcc.dg/guality/pr41404-1.c -O2 -flto -fuse-linker-plugin -fno-fat-lto-objects line 14 *foo == 'b'
FAIL: gcc.dg/guality/pr41404-1.c -O2 -flto -fuse-linker-plugin -fno-fat-lto-objects line 14 *foo == 'b'
FAIL: gcc.dg/guality/pr41404-1.c -O2 -flto -fuse-linker-plugin -fno-fat-lto-objects line 24 *foo == 'f'
FAIL: gcc.dg/guality/pr41404-1.c -O2 -flto -fuse-linker-plugin -fno-fat-lto-objects line 24 *foo == 'f'
FAIL: gcc.dg/guality/pr41616-1.c -O2 -flto -fuse-linker-plugin -fno-fat-lto-objects execution test
FAIL: gcc.dg/guality/pr41616-1.c -O2 -flto -fuse-linker-plugin -fno-fat-lto-objects execution test
FAIL: gcc.dg/guality/pr45882.c -O2 -flto -fuse-linker-plugin -fno-fat-lto-objects line 16 d == 112
FAIL: gcc.dg/guality/pr45882.c -O2 -flto -fuse-linker-plugin -fno-fat-lto-objects line 16 d == 112
FAIL: gcc.dg/guality/pr45882.c -O2 -flto -fuse-linker-plugin -fno-fat-lto-objects line 16 e == 142
FAIL: gcc.dg/guality/pr45882.c -O2 -flto -fuse-linker-plugin -fno-fat-lto-objects line 16 e == 142
FAIL: gcc.dg/guality/pr54200.c -O1 line 20 z == 3
FAIL: gcc.dg/guality/pr54200.c -O1 line 20 z == 3
FAIL: gcc.dg/guality/pr54200.c -O2 line 20 z == 3
FAIL: gcc.dg/guality/pr54200.c -O2 line 20 z == 3
FAIL: gcc.dg/guality/pr54200.c -O2 -flto -fno-use-linker-plugin -flto-partition=none line 20 z == 3
FAIL: gcc.dg/guality/pr54200.c -O2 -flto -fno-use-linker-plugin -flto-partition=none line 20 z == 3
FAIL: gcc.dg/guality/pr54200.c -O3 -g line 20 z == 3
FAIL: gcc.dg/guality/pr54200.c -O3 -g line 20 z == 3
FAIL: gcc.dg/guality/pr54200.c -Os line 20 z == 3
FAIL: gcc.dg/guality/pr54200.c -Os line 20 z == 3
FAIL: gcc.dg/guality/pr54519-1.c -O2 -flto -fno-use-linker-plugin -flto-partition=none line 20 y == 25
FAIL: gcc.dg/guality/pr54519-1.c -O2 -flto -fno-use-linker-plugin -flto-partition=none line 20 y == 25
FAIL: gcc.dg/guality/pr54519-1.c -O2 -flto -fno-use-linker-plugin -flto-partition=none line 20 z == 6
FAIL: gcc.dg/guality/pr54519-1.c -O2 -flto -fno-use-linker-plugin -flto-partition=none line 20 z == 6
FAIL: gcc.dg/guality/pr54519-1.c -O2 -flto -fno-use-linker-plugin -flto-partition=none line 23 y == 117
FAIL: gcc.dg/guality/pr54519-1.c -O2 -flto -fno-use-linker-plugin -flto-partition=none line 23 y == 117
FAIL: gcc.dg/guality/pr54519-1.c -O2 -flto -fno-use-linker-plugin -flto-partition=none line 23 z == 8
FAIL: gcc.dg/guality/pr54519-1.c -O2 -flto -fno-use-linker-plugin -flto-partition=none line 23 z == 8
FAIL: gcc.dg/guality/pr54519-2.c -O2 -flto -fno-use-linker-plugin -flto-partition=none line 17 y == 25
FAIL: gcc.dg/guality/pr54519-2.c -O2 -flto -fno-use-linker-plugin -flto-partition=none line 17 y == 25
FAIL: gcc.dg/guality/pr54519-2.c -O2 -flto -fuse-linker-plugin -fno-fat-lto-objects line 17 y == 25
FAIL: gcc.dg/guality/pr54519-2.c -O2 -flto -fuse-linker-plugin -fno-fat-lto-objects line 17 y == 25
FAIL: gcc.dg/guality/pr54519-3.c -O2 -flto -fno-use-linker-plugin -flto-partition=none line 20 y == 25
FAIL: gcc.dg/guality/pr54519-3.c -O2 -flto -fno-use-linker-plugin -flto-partition=none line 20 y == 25
FAIL: gcc.dg/guality/pr54519-3.c -O2 -flto -fno-use-linker-plugin -flto-partition=none line 20 z == 6
FAIL: gcc.dg/guality/pr54519-3.c -O2 -flto -fno-use-linker-plugin -flto-partition=none line 20 z == 6
FAIL: gcc.dg/guality/pr54519-3.c -O2 -flto -fno-use-linker-plugin -flto-partition=none line 23 y == 117
FAIL: gcc.dg/guality/pr54519-3.c -O2 -flto -fno-use-linker-plugin -flto-partition=none line 23 y == 117
FAIL: gcc.dg/guality/pr54519-3.c -O2 -flto -fno-use-linker-plugin -flto-partition=none line 23 z == 8
FAIL: gcc.dg/guality/pr54519-3.c -O2 -flto -fno-use-linker-plugin -flto-partition=none line 23 z == 8
FAIL: gcc.dg/guality/pr54519-3.c -O2 -flto -fuse-linker-plugin -fno-fat-lto-objects line 20 y == 25
FAIL: gcc.dg/guality/pr54519-3.c -O2 -flto -fuse-linker-plugin -fno-fat-lto-objects line 20 y == 25
FAIL: gcc.dg/guality/pr54519-3.c -O2 -flto -fuse-linker-plugin -fno-fat-lto-objects line 20 z == 6
FAIL: gcc.dg/guality/pr54519-3.c -O2 -flto -fuse-linker-plugin -fno-fat-lto-objects line 20 z == 6
FAIL: gcc.dg/guality/pr54519-3.c -O2 -flto -fuse-linker-plugin -fno-fat-lto-objects line 23 y == 117
FAIL: gcc.dg/guality/pr54519-3.c -O2 -flto -fuse-linker-plugin -fno-fat-lto-objects line 23 y == 117
FAIL: gcc.dg/guality/pr54519-3.c -O2 -flto -fuse-linker-plugin -fno-fat-lto-objects line 23 z == 8
FAIL: gcc.dg/guality/pr54519-3.c -O2 -flto -fuse-linker-plugin -fno-fat-lto-objects line 23 z == 8
FAIL: gcc.dg/guality/pr54519-4.c -O2 -flto -fno-use-linker-plugin -flto-partition=none line 17 y == 25
FAIL: gcc.dg/guality/pr54519-4.c -O2 -flto -fno-use-linker-plugin -flto-partition=none line 17 y == 25
FAIL: gcc.dg/guality/pr54519-4.c -O2 -flto -fuse-linker-plugin -fno-fat-lto-objects line 17 y == 25
FAIL: gcc.dg/guality/pr54519-4.c -O2 -flto -fuse-linker-plugin -fno-fat-lto-objects line 17 y == 25
FAIL: gcc.dg/guality/pr54519-5.c -O2 -flto -fno-use-linker-plugin -flto-partition=none line 17 y == 25
FAIL: gcc.dg/guality/pr54519-5.c -O2 -flto -fno-use-linker-plugin -flto-partition=none line 17 y == 25
FAIL: gcc.dg/guality/pr54519-5.c -O2 -flto -fuse-linker-plugin -fno-fat-lto-objects line 17 y == 25
FAIL: gcc.dg/guality/pr54519-5.c -O2 -flto -fuse-linker-plugin -fno-fat-lto-objects line 17 y == 25
FAIL: gcc.dg/guality/pr54693-2.c -O2 line 21 z == 30 - 3 * i
FAIL: gcc.dg/guality/pr54693-2.c -O2 line 21 z == 30 - 3 * i
FAIL: gcc.dg/guality/pr54693-2.c -O2 -flto -fno-use-linker-plugin -flto-partition=none line 21 z == 30 - 3 * i
FAIL: gcc.dg/guality/pr54693-2.c -O2 -flto -fno-use-linker-plugin -flto-partition=none line 21 z == 30 - 3 * i
FAIL: gcc.dg/guality/pr54693-2.c -O2 -flto -fuse-linker-plugin -fno-fat-lto-objects line 21 y == 20 - 2 * i
FAIL: gcc.dg/guality/pr54693-2.c -O2 -flto -fuse-linker-plugin -fno-fat-lto-objects line 21 y == 20 - 2 * i
FAIL: gcc.dg/guality/pr54693-2.c -O2 -flto -fuse-linker-plugin -fno-fat-lto-objects line 21 z == 30 - 3 * i
FAIL: gcc.dg/guality/pr54693-2.c -O2 -flto -fuse-linker-plugin -fno-fat-lto-objects line 21 z == 30 - 3 * i
FAIL: gcc.dg/guality/pr54693-2.c -O3 -g line 21 z == 30 - 3 * i
FAIL: gcc.dg/guality/pr54693-2.c -O3 -g line 21 z == 30 - 3 * i
FAIL: gcc.dg/guality/pr54693-2.c -Os line 21 y == 20 - 2 * i
FAIL: gcc.dg/guality/pr54693-2.c -Os line 21 y == 20 - 2 * i
FAIL: gcc.dg/guality/pr54693-2.c -Os line 21 z == 30 - 3 * i
FAIL: gcc.dg/guality/pr54693-2.c -Os line 21 z == 30 - 3 * i
FAIL: gcc.dg/guality/pr54970.c -O1 line 15 a[0] == 1
FAIL: gcc.dg/guality/pr54970.c -O1 line 15 a[0] == 1
FAIL: gcc.dg/guality/pr54970.c -O1 line 20 a[0] == 1
FAIL: gcc.dg/guality/pr54970.c -O1 line 20 a[0] == 1
FAIL: gcc.dg/guality/pr54970.c -O1 line 25 a[0] == 1
FAIL: gcc.dg/guality/pr54970.c -O1 line 25 a[0] == 1
FAIL: gcc.dg/guality/pr54970.c -O1 line 31 a[0] == 4
FAIL: gcc.dg/guality/pr54970.c -O1 line 31 a[0] == 4
FAIL: gcc.dg/guality/pr54970.c -O1 line 36 a[0] == 4
FAIL: gcc.dg/guality/pr54970.c -O1 line 36 a[0] == 4
FAIL: gcc.dg/guality/pr54970.c -O1 line 45 a[0] == 4
FAIL: gcc.dg/guality/pr54970.c -O1 line 45 a[0] == 4
FAIL: gcc.dg/guality/pr54970.c -O1 line 45 p[-2] == 4
FAIL: gcc.dg/guality/pr54970.c -O1 line 45 p[-2] == 4
FAIL: gcc.dg/guality/pr54970.c -O1 line 45 q[-1] == 4
FAIL: gcc.dg/guality/pr54970.c -O1 line 45 q[-1] == 4
FAIL: gcc.dg/guality/pr54970.c -O2 line 15 a[0] == 1
FAIL: gcc.dg/guality/pr54970.c -O2 line 15 a[0] == 1
FAIL: gcc.dg/guality/pr54970.c -O2 line 20 a[0] == 1
FAIL: gcc.dg/guality/pr54970.c -O2 line 20 a[0] == 1
FAIL: gcc.dg/guality/pr54970.c -O2 line 25 a[0] == 1
FAIL: gcc.dg/guality/pr54970.c -O2 line 25 a[0] == 1
FAIL: gcc.dg/guality/pr54970.c -O2 line 31 a[0] == 4
FAIL: gcc.dg/guality/pr54970.c -O2 line 31 a[0] == 4
FAIL: gcc.dg/guality/pr54970.c -O2 line 36 a[0] == 4
FAIL: gcc.dg/guality/pr54970.c -O2 line 36 a[0] == 4
FAIL: gcc.dg/guality/pr54970.c -O2 line 45 a[0] == 4
FAIL: gcc.dg/guality/pr54970.c -O2 line 45 a[0] == 4
FAIL: gcc.dg/guality/pr54970.c -O2 line 45 p[-2] == 4
FAIL: gcc.dg/guality/pr54970.c -O2 line 45 p[-2] == 4
FAIL: gcc.dg/guality/pr54970.c -O2 line 45 q[-1] == 4
FAIL: gcc.dg/guality/pr54970.c -O2 line 45 q[-1] == 4
FAIL: gcc.dg/guality/pr54970.c -O2 -flto -fno-use-linker-plugin -flto-partition=none line 15 a[0] == 1
FAIL: gcc.dg/guality/pr54970.c -O2 -flto -fno-use-linker-plugin -flto-partition=none line 15 a[0] == 1
FAIL: gcc.dg/guality/pr54970.c -O2 -flto -fno-use-linker-plugin -flto-partition=none line 20 a[0] == 1
FAIL: gcc.dg/guality/pr54970.c -O2 -flto -fno-use-linker-plugin -flto-partition=none line 20 a[0] == 1
FAIL: gcc.dg/guality/pr54970.c -O2 -flto -fno-use-linker-plugin -flto-partition=none line 25 a[0] == 1
FAIL: gcc.dg/guality/pr54970.c -O2 -flto -fno-use-linker-plugin -flto-partition=none line 25 a[0] == 1
FAIL: gcc.dg/guality/pr54970.c -O2 -flto -fno-use-linker-plugin -flto-partition=none line 31 a[0] == 4
FAIL: gcc.dg/guality/pr54970.c -O2 -flto -fno-use-linker-plugin -flto-partition=none line 31 a[0] == 4
FAIL: gcc.dg/guality/pr54970.c -O2 -flto -fno-use-linker-plugin -flto-partition=none line 36 a[0] == 4
FAIL: gcc.dg/guality/pr54970.c -O2 -flto -fno-use-linker-plugin -flto-partition=none line 36 a[0] == 4
FAIL: gcc.dg/guality/pr54970.c -O2 -flto -fno-use-linker-plugin -flto-partition=none line 45 a[0] == 4
FAIL: gcc.dg/guality/pr54970.c -O2 -flto -fno-use-linker-plugin -flto-partition=none line 45 a[0] == 4
FAIL: gcc.dg/guality/pr54970.c -O2 -flto -fno-use-linker-plugin -flto-partition=none line 45 p[-2] == 4
FAIL: gcc.dg/guality/pr54970.c -O2 -flto -fno-use-linker-plugin -flto-partition=none line 45 p[-2] == 4
FAIL: gcc.dg/guality/pr54970.c -O2 -flto -fno-use-linker-plugin -flto-partition=none line 45 q[-1] == 4
FAIL: gcc.dg/guality/pr54970.c -O2 -flto -fno-use-linker-plugin -flto-partition=none line 45 q[-1] == 4
FAIL: gcc.dg/guality/pr54970.c -O2 -flto -fuse-linker-plugin -fno-fat-lto-objects line 15 a[0] == 1
FAIL: gcc.dg/guality/pr54970.c -O2 -flto -fuse-linker-plugin -fno-fat-lto-objects line 15 a[0] == 1
FAIL: gcc.dg/guality/pr54970.c -O2 -flto -fuse-linker-plugin -fno-fat-lto-objects line 20 a[0] == 1
FAIL: gcc.dg/guality/pr54970.c -O2 -flto -fuse-linker-plugin -fno-fat-lto-objects line 20 a[0] == 1
FAIL: gcc.dg/guality/pr54970.c -O2 -flto -fuse-linker-plugin -fno-fat-lto-objects line 25 a[0] == 1
FAIL: gcc.dg/guality/pr54970.c -O2 -flto -fuse-linker-plugin -fno-fat-lto-objects line 25 a[0] == 1
FAIL: gcc.dg/guality/pr54970.c -O2 -flto -fuse-linker-plugin -fno-fat-lto-objects line 31 a[0] == 4
FAIL: gcc.dg/guality/pr54970.c -O2 -flto -fuse-linker-plugin -fno-fat-lto-objects line 31 a[0] == 4
FAIL: gcc.dg/guality/pr54970.c -O2 -flto -fuse-linker-plugin -fno-fat-lto-objects line 36 a[0] == 4
FAIL: gcc.dg/guality/pr54970.c -O2 -flto -fuse-linker-plugin -fno-fat-lto-objects line 36 a[0] == 4
FAIL: gcc.dg/guality/pr54970.c -O2 -flto -fuse-linker-plugin -fno-fat-lto-objects line 45 a[0] == 4
FAIL: gcc.dg/guality/pr54970.c -O2 -flto -fuse-linker-plugin -fno-fat-lto-objects line 45 a[0] == 4
FAIL: gcc.dg/guality/pr54970.c -O2 -flto -fuse-linker-plugin -fno-fat-lto-objects line 45 p[-2] == 4
FAIL: gcc.dg/guality/pr54970.c -O2 -flto -fuse-linker-plugin -fno-fat-lto-objects line 45 p[-2] == 4
FAIL: gcc.dg/guality/pr54970.c -O2 -flto -fuse-linker-plugin -fno-fat-lto-objects line 45 q[-1] == 4
FAIL: gcc.dg/guality/pr54970.c -O2 -flto -fuse-linker-plugin -fno-fat-lto-objects line 45 q[-1] == 4
FAIL: gcc.dg/guality/pr54970.c -O3 -g line 15 a[0] == 1
FAIL: gcc.dg/guality/pr54970.c -O3 -g line 15 a[0] == 1
FAIL: gcc.dg/guality/pr54970.c -O3 -g line 20 a[0] == 1
FAIL: gcc.dg/guality/pr54970.c -O3 -g line 20 a[0] == 1
FAIL: gcc.dg/guality/pr54970.c -O3 -g line 25 a[0] == 1
FAIL: gcc.dg/guality/pr54970.c -O3 -g line 25 a[0] == 1
FAIL: gcc.dg/guality/pr54970.c -O3 -g line 31 a[0] == 4
FAIL: gcc.dg/guality/pr54970.c -O3 -g line 31 a[0] == 4
FAIL: gcc.dg/guality/pr54970.c -O3 -g line 36 a[0] == 4
FAIL: gcc.dg/guality/pr54970.c -O3 -g line 36 a[0] == 4
FAIL: gcc.dg/guality/pr54970.c -O3 -g line 45 a[0] == 4
FAIL: gcc.dg/guality/pr54970.c -O3 -g line 45 a[0] == 4
FAIL: gcc.dg/guality/pr54970.c -O3 -g line 45 p[-2] == 4
FAIL: gcc.dg/guality/pr54970.c -O3 -g line 45 p[-2] == 4
FAIL: gcc.dg/guality/pr54970.c -O3 -g line 45 q[-1] == 4
FAIL: gcc.dg/guality/pr54970.c -O3 -g line 45 q[-1] == 4
FAIL: gcc.dg/guality/pr54970.c -Os line 15 a[0] == 1
FAIL: gcc.dg/guality/pr54970.c -Os line 15 a[0] == 1
FAIL: gcc.dg/guality/pr54970.c -Os line 20 a[0] == 1
FAIL: gcc.dg/guality/pr54970.c -Os line 20 a[0] == 1
FAIL: gcc.dg/guality/pr54970.c -Os line 25 a[0] == 1
FAIL: gcc.dg/guality/pr54970.c -Os line 25 a[0] == 1
FAIL: gcc.dg/guality/pr54970.c -Os line 31 a[0] == 4
FAIL: gcc.dg/guality/pr54970.c -Os line 31 a[0] == 4
FAIL: gcc.dg/guality/pr54970.c -Os line 36 a[0] == 4
FAIL: gcc.dg/guality/pr54970.c -Os line 36 a[0] == 4
FAIL: gcc.dg/guality/pr54970.c -Os line 45 a[0] == 4
FAIL: gcc.dg/guality/pr54970.c -Os line 45 a[0] == 4
FAIL: gcc.dg/guality/pr54970.c -Os line 45 p[-2] == 4
FAIL: gcc.dg/guality/pr54970.c -Os line 45 p[-2] == 4
FAIL: gcc.dg/guality/pr54970.c -Os line 45 q[-1] == 4
FAIL: gcc.dg/guality/pr54970.c -Os line 45 q[-1] == 4
FAIL: gcc.dg/guality/pr68860-1.c -O2 -flto -fno-use-linker-plugin -flto-partition=none line 14 arg1 == 1
FAIL: gcc.dg/guality/pr68860-1.c -O2 -flto -fno-use-linker-plugin -flto-partition=none line 14 arg1 == 1
FAIL: gcc.dg/guality/pr68860-1.c -O2 -flto -fno-use-linker-plugin -flto-partition=none line 14 arg2 == 2
FAIL: gcc.dg/guality/pr68860-1.c -O2 -flto -fno-use-linker-plugin -flto-partition=none line 14 arg2 == 2
FAIL: gcc.dg/guality/pr68860-1.c -O2 -flto -fno-use-linker-plugin -flto-partition=none line 14 arg3 == 3
FAIL: gcc.dg/guality/pr68860-1.c -O2 -flto -fno-use-linker-plugin -flto-partition=none line 14 arg3 == 3
FAIL: gcc.dg/guality/pr68860-1.c -O2 -flto -fno-use-linker-plugin -flto-partition=none line 14 arg4 == 4
FAIL: gcc.dg/guality/pr68860-1.c -O2 -flto -fno-use-linker-plugin -flto-partition=none line 14 arg4 == 4
FAIL: gcc.dg/guality/pr68860-1.c -O2 -flto -fno-use-linker-plugin -flto-partition=none line 14 arg5 == 5
FAIL: gcc.dg/guality/pr68860-1.c -O2 -flto -fno-use-linker-plugin -flto-partition=none line 14 arg5 == 5
FAIL: gcc.dg/guality/pr68860-1.c -O2 -flto -fno-use-linker-plugin -flto-partition=none line 14 arg6 == 6
FAIL: gcc.dg/guality/pr68860-1.c -O2 -flto -fno-use-linker-plugin -flto-partition=none line 14 arg6 == 6
FAIL: gcc.dg/guality/pr68860-1.c -O2 -flto -fno-use-linker-plugin -flto-partition=none line 16 arg1 == 1
FAIL: gcc.dg/guality/pr68860-1.c -O2 -flto -fno-use-linker-plugin -flto-partition=none line 16 arg1 == 1
FAIL: gcc.dg/guality/pr68860-1.c -O2 -flto -fno-use-linker-plugin -flto-partition=none line 16 arg2 == 2
FAIL: gcc.dg/guality/pr68860-1.c -O2 -flto -fno-use-linker-plugin -flto-partition=none line 16 arg2 == 2
FAIL: gcc.dg/guality/pr68860-1.c -O2 -flto -fno-use-linker-plugin -flto-partition=none line 16 arg3 == 3
FAIL: gcc.dg/guality/pr68860-1.c -O2 -flto -fno-use-linker-plugin -flto-partition=none line 16 arg3 == 3
FAIL: gcc.dg/guality/pr68860-1.c -O2 -flto -fno-use-linker-plugin -flto-partition=none line 16 arg4 == 4
FAIL: gcc.dg/guality/pr68860-1.c -O2 -flto -fno-use-linker-plugin -flto-partition=none line 16 arg4 == 4
FAIL: gcc.dg/guality/pr68860-1.c -O2 -flto -fno-use-linker-plugin -flto-partition=none line 16 arg5 == 5
FAIL: gcc.dg/guality/pr68860-1.c -O2 -flto -fno-use-linker-plugin -flto-partition=none line 16 arg5 == 5
FAIL: gcc.dg/guality/pr68860-1.c -O2 -flto -fno-use-linker-plugin -flto-partition=none line 16 arg6 == 6
FAIL: gcc.dg/guality/pr68860-1.c -O2 -flto -fno-use-linker-plugin -flto-partition=none line 16 arg6 == 6
FAIL: gcc.dg/guality/pr68860-1.c -O2 -flto -fuse-linker-plugin -fno-fat-lto-objects line 14 arg1 == 1
FAIL: gcc.dg/guality/pr68860-1.c -O2 -flto -fuse-linker-plugin -fno-fat-lto-objects line 14 arg1 == 1
FAIL: gcc.dg/guality/pr68860-1.c -O2 -flto -fuse-linker-plugin -fno-fat-lto-objects line 14 arg2 == 2
FAIL: gcc.dg/guality/pr68860-1.c -O2 -flto -fuse-linker-plugin -fno-fat-lto-objects line 14 arg2 == 2
FAIL: gcc.dg/guality/pr68860-1.c -O2 -flto -fuse-linker-plugin -fno-fat-lto-objects line 14 arg3 == 3
FAIL: gcc.dg/guality/pr68860-1.c -O2 -flto -fuse-linker-plugin -fno-fat-lto-objects line 14 arg3 == 3
FAIL: gcc.dg/guality/pr68860-1.c -O2 -flto -fuse-linker-plugin -fno-fat-lto-objects line 14 arg4 == 4
FAIL: gcc.dg/guality/pr68860-1.c -O2 -flto -fuse-linker-plugin -fno-fat-lto-objects line 14 arg4 == 4
FAIL: gcc.dg/guality/pr68860-1.c -O2 -flto -fuse-linker-plugin -fno-fat-lto-objects line 14 arg5 == 5
FAIL: gcc.dg/guality/pr68860-1.c -O2 -flto -fuse-linker-plugin -fno-fat-lto-objects line 14 arg5 == 5
FAIL: gcc.dg/guality/pr68860-1.c -O2 -flto -fuse-linker-plugin -fno-fat-lto-objects line 14 arg6 == 6
FAIL: gcc.dg/guality/pr68860-1.c -O2 -flto -fuse-linker-plugin -fno-fat-lto-objects line 14 arg6 == 6
FAIL: gcc.dg/guality/pr68860-1.c -O2 -flto -fuse-linker-plugin -fno-fat-lto-objects line 16 arg1 == 1
FAIL: gcc.dg/guality/pr68860-1.c -O2 -flto -fuse-linker-plugin -fno-fat-lto-objects line 16 arg1 == 1
FAIL: gcc.dg/guality/pr68860-1.c -O2 -flto -fuse-linker-plugin -fno-fat-lto-objects line 16 arg2 == 2
FAIL: gcc.dg/guality/pr68860-1.c -O2 -flto -fuse-linker-plugin -fno-fat-lto-objects line 16 arg2 == 2
FAIL: gcc.dg/guality/pr68860-1.c -O2 -flto -fuse-linker-plugin -fno-fat-lto-objects line 16 arg3 == 3
FAIL: gcc.dg/guality/pr68860-1.c -O2 -flto -fuse-linker-plugin -fno-fat-lto-objects line 16 arg3 == 3
FAIL: gcc.dg/guality/pr68860-1.c -O2 -flto -fuse-linker-plugin -fno-fat-lto-objects line 16 arg4 == 4
FAIL: gcc.dg/guality/pr68860-1.c -O2 -flto -fuse-linker-plugin -fno-fat-lto-objects line 16 arg4 == 4
FAIL: gcc.dg/guality/pr68860-1.c -O2 -flto -fuse-linker-plugin -fno-fat-lto-objects line 16 arg5 == 5
FAIL: gcc.dg/guality/pr68860-1.c -O2 -flto -fuse-linker-plugin -fno-fat-lto-objects line 16 arg5 == 5
FAIL: gcc.dg/guality/pr68860-1.c -O2 -flto -fuse-linker-plugin -fno-fat-lto-objects line 16 arg6 == 6
FAIL: gcc.dg/guality/pr68860-1.c -O2 -flto -fuse-linker-plugin -fno-fat-lto-objects line 16 arg6 == 6
FAIL: gcc.dg/guality/pr69947.c -O1 line 14 b[4] == 'e'
FAIL: gcc.dg/guality/pr69947.c -O1 line 14 b[4] == 'e'
FAIL: gcc.dg/guality/pr69947.c -O2 line 14 b[4] == 'e'
FAIL: gcc.dg/guality/pr69947.c -O2 line 14 b[4] == 'e'
FAIL: gcc.dg/guality/pr69947.c -O2 -flto -fno-use-linker-plugin -flto-partition=none line 14 b[4] == 'e'
FAIL: gcc.dg/guality/pr69947.c -O2 -flto -fno-use-linker-plugin -flto-partition=none line 14 b[4] == 'e'
FAIL: gcc.dg/guality/pr69947.c -O2 -flto -fno-use-linker-plugin -flto-partition=none line 14 c[2] == 'o'
FAIL: gcc.dg/guality/pr69947.c -O2 -flto -fno-use-linker-plugin -flto-partition=none line 14 c[2] == 'o'
FAIL: gcc.dg/guality/pr69947.c -O2 -flto -fuse-linker-plugin -fno-fat-lto-objects line 14 b[4] == 'e'
FAIL: gcc.dg/guality/pr69947.c -O2 -flto -fuse-linker-plugin -fno-fat-lto-objects line 14 b[4] == 'e'
FAIL: gcc.dg/guality/pr69947.c -O2 -flto -fuse-linker-plugin -fno-fat-lto-objects line 14 c[2] == 'o'
FAIL: gcc.dg/guality/pr69947.c -O2 -flto -fuse-linker-plugin -fno-fat-lto-objects line 14 c[2] == 'o'
FAIL: gcc.dg/guality/pr69947.c -O3 -g line 14 b[4] == 'e'
FAIL: gcc.dg/guality/pr69947.c -O3 -g line 14 b[4] == 'e'
FAIL: gcc.dg/guality/pr69947.c -Os line 14 b[4] == 'e'
FAIL: gcc.dg/guality/pr69947.c -Os line 14 b[4] == 'e'
FAIL: gcc.dg/guality/sra-1.c -O1 line 43 a.j == 14
FAIL: gcc.dg/guality/sra-1.c -O1 line 43 a.j == 14
FAIL: gcc.dg/guality/sra-1.c -O2 line 43 a.j == 14
FAIL: gcc.dg/guality/sra-1.c -O2 line 43 a.j == 14
FAIL: gcc.dg/guality/sra-1.c -O2 -flto -fno-use-linker-plugin -flto-partition=none line 43 a.j == 14
FAIL: gcc.dg/guality/sra-1.c -O2 -flto -fno-use-linker-plugin -flto-partition=none line 43 a.j == 14
FAIL: gcc.dg/guality/sra-1.c -O2 -flto -fuse-linker-plugin -fno-fat-lto-objects line 43 a.j == 14
FAIL: gcc.dg/guality/sra-1.c -O2 -flto -fuse-linker-plugin -fno-fat-lto-objects line 43 a.j == 14
FAIL: gcc.dg/guality/sra-1.c -O3 -g line 43 a.j == 14
FAIL: gcc.dg/guality/sra-1.c -O3 -g line 43 a.j == 14
FAIL: gcc.dg/guality/sra-1.c -Os line 43 a.j == 14
FAIL: gcc.dg/guality/sra-1.c -Os line 43 a.j == 14
FAIL: gcc.dg/guality/vla-1.c -O1 line 17 sizeof (a) == 6
FAIL: gcc.dg/guality/vla-1.c -O1 line 17 sizeof (a) == 6
FAIL: gcc.dg/guality/vla-1.c -O2 line 17 sizeof (a) == 6
FAIL: gcc.dg/guality/vla-1.c -O2 line 17 sizeof (a) == 6
FAIL: gcc.dg/guality/vla-1.c -O2 -flto -fno-use-linker-plugin -flto-partition=none line 17 sizeof (a) == 6
FAIL: gcc.dg/guality/vla-1.c -O2 -flto -fno-use-linker-plugin -flto-partition=none line 17 sizeof (a) == 6
FAIL: gcc.dg/guality/vla-1.c -O2 -flto -fuse-linker-plugin -fno-fat-lto-objects line 17 sizeof (a) == 6
FAIL: gcc.dg/guality/vla-1.c -O2 -flto -fuse-linker-plugin -fno-fat-lto-objects line 17 sizeof (a) == 6
FAIL: gcc.dg/guality/vla-1.c -O3 -g line 17 sizeof (a) == 6
FAIL: gcc.dg/guality/vla-1.c -O3 -g line 17 sizeof (a) == 6
FAIL: gcc.dg/guality/vla-1.c -Os line 17 sizeof (a) == 6
FAIL: gcc.dg/guality/vla-1.c -Os line 17 sizeof (a) == 6
FAIL: gcc.dg/ipa/iinline-attr.c scan-ipa-dump inline "hooray[^\\\\n]*inline copy in test"
FAIL: gcc.dg/ipa/iinline-attr.c scan-ipa-dump inline "hooray[^\\\\n]*inline copy in test"
UNRESOLVED: gcc.dg/lto/20110201-1 c_lto_20110201-1_0.o-c_lto_20110201-1_0.o execute -O0 -flto -fno-math-errno
UNRESOLVED: gcc.dg/lto/20110201-1 c_lto_20110201-1_0.o-c_lto_20110201-1_0.o execute -O0 -flto -fno-math-errno
FAIL: gcc.dg/lto/20110201-1 c_lto_20110201-1_0.o-c_lto_20110201-1_0.o link, -O0 -flto -fno-math-errno
FAIL: gcc.dg/lto/20110201-1 c_lto_20110201-1_0.o-c_lto_20110201-1_0.o link, -O0 -flto -fno-math-errno
FAIL: gcc.dg/plugin/diagnostic-test-expressions-1.c -fplugin=./diagnostic_plugin_test_tree_expression_range.so (test for excess errors)
FAIL: gcc.dg/plugin/diagnostic-test-expressions-1.c -fplugin=./diagnostic_plugin_test_tree_expression_range.so (test for excess errors)
FAIL: gcc.dg/torture/float128-basic.c -O0 (test for excess errors)
FAIL: gcc.dg/torture/float128-basic.c -O0 (test for excess errors)
UNRESOLVED: gcc.dg/torture/float128-basic.c -O0 compilation failed to produce executable
UNRESOLVED: gcc.dg/torture/float128-basic.c -O0 compilation failed to produce executable
FAIL: gcc.dg/torture/float128-basic.c -O1 (test for excess errors)
FAIL: gcc.dg/torture/float128-basic.c -O1 (test for excess errors)
UNRESOLVED: gcc.dg/torture/float128-basic.c -O1 compilation failed to produce executable
UNRESOLVED: gcc.dg/torture/float128-basic.c -O1 compilation failed to produce executable
FAIL: gcc.dg/torture/float128-basic.c -O2 (test for excess errors)
FAIL: gcc.dg/torture/float128-basic.c -O2 (test for excess errors)
UNRESOLVED: gcc.dg/torture/float128-basic.c -O2 compilation failed to produce executable
UNRESOLVED: gcc.dg/torture/float128-basic.c -O2 compilation failed to produce executable
FAIL: gcc.dg/torture/float128-basic.c -O2 -flto -fno-use-linker-plugin -flto-partition=none (test for excess errors)
FAIL: gcc.dg/torture/float128-basic.c -O2 -flto -fno-use-linker-plugin -flto-partition=none (test for excess errors)
UNRESOLVED: gcc.dg/torture/float128-basic.c -O2 -flto -fno-use-linker-plugin -flto-partition=none compilation failed to produce executable
UNRESOLVED: gcc.dg/torture/float128-basic.c -O2 -flto -fno-use-linker-plugin -flto-partition=none compilation failed to produce executable
FAIL: gcc.dg/torture/float128-basic.c -O2 -flto -fuse-linker-plugin -fno-fat-lto-objects (test for excess errors)
FAIL: gcc.dg/torture/float128-basic.c -O2 -flto -fuse-linker-plugin -fno-fat-lto-objects (test for excess errors)
UNRESOLVED: gcc.dg/torture/float128-basic.c -O2 -flto -fuse-linker-plugin -fno-fat-lto-objects compilation failed to produce executable
UNRESOLVED: gcc.dg/torture/float128-basic.c -O2 -flto -fuse-linker-plugin -fno-fat-lto-objects compilation failed to produce executable
FAIL: gcc.dg/torture/float128-basic.c -O3 -g (test for excess errors)
FAIL: gcc.dg/torture/float128-basic.c -O3 -g (test for excess errors)
UNRESOLVED: gcc.dg/torture/float128-basic.c -O3 -g compilation failed to produce executable
UNRESOLVED: gcc.dg/torture/float128-basic.c -O3 -g compilation failed to produce executable
FAIL: gcc.dg/torture/float128-basic.c -Os (test for excess errors)
FAIL: gcc.dg/torture/float128-basic.c -Os (test for excess errors)
UNRESOLVED: gcc.dg/torture/float128-basic.c -Os compilation failed to produce executable
UNRESOLVED: gcc.dg/torture/float128-basic.c -Os compilation failed to produce executable
FAIL: gcc.dg/torture/float128-builtin.c -O0 (test for excess errors)
FAIL: gcc.dg/torture/float128-builtin.c -O0 (test for excess errors)
UNRESOLVED: gcc.dg/torture/float128-builtin.c -O0 compilation failed to produce executable
UNRESOLVED: gcc.dg/torture/float128-builtin.c -O0 compilation failed to produce executable
FAIL: gcc.dg/torture/float128-builtin.c -O1 (test for excess errors)
FAIL: gcc.dg/torture/float128-builtin.c -O1 (test for excess errors)
UNRESOLVED: gcc.dg/torture/float128-builtin.c -O1 compilation failed to produce executable
UNRESOLVED: gcc.dg/torture/float128-builtin.c -O1 compilation failed to produce executable
FAIL: gcc.dg/torture/float128-builtin.c -O2 (test for excess errors)
FAIL: gcc.dg/torture/float128-builtin.c -O2 (test for excess errors)
UNRESOLVED: gcc.dg/torture/float128-builtin.c -O2 compilation failed to produce executable
UNRESOLVED: gcc.dg/torture/float128-builtin.c -O2 compilation failed to produce executable
FAIL: gcc.dg/torture/float128-builtin.c -O2 -flto -fno-use-linker-plugin -flto-partition=none (test for excess errors)
FAIL: gcc.dg/torture/float128-builtin.c -O2 -flto -fno-use-linker-plugin -flto-partition=none (test for excess errors)
UNRESOLVED: gcc.dg/torture/float128-builtin.c -O2 -flto -fno-use-linker-plugin -flto-partition=none compilation failed to produce executable
UNRESOLVED: gcc.dg/torture/float128-builtin.c -O2 -flto -fno-use-linker-plugin -flto-partition=none compilation failed to produce executable
FAIL: gcc.dg/torture/float128-builtin.c -O2 -flto -fuse-linker-plugin -fno-fat-lto-objects (test for excess errors)
FAIL: gcc.dg/torture/float128-builtin.c -O2 -flto -fuse-linker-plugin -fno-fat-lto-objects (test for excess errors)
UNRESOLVED: gcc.dg/torture/float128-builtin.c -O2 -flto -fuse-linker-plugin -fno-fat-lto-objects compilation failed to produce executable
UNRESOLVED: gcc.dg/torture/float128-builtin.c -O2 -flto -fuse-linker-plugin -fno-fat-lto-objects compilation failed to produce executable
FAIL: gcc.dg/torture/float128-builtin.c -O3 -g (test for excess errors)
FAIL: gcc.dg/torture/float128-builtin.c -O3 -g (test for excess errors)
UNRESOLVED: gcc.dg/torture/float128-builtin.c -O3 -g compilation failed to produce executable
UNRESOLVED: gcc.dg/torture/float128-builtin.c -O3 -g compilation failed to produce executable
FAIL: gcc.dg/torture/float128-builtin.c -Os (test for excess errors)
FAIL: gcc.dg/torture/float128-builtin.c -Os (test for excess errors)
UNRESOLVED: gcc.dg/torture/float128-builtin.c -Os compilation failed to produce executable
UNRESOLVED: gcc.dg/torture/float128-builtin.c -Os compilation failed to produce executable
FAIL: gcc.dg/torture/float128-complex.c -O0 (test for excess errors)
FAIL: gcc.dg/torture/float128-complex.c -O0 (test for excess errors)
UNRESOLVED: gcc.dg/torture/float128-complex.c -O0 compilation failed to produce executable
UNRESOLVED: gcc.dg/torture/float128-complex.c -O0 compilation failed to produce executable
FAIL: gcc.dg/torture/float128-complex.c -O1 (test for excess errors)
FAIL: gcc.dg/torture/float128-complex.c -O1 (test for excess errors)
UNRESOLVED: gcc.dg/torture/float128-complex.c -O1 compilation failed to produce executable
UNRESOLVED: gcc.dg/torture/float128-complex.c -O1 compilation failed to produce executable
FAIL: gcc.dg/torture/float128-complex.c -O2 (test for excess errors)
FAIL: gcc.dg/torture/float128-complex.c -O2 (test for excess errors)
UNRESOLVED: gcc.dg/torture/float128-complex.c -O2 compilation failed to produce executable
UNRESOLVED: gcc.dg/torture/float128-complex.c -O2 compilation failed to produce executable
FAIL: gcc.dg/torture/float128-complex.c -O2 -flto -fno-use-linker-plugin -flto-partition=none (test for excess errors)
FAIL: gcc.dg/torture/float128-complex.c -O2 -flto -fno-use-linker-plugin -flto-partition=none (test for excess errors)
UNRESOLVED: gcc.dg/torture/float128-complex.c -O2 -flto -fno-use-linker-plugin -flto-partition=none compilation failed to produce executable
UNRESOLVED: gcc.dg/torture/float128-complex.c -O2 -flto -fno-use-linker-plugin -flto-partition=none compilation failed to produce executable
FAIL: gcc.dg/torture/float128-complex.c -O2 -flto -fuse-linker-plugin -fno-fat-lto-objects (test for excess errors)
FAIL: gcc.dg/torture/float128-complex.c -O2 -flto -fuse-linker-plugin -fno-fat-lto-objects (test for excess errors)
UNRESOLVED: gcc.dg/torture/float128-complex.c -O2 -flto -fuse-linker-plugin -fno-fat-lto-objects compilation failed to produce executable
UNRESOLVED: gcc.dg/torture/float128-complex.c -O2 -flto -fuse-linker-plugin -fno-fat-lto-objects compilation failed to produce executable
FAIL: gcc.dg/torture/float128-complex.c -O3 -g (test for excess errors)
FAIL: gcc.dg/torture/float128-complex.c -O3 -g (test for excess errors)
UNRESOLVED: gcc.dg/torture/float128-complex.c -O3 -g compilation failed to produce executable
UNRESOLVED: gcc.dg/torture/float128-complex.c -O3 -g compilation failed to produce executable
FAIL: gcc.dg/torture/float128-complex.c -Os (test for excess errors)
FAIL: gcc.dg/torture/float128-complex.c -Os (test for excess errors)
UNRESOLVED: gcc.dg/torture/float128-complex.c -Os compilation failed to produce executable
UNRESOLVED: gcc.dg/torture/float128-complex.c -Os compilation failed to produce executable
FAIL: gcc.dg/torture/float128-floath.c -O0 (test for excess errors)
FAIL: gcc.dg/torture/float128-floath.c -O0 (test for excess errors)
UNRESOLVED: gcc.dg/torture/float128-floath.c -O0 compilation failed to produce executable
UNRESOLVED: gcc.dg/torture/float128-floath.c -O0 compilation failed to produce executable
FAIL: gcc.dg/torture/float128-floath.c -O1 (test for excess errors)
FAIL: gcc.dg/torture/float128-floath.c -O1 (test for excess errors)
UNRESOLVED: gcc.dg/torture/float128-floath.c -O1 compilation failed to produce executable
UNRESOLVED: gcc.dg/torture/float128-floath.c -O1 compilation failed to produce executable
FAIL: gcc.dg/torture/float128-floath.c -O2 (test for excess errors)
FAIL: gcc.dg/torture/float128-floath.c -O2 (test for excess errors)
UNRESOLVED: gcc.dg/torture/float128-floath.c -O2 compilation failed to produce executable
UNRESOLVED: gcc.dg/torture/float128-floath.c -O2 compilation failed to produce executable
FAIL: gcc.dg/torture/float128-floath.c -O2 -flto -fno-use-linker-plugin -flto-partition=none (test for excess errors)
FAIL: gcc.dg/torture/float128-floath.c -O2 -flto -fno-use-linker-plugin -flto-partition=none (test for excess errors)
UNRESOLVED: gcc.dg/torture/float128-floath.c -O2 -flto -fno-use-linker-plugin -flto-partition=none compilation failed to produce executable
UNRESOLVED: gcc.dg/torture/float128-floath.c -O2 -flto -fno-use-linker-plugin -flto-partition=none compilation failed to produce executable
FAIL: gcc.dg/torture/float128-floath.c -O2 -flto -fuse-linker-plugin -fno-fat-lto-objects (test for excess errors)
FAIL: gcc.dg/torture/float128-floath.c -O2 -flto -fuse-linker-plugin -fno-fat-lto-objects (test for excess errors)
UNRESOLVED: gcc.dg/torture/float128-floath.c -O2 -flto -fuse-linker-plugin -fno-fat-lto-objects compilation failed to produce executable
UNRESOLVED: gcc.dg/torture/float128-floath.c -O2 -flto -fuse-linker-plugin -fno-fat-lto-objects compilation failed to produce executable
FAIL: gcc.dg/torture/float128-floath.c -O3 -g (test for excess errors)
FAIL: gcc.dg/torture/float128-floath.c -O3 -g (test for excess errors)
UNRESOLVED: gcc.dg/torture/float128-floath.c -O3 -g compilation failed to produce executable
UNRESOLVED: gcc.dg/torture/float128-floath.c -O3 -g compilation failed to produce executable
FAIL: gcc.dg/torture/float128-floath.c -Os (test for excess errors)
FAIL: gcc.dg/torture/float128-floath.c -Os (test for excess errors)
UNRESOLVED: gcc.dg/torture/float128-floath.c -Os compilation failed to produce executable
UNRESOLVED: gcc.dg/torture/float128-floath.c -Os compilation failed to produce executable
FAIL: gcc.dg/torture/float128-ieee-nan.c -O0 (test for excess errors)
FAIL: gcc.dg/torture/float128-ieee-nan.c -O0 (test for excess errors)
UNRESOLVED: gcc.dg/torture/float128-ieee-nan.c -O0 compilation failed to produce executable
UNRESOLVED: gcc.dg/torture/float128-ieee-nan.c -O0 compilation failed to produce executable
FAIL: gcc.dg/torture/float128-ieee-nan.c -O1 (test for excess errors)
FAIL: gcc.dg/torture/float128-ieee-nan.c -O1 (test for excess errors)
UNRESOLVED: gcc.dg/torture/float128-ieee-nan.c -O1 compilation failed to produce executable
UNRESOLVED: gcc.dg/torture/float128-ieee-nan.c -O1 compilation failed to produce executable
FAIL: gcc.dg/torture/float128-ieee-nan.c -O2 (test for excess errors)
FAIL: gcc.dg/torture/float128-ieee-nan.c -O2 (test for excess errors)
UNRESOLVED: gcc.dg/torture/float128-ieee-nan.c -O2 compilation failed to produce executable
UNRESOLVED: gcc.dg/torture/float128-ieee-nan.c -O2 compilation failed to produce executable
FAIL: gcc.dg/torture/float128-ieee-nan.c -O2 -flto -fno-use-linker-plugin -flto-partition=none (test for excess errors)
FAIL: gcc.dg/torture/float128-ieee-nan.c -O2 -flto -fno-use-linker-plugin -flto-partition=none (test for excess errors)
UNRESOLVED: gcc.dg/torture/float128-ieee-nan.c -O2 -flto -fno-use-linker-plugin -flto-partition=none compilation failed to produce executable
UNRESOLVED: gcc.dg/torture/float128-ieee-nan.c -O2 -flto -fno-use-linker-plugin -flto-partition=none compilation failed to produce executable
FAIL: gcc.dg/torture/float128-ieee-nan.c -O2 -flto -fuse-linker-plugin -fno-fat-lto-objects (test for excess errors)
FAIL: gcc.dg/torture/float128-ieee-nan.c -O2 -flto -fuse-linker-plugin -fno-fat-lto-objects (test for excess errors)
UNRESOLVED: gcc.dg/torture/float128-ieee-nan.c -O2 -flto -fuse-linker-plugin -fno-fat-lto-objects compilation failed to produce executable
UNRESOLVED: gcc.dg/torture/float128-ieee-nan.c -O2 -flto -fuse-linker-plugin -fno-fat-lto-objects compilation failed to produce executable
FAIL: gcc.dg/torture/float128-ieee-nan.c -O3 -g (test for excess errors)
FAIL: gcc.dg/torture/float128-ieee-nan.c -O3 -g (test for excess errors)
UNRESOLVED: gcc.dg/torture/float128-ieee-nan.c -O3 -g compilation failed to produce executable
UNRESOLVED: gcc.dg/torture/float128-ieee-nan.c -O3 -g compilation failed to produce executable
FAIL: gcc.dg/torture/float128-ieee-nan.c -Os (test for excess errors)
FAIL: gcc.dg/torture/float128-ieee-nan.c -Os (test for excess errors)
UNRESOLVED: gcc.dg/torture/float128-ieee-nan.c -Os compilation failed to produce executable
UNRESOLVED: gcc.dg/torture/float128-ieee-nan.c -Os compilation failed to produce executable
FAIL: gcc.dg/torture/float128-tg-2.c -O0 (test for excess errors)
FAIL: gcc.dg/torture/float128-tg-2.c -O0 (test for excess errors)
UNRESOLVED: gcc.dg/torture/float128-tg-2.c -O0 compilation failed to produce executable
UNRESOLVED: gcc.dg/torture/float128-tg-2.c -O0 compilation failed to produce executable
FAIL: gcc.dg/torture/float128-tg-2.c -O1 (test for excess errors)
FAIL: gcc.dg/torture/float128-tg-2.c -O1 (test for excess errors)
UNRESOLVED: gcc.dg/torture/float128-tg-2.c -O1 compilation failed to produce executable
UNRESOLVED: gcc.dg/torture/float128-tg-2.c -O1 compilation failed to produce executable
FAIL: gcc.dg/torture/float128-tg-2.c -O2 (test for excess errors)
FAIL: gcc.dg/torture/float128-tg-2.c -O2 (test for excess errors)
UNRESOLVED: gcc.dg/torture/float128-tg-2.c -O2 compilation failed to produce executable
UNRESOLVED: gcc.dg/torture/float128-tg-2.c -O2 compilation failed to produce executable
FAIL: gcc.dg/torture/float128-tg-2.c -O2 -flto -fno-use-linker-plugin -flto-partition=none (test for excess errors)
FAIL: gcc.dg/torture/float128-tg-2.c -O2 -flto -fno-use-linker-plugin -flto-partition=none (test for excess errors)
UNRESOLVED: gcc.dg/torture/float128-tg-2.c -O2 -flto -fno-use-linker-plugin -flto-partition=none compilation failed to produce executable
UNRESOLVED: gcc.dg/torture/float128-tg-2.c -O2 -flto -fno-use-linker-plugin -flto-partition=none compilation failed to produce executable
FAIL: gcc.dg/torture/float128-tg-2.c -O2 -flto -fuse-linker-plugin -fno-fat-lto-objects (test for excess errors)
FAIL: gcc.dg/torture/float128-tg-2.c -O2 -flto -fuse-linker-plugin -fno-fat-lto-objects (test for excess errors)
UNRESOLVED: gcc.dg/torture/float128-tg-2.c -O2 -flto -fuse-linker-plugin -fno-fat-lto-objects compilation failed to produce executable
UNRESOLVED: gcc.dg/torture/float128-tg-2.c -O2 -flto -fuse-linker-plugin -fno-fat-lto-objects compilation failed to produce executable
FAIL: gcc.dg/torture/float128-tg-2.c -O3 -g (test for excess errors)
FAIL: gcc.dg/torture/float128-tg-2.c -O3 -g (test for excess errors)
UNRESOLVED: gcc.dg/torture/float128-tg-2.c -O3 -g compilation failed to produce executable
UNRESOLVED: gcc.dg/torture/float128-tg-2.c -O3 -g compilation failed to produce executable
FAIL: gcc.dg/torture/float128-tg-2.c -Os (test for excess errors)
FAIL: gcc.dg/torture/float128-tg-2.c -Os (test for excess errors)
UNRESOLVED: gcc.dg/torture/float128-tg-2.c -Os compilation failed to produce executable
UNRESOLVED: gcc.dg/torture/float128-tg-2.c -Os compilation failed to produce executable
FAIL: gcc.dg/torture/float128-tg-3.c -O0 (test for excess errors)
FAIL: gcc.dg/torture/float128-tg-3.c -O0 (test for excess errors)
UNRESOLVED: gcc.dg/torture/float128-tg-3.c -O0 compilation failed to produce executable
UNRESOLVED: gcc.dg/torture/float128-tg-3.c -O0 compilation failed to produce executable
FAIL: gcc.dg/torture/float128-tg-3.c -O1 (test for excess errors)
FAIL: gcc.dg/torture/float128-tg-3.c -O1 (test for excess errors)
UNRESOLVED: gcc.dg/torture/float128-tg-3.c -O1 compilation failed to produce executable
UNRESOLVED: gcc.dg/torture/float128-tg-3.c -O1 compilation failed to produce executable
FAIL: gcc.dg/torture/float128-tg-3.c -O2 (test for excess errors)
FAIL: gcc.dg/torture/float128-tg-3.c -O2 (test for excess errors)
UNRESOLVED: gcc.dg/torture/float128-tg-3.c -O2 compilation failed to produce executable
UNRESOLVED: gcc.dg/torture/float128-tg-3.c -O2 compilation failed to produce executable
FAIL: gcc.dg/torture/float128-tg-3.c -O2 -flto -fno-use-linker-plugin -flto-partition=none (test for excess errors)
FAIL: gcc.dg/torture/float128-tg-3.c -O2 -flto -fno-use-linker-plugin -flto-partition=none (test for excess errors)
UNRESOLVED: gcc.dg/torture/float128-tg-3.c -O2 -flto -fno-use-linker-plugin -flto-partition=none compilation failed to produce executable
UNRESOLVED: gcc.dg/torture/float128-tg-3.c -O2 -flto -fno-use-linker-plugin -flto-partition=none compilation failed to produce executable
FAIL: gcc.dg/torture/float128-tg-3.c -O2 -flto -fuse-linker-plugin -fno-fat-lto-objects (test for excess errors)
FAIL: gcc.dg/torture/float128-tg-3.c -O2 -flto -fuse-linker-plugin -fno-fat-lto-objects (test for excess errors)
UNRESOLVED: gcc.dg/torture/float128-tg-3.c -O2 -flto -fuse-linker-plugin -fno-fat-lto-objects compilation failed to produce executable
UNRESOLVED: gcc.dg/torture/float128-tg-3.c -O2 -flto -fuse-linker-plugin -fno-fat-lto-objects compilation failed to produce executable
FAIL: gcc.dg/torture/float128-tg-3.c -O3 -g (test for excess errors)
FAIL: gcc.dg/torture/float128-tg-3.c -O3 -g (test for excess errors)
UNRESOLVED: gcc.dg/torture/float128-tg-3.c -O3 -g compilation failed to produce executable
UNRESOLVED: gcc.dg/torture/float128-tg-3.c -O3 -g compilation failed to produce executable
FAIL: gcc.dg/torture/float128-tg-3.c -Os (test for excess errors)
FAIL: gcc.dg/torture/float128-tg-3.c -Os (test for excess errors)
UNRESOLVED: gcc.dg/torture/float128-tg-3.c -Os compilation failed to produce executable
UNRESOLVED: gcc.dg/torture/float128-tg-3.c -Os compilation failed to produce executable
FAIL: gcc.dg/torture/float128-tg.c -O0 (test for excess errors)
FAIL: gcc.dg/torture/float128-tg.c -O0 (test for excess errors)
UNRESOLVED: gcc.dg/torture/float128-tg.c -O0 compilation failed to produce executable
UNRESOLVED: gcc.dg/torture/float128-tg.c -O0 compilation failed to produce executable
FAIL: gcc.dg/torture/float128-tg.c -O1 (test for excess errors)
FAIL: gcc.dg/torture/float128-tg.c -O1 (test for excess errors)
UNRESOLVED: gcc.dg/torture/float128-tg.c -O1 compilation failed to produce executable
UNRESOLVED: gcc.dg/torture/float128-tg.c -O1 compilation failed to produce executable
FAIL: gcc.dg/torture/float128-tg.c -O2 (test for excess errors)
FAIL: gcc.dg/torture/float128-tg.c -O2 (test for excess errors)
UNRESOLVED: gcc.dg/torture/float128-tg.c -O2 compilation failed to produce executable
UNRESOLVED: gcc.dg/torture/float128-tg.c -O2 compilation failed to produce executable
FAIL: gcc.dg/torture/float128-tg.c -O2 -flto -fno-use-linker-plugin -flto-partition=none (test for excess errors)
FAIL: gcc.dg/torture/float128-tg.c -O2 -flto -fno-use-linker-plugin -flto-partition=none (test for excess errors)
UNRESOLVED: gcc.dg/torture/float128-tg.c -O2 -flto -fno-use-linker-plugin -flto-partition=none compilation failed to produce executable
UNRESOLVED: gcc.dg/torture/float128-tg.c -O2 -flto -fno-use-linker-plugin -flto-partition=none compilation failed to produce executable
FAIL: gcc.dg/torture/float128-tg.c -O2 -flto -fuse-linker-plugin -fno-fat-lto-objects (test for excess errors)
FAIL: gcc.dg/torture/float128-tg.c -O2 -flto -fuse-linker-plugin -fno-fat-lto-objects (test for excess errors)
UNRESOLVED: gcc.dg/torture/float128-tg.c -O2 -flto -fuse-linker-plugin -fno-fat-lto-objects compilation failed to produce executable
UNRESOLVED: gcc.dg/torture/float128-tg.c -O2 -flto -fuse-linker-plugin -fno-fat-lto-objects compilation failed to produce executable
FAIL: gcc.dg/torture/float128-tg.c -O3 -g (test for excess errors)
FAIL: gcc.dg/torture/float128-tg.c -O3 -g (test for excess errors)
UNRESOLVED: gcc.dg/torture/float128-tg.c -O3 -g compilation failed to produce executable
UNRESOLVED: gcc.dg/torture/float128-tg.c -O3 -g compilation failed to produce executable
FAIL: gcc.dg/torture/float128-tg.c -Os (test for excess errors)
FAIL: gcc.dg/torture/float128-tg.c -Os (test for excess errors)
UNRESOLVED: gcc.dg/torture/float128-tg.c -Os compilation failed to produce executable
UNRESOLVED: gcc.dg/torture/float128-tg.c -Os compilation failed to produce executable
FAIL: gcc.dg/torture/float32-basic.c -O0 execution test
FAIL: gcc.dg/torture/float32-basic.c -O0 execution test
FAIL: gcc.dg/torture/float32-basic.c -O1 execution test
FAIL: gcc.dg/torture/float32-basic.c -O1 execution test
FAIL: gcc.dg/torture/float32-basic.c -O2 execution test
FAIL: gcc.dg/torture/float32-basic.c -O2 execution test
FAIL: gcc.dg/torture/float32-basic.c -O2 -flto -fno-use-linker-plugin -flto-partition=none execution test
FAIL: gcc.dg/torture/float32-basic.c -O2 -flto -fno-use-linker-plugin -flto-partition=none execution test
FAIL: gcc.dg/torture/float32-basic.c -O2 -flto -fuse-linker-plugin -fno-fat-lto-objects execution test
FAIL: gcc.dg/torture/float32-basic.c -O2 -flto -fuse-linker-plugin -fno-fat-lto-objects execution test
FAIL: gcc.dg/torture/float32-basic.c -O3 -g execution test
FAIL: gcc.dg/torture/float32-basic.c -O3 -g execution test
FAIL: gcc.dg/torture/float32-basic.c -Os execution test
FAIL: gcc.dg/torture/float32-basic.c -Os execution test
FAIL: gcc.dg/torture/float64x-basic.c -O0 (test for excess errors)
FAIL: gcc.dg/torture/float64x-basic.c -O0 (test for excess errors)
UNRESOLVED: gcc.dg/torture/float64x-basic.c -O0 compilation failed to produce executable
UNRESOLVED: gcc.dg/torture/float64x-basic.c -O0 compilation failed to produce executable
FAIL: gcc.dg/torture/float64x-basic.c -O1 (test for excess errors)
FAIL: gcc.dg/torture/float64x-basic.c -O1 (test for excess errors)
UNRESOLVED: gcc.dg/torture/float64x-basic.c -O1 compilation failed to produce executable
UNRESOLVED: gcc.dg/torture/float64x-basic.c -O1 compilation failed to produce executable
FAIL: gcc.dg/torture/float64x-basic.c -O2 (test for excess errors)
FAIL: gcc.dg/torture/float64x-basic.c -O2 (test for excess errors)
UNRESOLVED: gcc.dg/torture/float64x-basic.c -O2 compilation failed to produce executable
UNRESOLVED: gcc.dg/torture/float64x-basic.c -O2 compilation failed to produce executable
FAIL: gcc.dg/torture/float64x-basic.c -O2 -flto -fno-use-linker-plugin -flto-partition=none (test for excess errors)
FAIL: gcc.dg/torture/float64x-basic.c -O2 -flto -fno-use-linker-plugin -flto-partition=none (test for excess errors)
UNRESOLVED: gcc.dg/torture/float64x-basic.c -O2 -flto -fno-use-linker-plugin -flto-partition=none compilation failed to produce executable
UNRESOLVED: gcc.dg/torture/float64x-basic.c -O2 -flto -fno-use-linker-plugin -flto-partition=none compilation failed to produce executable
FAIL: gcc.dg/torture/float64x-basic.c -O2 -flto -fuse-linker-plugin -fno-fat-lto-objects (test for excess errors)
FAIL: gcc.dg/torture/float64x-basic.c -O2 -flto -fuse-linker-plugin -fno-fat-lto-objects (test for excess errors)
UNRESOLVED: gcc.dg/torture/float64x-basic.c -O2 -flto -fuse-linker-plugin -fno-fat-lto-objects compilation failed to produce executable
UNRESOLVED: gcc.dg/torture/float64x-basic.c -O2 -flto -fuse-linker-plugin -fno-fat-lto-objects compilation failed to produce executable
FAIL: gcc.dg/torture/float64x-basic.c -O3 -g (test for excess errors)
FAIL: gcc.dg/torture/float64x-basic.c -O3 -g (test for excess errors)
UNRESOLVED: gcc.dg/torture/float64x-basic.c -O3 -g compilation failed to produce executable
UNRESOLVED: gcc.dg/torture/float64x-basic.c -O3 -g compilation failed to produce executable
FAIL: gcc.dg/torture/float64x-basic.c -Os (test for excess errors)
FAIL: gcc.dg/torture/float64x-basic.c -Os (test for excess errors)
UNRESOLVED: gcc.dg/torture/float64x-basic.c -Os compilation failed to produce executable
UNRESOLVED: gcc.dg/torture/float64x-basic.c -Os compilation failed to produce executable
FAIL: gcc.dg/torture/float64x-builtin.c -O0 (test for excess errors)
FAIL: gcc.dg/torture/float64x-builtin.c -O0 (test for excess errors)
UNRESOLVED: gcc.dg/torture/float64x-builtin.c -O0 compilation failed to produce executable
UNRESOLVED: gcc.dg/torture/float64x-builtin.c -O0 compilation failed to produce executable
FAIL: gcc.dg/torture/float64x-builtin.c -O1 (test for excess errors)
FAIL: gcc.dg/torture/float64x-builtin.c -O1 (test for excess errors)
UNRESOLVED: gcc.dg/torture/float64x-builtin.c -O1 compilation failed to produce executable
UNRESOLVED: gcc.dg/torture/float64x-builtin.c -O1 compilation failed to produce executable
FAIL: gcc.dg/torture/float64x-builtin.c -O2 (test for excess errors)
FAIL: gcc.dg/torture/float64x-builtin.c -O2 (test for excess errors)
UNRESOLVED: gcc.dg/torture/float64x-builtin.c -O2 compilation failed to produce executable
UNRESOLVED: gcc.dg/torture/float64x-builtin.c -O2 compilation failed to produce executable
FAIL: gcc.dg/torture/float64x-builtin.c -O2 -flto -fno-use-linker-plugin -flto-partition=none (test for excess errors)
FAIL: gcc.dg/torture/float64x-builtin.c -O2 -flto -fno-use-linker-plugin -flto-partition=none (test for excess errors)
UNRESOLVED: gcc.dg/torture/float64x-builtin.c -O2 -flto -fno-use-linker-plugin -flto-partition=none compilation failed to produce executable
UNRESOLVED: gcc.dg/torture/float64x-builtin.c -O2 -flto -fno-use-linker-plugin -flto-partition=none compilation failed to produce executable
FAIL: gcc.dg/torture/float64x-builtin.c -O2 -flto -fuse-linker-plugin -fno-fat-lto-objects (test for excess errors)
FAIL: gcc.dg/torture/float64x-builtin.c -O2 -flto -fuse-linker-plugin -fno-fat-lto-objects (test for excess errors)
UNRESOLVED: gcc.dg/torture/float64x-builtin.c -O2 -flto -fuse-linker-plugin -fno-fat-lto-objects compilation failed to produce executable
UNRESOLVED: gcc.dg/torture/float64x-builtin.c -O2 -flto -fuse-linker-plugin -fno-fat-lto-objects compilation failed to produce executable
FAIL: gcc.dg/torture/float64x-builtin.c -O3 -g (test for excess errors)
FAIL: gcc.dg/torture/float64x-builtin.c -O3 -g (test for excess errors)
UNRESOLVED: gcc.dg/torture/float64x-builtin.c -O3 -g compilation failed to produce executable
UNRESOLVED: gcc.dg/torture/float64x-builtin.c -O3 -g compilation failed to produce executable
FAIL: gcc.dg/torture/float64x-builtin.c -Os (test for excess errors)
FAIL: gcc.dg/torture/float64x-builtin.c -Os (test for excess errors)
UNRESOLVED: gcc.dg/torture/float64x-builtin.c -Os compilation failed to produce executable
UNRESOLVED: gcc.dg/torture/float64x-builtin.c -Os compilation failed to produce executable
FAIL: gcc.dg/torture/float64x-complex.c -O0 (test for excess errors)
FAIL: gcc.dg/torture/float64x-complex.c -O0 (test for excess errors)
UNRESOLVED: gcc.dg/torture/float64x-complex.c -O0 compilation failed to produce executable
UNRESOLVED: gcc.dg/torture/float64x-complex.c -O0 compilation failed to produce executable
FAIL: gcc.dg/torture/float64x-complex.c -O1 (test for excess errors)
FAIL: gcc.dg/torture/float64x-complex.c -O1 (test for excess errors)
UNRESOLVED: gcc.dg/torture/float64x-complex.c -O1 compilation failed to produce executable
UNRESOLVED: gcc.dg/torture/float64x-complex.c -O1 compilation failed to produce executable
FAIL: gcc.dg/torture/float64x-complex.c -O2 (test for excess errors)
FAIL: gcc.dg/torture/float64x-complex.c -O2 (test for excess errors)
UNRESOLVED: gcc.dg/torture/float64x-complex.c -O2 compilation failed to produce executable
UNRESOLVED: gcc.dg/torture/float64x-complex.c -O2 compilation failed to produce executable
FAIL: gcc.dg/torture/float64x-complex.c -O2 -flto -fno-use-linker-plugin -flto-partition=none (test for excess errors)
FAIL: gcc.dg/torture/float64x-complex.c -O2 -flto -fno-use-linker-plugin -flto-partition=none (test for excess errors)
UNRESOLVED: gcc.dg/torture/float64x-complex.c -O2 -flto -fno-use-linker-plugin -flto-partition=none compilation failed to produce executable
UNRESOLVED: gcc.dg/torture/float64x-complex.c -O2 -flto -fno-use-linker-plugin -flto-partition=none compilation failed to produce executable
FAIL: gcc.dg/torture/float64x-complex.c -O2 -flto -fuse-linker-plugin -fno-fat-lto-objects (test for excess errors)
FAIL: gcc.dg/torture/float64x-complex.c -O2 -flto -fuse-linker-plugin -fno-fat-lto-objects (test for excess errors)
UNRESOLVED: gcc.dg/torture/float64x-complex.c -O2 -flto -fuse-linker-plugin -fno-fat-lto-objects compilation failed to produce executable
UNRESOLVED: gcc.dg/torture/float64x-complex.c -O2 -flto -fuse-linker-plugin -fno-fat-lto-objects compilation failed to produce executable
FAIL: gcc.dg/torture/float64x-complex.c -O3 -g (test for excess errors)
FAIL: gcc.dg/torture/float64x-complex.c -O3 -g (test for excess errors)
UNRESOLVED: gcc.dg/torture/float64x-complex.c -O3 -g compilation failed to produce executable
UNRESOLVED: gcc.dg/torture/float64x-complex.c -O3 -g compilation failed to produce executable
FAIL: gcc.dg/torture/float64x-complex.c -Os (test for excess errors)
FAIL: gcc.dg/torture/float64x-complex.c -Os (test for excess errors)
UNRESOLVED: gcc.dg/torture/float64x-complex.c -Os compilation failed to produce executable
UNRESOLVED: gcc.dg/torture/float64x-complex.c -Os compilation failed to produce executable
FAIL: gcc.dg/torture/float64x-floath.c -O0 (test for excess errors)
FAIL: gcc.dg/torture/float64x-floath.c -O0 (test for excess errors)
UNRESOLVED: gcc.dg/torture/float64x-floath.c -O0 compilation failed to produce executable
UNRESOLVED: gcc.dg/torture/float64x-floath.c -O0 compilation failed to produce executable
FAIL: gcc.dg/torture/float64x-floath.c -O1 (test for excess errors)
FAIL: gcc.dg/torture/float64x-floath.c -O1 (test for excess errors)
UNRESOLVED: gcc.dg/torture/float64x-floath.c -O1 compilation failed to produce executable
UNRESOLVED: gcc.dg/torture/float64x-floath.c -O1 compilation failed to produce executable
FAIL: gcc.dg/torture/float64x-floath.c -O2 (test for excess errors)
FAIL: gcc.dg/torture/float64x-floath.c -O2 (test for excess errors)
UNRESOLVED: gcc.dg/torture/float64x-floath.c -O2 compilation failed to produce executable
UNRESOLVED: gcc.dg/torture/float64x-floath.c -O2 compilation failed to produce executable
FAIL: gcc.dg/torture/float64x-floath.c -O2 -flto -fno-use-linker-plugin -flto-partition=none (test for excess errors)
FAIL: gcc.dg/torture/float64x-floath.c -O2 -flto -fno-use-linker-plugin -flto-partition=none (test for excess errors)
UNRESOLVED: gcc.dg/torture/float64x-floath.c -O2 -flto -fno-use-linker-plugin -flto-partition=none compilation failed to produce executable
UNRESOLVED: gcc.dg/torture/float64x-floath.c -O2 -flto -fno-use-linker-plugin -flto-partition=none compilation failed to produce executable
FAIL: gcc.dg/torture/float64x-floath.c -O2 -flto -fuse-linker-plugin -fno-fat-lto-objects (test for excess errors)
FAIL: gcc.dg/torture/float64x-floath.c -O2 -flto -fuse-linker-plugin -fno-fat-lto-objects (test for excess errors)
UNRESOLVED: gcc.dg/torture/float64x-floath.c -O2 -flto -fuse-linker-plugin -fno-fat-lto-objects compilation failed to produce executable
UNRESOLVED: gcc.dg/torture/float64x-floath.c -O2 -flto -fuse-linker-plugin -fno-fat-lto-objects compilation failed to produce executable
FAIL: gcc.dg/torture/float64x-floath.c -O3 -g (test for excess errors)
FAIL: gcc.dg/torture/float64x-floath.c -O3 -g (test for excess errors)
UNRESOLVED: gcc.dg/torture/float64x-floath.c -O3 -g compilation failed to produce executable
UNRESOLVED: gcc.dg/torture/float64x-floath.c -O3 -g compilation failed to produce executable
FAIL: gcc.dg/torture/float64x-floath.c -Os (test for excess errors)
FAIL: gcc.dg/torture/float64x-floath.c -Os (test for excess errors)
UNRESOLVED: gcc.dg/torture/float64x-floath.c -Os compilation failed to produce executable
UNRESOLVED: gcc.dg/torture/float64x-floath.c -Os compilation failed to produce executable
FAIL: gcc.dg/torture/float64x-nan.c -O0 (test for excess errors)
FAIL: gcc.dg/torture/float64x-nan.c -O0 (test for excess errors)
UNRESOLVED: gcc.dg/torture/float64x-nan.c -O0 compilation failed to produce executable
UNRESOLVED: gcc.dg/torture/float64x-nan.c -O0 compilation failed to produce executable
FAIL: gcc.dg/torture/float64x-nan.c -O1 (test for excess errors)
FAIL: gcc.dg/torture/float64x-nan.c -O1 (test for excess errors)
UNRESOLVED: gcc.dg/torture/float64x-nan.c -O1 compilation failed to produce executable
UNRESOLVED: gcc.dg/torture/float64x-nan.c -O1 compilation failed to produce executable
FAIL: gcc.dg/torture/float64x-nan.c -O2 (test for excess errors)
FAIL: gcc.dg/torture/float64x-nan.c -O2 (test for excess errors)
UNRESOLVED: gcc.dg/torture/float64x-nan.c -O2 compilation failed to produce executable
UNRESOLVED: gcc.dg/torture/float64x-nan.c -O2 compilation failed to produce executable
FAIL: gcc.dg/torture/float64x-nan.c -O2 -flto -fno-use-linker-plugin -flto-partition=none (test for excess errors)
FAIL: gcc.dg/torture/float64x-nan.c -O2 -flto -fno-use-linker-plugin -flto-partition=none (test for excess errors)
UNRESOLVED: gcc.dg/torture/float64x-nan.c -O2 -flto -fno-use-linker-plugin -flto-partition=none compilation failed to produce executable
UNRESOLVED: gcc.dg/torture/float64x-nan.c -O2 -flto -fno-use-linker-plugin -flto-partition=none compilation failed to produce executable
FAIL: gcc.dg/torture/float64x-nan.c -O2 -flto -fuse-linker-plugin -fno-fat-lto-objects (test for excess errors)
FAIL: gcc.dg/torture/float64x-nan.c -O2 -flto -fuse-linker-plugin -fno-fat-lto-objects (test for excess errors)
UNRESOLVED: gcc.dg/torture/float64x-nan.c -O2 -flto -fuse-linker-plugin -fno-fat-lto-objects compilation failed to produce executable
UNRESOLVED: gcc.dg/torture/float64x-nan.c -O2 -flto -fuse-linker-plugin -fno-fat-lto-objects compilation failed to produce executable
FAIL: gcc.dg/torture/float64x-nan.c -O3 -g (test for excess errors)
FAIL: gcc.dg/torture/float64x-nan.c -O3 -g (test for excess errors)
UNRESOLVED: gcc.dg/torture/float64x-nan.c -O3 -g compilation failed to produce executable
UNRESOLVED: gcc.dg/torture/float64x-nan.c -O3 -g compilation failed to produce executable
FAIL: gcc.dg/torture/float64x-nan.c -Os (test for excess errors)
FAIL: gcc.dg/torture/float64x-nan.c -Os (test for excess errors)
UNRESOLVED: gcc.dg/torture/float64x-nan.c -Os compilation failed to produce executable
UNRESOLVED: gcc.dg/torture/float64x-nan.c -Os compilation failed to produce executable
FAIL: gcc.dg/torture/float64x-tg-2.c -O0 (test for excess errors)
FAIL: gcc.dg/torture/float64x-tg-2.c -O0 (test for excess errors)
UNRESOLVED: gcc.dg/torture/float64x-tg-2.c -O0 compilation failed to produce executable
UNRESOLVED: gcc.dg/torture/float64x-tg-2.c -O0 compilation failed to produce executable
FAIL: gcc.dg/torture/float64x-tg-2.c -O1 (test for excess errors)
FAIL: gcc.dg/torture/float64x-tg-2.c -O1 (test for excess errors)
UNRESOLVED: gcc.dg/torture/float64x-tg-2.c -O1 compilation failed to produce executable
UNRESOLVED: gcc.dg/torture/float64x-tg-2.c -O1 compilation failed to produce executable
FAIL: gcc.dg/torture/float64x-tg-2.c -O2 (test for excess errors)
FAIL: gcc.dg/torture/float64x-tg-2.c -O2 (test for excess errors)
UNRESOLVED: gcc.dg/torture/float64x-tg-2.c -O2 compilation failed to produce executable
UNRESOLVED: gcc.dg/torture/float64x-tg-2.c -O2 compilation failed to produce executable
FAIL: gcc.dg/torture/float64x-tg-2.c -O2 -flto -fno-use-linker-plugin -flto-partition=none (test for excess errors)
FAIL: gcc.dg/torture/float64x-tg-2.c -O2 -flto -fno-use-linker-plugin -flto-partition=none (test for excess errors)
UNRESOLVED: gcc.dg/torture/float64x-tg-2.c -O2 -flto -fno-use-linker-plugin -flto-partition=none compilation failed to produce executable
UNRESOLVED: gcc.dg/torture/float64x-tg-2.c -O2 -flto -fno-use-linker-plugin -flto-partition=none compilation failed to produce executable
FAIL: gcc.dg/torture/float64x-tg-2.c -O2 -flto -fuse-linker-plugin -fno-fat-lto-objects (test for excess errors)
FAIL: gcc.dg/torture/float64x-tg-2.c -O2 -flto -fuse-linker-plugin -fno-fat-lto-objects (test for excess errors)
UNRESOLVED: gcc.dg/torture/float64x-tg-2.c -O2 -flto -fuse-linker-plugin -fno-fat-lto-objects compilation failed to produce executable
UNRESOLVED: gcc.dg/torture/float64x-tg-2.c -O2 -flto -fuse-linker-plugin -fno-fat-lto-objects compilation failed to produce executable
FAIL: gcc.dg/torture/float64x-tg-2.c -O3 -g (test for excess errors)
FAIL: gcc.dg/torture/float64x-tg-2.c -O3 -g (test for excess errors)
UNRESOLVED: gcc.dg/torture/float64x-tg-2.c -O3 -g compilation failed to produce executable
UNRESOLVED: gcc.dg/torture/float64x-tg-2.c -O3 -g compilation failed to produce executable
FAIL: gcc.dg/torture/float64x-tg-2.c -Os (test for excess errors)
FAIL: gcc.dg/torture/float64x-tg-2.c -Os (test for excess errors)
UNRESOLVED: gcc.dg/torture/float64x-tg-2.c -Os compilation failed to produce executable
UNRESOLVED: gcc.dg/torture/float64x-tg-2.c -Os compilation failed to produce executable
FAIL: gcc.dg/torture/float64x-tg-3.c -O0 (test for excess errors)
FAIL: gcc.dg/torture/float64x-tg-3.c -O0 (test for excess errors)
UNRESOLVED: gcc.dg/torture/float64x-tg-3.c -O0 compilation failed to produce executable
UNRESOLVED: gcc.dg/torture/float64x-tg-3.c -O0 compilation failed to produce executable
FAIL: gcc.dg/torture/float64x-tg-3.c -O1 (test for excess errors)
FAIL: gcc.dg/torture/float64x-tg-3.c -O1 (test for excess errors)
UNRESOLVED: gcc.dg/torture/float64x-tg-3.c -O1 compilation failed to produce executable
UNRESOLVED: gcc.dg/torture/float64x-tg-3.c -O1 compilation failed to produce executable
FAIL: gcc.dg/torture/float64x-tg-3.c -O2 (test for excess errors)
FAIL: gcc.dg/torture/float64x-tg-3.c -O2 (test for excess errors)
UNRESOLVED: gcc.dg/torture/float64x-tg-3.c -O2 compilation failed to produce executable
UNRESOLVED: gcc.dg/torture/float64x-tg-3.c -O2 compilation failed to produce executable
FAIL: gcc.dg/torture/float64x-tg-3.c -O2 -flto -fno-use-linker-plugin -flto-partition=none (test for excess errors)
FAIL: gcc.dg/torture/float64x-tg-3.c -O2 -flto -fno-use-linker-plugin -flto-partition=none (test for excess errors)
UNRESOLVED: gcc.dg/torture/float64x-tg-3.c -O2 -flto -fno-use-linker-plugin -flto-partition=none compilation failed to produce executable
UNRESOLVED: gcc.dg/torture/float64x-tg-3.c -O2 -flto -fno-use-linker-plugin -flto-partition=none compilation failed to produce executable
FAIL: gcc.dg/torture/float64x-tg-3.c -O2 -flto -fuse-linker-plugin -fno-fat-lto-objects (test for excess errors)
FAIL: gcc.dg/torture/float64x-tg-3.c -O2 -flto -fuse-linker-plugin -fno-fat-lto-objects (test for excess errors)
UNRESOLVED: gcc.dg/torture/float64x-tg-3.c -O2 -flto -fuse-linker-plugin -fno-fat-lto-objects compilation failed to produce executable
UNRESOLVED: gcc.dg/torture/float64x-tg-3.c -O2 -flto -fuse-linker-plugin -fno-fat-lto-objects compilation failed to produce executable
FAIL: gcc.dg/torture/float64x-tg-3.c -O3 -g (test for excess errors)
FAIL: gcc.dg/torture/float64x-tg-3.c -O3 -g (test for excess errors)
UNRESOLVED: gcc.dg/torture/float64x-tg-3.c -O3 -g compilation failed to produce executable
UNRESOLVED: gcc.dg/torture/float64x-tg-3.c -O3 -g compilation failed to produce executable
FAIL: gcc.dg/torture/float64x-tg-3.c -Os (test for excess errors)
FAIL: gcc.dg/torture/float64x-tg-3.c -Os (test for excess errors)
UNRESOLVED: gcc.dg/torture/float64x-tg-3.c -Os compilation failed to produce executable
UNRESOLVED: gcc.dg/torture/float64x-tg-3.c -Os compilation failed to produce executable
FAIL: gcc.dg/torture/float64x-tg.c -O0 (test for excess errors)
FAIL: gcc.dg/torture/float64x-tg.c -O0 (test for excess errors)
UNRESOLVED: gcc.dg/torture/float64x-tg.c -O0 compilation failed to produce executable
UNRESOLVED: gcc.dg/torture/float64x-tg.c -O0 compilation failed to produce executable
FAIL: gcc.dg/torture/float64x-tg.c -O1 (test for excess errors)
FAIL: gcc.dg/torture/float64x-tg.c -O1 (test for excess errors)
UNRESOLVED: gcc.dg/torture/float64x-tg.c -O1 compilation failed to produce executable
UNRESOLVED: gcc.dg/torture/float64x-tg.c -O1 compilation failed to produce executable
FAIL: gcc.dg/torture/float64x-tg.c -O2 (test for excess errors)
FAIL: gcc.dg/torture/float64x-tg.c -O2 (test for excess errors)
UNRESOLVED: gcc.dg/torture/float64x-tg.c -O2 compilation failed to produce executable
UNRESOLVED: gcc.dg/torture/float64x-tg.c -O2 compilation failed to produce executable
FAIL: gcc.dg/torture/float64x-tg.c -O2 -flto -fno-use-linker-plugin -flto-partition=none (test for excess errors)
FAIL: gcc.dg/torture/float64x-tg.c -O2 -flto -fno-use-linker-plugin -flto-partition=none (test for excess errors)
UNRESOLVED: gcc.dg/torture/float64x-tg.c -O2 -flto -fno-use-linker-plugin -flto-partition=none compilation failed to produce executable
UNRESOLVED: gcc.dg/torture/float64x-tg.c -O2 -flto -fno-use-linker-plugin -flto-partition=none compilation failed to produce executable
FAIL: gcc.dg/torture/float64x-tg.c -O2 -flto -fuse-linker-plugin -fno-fat-lto-objects (test for excess errors)
FAIL: gcc.dg/torture/float64x-tg.c -O2 -flto -fuse-linker-plugin -fno-fat-lto-objects (test for excess errors)
UNRESOLVED: gcc.dg/torture/float64x-tg.c -O2 -flto -fuse-linker-plugin -fno-fat-lto-objects compilation failed to produce executable
UNRESOLVED: gcc.dg/torture/float64x-tg.c -O2 -flto -fuse-linker-plugin -fno-fat-lto-objects compilation failed to produce executable
FAIL: gcc.dg/torture/float64x-tg.c -O3 -g (test for excess errors)
FAIL: gcc.dg/torture/float64x-tg.c -O3 -g (test for excess errors)
UNRESOLVED: gcc.dg/torture/float64x-tg.c -O3 -g compilation failed to produce executable
UNRESOLVED: gcc.dg/torture/float64x-tg.c -O3 -g compilation failed to produce executable
FAIL: gcc.dg/torture/float64x-tg.c -Os (test for excess errors)
FAIL: gcc.dg/torture/float64x-tg.c -Os (test for excess errors)
UNRESOLVED: gcc.dg/torture/float64x-tg.c -Os compilation failed to produce executable
UNRESOLVED: gcc.dg/torture/float64x-tg.c -Os compilation failed to produce executable
FAIL: gcc.dg/torture/floatn-convert.c -O0 (test for excess errors)
FAIL: gcc.dg/torture/floatn-convert.c -O0 (test for excess errors)
UNRESOLVED: gcc.dg/torture/floatn-convert.c -O0 compilation failed to produce executable
UNRESOLVED: gcc.dg/torture/floatn-convert.c -O0 compilation failed to produce executable
FAIL: gcc.dg/torture/floatn-convert.c -O1 (test for excess errors)
FAIL: gcc.dg/torture/floatn-convert.c -O1 (test for excess errors)
UNRESOLVED: gcc.dg/torture/floatn-convert.c -O1 compilation failed to produce executable
UNRESOLVED: gcc.dg/torture/floatn-convert.c -O1 compilation failed to produce executable
FAIL: gcc.dg/torture/floatn-convert.c -O2 (test for excess errors)
FAIL: gcc.dg/torture/floatn-convert.c -O2 (test for excess errors)
UNRESOLVED: gcc.dg/torture/floatn-convert.c -O2 compilation failed to produce executable
UNRESOLVED: gcc.dg/torture/floatn-convert.c -O2 compilation failed to produce executable
FAIL: gcc.dg/torture/floatn-convert.c -O2 -flto -fno-use-linker-plugin -flto-partition=none (test for excess errors)
FAIL: gcc.dg/torture/floatn-convert.c -O2 -flto -fno-use-linker-plugin -flto-partition=none (test for excess errors)
UNRESOLVED: gcc.dg/torture/floatn-convert.c -O2 -flto -fno-use-linker-plugin -flto-partition=none compilation failed to produce executable
UNRESOLVED: gcc.dg/torture/floatn-convert.c -O2 -flto -fno-use-linker-plugin -flto-partition=none compilation failed to produce executable
FAIL: gcc.dg/torture/floatn-convert.c -O2 -flto -fuse-linker-plugin -fno-fat-lto-objects (test for excess errors)
FAIL: gcc.dg/torture/floatn-convert.c -O2 -flto -fuse-linker-plugin -fno-fat-lto-objects (test for excess errors)
UNRESOLVED: gcc.dg/torture/floatn-convert.c -O2 -flto -fuse-linker-plugin -fno-fat-lto-objects compilation failed to produce executable
UNRESOLVED: gcc.dg/torture/floatn-convert.c -O2 -flto -fuse-linker-plugin -fno-fat-lto-objects compilation failed to produce executable
FAIL: gcc.dg/torture/floatn-convert.c -O3 -fomit-frame-pointer -funroll-loops -fpeel-loops -ftracer -finline-functions (test for excess errors)
FAIL: gcc.dg/torture/floatn-convert.c -O3 -fomit-frame-pointer -funroll-loops -fpeel-loops -ftracer -finline-functions (test for excess errors)
UNRESOLVED: gcc.dg/torture/floatn-convert.c -O3 -fomit-frame-pointer -funroll-loops -fpeel-loops -ftracer -finline-functions compilation failed to produce executable
UNRESOLVED: gcc.dg/torture/floatn-convert.c -O3 -fomit-frame-pointer -funroll-loops -fpeel-loops -ftracer -finline-functions compilation failed to produce executable
FAIL: gcc.dg/torture/floatn-convert.c -O3 -g (test for excess errors)
FAIL: gcc.dg/torture/floatn-convert.c -O3 -g (test for excess errors)
UNRESOLVED: gcc.dg/torture/floatn-convert.c -O3 -g compilation failed to produce executable
UNRESOLVED: gcc.dg/torture/floatn-convert.c -O3 -g compilation failed to produce executable
FAIL: gcc.dg/torture/floatn-convert.c -Os (test for excess errors)
FAIL: gcc.dg/torture/floatn-convert.c -Os (test for excess errors)
UNRESOLVED: gcc.dg/torture/floatn-convert.c -Os compilation failed to produce executable
UNRESOLVED: gcc.dg/torture/floatn-convert.c -Os compilation failed to produce executable
FAIL: gcc.dg/torture/fp-int-convert-float128-ieee-timode.c -O0 (test for excess errors)
FAIL: gcc.dg/torture/fp-int-convert-float128-ieee-timode.c -O0 (test for excess errors)
UNRESOLVED: gcc.dg/torture/fp-int-convert-float128-ieee-timode.c -O0 compilation failed to produce executable
UNRESOLVED: gcc.dg/torture/fp-int-convert-float128-ieee-timode.c -O0 compilation failed to produce executable
FAIL: gcc.dg/torture/fp-int-convert-float128-ieee-timode.c -O1 (test for excess errors)
FAIL: gcc.dg/torture/fp-int-convert-float128-ieee-timode.c -O1 (test for excess errors)
UNRESOLVED: gcc.dg/torture/fp-int-convert-float128-ieee-timode.c -O1 compilation failed to produce executable
UNRESOLVED: gcc.dg/torture/fp-int-convert-float128-ieee-timode.c -O1 compilation failed to produce executable
FAIL: gcc.dg/torture/fp-int-convert-float128-ieee-timode.c -O2 (test for excess errors)
FAIL: gcc.dg/torture/fp-int-convert-float128-ieee-timode.c -O2 (test for excess errors)
UNRESOLVED: gcc.dg/torture/fp-int-convert-float128-ieee-timode.c -O2 compilation failed to produce executable
UNRESOLVED: gcc.dg/torture/fp-int-convert-float128-ieee-timode.c -O2 compilation failed to produce executable
FAIL: gcc.dg/torture/fp-int-convert-float128-ieee-timode.c -O2 -flto -fno-use-linker-plugin -flto-partition=none (test for excess errors)
FAIL: gcc.dg/torture/fp-int-convert-float128-ieee-timode.c -O2 -flto -fno-use-linker-plugin -flto-partition=none (test for excess errors)
UNRESOLVED: gcc.dg/torture/fp-int-convert-float128-ieee-timode.c -O2 -flto -fno-use-linker-plugin -flto-partition=none compilation failed to produce executable
UNRESOLVED: gcc.dg/torture/fp-int-convert-float128-ieee-timode.c -O2 -flto -fno-use-linker-plugin -flto-partition=none compilation failed to produce executable
FAIL: gcc.dg/torture/fp-int-convert-float128-ieee-timode.c -O2 -flto -fuse-linker-plugin -fno-fat-lto-objects (test for excess errors)
FAIL: gcc.dg/torture/fp-int-convert-float128-ieee-timode.c -O2 -flto -fuse-linker-plugin -fno-fat-lto-objects (test for excess errors)
UNRESOLVED: gcc.dg/torture/fp-int-convert-float128-ieee-timode.c -O2 -flto -fuse-linker-plugin -fno-fat-lto-objects compilation failed to produce executable
UNRESOLVED: gcc.dg/torture/fp-int-convert-float128-ieee-timode.c -O2 -flto -fuse-linker-plugin -fno-fat-lto-objects compilation failed to produce executable
FAIL: gcc.dg/torture/fp-int-convert-float128-ieee-timode.c -O3 -g (test for excess errors)
FAIL: gcc.dg/torture/fp-int-convert-float128-ieee-timode.c -O3 -g (test for excess errors)
UNRESOLVED: gcc.dg/torture/fp-int-convert-float128-ieee-timode.c -O3 -g compilation failed to produce executable
UNRESOLVED: gcc.dg/torture/fp-int-convert-float128-ieee-timode.c -O3 -g compilation failed to produce executable
FAIL: gcc.dg/torture/fp-int-convert-float128-ieee-timode.c -Os (test for excess errors)
FAIL: gcc.dg/torture/fp-int-convert-float128-ieee-timode.c -Os (test for excess errors)
UNRESOLVED: gcc.dg/torture/fp-int-convert-float128-ieee-timode.c -Os compilation failed to produce executable
UNRESOLVED: gcc.dg/torture/fp-int-convert-float128-ieee-timode.c -Os compilation failed to produce executable
FAIL: gcc.dg/torture/fp-int-convert-float128-ieee.c -O0 (test for excess errors)
FAIL: gcc.dg/torture/fp-int-convert-float128-ieee.c -O0 (test for excess errors)
UNRESOLVED: gcc.dg/torture/fp-int-convert-float128-ieee.c -O0 compilation failed to produce executable
UNRESOLVED: gcc.dg/torture/fp-int-convert-float128-ieee.c -O0 compilation failed to produce executable
FAIL: gcc.dg/torture/fp-int-convert-float128-ieee.c -O1 (test for excess errors)
FAIL: gcc.dg/torture/fp-int-convert-float128-ieee.c -O1 (test for excess errors)
UNRESOLVED: gcc.dg/torture/fp-int-convert-float128-ieee.c -O1 compilation failed to produce executable
UNRESOLVED: gcc.dg/torture/fp-int-convert-float128-ieee.c -O1 compilation failed to produce executable
FAIL: gcc.dg/torture/fp-int-convert-float128-ieee.c -O2 (test for excess errors)
FAIL: gcc.dg/torture/fp-int-convert-float128-ieee.c -O2 (test for excess errors)
UNRESOLVED: gcc.dg/torture/fp-int-convert-float128-ieee.c -O2 compilation failed to produce executable
UNRESOLVED: gcc.dg/torture/fp-int-convert-float128-ieee.c -O2 compilation failed to produce executable
FAIL: gcc.dg/torture/fp-int-convert-float128-ieee.c -O2 -flto -fno-use-linker-plugin -flto-partition=none (test for excess errors)
FAIL: gcc.dg/torture/fp-int-convert-float128-ieee.c -O2 -flto -fno-use-linker-plugin -flto-partition=none (test for excess errors)
UNRESOLVED: gcc.dg/torture/fp-int-convert-float128-ieee.c -O2 -flto -fno-use-linker-plugin -flto-partition=none compilation failed to produce executable
UNRESOLVED: gcc.dg/torture/fp-int-convert-float128-ieee.c -O2 -flto -fno-use-linker-plugin -flto-partition=none compilation failed to produce executable
FAIL: gcc.dg/torture/fp-int-convert-float128-ieee.c -O2 -flto -fuse-linker-plugin -fno-fat-lto-objects (test for excess errors)
FAIL: gcc.dg/torture/fp-int-convert-float128-ieee.c -O2 -flto -fuse-linker-plugin -fno-fat-lto-objects (test for excess errors)
UNRESOLVED: gcc.dg/torture/fp-int-convert-float128-ieee.c -O2 -flto -fuse-linker-plugin -fno-fat-lto-objects compilation failed to produce executable
UNRESOLVED: gcc.dg/torture/fp-int-convert-float128-ieee.c -O2 -flto -fuse-linker-plugin -fno-fat-lto-objects compilation failed to produce executable
FAIL: gcc.dg/torture/fp-int-convert-float128-ieee.c -O3 -g (test for excess errors)
FAIL: gcc.dg/torture/fp-int-convert-float128-ieee.c -O3 -g (test for excess errors)
UNRESOLVED: gcc.dg/torture/fp-int-convert-float128-ieee.c -O3 -g compilation failed to produce executable
UNRESOLVED: gcc.dg/torture/fp-int-convert-float128-ieee.c -O3 -g compilation failed to produce executable
FAIL: gcc.dg/torture/fp-int-convert-float128-ieee.c -Os (test for excess errors)
FAIL: gcc.dg/torture/fp-int-convert-float128-ieee.c -Os (test for excess errors)
UNRESOLVED: gcc.dg/torture/fp-int-convert-float128-ieee.c -Os compilation failed to produce executable
UNRESOLVED: gcc.dg/torture/fp-int-convert-float128-ieee.c -Os compilation failed to produce executable
FAIL: gcc.dg/torture/fp-int-convert-float64x-timode.c -O0 (test for excess errors)
FAIL: gcc.dg/torture/fp-int-convert-float64x-timode.c -O0 (test for excess errors)
UNRESOLVED: gcc.dg/torture/fp-int-convert-float64x-timode.c -O0 compilation failed to produce executable
UNRESOLVED: gcc.dg/torture/fp-int-convert-float64x-timode.c -O0 compilation failed to produce executable
FAIL: gcc.dg/torture/fp-int-convert-float64x-timode.c -O1 (test for excess errors)
FAIL: gcc.dg/torture/fp-int-convert-float64x-timode.c -O1 (test for excess errors)
UNRESOLVED: gcc.dg/torture/fp-int-convert-float64x-timode.c -O1 compilation failed to produce executable
UNRESOLVED: gcc.dg/torture/fp-int-convert-float64x-timode.c -O1 compilation failed to produce executable
FAIL: gcc.dg/torture/fp-int-convert-float64x-timode.c -O2 (test for excess errors)
FAIL: gcc.dg/torture/fp-int-convert-float64x-timode.c -O2 (test for excess errors)
UNRESOLVED: gcc.dg/torture/fp-int-convert-float64x-timode.c -O2 compilation failed to produce executable
UNRESOLVED: gcc.dg/torture/fp-int-convert-float64x-timode.c -O2 compilation failed to produce executable
FAIL: gcc.dg/torture/fp-int-convert-float64x-timode.c -O2 -flto -fno-use-linker-plugin -flto-partition=none (test for excess errors)
FAIL: gcc.dg/torture/fp-int-convert-float64x-timode.c -O2 -flto -fno-use-linker-plugin -flto-partition=none (test for excess errors)
UNRESOLVED: gcc.dg/torture/fp-int-convert-float64x-timode.c -O2 -flto -fno-use-linker-plugin -flto-partition=none compilation failed to produce executable
UNRESOLVED: gcc.dg/torture/fp-int-convert-float64x-timode.c -O2 -flto -fno-use-linker-plugin -flto-partition=none compilation failed to produce executable
FAIL: gcc.dg/torture/fp-int-convert-float64x-timode.c -O2 -flto -fuse-linker-plugin -fno-fat-lto-objects (test for excess errors)
FAIL: gcc.dg/torture/fp-int-convert-float64x-timode.c -O2 -flto -fuse-linker-plugin -fno-fat-lto-objects (test for excess errors)
UNRESOLVED: gcc.dg/torture/fp-int-convert-float64x-timode.c -O2 -flto -fuse-linker-plugin -fno-fat-lto-objects compilation failed to produce executable
UNRESOLVED: gcc.dg/torture/fp-int-convert-float64x-timode.c -O2 -flto -fuse-linker-plugin -fno-fat-lto-objects compilation failed to produce executable
FAIL: gcc.dg/torture/fp-int-convert-float64x-timode.c -O3 -g (test for excess errors)
FAIL: gcc.dg/torture/fp-int-convert-float64x-timode.c -O3 -g (test for excess errors)
UNRESOLVED: gcc.dg/torture/fp-int-convert-float64x-timode.c -O3 -g compilation failed to produce executable
UNRESOLVED: gcc.dg/torture/fp-int-convert-float64x-timode.c -O3 -g compilation failed to produce executable
FAIL: gcc.dg/torture/fp-int-convert-float64x-timode.c -Os (test for excess errors)
FAIL: gcc.dg/torture/fp-int-convert-float64x-timode.c -Os (test for excess errors)
UNRESOLVED: gcc.dg/torture/fp-int-convert-float64x-timode.c -Os compilation failed to produce executable
UNRESOLVED: gcc.dg/torture/fp-int-convert-float64x-timode.c -Os compilation failed to produce executable
FAIL: gcc.dg/torture/fp-int-convert-float64x.c -O0 (test for excess errors)
FAIL: gcc.dg/torture/fp-int-convert-float64x.c -O0 (test for excess errors)
UNRESOLVED: gcc.dg/torture/fp-int-convert-float64x.c -O0 compilation failed to produce executable
UNRESOLVED: gcc.dg/torture/fp-int-convert-float64x.c -O0 compilation failed to produce executable
FAIL: gcc.dg/torture/fp-int-convert-float64x.c -O1 (test for excess errors)
FAIL: gcc.dg/torture/fp-int-convert-float64x.c -O1 (test for excess errors)
UNRESOLVED: gcc.dg/torture/fp-int-convert-float64x.c -O1 compilation failed to produce executable
UNRESOLVED: gcc.dg/torture/fp-int-convert-float64x.c -O1 compilation failed to produce executable
FAIL: gcc.dg/torture/fp-int-convert-float64x.c -O2 (test for excess errors)
FAIL: gcc.dg/torture/fp-int-convert-float64x.c -O2 (test for excess errors)
UNRESOLVED: gcc.dg/torture/fp-int-convert-float64x.c -O2 compilation failed to produce executable
UNRESOLVED: gcc.dg/torture/fp-int-convert-float64x.c -O2 compilation failed to produce executable
FAIL: gcc.dg/torture/fp-int-convert-float64x.c -O2 -flto -fno-use-linker-plugin -flto-partition=none (test for excess errors)
FAIL: gcc.dg/torture/fp-int-convert-float64x.c -O2 -flto -fno-use-linker-plugin -flto-partition=none (test for excess errors)
UNRESOLVED: gcc.dg/torture/fp-int-convert-float64x.c -O2 -flto -fno-use-linker-plugin -flto-partition=none compilation failed to produce executable
UNRESOLVED: gcc.dg/torture/fp-int-convert-float64x.c -O2 -flto -fno-use-linker-plugin -flto-partition=none compilation failed to produce executable
FAIL: gcc.dg/torture/fp-int-convert-float64x.c -O2 -flto -fuse-linker-plugin -fno-fat-lto-objects (test for excess errors)
FAIL: gcc.dg/torture/fp-int-convert-float64x.c -O2 -flto -fuse-linker-plugin -fno-fat-lto-objects (test for excess errors)
UNRESOLVED: gcc.dg/torture/fp-int-convert-float64x.c -O2 -flto -fuse-linker-plugin -fno-fat-lto-objects compilation failed to produce executable
UNRESOLVED: gcc.dg/torture/fp-int-convert-float64x.c -O2 -flto -fuse-linker-plugin -fno-fat-lto-objects compilation failed to produce executable
FAIL: gcc.dg/torture/fp-int-convert-float64x.c -O3 -g (test for excess errors)
FAIL: gcc.dg/torture/fp-int-convert-float64x.c -O3 -g (test for excess errors)
UNRESOLVED: gcc.dg/torture/fp-int-convert-float64x.c -O3 -g compilation failed to produce executable
UNRESOLVED: gcc.dg/torture/fp-int-convert-float64x.c -O3 -g compilation failed to produce executable
FAIL: gcc.dg/torture/fp-int-convert-float64x.c -Os (test for excess errors)
FAIL: gcc.dg/torture/fp-int-convert-float64x.c -Os (test for excess errors)
UNRESOLVED: gcc.dg/torture/fp-int-convert-float64x.c -Os compilation failed to produce executable
UNRESOLVED: gcc.dg/torture/fp-int-convert-float64x.c -Os compilation failed to produce executable
FAIL: gcc.dg/tree-ssa/ivopts-lt-2.c scan-tree-dump-times ivopts "PHI <p_" 1
FAIL: gcc.dg/tree-ssa/ivopts-lt-2.c scan-tree-dump-times ivopts "PHI <p_" 1
FAIL: gcc.dg/tree-ssa/ivopts-lt-2.c scan-tree-dump-times ivopts "PHI" 1
FAIL: gcc.dg/tree-ssa/ivopts-lt-2.c scan-tree-dump-times ivopts "PHI" 1
FAIL: gcc.dg/tree-ssa/ivopts-lt-2.c scan-tree-dump-times ivopts "p_[0-9]* <" 1
FAIL: gcc.dg/tree-ssa/ivopts-lt-2.c scan-tree-dump-times ivopts "p_[0-9]* <" 1
XPASS: gcc.dg/vect/costmodel/ppc/costmodel-fast-math-vect-pr29925.c scan-tree-dump-times vect "vectorization not profitable" 1
XPASS: gcc.dg/vect/costmodel/ppc/costmodel-fast-math-vect-pr29925.c scan-tree-dump-times vect "vectorization not profitable" 1
FAIL: gcc.dg/vect/costmodel/ppc/costmodel-vect-33.c scan-tree-dump-times vect "vectorization not profitable" 1
FAIL: gcc.dg/vect/costmodel/ppc/costmodel-vect-33.c scan-tree-dump-times vect "vectorization not profitable" 1
FAIL: gcc.dg/vect/costmodel/ppc/costmodel-vect-76b.c scan-tree-dump-times vect "vectorized 1 loops" 1
FAIL: gcc.dg/vect/costmodel/ppc/costmodel-vect-76b.c scan-tree-dump-times vect "vectorized 1 loops" 1
XPASS: gcc.dg/vect/slp-24-big-array.c -flto -ffat-lto-objects scan-tree-dump-times vect "vectorized 1 loops" 1
XPASS: gcc.dg/vect/slp-24-big-array.c -flto -ffat-lto-objects scan-tree-dump-times vect "vectorized 1 loops" 1
XPASS: gcc.dg/vect/slp-24-big-array.c -flto -ffat-lto-objects scan-tree-dump-times vect "vectorizing stmts using SLP" 2
XPASS: gcc.dg/vect/slp-24-big-array.c -flto -ffat-lto-objects scan-tree-dump-times vect "vectorizing stmts using SLP" 2
XPASS: gcc.dg/vect/slp-24-big-array.c scan-tree-dump-times vect "vectorized 1 loops" 1
XPASS: gcc.dg/vect/slp-24-big-array.c scan-tree-dump-times vect "vectorized 1 loops" 1
XPASS: gcc.dg/vect/slp-24-big-array.c scan-tree-dump-times vect "vectorizing stmts using SLP" 2
XPASS: gcc.dg/vect/slp-24-big-array.c scan-tree-dump-times vect "vectorizing stmts using SLP" 2
XPASS: gcc.dg/vect/slp-24.c -flto -ffat-lto-objects scan-tree-dump-times vect "vectorized 1 loops" 1
XPASS: gcc.dg/vect/slp-24.c -flto -ffat-lto-objects scan-tree-dump-times vect "vectorized 1 loops" 1
XPASS: gcc.dg/vect/slp-24.c -flto -ffat-lto-objects scan-tree-dump-times vect "vectorizing stmts using SLP" 2
XPASS: gcc.dg/vect/slp-24.c -flto -ffat-lto-objects scan-tree-dump-times vect "vectorizing stmts using SLP" 2
XPASS: gcc.dg/vect/slp-24.c scan-tree-dump-times vect "vectorized 1 loops" 1
XPASS: gcc.dg/vect/slp-24.c scan-tree-dump-times vect "vectorized 1 loops" 1
XPASS: gcc.dg/vect/slp-24.c scan-tree-dump-times vect "vectorizing stmts using SLP" 2
XPASS: gcc.dg/vect/slp-24.c scan-tree-dump-times vect "vectorizing stmts using SLP" 2
FAIL: gcc.dg/vect/slp-perm-8.c -flto -ffat-lto-objects scan-tree-dump-times vect "vectorized 1 loops" 1
FAIL: gcc.dg/vect/slp-perm-8.c -flto -ffat-lto-objects scan-tree-dump-times vect "vectorized 1 loops" 1
FAIL: gcc.dg/vect/slp-perm-8.c scan-tree-dump-times vect "vectorized 1 loops" 1
FAIL: gcc.dg/vect/slp-perm-8.c scan-tree-dump-times vect "vectorized 1 loops" 1
XPASS: gcc.dg/vect/vect-24.c -flto -ffat-lto-objects scan-tree-dump-times vect "vectorized 3 loops" 1
XPASS: gcc.dg/vect/vect-24.c -flto -ffat-lto-objects scan-tree-dump-times vect "vectorized 3 loops" 1
XPASS: gcc.dg/vect/vect-24.c scan-tree-dump-times vect "vectorized 3 loops" 1
XPASS: gcc.dg/vect/vect-24.c scan-tree-dump-times vect "vectorized 3 loops" 1
XPASS: gcc.target/powerpc/20050830-1.c scan-assembler bdn
XPASS: gcc.target/powerpc/20050830-1.c scan-assembler bdn
UNRESOLVED: gcc.target/powerpc/altivec-consts.c scan-assembler-not lvx
UNRESOLVED: gcc.target/powerpc/altivec-consts.c scan-assembler-not lvx
FAIL: gcc.target/powerpc/fold-vec-mult-longlong.c scan-assembler-times [ \\t]mulld 4
FAIL: gcc.target/powerpc/fold-vec-mult-longlong.c scan-assembler-times [ \\t]mulld 4
FAIL: gcc.target/powerpc/p8vector-vectorize-1.c scan-assembler-times [\\t ]vcmpequd[\\t ] 2
FAIL: gcc.target/powerpc/p8vector-vectorize-1.c scan-assembler-times [\\t ]vcmpequd[\\t ] 2
=== gcc Summary ===
# of expected passes 217451
# of unexpected failures 723
# of unexpected successes 60
# of expected failures 734
# of unresolved testcases 302
# of unsupported tests 5612
/build/gcc-snapshot-t9bSY8/gcc-snapshot-20170125/build/gcc/xgcc version 7.0.1 20170125 (experimental) [trunk revision 244909] (Debian 20170125-1)
=== gfortran tests ===
Running target unix
XPASS: gfortran.dg/large_real_kind_form_io_2.f90 -O0 execution test
XPASS: gfortran.dg/large_real_kind_form_io_2.f90 -O0 execution test
XPASS: gfortran.dg/large_real_kind_form_io_2.f90 -O1 execution test
XPASS: gfortran.dg/large_real_kind_form_io_2.f90 -O1 execution test
XPASS: gfortran.dg/large_real_kind_form_io_2.f90 -O2 execution test
XPASS: gfortran.dg/large_real_kind_form_io_2.f90 -O2 execution test
XPASS: gfortran.dg/large_real_kind_form_io_2.f90 -O3 -fomit-frame-pointer -funroll-loops -fpeel-loops -ftracer -finline-functions execution test
XPASS: gfortran.dg/large_real_kind_form_io_2.f90 -O3 -fomit-frame-pointer -funroll-loops -fpeel-loops -ftracer -finline-functions execution test
XPASS: gfortran.dg/large_real_kind_form_io_2.f90 -O3 -g execution test
XPASS: gfortran.dg/large_real_kind_form_io_2.f90 -O3 -g execution test
XPASS: gfortran.dg/large_real_kind_form_io_2.f90 -Os execution test
XPASS: gfortran.dg/large_real_kind_form_io_2.f90 -Os execution test
XPASS: gfortran.dg/nint_2.f90 -O0 execution test
XPASS: gfortran.dg/nint_2.f90 -O0 execution test
FAIL: gfortran.dg/graphite/vect-pr40979.f90 -O scan-tree-dump-times vect "vectorized 1 loops" 1
FAIL: gfortran.dg/graphite/vect-pr40979.f90 -O scan-tree-dump-times vect "vectorized 1 loops" 1
FAIL: gfortran.dg/ieee/large_2.f90 -O0 execution test
FAIL: gfortran.dg/ieee/large_2.f90 -O0 execution test
FAIL: gfortran.dg/ieee/large_2.f90 -O1 execution test
FAIL: gfortran.dg/ieee/large_2.f90 -O1 execution test
FAIL: gfortran.dg/ieee/large_2.f90 -O2 execution test
FAIL: gfortran.dg/ieee/large_2.f90 -O2 execution test
FAIL: gfortran.dg/ieee/large_2.f90 -O3 -fomit-frame-pointer -funroll-loops -fpeel-loops -ftracer -finline-functions execution test
FAIL: gfortran.dg/ieee/large_2.f90 -O3 -fomit-frame-pointer -funroll-loops -fpeel-loops -ftracer -finline-functions execution test
FAIL: gfortran.dg/ieee/large_2.f90 -O3 -g execution test
FAIL: gfortran.dg/ieee/large_2.f90 -O3 -g execution test
FAIL: gfortran.dg/ieee/large_2.f90 -Os execution test
FAIL: gfortran.dg/ieee/large_2.f90 -Os execution test
FAIL: gfortran.dg/vect/fast-math-mgrid-resid.f -O scan-tree-dump pcom "vectp_u.*__lsm.* = PHI <.*vectp_u.*__lsm"
FAIL: gfortran.dg/vect/fast-math-mgrid-resid.f -O scan-tree-dump pcom "vectp_u.*__lsm.* = PHI <.*vectp_u.*__lsm"
=== gfortran Summary ===
# of expected passes 88668
# of unexpected failures 16
# of unexpected successes 14
# of expected failures 200
# of unsupported tests 404
/build/gcc-snapshot-t9bSY8/gcc-snapshot-20170125/build/gcc/gfortran version 7.0.1 20170125 (experimental) [trunk revision 244909] (Debian 20170125-1)
=== gnat tests ===
Running target unix
=== gnat Summary ===
# of expected passes 5070
# of expected failures 48
# of unsupported tests 38
/build/gcc-snapshot-t9bSY8/gcc-snapshot-20170125/build/gcc/gnatmake version 7.0.1 20170125 (experimental) [trunk revision 244909]
=== go tests ===
Running target unix
FAIL: go.test/test/ken/cplx2.go execution, -O2 -g
FAIL: go.test/test/ken/cplx2.go execution, -O2 -g
=== go Summary ===
# of expected passes 14722
# of unexpected failures 2
# of expected failures 2
# of untested testcases 22
# of unsupported tests 6
/build/gcc-snapshot-t9bSY8/gcc-snapshot-20170125/build/gcc/gccgo version 7.0.1 20170125 (experimental) [trunk revision 244909] (Debian 20170125-1)
=== obj-c++ tests ===
Running target unix
=== obj-c++ Summary for unix ===
# of expected passes 1458
# of expected failures 2
# of unsupported tests 77
Running target unix
=== obj-c++ Summary for unix ===
# of expected passes 1458
# of expected failures 2
# of unsupported tests 77
=== obj-c++ Summary ===
# of expected passes 2916
# of expected failures 4
# of unsupported tests 154
/build/gcc-snapshot-t9bSY8/gcc-snapshot-20170125/build/gcc/xg++ version 7.0.1 20170125 (experimental) [trunk revision 244909] (Debian 20170125-1)
=== objc tests ===
Running target unix
=== objc Summary ===
# of expected passes 5606
# of unsupported tests 136
/build/gcc-snapshot-t9bSY8/gcc-snapshot-20170125/build/gcc/xgcc version 7.0.1 20170125 (experimental) [trunk revision 244909] (Debian 20170125-1)
=== libatomic tests ===
Running target unix
=== libatomic Summary for unix ===
# of expected passes 44
# of unsupported tests 5
Running target unix
=== libatomic Summary for unix ===
# of expected passes 44
# of unsupported tests 5
=== libatomic Summary ===
# of expected passes 88
# of unsupported tests 10
=== libffi tests ===
Running target unix
=== libffi Summary for unix ===
# of expected passes 1934
# of unsupported tests 28
Running target unix
=== libffi Summary for unix ===
# of expected passes 1934
# of unsupported tests 28
=== libffi Summary ===
# of expected passes 3868
# of unsupported tests 56
=== libgo tests ===
Running target unix
FAIL: runtime
FAIL: net/http
FAIL: runtime/internal/atomic
FAIL: sync/atomic
=== libgo Summary for unix ===
# of expected passes 141
# of unexpected failures 4
Running target unix/-m64
=== libgo Summary for unix/-m64 ===
# of expected passes 145
=== libgo Summary ===
# of expected passes 286
# of unexpected failures 4
/build/gcc-snapshot-t9bSY8/gcc-snapshot-20170125/build/./gcc/gccgo version 7.0.1 20170125 (experimental) [trunk revision 244909] (Debian 20170125-1)
=== libgomp tests ===
Running target unix
FAIL: libgomp.oacc-c/../libgomp.oacc-c-c++-common/atomic_update-1.c -DACC_DEVICE_TYPE_host=1 -DACC_MEM_SHARED=1 -O2 execution test
FAIL: libgomp.oacc-c++/../libgomp.oacc-c-c++-common/atomic_update-1.c -DACC_DEVICE_TYPE_host=1 -DACC_MEM_SHARED=1 -O2 execution test
=== libgomp Summary for unix ===
# of expected passes 5048
# of unexpected failures 2
# of unsupported tests 380
Running target unix
FAIL: libgomp.oacc-c/../libgomp.oacc-c-c++-common/atomic_update-1.c -DACC_DEVICE_TYPE_host=1 -DACC_MEM_SHARED=1 -O2 execution test
FAIL: libgomp.oacc-c++/../libgomp.oacc-c-c++-common/atomic_update-1.c -DACC_DEVICE_TYPE_host=1 -DACC_MEM_SHARED=1 -O2 execution test
=== libgomp Summary for unix ===
# of expected passes 5048
# of unexpected failures 2
# of unsupported tests 380
=== libgomp Summary ===
# of expected passes 10096
# of unexpected failures 4
# of unsupported tests 760
=== libstdc++ tests ===
Running target unix
FAIL: 22_locale/time_get/get_date/wchar_t/4.cc execution test
FAIL: 22_locale/time_get/get_date/wchar_t/4.cc execution test
=== libstdc++ Summary ===
# of expected passes 24016
# of unexpected failures 2
# of expected failures 132
# of unsupported tests 558
Compiler version: 7.0.1 20170125 (experimental) [trunk revision 244909] (Debian 20170125-1)
Platform: powerpc-unknown-linux-gnu
configure flags: -v --with-pkgversion='Debian 20170125-1' --with-bugurl=file:///usr/share/doc/gcc-snapshot/README.Bugs --enable-languages=c,ada,c++,go,fortran,objc,obj-c++ --prefix=/usr/lib/gcc-snapshot --with-gcc-major-version-only --program-prefix= --enable-shared --enable-linker-build-id --disable-nls --with-sysroot=/ --enable-clocale=gnu --enable-libstdcxx-debug --enable-libstdcxx-time=yes --with-default-libstdcxx-abi=new --enable-gnu-unique-object --disable-libitm --disable-libquadmath --enable-plugin --with-system-zlib --enable-objc-gc=auto --enable-secureplt --disable-softfloat --with-cpu=default32 --disable-softfloat --enable-targets=powerpc-linux,powerpc64-linux --enable-multiarch --disable-werror --with-long-double-128 --enable-multilib --enable-checking=yes --build=powerpc-linux-gnu --host=powerpc-linux-gnu --target=powerpc-linux-gnu
BOOT_CFLAGS=
Build Dependencies:
Desired=Unknown/Install/Remove/Purge/Hold
| Status=Not/Inst/Conf-files/Unpacked/halF-conf/Half-inst/trig-aWait/Trig-pend
|/ Err?=(none)/Reinst-required (Status,Err: uppercase=bad)
||/ Name Version Architecture Description
+++-=========================-==================-============-===============================================================================
ii binutils 2.27.90.20170124-1 powerpc GNU assembler, linker and binary utilities
ii g++-6 6.3.0-5 powerpc GNU C++ compiler
ii g++-6-multilib 6.3.0-5 powerpc GNU C++ compiler (multilib support)
ii g++-multilib 4:6.3.0-1 powerpc GNU C++ compiler (multilib files)
ii libc6:powerpc 2.24-9 powerpc GNU C Library: Shared libraries
ii libgmp-dev:powerpc 2:6.1.2+dfsg-1 powerpc Multiprecision arithmetic library developers tools
ii libisl-dev:powerpc 0.18-1 powerpc manipulating sets and relations of integer points bounded by linear constraints
ii libmpc-dev:powerpc 1.0.3-1 powerpc multiple precision complex floating-point library development package
ii libmpfr-dev:powerpc 3.1.5-1 powerpc multiple precision floating-point computation developers tools
sys-auxv-header:
Check for the sys/auxv.h header file.
libcilkrts-targets:
Disable libcilkrts on KFreeBSD and the Hurd. See #734973.
arm-multilib-soft:
ARM hard/soft float multilib support
arm-multilib-defaults:
Set MULTILIB_DEFAULTS for ARM multilib builds
gcc-ice-dump:
For ICEs, dump the preprocessed source file to stderr
when in a distro build environment.
gcc-ice-apport:
Report an ICE to apport (if apport is available
and the environment variable GCC_NOAPPORT is not set)
skip-bootstrap-multilib:
Skip non-default multilib and libstdc++-v3 debug builds in bootstrap builds
libffi-ro-eh_frame_sect:
PR libffi/47248, force a read only eh frame section.
libffi-mips:
Backport Mips go closure support, taken from libffi issue #197.
ada-kfreebsd:
add support for GNU/kFreeBSD.
gcc-multiarch:
- Remaining multiarch patches, not yet submitted upstream.
- Add MULTIARCH_DIRNAME definitions for multilib configurations,
which are used for the non-multilib builds.
config-ml:
- Disable some biarch libraries for biarch builds.
- Fix multilib builds on kernels which don't support all multilibs.
gcc-multilib-multiarch:
Don't auto-detect multilib osdirnames.
libgomp-kfreebsd-testsuite:
Disable lock-2.c test on kfreebsd-*
go-testsuite:
Skip Go testcase on AArch64 which hangs on the buildds.
ada-749574:
Counting all warnings,
there are 0 warnings in stage3 of this bootstrap.
Number of warnings per file:
Number of warning types:
More information about the Gcc-testresults
mailing list