Results for 7.0.1 20170121 (experimental) (GCC) testsuite on s390x-ibm-linux-gnu zEC12
Andreas Krebbel
krebbel@linux.vnet.ibm.com
Sun Jan 22 05:44:00 GMT 2017
LAST_UPDATED: Sat Jan 21 18:06:28 UTC 2017 (revision 244748)
Native configuration is s390x-ibm-linux-gnu zEC12
=== g++ tests ===
Running target unix/-m31
FAIL: g++.dg/guality/pr55665.C -O2 line 23 p == 40
FAIL: g++.dg/guality/pr55665.C -O3 -g line 23 p == 40
XPASS: g++.dg/tls/thread_local-order2.C -std=c++11 execution test
XPASS: g++.dg/tls/thread_local-order2.C -std=c++14 execution test
=== g++ Summary for unix/-m31 ===
# of expected passes 100637
# of unexpected failures 2
# of unexpected successes 2
# of expected failures 374
# of unsupported tests 4198
Running target unix/-m64
FAIL: g++.dg/guality/pr55665.C -O2 line 23 p == 40
FAIL: g++.dg/guality/pr55665.C -O3 -g line 23 p == 40
XPASS: g++.dg/tls/thread_local-order2.C -std=c++11 execution test
XPASS: g++.dg/tls/thread_local-order2.C -std=c++14 execution test
=== g++ Summary for unix/-m64 ===
# of expected passes 102525
# of unexpected failures 2
# of unexpected successes 2
# of expected failures 374
# of unsupported tests 4167
=== g++ Summary ===
# of expected passes 203162
# of unexpected failures 4
# of unexpected successes 4
# of expected failures 748
# of unsupported tests 8365
-zEC12/gcc/testsuite/g++/../../xg++ version 7.0.1 20170121 (experimental) (GCC)
=== gfortran tests ===
Running target unix/-m31
=== gfortran Summary for unix/-m31 ===
# of expected passes 43717
# of expected failures 88
# of unsupported tests 204
Running target unix/-m64
FAIL: gfortran.dg/graphite/pr68279.f90 -O (internal compiler error)
FAIL: gfortran.dg/graphite/pr68279.f90 -O (test for excess errors)
=== gfortran Summary for unix/-m64 ===
# of expected passes 43963
# of unexpected failures 2
# of expected failures 88
# of unsupported tests 83
=== gfortran Summary ===
# of expected passes 87680
# of unexpected failures 2
# of expected failures 176
# of unsupported tests 287
-zEC12/gcc/testsuite/gfortran/../../gfortran version 7.0.1 20170121 (experimental) (GCC)
=== go tests ===
Running target unix/-m31
FAIL: go.test/test/ken/cplx2.go execution, -O2 -g
FAIL: go.test/test/nil.go execution, -O2 -g
WARNING: program timed out.
=== go Summary for unix/-m31 ===
# of expected passes 7369
# of unexpected failures 2
# of expected failures 1
# of untested testcases 7
# of unsupported tests 3
Running target unix/-m64
FAIL: go.test/test/ken/cplx2.go execution, -O2 -g
=== go Summary for unix/-m64 ===
# of expected passes 7250
# of unexpected failures 1
# of expected failures 1
# of untested testcases 7
# of unsupported tests 3
=== go Summary ===
# of expected passes 14619
# of unexpected failures 3
# of expected failures 2
# of untested testcases 14
# of unsupported tests 6
-zEC12/gcc/testsuite/go/../../gccgo version 7.0.1 20170121 (experimental) (GCC)
=== obj-c++ tests ===
Running target unix/-m31
=== obj-c++ Summary for unix/-m31 ===
# of expected passes 1458
# of expected failures 2
# of unsupported tests 77
Running target unix/-m64
=== obj-c++ Summary for unix/-m64 ===
# of expected passes 1450
# of expected failures 10
# of unsupported tests 77
=== obj-c++ Summary ===
# of expected passes 2908
# of expected failures 12
# of unsupported tests 154
-zEC12/gcc/testsuite/obj-c++/../../xg++ version 7.0.1 20170121 (experimental) (GCC)
=== objc tests ===
Running target unix/-m31
=== objc Summary for unix/-m31 ===
# of expected passes 2803
# of unsupported tests 68
Running target unix/-m64
=== objc Summary for unix/-m64 ===
# of expected passes 2803
# of unsupported tests 68
=== objc Summary ===
# of expected passes 5606
# of unsupported tests 136
-zEC12/gcc/xgcc version 7.0.1 20170121 (experimental) (GCC)
=== libatomic tests ===
Running target unix/-m31
=== libatomic Summary for unix/-m31 ===
# of expected passes 44
# of unsupported tests 5
Running target unix/-m64
=== libatomic Summary for unix/-m64 ===
# of expected passes 54
=== libatomic Summary ===
# of expected passes 98
# of unsupported tests 5
=== libffi tests ===
Running target unix/-m31
=== libffi Summary for unix/-m31 ===
# of expected passes 2214
Running target unix/-m64
=== libffi Summary for unix/-m64 ===
# of expected passes 2214
=== libffi Summary ===
# of expected passes 4428
=== libgo tests ===
Running target unix
FAIL: fmt
FAIL: math
FAIL: reflect
FAIL: runtime
FAIL: time
FAIL: crypto/sha256
FAIL: html/template
FAIL: net/http
FAIL: runtime/pprof
FAIL: sync/atomic
=== libgo Summary for unix ===
# of expected passes 135
# of unexpected failures 10
Running target unix/-m31
FAIL: fmt
FAIL: mime
FAIL: reflect
FAIL: runtime
FAIL: time
FAIL: html/template
FAIL: net/http
FAIL: runtime/internal/atomic
FAIL: runtime/pprof
FAIL: sync/atomic
=== libgo Summary for unix/-m31 ===
# of expected passes 135
# of unexpected failures 10
=== libgo Summary ===
# of expected passes 270
# of unexpected failures 20
-zEC12/./gcc/gccgo version 7.0.1 20170121 (experimental) (GCC)
=== libgomp tests ===
Running target unix/-m31
=== libgomp Summary for unix/-m31 ===
# of expected passes 5050
# of unsupported tests 380
Running target unix/-m64
=== libgomp Summary for unix/-m64 ===
# of expected passes 5050
# of unsupported tests 380
=== libgomp Summary ===
# of expected passes 10100
# of unsupported tests 760
=== libitm tests ===
Running target unix/-m31
=== libitm Summary for unix/-m31 ===
# of expected passes 42
# of expected failures 3
# of unsupported tests 1
Running target unix/-m64
=== libitm Summary for unix/-m64 ===
# of expected passes 42
# of expected failures 3
# of unsupported tests 1
=== libitm Summary ===
# of expected passes 84
# of expected failures 6
# of unsupported tests 2
=== libstdc++ tests ===
Running target unix/-m31
FAIL: libstdc++-abi/abi_check
=== libstdc++ Summary for unix/-m31 ===
# of expected passes 12055
# of unexpected failures 1
# of expected failures 66
# of unsupported tests 256
Running target unix/-m64
FAIL: libstdc++-abi/abi_check
=== libstdc++ Summary for unix/-m64 ===
# of expected passes 12055
# of unexpected failures 1
# of expected failures 66
# of unsupported tests 256
=== libstdc++ Summary ===
# of expected passes 24110
# of unexpected failures 2
# of expected failures 132
# of unsupported tests 512
Version: 7.0.1 20170121 (experimental) (GCC)
Platform: s390x-ibm-linux-gnu zEC12
configure flags: --enable-shared --with-system-zlib --enable-threads=posix --enable-__cxa_atexit --enable-checking --with-diagnostics-color=never --prefix=/home/dailybuild/gnu-dailybuild/arena/20170121/gcc-head/install-s390x-zEC12 --enable-languages=c,c++,objc,obj-c++,fortran,go --with-mode=zarch --with-arch=zEC12
GCC version:
More information about the Gcc-testresults
mailing list