Results for 7.0.0 20170115 (experimental) [trunk revision 244471] (GCC) testsuite on i686-pc-linux-gnu
H.J. Lu ia32
ia32@gnu-1.sc.intel.com
Sun Jan 15 09:48:00 GMT 2017
Native configuration is i686-pc-linux-gnu
=== gcc tests ===
Running target unix
FAIL: gcc.c-torture/compile/pr69102.c -O0 (internal compiler error)
FAIL: gcc.c-torture/compile/pr69102.c -O0 (test for excess errors)
FAIL: gcc.c-torture/compile/pr69102.c -O1 (internal compiler error)
FAIL: gcc.c-torture/compile/pr69102.c -O1 (test for excess errors)
FAIL: gcc.c-torture/compile/pr69102.c -O2 (internal compiler error)
FAIL: gcc.c-torture/compile/pr69102.c -O2 (test for excess errors)
FAIL: gcc.c-torture/compile/pr69102.c -O2 -flto -fno-use-linker-plugin -flto-partition=none (internal compiler error)
FAIL: gcc.c-torture/compile/pr69102.c -O2 -flto -fno-use-linker-plugin -flto-partition=none (test for excess errors)
FAIL: gcc.c-torture/compile/pr69102.c -O3 -g (internal compiler error)
FAIL: gcc.c-torture/compile/pr69102.c -O3 -g (test for excess errors)
FAIL: gcc.c-torture/compile/pr69102.c -Os (internal compiler error)
FAIL: gcc.c-torture/compile/pr69102.c -Os (test for excess errors)
FAIL: gcc.dg/54455.c (internal compiler error)
FAIL: gcc.dg/54455.c (test for excess errors)
FAIL: gcc.dg/attr-alloc_size-4.c (test for excess errors)
FAIL: gcc.dg/pr39453.c (internal compiler error)
FAIL: gcc.dg/pr39453.c (test for excess errors)
FAIL: gcc.dg/pr45352-1.c (internal compiler error)
FAIL: gcc.dg/pr45352-1.c (test for excess errors)
FAIL: gcc.dg/pr45352-2.c (internal compiler error)
FAIL: gcc.dg/pr45352-2.c (test for excess errors)
FAIL: gcc.dg/pr45352-3.c (internal compiler error)
FAIL: gcc.dg/pr45352-3.c (test for excess errors)
FAIL: gcc.dg/pr45352.c (internal compiler error)
FAIL: gcc.dg/pr45352.c (test for excess errors)
FAIL: gcc.dg/pr45472.c (internal compiler error)
FAIL: gcc.dg/pr45472.c (test for excess errors)
FAIL: gcc.dg/pr45570.c (internal compiler error)
FAIL: gcc.dg/pr45570.c (test for excess errors)
FAIL: gcc.dg/pr45652.c (internal compiler error)
FAIL: gcc.dg/pr45652.c (test for excess errors)
UNRESOLVED: gcc.dg/pr45652.c compilation failed to produce executable
FAIL: gcc.dg/pr46521.c (internal compiler error)
FAIL: gcc.dg/pr46521.c (test for excess errors)
FAIL: gcc.dg/pr46522.c (internal compiler error)
FAIL: gcc.dg/pr46522.c (test for excess errors)
FAIL: gcc.dg/pr46875.c (internal compiler error)
FAIL: gcc.dg/pr46875.c (test for excess errors)
FAIL: gcc.dg/pr48144.c (internal compiler error)
FAIL: gcc.dg/pr48144.c (test for excess errors)
FAIL: gcc.dg/pr48235.c (internal compiler error)
FAIL: gcc.dg/pr48235.c (test for excess errors)
FAIL: gcc.dg/pr48374.c (internal compiler error)
FAIL: gcc.dg/pr48374.c (test for excess errors)
FAIL: gcc.dg/pr48442.c (internal compiler error)
FAIL: gcc.dg/pr48442.c (test for excess errors)
FAIL: gcc.dg/pr50205.c (internal compiler error)
FAIL: gcc.dg/pr50205.c (test for excess errors)
FAIL: gcc.dg/pr50340.c (internal compiler error)
FAIL: gcc.dg/pr50340.c (test for excess errors)
FAIL: gcc.dg/pr51557.c (internal compiler error)
FAIL: gcc.dg/pr51557.c (test for excess errors)
FAIL: gcc.dg/pr53701.c (internal compiler error)
FAIL: gcc.dg/pr53701.c (test for excess errors)
FAIL: gcc.dg/pr57105.c (internal compiler error)
FAIL: gcc.dg/pr57105.c (test for excess errors)
FAIL: gcc.dg/pr57662.c (internal compiler error)
FAIL: gcc.dg/pr57662.c (test for excess errors)
FAIL: gcc.dg/pr60866.c (internal compiler error)
FAIL: gcc.dg/pr60866.c (test for excess errors)
FAIL: gcc.dg/pr69307.c (internal compiler error)
FAIL: gcc.dg/pr69307.c (test for excess errors)
UNRESOLVED: gcc.dg/pr69307.c compilation failed to produce executable
FAIL: gcc.dg/pr70292.c (internal compiler error)
FAIL: gcc.dg/pr70292.c (test for excess errors)
FAIL: gcc.dg/stack-layout-dynamic-1.c scan-assembler-not cfi_def_cfa_register
FAIL: gcc.dg/format/pr78304.c (test for warnings, line 9)
FAIL: gcc.dg/format/pr78304.c -DWIDE (test for warnings, line 9)
FAIL: gcc.dg/graphite/scop-dsyr2k.c scan-tree-dump-times graphite "number of SCoPs: 1" 1
FAIL: gcc.dg/graphite/scop-dsyrk.c scan-tree-dump-times graphite "number of SCoPs: 1" 1
XPASS: gcc.dg/guality/example.c -O0 execution test
XPASS: gcc.dg/guality/example.c -O1 execution test
XPASS: gcc.dg/guality/guality.c -O0 execution test
XPASS: gcc.dg/guality/guality.c -O1 execution test
XPASS: gcc.dg/guality/guality.c -O2 execution test
XPASS: gcc.dg/guality/guality.c -O2 -flto -fno-use-linker-plugin -flto-partition=none execution test
XPASS: gcc.dg/guality/guality.c -O2 -flto -fuse-linker-plugin -fno-fat-lto-objects execution test
XPASS: gcc.dg/guality/guality.c -O3 -g execution test
XPASS: gcc.dg/guality/guality.c -Os execution test
XPASS: gcc.dg/guality/inline-params.c -O2 execution test
XPASS: gcc.dg/guality/inline-params.c -O2 -flto -fno-use-linker-plugin -flto-partition=none execution test
XPASS: gcc.dg/guality/inline-params.c -O3 -g execution test
XPASS: gcc.dg/guality/inline-params.c -Os execution test
XPASS: gcc.dg/guality/pr41353-1.c -O0 line 28 j == 28 + 37
XPASS: gcc.dg/guality/pr41353-1.c -O1 line 28 j == 28 + 37
XPASS: gcc.dg/guality/pr41353-1.c -O2 line 28 j == 28 + 37
XPASS: gcc.dg/guality/pr41353-1.c -O2 -flto -fno-use-linker-plugin -flto-partition=none line 28 j == 28 + 37
XPASS: gcc.dg/guality/pr41353-1.c -O2 -flto -fuse-linker-plugin -fno-fat-lto-objects line 28 j == 28 + 37
XPASS: gcc.dg/guality/pr41353-1.c -O3 -g line 28 j == 28 + 37
XPASS: gcc.dg/guality/pr41353-1.c -Os line 28 j == 28 + 37
FAIL: gcc.dg/guality/pr41447-1.c -O2 execution test
FAIL: gcc.dg/guality/pr41447-1.c -O2 -flto -fno-use-linker-plugin -flto-partition=none execution test
FAIL: gcc.dg/guality/pr41447-1.c -O3 -g execution test
FAIL: gcc.dg/guality/pr41616-1.c -O2 -flto -fuse-linker-plugin -fno-fat-lto-objects execution test
FAIL: gcc.dg/guality/pr45882.c -O2 -flto -fuse-linker-plugin -fno-fat-lto-objects line 16 d == 112
FAIL: gcc.dg/guality/pr45882.c -O2 -flto -fuse-linker-plugin -fno-fat-lto-objects line 16 e == 142
FAIL: gcc.dg/guality/pr54519-1.c -O2 -flto -fno-use-linker-plugin -flto-partition=none line 20 y == 25
FAIL: gcc.dg/guality/pr54519-1.c -O2 -flto -fno-use-linker-plugin -flto-partition=none line 20 z == 6
FAIL: gcc.dg/guality/pr54519-1.c -O2 -flto -fno-use-linker-plugin -flto-partition=none line 23 y == 117
FAIL: gcc.dg/guality/pr54519-1.c -O2 -flto -fno-use-linker-plugin -flto-partition=none line 23 z == 8
FAIL: gcc.dg/guality/pr54519-2.c -O2 -flto -fno-use-linker-plugin -flto-partition=none line 17 y == 25
FAIL: gcc.dg/guality/pr54519-2.c -O2 -flto -fuse-linker-plugin -fno-fat-lto-objects line 17 y == 25
FAIL: gcc.dg/guality/pr54519-3.c -O2 -flto -fno-use-linker-plugin -flto-partition=none line 20 y == 25
FAIL: gcc.dg/guality/pr54519-3.c -O2 -flto -fno-use-linker-plugin -flto-partition=none line 20 z == 6
FAIL: gcc.dg/guality/pr54519-3.c -O2 -flto -fno-use-linker-plugin -flto-partition=none line 23 y == 117
FAIL: gcc.dg/guality/pr54519-3.c -O2 -flto -fno-use-linker-plugin -flto-partition=none line 23 z == 8
FAIL: gcc.dg/guality/pr54519-3.c -O2 -flto -fuse-linker-plugin -fno-fat-lto-objects line 20 y == 25
FAIL: gcc.dg/guality/pr54519-3.c -O2 -flto -fuse-linker-plugin -fno-fat-lto-objects line 20 z == 6
FAIL: gcc.dg/guality/pr54519-3.c -O2 -flto -fuse-linker-plugin -fno-fat-lto-objects line 23 y == 117
FAIL: gcc.dg/guality/pr54519-3.c -O2 -flto -fuse-linker-plugin -fno-fat-lto-objects line 23 z == 8
FAIL: gcc.dg/guality/pr54519-4.c -O2 -flto -fno-use-linker-plugin -flto-partition=none line 17 y == 25
FAIL: gcc.dg/guality/pr54519-4.c -O2 -flto -fuse-linker-plugin -fno-fat-lto-objects line 17 y == 25
FAIL: gcc.dg/guality/pr54519-5.c -O2 -flto -fno-use-linker-plugin -flto-partition=none line 17 y == 25
FAIL: gcc.dg/guality/pr54519-5.c -O2 -flto -fuse-linker-plugin -fno-fat-lto-objects line 17 y == 25
FAIL: gcc.dg/guality/pr68860-1.c -O2 -flto -fno-use-linker-plugin -flto-partition=none line 14 arg1 == 1
FAIL: gcc.dg/guality/pr68860-1.c -O2 -flto -fno-use-linker-plugin -flto-partition=none line 14 arg2 == 2
FAIL: gcc.dg/guality/pr68860-1.c -O2 -flto -fno-use-linker-plugin -flto-partition=none line 14 arg3 == 3
FAIL: gcc.dg/guality/pr68860-1.c -O2 -flto -fno-use-linker-plugin -flto-partition=none line 14 arg4 == 4
FAIL: gcc.dg/guality/pr68860-1.c -O2 -flto -fno-use-linker-plugin -flto-partition=none line 14 arg5 == 5
FAIL: gcc.dg/guality/pr68860-1.c -O2 -flto -fno-use-linker-plugin -flto-partition=none line 14 arg6 == 6
FAIL: gcc.dg/guality/pr68860-1.c -O2 -flto -fno-use-linker-plugin -flto-partition=none line 16 arg1 == 1
FAIL: gcc.dg/guality/pr68860-1.c -O2 -flto -fno-use-linker-plugin -flto-partition=none line 16 arg2 == 2
FAIL: gcc.dg/guality/pr68860-1.c -O2 -flto -fno-use-linker-plugin -flto-partition=none line 16 arg3 == 3
FAIL: gcc.dg/guality/pr68860-1.c -O2 -flto -fno-use-linker-plugin -flto-partition=none line 16 arg4 == 4
FAIL: gcc.dg/guality/pr68860-1.c -O2 -flto -fno-use-linker-plugin -flto-partition=none line 16 arg5 == 5
FAIL: gcc.dg/guality/pr68860-1.c -O2 -flto -fno-use-linker-plugin -flto-partition=none line 16 arg6 == 6
FAIL: gcc.dg/guality/pr68860-1.c -O2 -flto -fuse-linker-plugin -fno-fat-lto-objects line 14 arg1 == 1
FAIL: gcc.dg/guality/pr68860-1.c -O2 -flto -fuse-linker-plugin -fno-fat-lto-objects line 14 arg2 == 2
FAIL: gcc.dg/guality/pr68860-1.c -O2 -flto -fuse-linker-plugin -fno-fat-lto-objects line 14 arg3 == 3
FAIL: gcc.dg/guality/pr68860-1.c -O2 -flto -fuse-linker-plugin -fno-fat-lto-objects line 14 arg4 == 4
FAIL: gcc.dg/guality/pr68860-1.c -O2 -flto -fuse-linker-plugin -fno-fat-lto-objects line 14 arg5 == 5
FAIL: gcc.dg/guality/pr68860-1.c -O2 -flto -fuse-linker-plugin -fno-fat-lto-objects line 14 arg6 == 6
FAIL: gcc.dg/guality/pr68860-1.c -O2 -flto -fuse-linker-plugin -fno-fat-lto-objects line 16 arg1 == 1
FAIL: gcc.dg/guality/pr68860-1.c -O2 -flto -fuse-linker-plugin -fno-fat-lto-objects line 16 arg2 == 2
FAIL: gcc.dg/guality/pr68860-1.c -O2 -flto -fuse-linker-plugin -fno-fat-lto-objects line 16 arg3 == 3
FAIL: gcc.dg/guality/pr68860-1.c -O2 -flto -fuse-linker-plugin -fno-fat-lto-objects line 16 arg4 == 4
FAIL: gcc.dg/guality/pr68860-1.c -O2 -flto -fuse-linker-plugin -fno-fat-lto-objects line 16 arg5 == 5
FAIL: gcc.dg/guality/pr68860-1.c -O2 -flto -fuse-linker-plugin -fno-fat-lto-objects line 16 arg6 == 6
FAIL: gcc.dg/guality/vla-1.c -O1 line 17 sizeof (a) == 6
FAIL: gcc.dg/guality/vla-1.c -O2 line 17 sizeof (a) == 6
FAIL: gcc.dg/guality/vla-1.c -O2 -flto -fno-use-linker-plugin -flto-partition=none line 17 sizeof (a) == 6
FAIL: gcc.dg/guality/vla-1.c -O2 -flto -fuse-linker-plugin -fno-fat-lto-objects line 17 sizeof (a) == 6
FAIL: gcc.dg/guality/vla-1.c -O3 -g line 17 sizeof (a) == 6
FAIL: gcc.dg/guality/vla-1.c -Os line 17 sizeof (a) == 6
FAIL: gcc.dg/tree-prof/pr45354.c compilation, -fprofile-generate -D_PROFILE_GENERATE (internal compiler error)
UNRESOLVED: gcc.dg/tree-prof/pr45354.c compilation, -fprofile-use -D_PROFILE_USE
UNRESOLVED: gcc.dg/tree-prof/pr45354.c execution, -fprofile-generate -D_PROFILE_GENERATE
UNRESOLVED: gcc.dg/tree-prof/pr45354.c execution, -fprofile-use -D_PROFILE_USE
FAIL: gcc.dg/tree-prof/pr50907.c compilation, -fprofile-generate -D_PROFILE_GENERATE (internal compiler error)
UNRESOLVED: gcc.dg/tree-prof/pr50907.c compilation, -fprofile-use -D_PROFILE_USE
UNRESOLVED: gcc.dg/tree-prof/pr50907.c execution, -fprofile-generate -D_PROFILE_GENERATE
UNRESOLVED: gcc.dg/tree-prof/pr50907.c execution, -fprofile-use -D_PROFILE_USE
FAIL: gcc.dg/tree-ssa/pr69270-3.c scan-tree-dump-times uncprop1 ", 1" 4
FAIL: gcc.dg/tree-ssa/scev-5.c scan-tree-dump-times optimized "&a" 1
FAIL: gcc.dg/tree-ssa/ssa-dom-cse-2.c scan-tree-dump optimized "return 28;"
FAIL: gcc.dg/vect/costmodel/i386/costmodel-fast-math-vect-pr29925.c scan-tree-dump-times vect "vectorized 1 loops" 1
FAIL: gcc.target/i386/align-limit.c scan-assembler .p2align 6,,1
FAIL: gcc.target/i386/pr45352-1.c (internal compiler error)
FAIL: gcc.target/i386/pr45352-1.c (test for excess errors)
FAIL: gcc.target/i386/pr45352-2.c (internal compiler error)
FAIL: gcc.target/i386/pr45352-2.c (test for excess errors)
FAIL: gcc.target/i386/pr45352.c (internal compiler error)
FAIL: gcc.target/i386/pr45352.c (test for excess errors)
FAIL: gcc.target/i386/pr45913.c (internal compiler error)
FAIL: gcc.target/i386/pr45913.c (test for excess errors)
FAIL: gcc.target/i386/pr48237.c (internal compiler error)
FAIL: gcc.target/i386/pr48237.c (test for excess errors)
FAIL: gcc.target/i386/pr60901.c (internal compiler error)
FAIL: gcc.target/i386/pr60901.c (test for excess errors)
FAIL: gcc.target/i386/pr65161.c (internal compiler error)
FAIL: gcc.target/i386/pr65161.c (test for excess errors)
FAIL: gcc.target/i386/pr70021.c scan-tree-dump-times vect "vectorized 1 loops" 2
FAIL: gcc.target/i386/pr71321.c scan-assembler-times lea.\\t\\\\(%[0-9a-z]+,%[0-9a-z]+,4 3
FAIL: gcc.target/i386/pr71321.c scan-assembler-times lea.\\t\\\\(%[0-9a-z]+,%[0-9a-z]+,8 1
=== gcc Summary ===
# of expected passes 128450
# of unexpected failures 146
# of unexpected successes 20
# of expected failures 371
# of unresolved testcases 8
# of unsupported tests 2173
/export/gnu/import/git/gcc-test-ia32/bld/gcc/xgcc version 7.0.0 20170115 (experimental) [trunk revision 244471] (GCC)
=== gfortran tests ===
Running target unix
FAIL: gfortran.dg/bessel_6.f90 -O0 execution test
FAIL: gfortran.dg/bessel_6.f90 -O1 execution test
FAIL: gfortran.dg/bessel_6.f90 -O2 execution test
FAIL: gfortran.dg/bessel_6.f90 -O3 -fomit-frame-pointer -funroll-loops -fpeel-loops -ftracer -finline-functions execution test
FAIL: gfortran.dg/bessel_6.f90 -O3 -g execution test
FAIL: gfortran.dg/bessel_6.f90 -Os execution test
FAIL: gfortran.dg/pr42294.f -O (internal compiler error)
FAIL: gfortran.dg/pr42294.f -O (test for excess errors)
FAIL: gfortran.dg/pr44691.f -O (internal compiler error)
FAIL: gfortran.dg/pr44691.f -O (test for excess errors)
=== gfortran Summary ===
# of expected passes 44305
# of unexpected failures 10
# of expected failures 88
# of unsupported tests 176
/export/gnu/import/git/gcc-test-ia32/bld/gcc/testsuite/gfortran/../../gfortran version 7.0.0 20170115 (experimental) [trunk revision 244471] (GCC)
=== g++ tests ===
Running target unix
FAIL: g++.dg/opt/pr42295.C -std=gnu++11 (internal compiler error)
FAIL: g++.dg/opt/pr42295.C -std=gnu++11 (test for excess errors)
FAIL: g++.dg/opt/pr42295.C -std=gnu++14 (internal compiler error)
FAIL: g++.dg/opt/pr42295.C -std=gnu++14 (test for excess errors)
FAIL: g++.dg/opt/pr42295.C -std=gnu++98 (internal compiler error)
FAIL: g++.dg/opt/pr42295.C -std=gnu++98 (test for excess errors)
FAIL: g++.dg/opt/pr44919.C -std=gnu++11 (internal compiler error)
FAIL: g++.dg/opt/pr44919.C -std=gnu++11 (test for excess errors)
FAIL: g++.dg/opt/pr44919.C -std=gnu++14 (internal compiler error)
FAIL: g++.dg/opt/pr44919.C -std=gnu++14 (test for excess errors)
FAIL: g++.dg/opt/pr44919.C -std=gnu++98 (internal compiler error)
FAIL: g++.dg/opt/pr44919.C -std=gnu++98 (test for excess errors)
FAIL: g++.dg/opt/pr46640.C -std=gnu++11 (internal compiler error)
FAIL: g++.dg/opt/pr46640.C -std=gnu++11 (test for excess errors)
FAIL: g++.dg/opt/pr46640.C -std=gnu++14 (internal compiler error)
FAIL: g++.dg/opt/pr46640.C -std=gnu++14 (test for excess errors)
FAIL: g++.dg/opt/pr46640.C -std=gnu++98 (internal compiler error)
FAIL: g++.dg/opt/pr46640.C -std=gnu++98 (test for excess errors)
FAIL: g++.dg/opt/pr48302.C -std=gnu++11 (internal compiler error)
FAIL: g++.dg/opt/pr48302.C -std=gnu++11 (test for excess errors)
FAIL: g++.dg/opt/pr48302.C -std=gnu++14 (internal compiler error)
FAIL: g++.dg/opt/pr48302.C -std=gnu++14 (test for excess errors)
FAIL: g++.dg/opt/pr48302.C -std=gnu++98 (internal compiler error)
FAIL: g++.dg/opt/pr48302.C -std=gnu++98 (test for excess errors)
FAIL: g++.dg/pr57662.C -std=gnu++11 (internal compiler error)
FAIL: g++.dg/pr57662.C -std=gnu++11 (test for excess errors)
FAIL: g++.dg/pr57662.C -std=gnu++14 (internal compiler error)
FAIL: g++.dg/pr57662.C -std=gnu++14 (test for excess errors)
FAIL: g++.dg/pr57662.C -std=gnu++98 (internal compiler error)
FAIL: g++.dg/pr57662.C -std=gnu++98 (test for excess errors)
FAIL: g++.dg/pr63384.C -std=gnu++11 (internal compiler error)
FAIL: g++.dg/pr63384.C -std=gnu++11 (test for excess errors)
FAIL: g++.dg/pr63384.C -std=gnu++14 (internal compiler error)
FAIL: g++.dg/pr63384.C -std=gnu++14 (test for excess errors)
FAIL: g++.dg/pr63384.C -std=gnu++98 (internal compiler error)
FAIL: g++.dg/pr63384.C -std=gnu++98 (test for excess errors)
FAIL: g++.dg/guality/pr55665.C -O2 line 23 p == 40
FAIL: g++.dg/guality/pr55665.C -O3 -g line 23 p == 40
XPASS: g++.dg/tls/thread_local-order2.C -std=c++11 execution test
XPASS: g++.dg/tls/thread_local-order2.C -std=c++14 execution test
=== g++ Summary ===
# of expected passes 110903
# of unexpected failures 38
# of unexpected successes 2
# of expected failures 335
# of unsupported tests 3899
/export/gnu/import/git/gcc-test-ia32/bld/gcc/testsuite/g++/../../xg++ version 7.0.0 20170115 (experimental) [trunk revision 244471] (GCC)
=== objc tests ===
Running target unix
=== objc Summary ===
# of expected passes 2797
# of expected failures 6
# of unsupported tests 68
/export/gnu/import/git/gcc-test-ia32/bld/gcc/xgcc version 7.0.0 20170115 (experimental) [trunk revision 244471] (GCC)
=== libatomic tests ===
Running target unix
=== libatomic Summary ===
# of expected passes 44
# of unsupported tests 5
=== libgomp tests ===
Running target unix
=== libgomp Summary ===
# of expected passes 5148
# of unsupported tests 331
=== libitm tests ===
Running target unix
=== libitm Summary ===
# of expected passes 42
# of expected failures 3
# of unsupported tests 1
=== libstdc++ tests ===
Running target unix
=== libstdc++ Summary ===
# of expected passes 12071
# of expected failures 66
# of unsupported tests 242
Compiler version: 7.0.0 20170115 (experimental) [trunk revision 244471] (GCC)
Platform: i686-pc-linux-gnu
configure flags: --with-arch=core2 --with-cpu=slm --prefix=/usr/7.0.0 --enable-clocale=gnu --with-system-zlib --enable-shared --with-demangler-in-ld --enable-libmpx i686-linux --with-fpmath=sse
More information about the Gcc-testresults
mailing list