Results for 7.0.0 20170113 (experimental) [trunk revision 244431] (GCC) testsuite on sparc-sun-solaris2.11
Rainer Orth
ro@CeBiTec.Uni-Bielefeld.DE
Fri Jan 13 23:41:00 GMT 2017
LAST_UPDATED: Fri Jan 13 12:21:10 UTC 2017 (revision 244431)
=== acats tests ===
=== acats Summary ===
# of expected passes 2320
# of unexpected failures 0
Native configuration is sparc-sun-solaris2.11
=== g++ tests ===
Running target unix
=== g++ Summary for unix ===
# of expected passes 101706
# of expected failures 340
# of unsupported tests 4361
Running target unix/-m64
=== g++ Summary for unix/-m64 ===
# of expected passes 103594
# of expected failures 340
# of unsupported tests 4330
=== g++ Summary ===
# of expected passes 205300
# of expected failures 680
# of unsupported tests 8691
/var/gcc/regression/trunk/11-gcc-gas/build/gcc/testsuite/g++/../../xg++ version 7.0.0 20170113 (experimental) [trunk revision 244431] (GCC)
=== gcc tests ===
Running target unix
XPASS: gcc.dg/attr-alloc_size-11.c missing range info for short (test for warnings, line 50)
XPASS: gcc.dg/attr-alloc_size-11.c missing range info for signed char (test for warnings, line 49)
FAIL: gcc.dg/attr-alloc_size-4.c (test for excess errors)
XPASS: gcc.dg/pr78768.c -Wformat-overflow (test for warnings, line 11)
FAIL: gcc.dg/visibility-22.c execution test
FAIL: gcc.dg/graphite/scop-dsyr2k.c scan-tree-dump-times graphite "number of SCoPs: 1" 1
FAIL: gcc.dg/graphite/scop-dsyrk.c scan-tree-dump-times graphite "number of SCoPs: 1" 1
FAIL: gcc.dg/plugin/must-tail-call-1.c -fplugin=./must_tail_call_plugin.so (test for excess errors)
FAIL: gcc.dg/simulate-thread/atomic-other-int.c -O2 -g thread simulation test
FAIL: gcc.dg/simulate-thread/atomic-other-int.c -O3 -g thread simulation test
FAIL: gcc.dg/simulate-thread/speculative-store-4.c -O0 -g thread simulation test
FAIL: gcc.dg/simulate-thread/speculative-store.c -O0 -g thread simulation test
FAIL: gcc.dg/tree-ssa/pr69270-3.c scan-tree-dump-times uncprop1 ", 1" 4
=== gcc Summary for unix ===
# of expected passes 97499
# of unexpected failures 10
# of unexpected successes 3
# of expected failures 398
# of unsupported tests 2568
Running target unix/-m64
XPASS: gcc.dg/attr-alloc_size-11.c missing range info for short (test for warnings, line 50)
XPASS: gcc.dg/attr-alloc_size-11.c missing range info for signed char (test for warnings, line 49)
FAIL: gcc.dg/attr-alloc_size-4.c (test for excess errors)
XPASS: gcc.dg/pr78768.c -Wformat-overflow (test for warnings, line 11)
FAIL: gcc.dg/visibility-22.c execution test
FAIL: gcc.dg/plugin/must-tail-call-1.c -fplugin=./must_tail_call_plugin.so (test for excess errors)
FAIL: gcc.dg/tree-ssa/pr69270-3.c scan-tree-dump-times uncprop1 ", 1" 4
=== gcc Summary for unix/-m64 ===
# of expected passes 98552
# of unexpected failures 4
# of unexpected successes 3
# of expected failures 383
# of unsupported tests 2369
=== gcc Summary ===
# of expected passes 196051
# of unexpected failures 14
# of unexpected successes 6
# of expected failures 781
# of unsupported tests 4937
/var/gcc/regression/trunk/11-gcc-gas/build/gcc/xgcc version 7.0.0 20170113 (experimental) [trunk revision 244431] (GCC)
=== gfortran tests ===
Running target unix
=== gfortran Summary for unix ===
# of expected passes 44156
# of expected failures 90
# of unsupported tests 236
Running target unix/-m64
FAIL: gfortran.dg/graphite/pr68279.f90 -O (internal compiler error)
FAIL: gfortran.dg/graphite/pr68279.f90 -O (test for excess errors)
=== gfortran Summary for unix/-m64 ===
# of expected passes 44402
# of unexpected failures 2
# of expected failures 90
# of unsupported tests 115
=== gfortran Summary ===
# of expected passes 88558
# of unexpected failures 2
# of expected failures 180
# of unsupported tests 351
/var/gcc/regression/trunk/11-gcc-gas/build/gcc/testsuite/gfortran/../../gfortran version 7.0.0 20170113 (experimental) [trunk revision 244431] (GCC)
=== gnat tests ===
Running target unix
=== gnat Summary for unix ===
# of expected passes 2527
# of expected failures 24
# of unsupported tests 23
Running target unix/-m64
=== gnat Summary for unix/-m64 ===
# of expected passes 2527
# of expected failures 24
# of unsupported tests 23
=== gnat Summary ===
# of expected passes 5054
# of expected failures 48
# of unsupported tests 46
/var/gcc/regression/trunk/11-gcc-gas/build/gcc/gnatmake version 7.0.0 20170113 (experimental) [trunk revision 244431]
=== go tests ===
Running target unix
=== go Summary for unix ===
# of expected passes 7363
# of expected failures 1
# of untested testcases 11
# of unsupported tests 3
Running target unix/-m64
=== go Summary for unix/-m64 ===
# of expected passes 7243
# of expected failures 1
# of untested testcases 11
# of unsupported tests 3
=== go Summary ===
# of expected passes 14606
# of expected failures 2
# of untested testcases 22
# of unsupported tests 6
=== obj-c++ tests ===
Running target unix
=== obj-c++ Summary for unix ===
# of expected passes 1458
# of expected failures 2
# of unsupported tests 77
Running target unix/-m64
=== obj-c++ Summary for unix/-m64 ===
# of expected passes 1450
# of expected failures 10
# of unsupported tests 77
=== obj-c++ Summary ===
# of expected passes 2908
# of expected failures 12
# of unsupported tests 154
/var/gcc/regression/trunk/11-gcc-gas/build/gcc/testsuite/obj-c++/../../xg++ version 7.0.0 20170113 (experimental) [trunk revision 244431] (GCC)
=== objc tests ===
Running target unix
=== objc Summary for unix ===
# of expected passes 2803
# of unsupported tests 68
Running target unix/-m64
=== objc Summary for unix/-m64 ===
# of expected passes 2803
# of unsupported tests 68
=== objc Summary ===
# of expected passes 5606
# of unsupported tests 136
/var/gcc/regression/trunk/11-gcc-gas/build/gcc/xgcc version 7.0.0 20170113 (experimental) [trunk revision 244431] (GCC)
=== libatomic tests ===
Running target unix
=== libatomic Summary for unix ===
# of expected passes 44
# of unsupported tests 5
Running target unix/-m64
=== libatomic Summary for unix/-m64 ===
# of expected passes 54
=== libatomic Summary ===
# of expected passes 98
# of unsupported tests 5
=== libffi tests ===
Running target unix
=== libffi Summary for unix ===
# of expected passes 2214
Running target unix/-m64
=== libffi Summary for unix/-m64 ===
# of expected passes 2214
=== libffi Summary ===
# of expected passes 4428
=== libgo tests ===
Running target unix
FAIL: go/build
FAIL: net/http
FAIL: os/signal
FAIL: runtime/internal/atomic
=== libgo Summary for unix ===
# of expected passes 134
# of unexpected failures 4
Running target unix/-m64
FAIL: go/build
=== libgo Summary for unix/-m64 ===
# of expected passes 137
# of unexpected failures 1
=== libgo Summary ===
# of expected passes 271
# of unexpected failures 5
=== libgomp tests ===
Running target unix
FAIL: libgomp.c/reduction-10.c execution test
FAIL: libgomp.c/reduction-13.c execution test
FAIL: libgomp.c/reduction-14.c execution test
FAIL: libgomp.c/reduction-9.c execution test
FAIL: libgomp.c++/reduction-10.C execution test
FAIL: libgomp.c++/reduction-12.C execution test
FAIL: libgomp.c++/reduction-7.C execution test
FAIL: libgomp.c++/reduction-8.C execution test
FAIL: libgomp.fortran/vla1.f90 -O0 execution test
FAIL: libgomp.fortran/vla1.f90 -O1 execution test
FAIL: libgomp.fortran/vla1.f90 -O2 execution test
FAIL: libgomp.fortran/vla1.f90 -O3 -fomit-frame-pointer -funroll-loops -fpeel-loops -ftracer -finline-functions execution test
FAIL: libgomp.fortran/vla1.f90 -O3 -g execution test
FAIL: libgomp.fortran/vla1.f90 -Os execution test
FAIL: libgomp.fortran/vla4.f90 -O0 execution test
FAIL: libgomp.fortran/vla4.f90 -O1 execution test
FAIL: libgomp.fortran/vla4.f90 -O2 execution test
FAIL: libgomp.fortran/vla4.f90 -O3 -fomit-frame-pointer -funroll-loops -fpeel-loops -ftracer -finline-functions execution test
FAIL: libgomp.fortran/vla4.f90 -O3 -g execution test
FAIL: libgomp.fortran/vla4.f90 -Os execution test
=== libgomp Summary for unix ===
# of expected passes 5026
# of unexpected failures 20
# of unsupported tests 382
Running target unix/-m64
=== libgomp Summary for unix/-m64 ===
# of expected passes 5046
# of unsupported tests 382
=== libgomp Summary ===
# of expected passes 10072
# of unexpected failures 20
# of unsupported tests 764
=== libitm tests ===
Running target unix
=== libitm Summary for unix ===
# of expected passes 42
# of expected failures 3
# of unsupported tests 1
Running target unix/-m64
=== libitm Summary for unix/-m64 ===
# of expected passes 42
# of expected failures 3
# of unsupported tests 1
=== libitm Summary ===
# of expected passes 84
# of expected failures 6
# of unsupported tests 2
=== libstdc++ tests ===
Running target unix
=== libstdc++ Summary for unix ===
# of expected passes 10706
# of expected failures 66
# of unsupported tests 636
Running target unix/-m64
=== libstdc++ Summary for unix/-m64 ===
# of expected passes 10706
# of expected failures 66
# of unsupported tests 636
=== libstdc++ Summary ===
# of expected passes 21412
# of expected failures 132
# of unsupported tests 1272
Compiler version: 7.0.0 20170113 (experimental) [trunk revision 244431] (GCC)
Platform: sparc-sun-solaris2.11
configure flags: --prefix=/vol/gcc --target=sparc-sun-solaris2.11 --enable-objc-gc --with-target-bdw-gc-include=/vol/gcc/include,sparcv9=/vol/gcc/include --with-target-bdw-gc-lib=/vol/gcc/lib,sparcv9=/vol/gcc/lib/sparcv9 --enable-libmudflap --with-as=/vol/gcc/bin/gas-2.27 --with-gnu-as --with-gmp-include=/vol/gcc/include --with-gmp-lib=/vol/gcc/lib --with-mpfr-include=/vol/gcc/include --with-mpfr-lib=/vol/gcc/lib --with-mpc-include=/vol/gcc/include --with-mpc-lib=/vol/gcc/lib --enable-languages=all,ada,obj-c++,go --with-isl-include=/vol/gcc/include --with-isl-lib=/vol/gcc/lib --build=sparc-sun-solaris2.11 --host=sparc-sun-solaris2.11
BOOT_CFLAGS=-g -O2
More information about the Gcc-testresults
mailing list