Results for 7.0.0 20161231 (experimental) [trunk revision 243987] (Debian 20161231-1) testsuite on mipsel-unknown-linux-gnu
Matthias Klose
doko@debian.org
Thu Jan 12 17:55:00 GMT 2017
LAST_UPDATED: Sat Dec 31 04:39:57 UTC 2016 (revision 243987)
=== acats tests ===
=== acats Summary ===
# of expected passes 2320
# of unexpected failures 0
Native configuration is mipsel-unknown-linux-gnu
=== g++ tests ===
Running target unix
FAIL: g++.dg/guality/pr55665.C -O2 line 23 p == 40
FAIL: g++.dg/guality/pr55665.C -O2 line 23 p == 40
FAIL: g++.dg/guality/pr55665.C -O3 -g line 23 p == 40
FAIL: g++.dg/guality/pr55665.C -O3 -g line 23 p == 40
XPASS: g++.dg/tls/thread_local-order2.C -std=c++11 execution test
XPASS: g++.dg/tls/thread_local-order2.C -std=c++11 execution test
XPASS: g++.dg/tls/thread_local-order2.C -std=c++14 execution test
XPASS: g++.dg/tls/thread_local-order2.C -std=c++14 execution test
=== g++ Summary ===
# of expected passes 198742
# of unexpected failures 4
# of unexpected successes 4
# of expected failures 656
# of unsupported tests 8482
/build/gcc-snapshot-4XZYor/gcc-snapshot-20161231/build/gcc/xg++ version 7.0.0 20161231 (experimental) [trunk revision 243987] (Debian 20161231-1)
=== gcc tests ===
Running target unix
FAIL: gcc.dg/pic-2.c (test for excess errors)
FAIL: gcc.dg/pic-2.c (test for excess errors)
FAIL: gcc.dg/pic-3.c (test for excess errors)
FAIL: gcc.dg/pic-3.c (test for excess errors)
FAIL: gcc.dg/pic-4.c (test for excess errors)
FAIL: gcc.dg/pic-4.c (test for excess errors)
FAIL: gcc.dg/pie-2.c (test for excess errors)
FAIL: gcc.dg/pie-2.c (test for excess errors)
FAIL: gcc.dg/pie-3.c (test for excess errors)
FAIL: gcc.dg/pie-3.c (test for excess errors)
FAIL: gcc.dg/pie-4.c (test for excess errors)
FAIL: gcc.dg/pie-4.c (test for excess errors)
FAIL: gcc.dg/pr77834.c (internal compiler error)
FAIL: gcc.dg/pr77834.c (internal compiler error)
FAIL: gcc.dg/pr77834.c (test for excess errors)
FAIL: gcc.dg/pr77834.c (test for excess errors)
FAIL: gcc.dg/uninit-19.c (test for warnings, line 23)
FAIL: gcc.dg/uninit-19.c (test for warnings, line 23)
FAIL: gcc.dg/uninit-19.c (test for excess errors)
FAIL: gcc.dg/uninit-19.c (test for excess errors)
FAIL: gcc.dg/graphite/id-pr46845.c (internal compiler error)
FAIL: gcc.dg/graphite/id-pr46845.c (internal compiler error)
FAIL: gcc.dg/graphite/id-pr46845.c (test for excess errors)
FAIL: gcc.dg/graphite/id-pr46845.c (test for excess errors)
FAIL: gcc.dg/graphite/scop-19.c scan-tree-dump-times graphite "number of SCoPs: 0" 1
FAIL: gcc.dg/graphite/scop-19.c scan-tree-dump-times graphite "number of SCoPs: 0" 1
FAIL: gcc.dg/graphite/scop-dsyr2k.c scan-tree-dump-times graphite "number of SCoPs: 1" 1
FAIL: gcc.dg/graphite/scop-dsyr2k.c scan-tree-dump-times graphite "number of SCoPs: 1" 1
FAIL: gcc.dg/graphite/scop-dsyrk.c scan-tree-dump-times graphite "number of SCoPs: 1" 1
FAIL: gcc.dg/graphite/scop-dsyrk.c scan-tree-dump-times graphite "number of SCoPs: 1" 1
XPASS: gcc.dg/guality/example.c -O0 execution test
XPASS: gcc.dg/guality/example.c -O0 execution test
XPASS: gcc.dg/guality/guality.c -O0 execution test
XPASS: gcc.dg/guality/guality.c -O0 execution test
XPASS: gcc.dg/guality/guality.c -O1 execution test
XPASS: gcc.dg/guality/guality.c -O1 execution test
XPASS: gcc.dg/guality/guality.c -O2 execution test
XPASS: gcc.dg/guality/guality.c -O2 execution test
XPASS: gcc.dg/guality/guality.c -O2 -flto -fno-use-linker-plugin -flto-partition=none execution test
XPASS: gcc.dg/guality/guality.c -O2 -flto -fno-use-linker-plugin -flto-partition=none execution test
XPASS: gcc.dg/guality/guality.c -O2 -flto -fuse-linker-plugin -fno-fat-lto-objects execution test
XPASS: gcc.dg/guality/guality.c -O2 -flto -fuse-linker-plugin -fno-fat-lto-objects execution test
XPASS: gcc.dg/guality/guality.c -O3 -g execution test
XPASS: gcc.dg/guality/guality.c -O3 -g execution test
XPASS: gcc.dg/guality/guality.c -Os execution test
XPASS: gcc.dg/guality/guality.c -Os execution test
XPASS: gcc.dg/guality/inline-params.c -O2 execution test
XPASS: gcc.dg/guality/inline-params.c -O2 execution test
XPASS: gcc.dg/guality/inline-params.c -O2 -flto -fno-use-linker-plugin -flto-partition=none execution test
XPASS: gcc.dg/guality/inline-params.c -O2 -flto -fno-use-linker-plugin -flto-partition=none execution test
XPASS: gcc.dg/guality/inline-params.c -O3 -g execution test
XPASS: gcc.dg/guality/inline-params.c -O3 -g execution test
XPASS: gcc.dg/guality/inline-params.c -Os execution test
XPASS: gcc.dg/guality/inline-params.c -Os execution test
FAIL: gcc.dg/guality/nrv-1.c -O2 -flto -fuse-linker-plugin -fno-fat-lto-objects line 20 a2.i[0] == 42
FAIL: gcc.dg/guality/nrv-1.c -O2 -flto -fuse-linker-plugin -fno-fat-lto-objects line 20 a2.i[0] == 42
FAIL: gcc.dg/guality/pr36728-1.c -O3 -g line 16 y == 2
FAIL: gcc.dg/guality/pr36728-1.c -O3 -g line 16 y == 2
FAIL: gcc.dg/guality/pr36728-2.c -O2 -flto -fuse-linker-plugin -fno-fat-lto-objects line 16 arg1 == 1
FAIL: gcc.dg/guality/pr36728-2.c -O2 -flto -fuse-linker-plugin -fno-fat-lto-objects line 16 arg1 == 1
FAIL: gcc.dg/guality/pr36728-2.c -O2 -flto -fuse-linker-plugin -fno-fat-lto-objects line 16 arg2 == 2
FAIL: gcc.dg/guality/pr36728-2.c -O2 -flto -fuse-linker-plugin -fno-fat-lto-objects line 16 arg2 == 2
FAIL: gcc.dg/guality/pr36728-2.c -O2 -flto -fuse-linker-plugin -fno-fat-lto-objects line 16 arg3 == 3
FAIL: gcc.dg/guality/pr36728-2.c -O2 -flto -fuse-linker-plugin -fno-fat-lto-objects line 16 arg3 == 3
FAIL: gcc.dg/guality/pr36728-2.c -O2 -flto -fuse-linker-plugin -fno-fat-lto-objects line 16 arg4 == 4
FAIL: gcc.dg/guality/pr36728-2.c -O2 -flto -fuse-linker-plugin -fno-fat-lto-objects line 16 arg4 == 4
FAIL: gcc.dg/guality/pr36728-2.c -O2 -flto -fuse-linker-plugin -fno-fat-lto-objects line 16 arg5 == 5
FAIL: gcc.dg/guality/pr36728-2.c -O2 -flto -fuse-linker-plugin -fno-fat-lto-objects line 16 arg5 == 5
FAIL: gcc.dg/guality/pr36728-2.c -O2 -flto -fuse-linker-plugin -fno-fat-lto-objects line 16 arg6 == 6
FAIL: gcc.dg/guality/pr36728-2.c -O2 -flto -fuse-linker-plugin -fno-fat-lto-objects line 16 arg6 == 6
FAIL: gcc.dg/guality/pr36728-2.c -O2 -flto -fuse-linker-plugin -fno-fat-lto-objects line 16 arg7 == 30
FAIL: gcc.dg/guality/pr36728-2.c -O2 -flto -fuse-linker-plugin -fno-fat-lto-objects line 16 arg7 == 30
FAIL: gcc.dg/guality/pr36728-2.c -O2 -flto -fuse-linker-plugin -fno-fat-lto-objects line 18 arg1 == 1
FAIL: gcc.dg/guality/pr36728-2.c -O2 -flto -fuse-linker-plugin -fno-fat-lto-objects line 18 arg1 == 1
FAIL: gcc.dg/guality/pr36728-2.c -O2 -flto -fuse-linker-plugin -fno-fat-lto-objects line 18 arg2 == 2
FAIL: gcc.dg/guality/pr36728-2.c -O2 -flto -fuse-linker-plugin -fno-fat-lto-objects line 18 arg2 == 2
FAIL: gcc.dg/guality/pr36728-2.c -O2 -flto -fuse-linker-plugin -fno-fat-lto-objects line 18 arg3 == 3
FAIL: gcc.dg/guality/pr36728-2.c -O2 -flto -fuse-linker-plugin -fno-fat-lto-objects line 18 arg3 == 3
FAIL: gcc.dg/guality/pr36728-2.c -O2 -flto -fuse-linker-plugin -fno-fat-lto-objects line 18 arg4 == 4
FAIL: gcc.dg/guality/pr36728-2.c -O2 -flto -fuse-linker-plugin -fno-fat-lto-objects line 18 arg4 == 4
FAIL: gcc.dg/guality/pr36728-2.c -O2 -flto -fuse-linker-plugin -fno-fat-lto-objects line 18 arg5 == 5
FAIL: gcc.dg/guality/pr36728-2.c -O2 -flto -fuse-linker-plugin -fno-fat-lto-objects line 18 arg5 == 5
FAIL: gcc.dg/guality/pr36728-2.c -O2 -flto -fuse-linker-plugin -fno-fat-lto-objects line 18 arg6 == 6
FAIL: gcc.dg/guality/pr36728-2.c -O2 -flto -fuse-linker-plugin -fno-fat-lto-objects line 18 arg6 == 6
FAIL: gcc.dg/guality/pr36728-2.c -O2 -flto -fuse-linker-plugin -fno-fat-lto-objects line 18 arg7 == 30
FAIL: gcc.dg/guality/pr36728-2.c -O2 -flto -fuse-linker-plugin -fno-fat-lto-objects line 18 arg7 == 30
FAIL: gcc.dg/guality/pr36728-2.c -O3 -g line 16 arg1 == 1
FAIL: gcc.dg/guality/pr36728-2.c -O3 -g line 16 arg1 == 1
FAIL: gcc.dg/guality/pr36728-2.c -O3 -g line 16 arg2 == 2
FAIL: gcc.dg/guality/pr36728-2.c -O3 -g line 16 arg2 == 2
FAIL: gcc.dg/guality/pr36728-2.c -O3 -g line 16 arg3 == 3
FAIL: gcc.dg/guality/pr36728-2.c -O3 -g line 16 arg3 == 3
FAIL: gcc.dg/guality/pr36728-2.c -O3 -g line 16 arg4 == 4
FAIL: gcc.dg/guality/pr36728-2.c -O3 -g line 16 arg4 == 4
FAIL: gcc.dg/guality/pr36728-2.c -O3 -g line 16 arg5 == 5
FAIL: gcc.dg/guality/pr36728-2.c -O3 -g line 16 arg5 == 5
FAIL: gcc.dg/guality/pr36728-2.c -O3 -g line 16 arg6 == 6
FAIL: gcc.dg/guality/pr36728-2.c -O3 -g line 16 arg6 == 6
FAIL: gcc.dg/guality/pr36728-2.c -O3 -g line 16 arg7 == 30
FAIL: gcc.dg/guality/pr36728-2.c -O3 -g line 16 arg7 == 30
FAIL: gcc.dg/guality/pr36728-2.c -O3 -g line 18 arg1 == 1
FAIL: gcc.dg/guality/pr36728-2.c -O3 -g line 18 arg1 == 1
FAIL: gcc.dg/guality/pr36728-2.c -O3 -g line 18 arg2 == 2
FAIL: gcc.dg/guality/pr36728-2.c -O3 -g line 18 arg2 == 2
FAIL: gcc.dg/guality/pr36728-2.c -O3 -g line 18 arg3 == 3
FAIL: gcc.dg/guality/pr36728-2.c -O3 -g line 18 arg3 == 3
FAIL: gcc.dg/guality/pr36728-2.c -O3 -g line 18 arg4 == 4
FAIL: gcc.dg/guality/pr36728-2.c -O3 -g line 18 arg4 == 4
FAIL: gcc.dg/guality/pr36728-2.c -O3 -g line 18 arg5 == 5
FAIL: gcc.dg/guality/pr36728-2.c -O3 -g line 18 arg5 == 5
FAIL: gcc.dg/guality/pr36728-2.c -O3 -g line 18 arg6 == 6
FAIL: gcc.dg/guality/pr36728-2.c -O3 -g line 18 arg6 == 6
FAIL: gcc.dg/guality/pr36728-2.c -O3 -g line 18 arg7 == 30
FAIL: gcc.dg/guality/pr36728-2.c -O3 -g line 18 arg7 == 30
XPASS: gcc.dg/guality/pr41353-1.c -O0 line 28 j == 28 + 37
XPASS: gcc.dg/guality/pr41353-1.c -O0 line 28 j == 28 + 37
FAIL: gcc.dg/guality/pr41616-1.c -O2 -flto -fuse-linker-plugin -fno-fat-lto-objects execution test
FAIL: gcc.dg/guality/pr41616-1.c -O2 -flto -fuse-linker-plugin -fno-fat-lto-objects execution test
FAIL: gcc.dg/guality/pr45882.c -O2 -flto -fuse-linker-plugin -fno-fat-lto-objects line 16 d == 112
FAIL: gcc.dg/guality/pr45882.c -O2 -flto -fuse-linker-plugin -fno-fat-lto-objects line 16 d == 112
FAIL: gcc.dg/guality/pr45882.c -O2 -flto -fuse-linker-plugin -fno-fat-lto-objects line 16 e == 142
FAIL: gcc.dg/guality/pr45882.c -O2 -flto -fuse-linker-plugin -fno-fat-lto-objects line 16 e == 142
FAIL: gcc.dg/guality/pr54519-1.c -O2 -flto -fno-use-linker-plugin -flto-partition=none line 20 y == 25
FAIL: gcc.dg/guality/pr54519-1.c -O2 -flto -fno-use-linker-plugin -flto-partition=none line 20 y == 25
FAIL: gcc.dg/guality/pr54519-1.c -O2 -flto -fno-use-linker-plugin -flto-partition=none line 20 z == 6
FAIL: gcc.dg/guality/pr54519-1.c -O2 -flto -fno-use-linker-plugin -flto-partition=none line 20 z == 6
FAIL: gcc.dg/guality/pr54519-1.c -O2 -flto -fno-use-linker-plugin -flto-partition=none line 23 y == 117
FAIL: gcc.dg/guality/pr54519-1.c -O2 -flto -fno-use-linker-plugin -flto-partition=none line 23 y == 117
FAIL: gcc.dg/guality/pr54519-1.c -O2 -flto -fno-use-linker-plugin -flto-partition=none line 23 z == 8
FAIL: gcc.dg/guality/pr54519-1.c -O2 -flto -fno-use-linker-plugin -flto-partition=none line 23 z == 8
FAIL: gcc.dg/guality/pr54519-2.c -O2 -flto -fno-use-linker-plugin -flto-partition=none line 17 y == 25
FAIL: gcc.dg/guality/pr54519-2.c -O2 -flto -fno-use-linker-plugin -flto-partition=none line 17 y == 25
FAIL: gcc.dg/guality/pr54519-2.c -O2 -flto -fuse-linker-plugin -fno-fat-lto-objects line 17 y == 25
FAIL: gcc.dg/guality/pr54519-2.c -O2 -flto -fuse-linker-plugin -fno-fat-lto-objects line 17 y == 25
FAIL: gcc.dg/guality/pr54519-3.c -O2 -flto -fno-use-linker-plugin -flto-partition=none line 20 y == 25
FAIL: gcc.dg/guality/pr54519-3.c -O2 -flto -fno-use-linker-plugin -flto-partition=none line 20 y == 25
FAIL: gcc.dg/guality/pr54519-3.c -O2 -flto -fno-use-linker-plugin -flto-partition=none line 20 z == 6
FAIL: gcc.dg/guality/pr54519-3.c -O2 -flto -fno-use-linker-plugin -flto-partition=none line 20 z == 6
FAIL: gcc.dg/guality/pr54519-3.c -O2 -flto -fno-use-linker-plugin -flto-partition=none line 23 y == 117
FAIL: gcc.dg/guality/pr54519-3.c -O2 -flto -fno-use-linker-plugin -flto-partition=none line 23 y == 117
FAIL: gcc.dg/guality/pr54519-3.c -O2 -flto -fno-use-linker-plugin -flto-partition=none line 23 z == 8
FAIL: gcc.dg/guality/pr54519-3.c -O2 -flto -fno-use-linker-plugin -flto-partition=none line 23 z == 8
FAIL: gcc.dg/guality/pr54519-3.c -O2 -flto -fuse-linker-plugin -fno-fat-lto-objects line 20 y == 25
FAIL: gcc.dg/guality/pr54519-3.c -O2 -flto -fuse-linker-plugin -fno-fat-lto-objects line 20 y == 25
FAIL: gcc.dg/guality/pr54519-3.c -O2 -flto -fuse-linker-plugin -fno-fat-lto-objects line 20 z == 6
FAIL: gcc.dg/guality/pr54519-3.c -O2 -flto -fuse-linker-plugin -fno-fat-lto-objects line 20 z == 6
FAIL: gcc.dg/guality/pr54519-3.c -O2 -flto -fuse-linker-plugin -fno-fat-lto-objects line 23 y == 117
FAIL: gcc.dg/guality/pr54519-3.c -O2 -flto -fuse-linker-plugin -fno-fat-lto-objects line 23 y == 117
FAIL: gcc.dg/guality/pr54519-3.c -O2 -flto -fuse-linker-plugin -fno-fat-lto-objects line 23 z == 8
FAIL: gcc.dg/guality/pr54519-3.c -O2 -flto -fuse-linker-plugin -fno-fat-lto-objects line 23 z == 8
FAIL: gcc.dg/guality/pr54519-4.c -O2 -flto -fno-use-linker-plugin -flto-partition=none line 17 y == 25
FAIL: gcc.dg/guality/pr54519-4.c -O2 -flto -fno-use-linker-plugin -flto-partition=none line 17 y == 25
FAIL: gcc.dg/guality/pr54519-4.c -O2 -flto -fuse-linker-plugin -fno-fat-lto-objects line 17 y == 25
FAIL: gcc.dg/guality/pr54519-4.c -O2 -flto -fuse-linker-plugin -fno-fat-lto-objects line 17 y == 25
FAIL: gcc.dg/guality/pr54519-5.c -O2 -flto -fno-use-linker-plugin -flto-partition=none line 17 y == 25
FAIL: gcc.dg/guality/pr54519-5.c -O2 -flto -fno-use-linker-plugin -flto-partition=none line 17 y == 25
FAIL: gcc.dg/guality/pr54519-5.c -O2 -flto -fuse-linker-plugin -fno-fat-lto-objects line 17 y == 25
FAIL: gcc.dg/guality/pr54519-5.c -O2 -flto -fuse-linker-plugin -fno-fat-lto-objects line 17 y == 25
FAIL: gcc.dg/guality/pr54693-2.c -O2 line 21 z == 30 - 3 * i
FAIL: gcc.dg/guality/pr54693-2.c -O2 line 21 z == 30 - 3 * i
FAIL: gcc.dg/guality/pr54693-2.c -O2 -flto -fno-use-linker-plugin -flto-partition=none line 21 z == 30 - 3 * i
FAIL: gcc.dg/guality/pr54693-2.c -O2 -flto -fno-use-linker-plugin -flto-partition=none line 21 z == 30 - 3 * i
FAIL: gcc.dg/guality/pr54693-2.c -O2 -flto -fuse-linker-plugin -fno-fat-lto-objects line 21 y == 20 - 2 * i
FAIL: gcc.dg/guality/pr54693-2.c -O2 -flto -fuse-linker-plugin -fno-fat-lto-objects line 21 y == 20 - 2 * i
FAIL: gcc.dg/guality/pr54693-2.c -O2 -flto -fuse-linker-plugin -fno-fat-lto-objects line 21 z == 30 - 3 * i
FAIL: gcc.dg/guality/pr54693-2.c -O2 -flto -fuse-linker-plugin -fno-fat-lto-objects line 21 z == 30 - 3 * i
FAIL: gcc.dg/guality/pr54693-2.c -O3 -g line 21 z == 30 - 3 * i
FAIL: gcc.dg/guality/pr54693-2.c -O3 -g line 21 z == 30 - 3 * i
FAIL: gcc.dg/guality/pr54693-2.c -Os line 21 x == 10 - i
FAIL: gcc.dg/guality/pr54693-2.c -Os line 21 x == 10 - i
FAIL: gcc.dg/guality/pr54693-2.c -Os line 21 y == 20 - 2 * i
FAIL: gcc.dg/guality/pr54693-2.c -Os line 21 y == 20 - 2 * i
FAIL: gcc.dg/guality/pr54693-2.c -Os line 21 z == 30 - 3 * i
FAIL: gcc.dg/guality/pr54693-2.c -Os line 21 z == 30 - 3 * i
FAIL: gcc.dg/guality/pr68860-1.c -O2 -flto -fno-use-linker-plugin -flto-partition=none line 14 arg1 == 1
FAIL: gcc.dg/guality/pr68860-1.c -O2 -flto -fno-use-linker-plugin -flto-partition=none line 14 arg1 == 1
FAIL: gcc.dg/guality/pr68860-1.c -O2 -flto -fno-use-linker-plugin -flto-partition=none line 14 arg2 == 2
FAIL: gcc.dg/guality/pr68860-1.c -O2 -flto -fno-use-linker-plugin -flto-partition=none line 14 arg2 == 2
FAIL: gcc.dg/guality/pr68860-1.c -O2 -flto -fno-use-linker-plugin -flto-partition=none line 14 arg3 == 3
FAIL: gcc.dg/guality/pr68860-1.c -O2 -flto -fno-use-linker-plugin -flto-partition=none line 14 arg3 == 3
FAIL: gcc.dg/guality/pr68860-1.c -O2 -flto -fno-use-linker-plugin -flto-partition=none line 14 arg4 == 4
FAIL: gcc.dg/guality/pr68860-1.c -O2 -flto -fno-use-linker-plugin -flto-partition=none line 14 arg4 == 4
FAIL: gcc.dg/guality/pr68860-1.c -O2 -flto -fno-use-linker-plugin -flto-partition=none line 14 arg5 == 5
FAIL: gcc.dg/guality/pr68860-1.c -O2 -flto -fno-use-linker-plugin -flto-partition=none line 14 arg5 == 5
FAIL: gcc.dg/guality/pr68860-1.c -O2 -flto -fno-use-linker-plugin -flto-partition=none line 14 arg6 == 6
FAIL: gcc.dg/guality/pr68860-1.c -O2 -flto -fno-use-linker-plugin -flto-partition=none line 14 arg6 == 6
FAIL: gcc.dg/guality/pr68860-1.c -O2 -flto -fno-use-linker-plugin -flto-partition=none line 16 arg1 == 1
FAIL: gcc.dg/guality/pr68860-1.c -O2 -flto -fno-use-linker-plugin -flto-partition=none line 16 arg1 == 1
FAIL: gcc.dg/guality/pr68860-1.c -O2 -flto -fno-use-linker-plugin -flto-partition=none line 16 arg2 == 2
FAIL: gcc.dg/guality/pr68860-1.c -O2 -flto -fno-use-linker-plugin -flto-partition=none line 16 arg2 == 2
FAIL: gcc.dg/guality/pr68860-1.c -O2 -flto -fno-use-linker-plugin -flto-partition=none line 16 arg3 == 3
FAIL: gcc.dg/guality/pr68860-1.c -O2 -flto -fno-use-linker-plugin -flto-partition=none line 16 arg3 == 3
FAIL: gcc.dg/guality/pr68860-1.c -O2 -flto -fno-use-linker-plugin -flto-partition=none line 16 arg4 == 4
FAIL: gcc.dg/guality/pr68860-1.c -O2 -flto -fno-use-linker-plugin -flto-partition=none line 16 arg4 == 4
FAIL: gcc.dg/guality/pr68860-1.c -O2 -flto -fno-use-linker-plugin -flto-partition=none line 16 arg5 == 5
FAIL: gcc.dg/guality/pr68860-1.c -O2 -flto -fno-use-linker-plugin -flto-partition=none line 16 arg5 == 5
FAIL: gcc.dg/guality/pr68860-1.c -O2 -flto -fno-use-linker-plugin -flto-partition=none line 16 arg6 == 6
FAIL: gcc.dg/guality/pr68860-1.c -O2 -flto -fno-use-linker-plugin -flto-partition=none line 16 arg6 == 6
FAIL: gcc.dg/guality/pr68860-1.c -O2 -flto -fuse-linker-plugin -fno-fat-lto-objects line 14 arg1 == 1
FAIL: gcc.dg/guality/pr68860-1.c -O2 -flto -fuse-linker-plugin -fno-fat-lto-objects line 14 arg1 == 1
FAIL: gcc.dg/guality/pr68860-1.c -O2 -flto -fuse-linker-plugin -fno-fat-lto-objects line 14 arg2 == 2
FAIL: gcc.dg/guality/pr68860-1.c -O2 -flto -fuse-linker-plugin -fno-fat-lto-objects line 14 arg2 == 2
FAIL: gcc.dg/guality/pr68860-1.c -O2 -flto -fuse-linker-plugin -fno-fat-lto-objects line 14 arg3 == 3
FAIL: gcc.dg/guality/pr68860-1.c -O2 -flto -fuse-linker-plugin -fno-fat-lto-objects line 14 arg3 == 3
FAIL: gcc.dg/guality/pr68860-1.c -O2 -flto -fuse-linker-plugin -fno-fat-lto-objects line 14 arg4 == 4
FAIL: gcc.dg/guality/pr68860-1.c -O2 -flto -fuse-linker-plugin -fno-fat-lto-objects line 14 arg4 == 4
FAIL: gcc.dg/guality/pr68860-1.c -O2 -flto -fuse-linker-plugin -fno-fat-lto-objects line 14 arg5 == 5
FAIL: gcc.dg/guality/pr68860-1.c -O2 -flto -fuse-linker-plugin -fno-fat-lto-objects line 14 arg5 == 5
FAIL: gcc.dg/guality/pr68860-1.c -O2 -flto -fuse-linker-plugin -fno-fat-lto-objects line 14 arg6 == 6
FAIL: gcc.dg/guality/pr68860-1.c -O2 -flto -fuse-linker-plugin -fno-fat-lto-objects line 14 arg6 == 6
FAIL: gcc.dg/guality/pr68860-1.c -O2 -flto -fuse-linker-plugin -fno-fat-lto-objects line 16 arg1 == 1
FAIL: gcc.dg/guality/pr68860-1.c -O2 -flto -fuse-linker-plugin -fno-fat-lto-objects line 16 arg1 == 1
FAIL: gcc.dg/guality/pr68860-1.c -O2 -flto -fuse-linker-plugin -fno-fat-lto-objects line 16 arg2 == 2
FAIL: gcc.dg/guality/pr68860-1.c -O2 -flto -fuse-linker-plugin -fno-fat-lto-objects line 16 arg2 == 2
FAIL: gcc.dg/guality/pr68860-1.c -O2 -flto -fuse-linker-plugin -fno-fat-lto-objects line 16 arg3 == 3
FAIL: gcc.dg/guality/pr68860-1.c -O2 -flto -fuse-linker-plugin -fno-fat-lto-objects line 16 arg3 == 3
FAIL: gcc.dg/guality/pr68860-1.c -O2 -flto -fuse-linker-plugin -fno-fat-lto-objects line 16 arg4 == 4
FAIL: gcc.dg/guality/pr68860-1.c -O2 -flto -fuse-linker-plugin -fno-fat-lto-objects line 16 arg4 == 4
FAIL: gcc.dg/guality/pr68860-1.c -O2 -flto -fuse-linker-plugin -fno-fat-lto-objects line 16 arg5 == 5
FAIL: gcc.dg/guality/pr68860-1.c -O2 -flto -fuse-linker-plugin -fno-fat-lto-objects line 16 arg5 == 5
FAIL: gcc.dg/guality/pr68860-1.c -O2 -flto -fuse-linker-plugin -fno-fat-lto-objects line 16 arg6 == 6
FAIL: gcc.dg/guality/pr68860-1.c -O2 -flto -fuse-linker-plugin -fno-fat-lto-objects line 16 arg6 == 6
FAIL: gcc.dg/guality/vla-1.c -O1 line 17 sizeof (a) == 6
FAIL: gcc.dg/guality/vla-1.c -O1 line 17 sizeof (a) == 6
FAIL: gcc.dg/guality/vla-1.c -O2 line 17 sizeof (a) == 6
FAIL: gcc.dg/guality/vla-1.c -O2 line 17 sizeof (a) == 6
FAIL: gcc.dg/guality/vla-1.c -O2 line 24 i == 5
FAIL: gcc.dg/guality/vla-1.c -O2 line 24 i == 5
FAIL: gcc.dg/guality/vla-1.c -O2 line 24 sizeof (a) == 17 * sizeof (short)
FAIL: gcc.dg/guality/vla-1.c -O2 line 24 sizeof (a) == 17 * sizeof (short)
FAIL: gcc.dg/guality/vla-1.c -O2 -flto -fno-use-linker-plugin -flto-partition=none line 17 sizeof (a) == 6
FAIL: gcc.dg/guality/vla-1.c -O2 -flto -fno-use-linker-plugin -flto-partition=none line 17 sizeof (a) == 6
FAIL: gcc.dg/guality/vla-1.c -O2 -flto -fno-use-linker-plugin -flto-partition=none line 24 i == 5
FAIL: gcc.dg/guality/vla-1.c -O2 -flto -fno-use-linker-plugin -flto-partition=none line 24 i == 5
FAIL: gcc.dg/guality/vla-1.c -O2 -flto -fno-use-linker-plugin -flto-partition=none line 24 sizeof (a) == 17 * sizeof (short)
FAIL: gcc.dg/guality/vla-1.c -O2 -flto -fno-use-linker-plugin -flto-partition=none line 24 sizeof (a) == 17 * sizeof (short)
FAIL: gcc.dg/guality/vla-1.c -O2 -flto -fuse-linker-plugin -fno-fat-lto-objects line 17 sizeof (a) == 6
FAIL: gcc.dg/guality/vla-1.c -O2 -flto -fuse-linker-plugin -fno-fat-lto-objects line 17 sizeof (a) == 6
FAIL: gcc.dg/guality/vla-1.c -O2 -flto -fuse-linker-plugin -fno-fat-lto-objects line 24 i == 5
FAIL: gcc.dg/guality/vla-1.c -O2 -flto -fuse-linker-plugin -fno-fat-lto-objects line 24 i == 5
FAIL: gcc.dg/guality/vla-1.c -O2 -flto -fuse-linker-plugin -fno-fat-lto-objects line 24 sizeof (a) == 17 * sizeof (short)
FAIL: gcc.dg/guality/vla-1.c -O2 -flto -fuse-linker-plugin -fno-fat-lto-objects line 24 sizeof (a) == 17 * sizeof (short)
FAIL: gcc.dg/guality/vla-1.c -O3 -g line 17 sizeof (a) == 6
FAIL: gcc.dg/guality/vla-1.c -O3 -g line 17 sizeof (a) == 6
FAIL: gcc.dg/guality/vla-1.c -O3 -g line 24 i == 5
FAIL: gcc.dg/guality/vla-1.c -O3 -g line 24 i == 5
FAIL: gcc.dg/guality/vla-1.c -O3 -g line 24 sizeof (a) == 17 * sizeof (short)
FAIL: gcc.dg/guality/vla-1.c -O3 -g line 24 sizeof (a) == 17 * sizeof (short)
FAIL: gcc.dg/guality/vla-1.c -Os line 17 sizeof (a) == 6
FAIL: gcc.dg/guality/vla-1.c -Os line 17 sizeof (a) == 6
FAIL: gcc.dg/guality/vla-1.c -Os line 24 i == 5
FAIL: gcc.dg/guality/vla-1.c -Os line 24 i == 5
FAIL: gcc.dg/guality/vla-1.c -Os line 24 sizeof (a) == 17 * sizeof (short)
FAIL: gcc.dg/guality/vla-1.c -Os line 24 sizeof (a) == 17 * sizeof (short)
FAIL: gcc.dg/torture/c99-contract-1.c -O1 execution test
FAIL: gcc.dg/torture/c99-contract-1.c -O1 execution test
FAIL: gcc.dg/torture/c99-contract-1.c -O2 execution test
FAIL: gcc.dg/torture/c99-contract-1.c -O2 execution test
FAIL: gcc.dg/torture/c99-contract-1.c -O2 -flto -fno-use-linker-plugin -flto-partition=none execution test
FAIL: gcc.dg/torture/c99-contract-1.c -O2 -flto -fno-use-linker-plugin -flto-partition=none execution test
FAIL: gcc.dg/torture/c99-contract-1.c -O2 -flto -fuse-linker-plugin -fno-fat-lto-objects execution test
FAIL: gcc.dg/torture/c99-contract-1.c -O2 -flto -fuse-linker-plugin -fno-fat-lto-objects execution test
FAIL: gcc.dg/torture/c99-contract-1.c -O3 -g execution test
FAIL: gcc.dg/torture/c99-contract-1.c -O3 -g execution test
FAIL: gcc.dg/torture/c99-contract-1.c -Os execution test
FAIL: gcc.dg/torture/c99-contract-1.c -Os execution test
FAIL: gcc.dg/tree-ssa/pr69270-3.c scan-tree-dump-times uncprop1 ", 1" 4
FAIL: gcc.dg/tree-ssa/pr69270-3.c scan-tree-dump-times uncprop1 ", 1" 4
FAIL: gcc.dg/tree-ssa/scev-3.c scan-tree-dump-times optimized "&a" 1
FAIL: gcc.dg/tree-ssa/scev-3.c scan-tree-dump-times optimized "&a" 1
FAIL: gcc.dg/tree-ssa/scev-4.c scan-tree-dump-times optimized "&a" 1
FAIL: gcc.dg/tree-ssa/scev-4.c scan-tree-dump-times optimized "&a" 1
FAIL: gcc.dg/tree-ssa/scev-5.c scan-tree-dump-times optimized "&a" 1
FAIL: gcc.dg/tree-ssa/scev-5.c scan-tree-dump-times optimized "&a" 1
FAIL: gcc.dg/tree-ssa/ssa-thread-14.c scan-tree-dump-times vrp1 "Threaded jump" 8
FAIL: gcc.dg/tree-ssa/ssa-thread-14.c scan-tree-dump-times vrp1 "Threaded jump" 8
FAIL: gcc.dg/vect/vect-tail-nomask-1.c -mmsa execution test
FAIL: gcc.dg/vect/vect-tail-nomask-1.c -mmsa execution test
FAIL: gcc.dg/vect/vect-tail-nomask-1.c -flto -ffat-lto-objects -mmsa execution test
FAIL: gcc.dg/vect/vect-tail-nomask-1.c -flto -ffat-lto-objects -mmsa execution test
FAIL: gcc.target/mips/branch-cost-2.c -Os scan-assembler \\t(movz|movn)\\t
FAIL: gcc.target/mips/branch-cost-2.c -Os scan-assembler \\t(movz|movn)\\t
FAIL: gcc.target/mips/branch-cost-2.c -Os scan-assembler-not \\t(bne|beq)\\t
FAIL: gcc.target/mips/branch-cost-2.c -Os scan-assembler-not \\t(bne|beq)\\t
FAIL: gcc.target/mips/compact-branches-7.c -O1 scan-assembler \\tnop
FAIL: gcc.target/mips/compact-branches-7.c -O1 scan-assembler \\tnop
FAIL: gcc.target/mips/data-sym-pool.c -O0 scan-assembler \\tlw\\t\\\\\$[0-9]+,(.L([0-9]+))\\n.*\\t\\\\.type\\t(__pool_frob_\\\\2), @object\\n\\\\3:\\n\\t\\\\.align\\t2\\n\\\\1:\\n\\t\\\\.word\\t305419896\\n\\t\\\\.type\\t(__pend_frob_\\\\2), @function\\n\\\\4:\\n\\t\\\\.insn\\n
FAIL: gcc.target/mips/data-sym-pool.c -O0 scan-assembler \\tlw\\t\\\\\$[0-9]+,(.L([0-9]+))\\n.*\\t\\\\.type\\t(__pool_frob_\\\\2), @object\\n\\\\3:\\n\\t\\\\.align\\t2\\n\\\\1:\\n\\t\\\\.word\\t305419896\\n\\t\\\\.type\\t(__pend_frob_\\\\2), @function\\n\\\\4:\\n\\t\\\\.insn\\n
XPASS: gcc.target/mips/dspr2-MULT.c -O2 scan-assembler \\\\\$ac1
XPASS: gcc.target/mips/dspr2-MULT.c -O2 scan-assembler \\\\\$ac1
XPASS: gcc.target/mips/dspr2-MULT.c -O2 -flto -fno-use-linker-plugin -flto-partition=none scan-assembler \\\\\$ac1
XPASS: gcc.target/mips/dspr2-MULT.c -O2 -flto -fno-use-linker-plugin -flto-partition=none scan-assembler \\\\\$ac1
XPASS: gcc.target/mips/dspr2-MULT.c -O2 -flto -fuse-linker-plugin -fno-fat-lto-objects scan-assembler \\\\\$ac1
XPASS: gcc.target/mips/dspr2-MULT.c -O2 -flto -fuse-linker-plugin -fno-fat-lto-objects scan-assembler \\\\\$ac1
XPASS: gcc.target/mips/dspr2-MULT.c -O3 -g scan-assembler \\\\\$ac1
XPASS: gcc.target/mips/dspr2-MULT.c -O3 -g scan-assembler \\\\\$ac1
XPASS: gcc.target/mips/dspr2-MULTU.c -O2 scan-assembler \\\\\$ac1
XPASS: gcc.target/mips/dspr2-MULTU.c -O2 scan-assembler \\\\\$ac1
XPASS: gcc.target/mips/dspr2-MULTU.c -O2 -flto -fno-use-linker-plugin -flto-partition=none scan-assembler \\\\\$ac1
XPASS: gcc.target/mips/dspr2-MULTU.c -O2 -flto -fno-use-linker-plugin -flto-partition=none scan-assembler \\\\\$ac1
XPASS: gcc.target/mips/dspr2-MULTU.c -O2 -flto -fuse-linker-plugin -fno-fat-lto-objects scan-assembler \\\\\$ac1
XPASS: gcc.target/mips/dspr2-MULTU.c -O2 -flto -fuse-linker-plugin -fno-fat-lto-objects scan-assembler \\\\\$ac1
XPASS: gcc.target/mips/dspr2-MULTU.c -O3 -g scan-assembler \\\\\$ac1
XPASS: gcc.target/mips/dspr2-MULTU.c -O3 -g scan-assembler \\\\\$ac1
FAIL: gcc.target/mips/insn-pseudo-4.c -O0 scan-assembler \\tlw\\t(\\\\\$[0-9]+),(.L[0-9]+)\\n.*\\tbeqz\\t\\\\1,(.L[0-9]+)\\n.*\\n\\\\3:\\n\\t\\\\.insn\\n(?:.L[0-9]+ = \\\\.\\n)?\\t\\\\.type\\t__pool_unreachable_[0-9]+, @object\\n__pool_unreachable_[0-9]+:\\n\\t\\\\.align\\t2\\n\\\\2:\\n\\t\\\\.word\\t305419896\\n
FAIL: gcc.target/mips/insn-pseudo-4.c -O0 scan-assembler \\tlw\\t(\\\\\$[0-9]+),(.L[0-9]+)\\n.*\\tbeqz\\t\\\\1,(.L[0-9]+)\\n.*\\n\\\\3:\\n\\t\\\\.insn\\n(?:.L[0-9]+ = \\\\.\\n)?\\t\\\\.type\\t__pool_unreachable_[0-9]+, @object\\n__pool_unreachable_[0-9]+:\\n\\t\\\\.align\\t2\\n\\\\2:\\n\\t\\\\.word\\t305419896\\n
FAIL: gcc.target/mips/loongson-muldiv-1.c -O2 scan-assembler-times \\tdiv.g\\t 1
FAIL: gcc.target/mips/loongson-muldiv-1.c -O2 scan-assembler-times \\tdiv.g\\t 1
FAIL: gcc.target/mips/loongson-muldiv-1.c -O2 scan-assembler-times \\tdivu.g\\t 1
FAIL: gcc.target/mips/loongson-muldiv-1.c -O2 scan-assembler-times \\tdivu.g\\t 1
FAIL: gcc.target/mips/loongson-muldiv-1.c -O2 scan-assembler-times \\tmod.g\\t 1
FAIL: gcc.target/mips/loongson-muldiv-1.c -O2 scan-assembler-times \\tmod.g\\t 1
FAIL: gcc.target/mips/loongson-muldiv-1.c -O2 scan-assembler-times \\tmodu.g\\t 1
FAIL: gcc.target/mips/loongson-muldiv-1.c -O2 scan-assembler-times \\tmodu.g\\t 1
FAIL: gcc.target/mips/loongson-muldiv-1.c -O2 -flto -fno-use-linker-plugin -flto-partition=none scan-assembler-times \\tdiv.g\\t 1
FAIL: gcc.target/mips/loongson-muldiv-1.c -O2 -flto -fno-use-linker-plugin -flto-partition=none scan-assembler-times \\tdiv.g\\t 1
FAIL: gcc.target/mips/loongson-muldiv-1.c -O2 -flto -fno-use-linker-plugin -flto-partition=none scan-assembler-times \\tdivu.g\\t 1
FAIL: gcc.target/mips/loongson-muldiv-1.c -O2 -flto -fno-use-linker-plugin -flto-partition=none scan-assembler-times \\tdivu.g\\t 1
FAIL: gcc.target/mips/loongson-muldiv-1.c -O2 -flto -fno-use-linker-plugin -flto-partition=none scan-assembler-times \\tmod.g\\t 1
FAIL: gcc.target/mips/loongson-muldiv-1.c -O2 -flto -fno-use-linker-plugin -flto-partition=none scan-assembler-times \\tmod.g\\t 1
FAIL: gcc.target/mips/loongson-muldiv-1.c -O2 -flto -fno-use-linker-plugin -flto-partition=none scan-assembler-times \\tmodu.g\\t 1
FAIL: gcc.target/mips/loongson-muldiv-1.c -O2 -flto -fno-use-linker-plugin -flto-partition=none scan-assembler-times \\tmodu.g\\t 1
FAIL: gcc.target/mips/loongson-muldiv-1.c -O2 -flto -fuse-linker-plugin -fno-fat-lto-objects scan-assembler-times \\tdiv.g\\t 1
FAIL: gcc.target/mips/loongson-muldiv-1.c -O2 -flto -fuse-linker-plugin -fno-fat-lto-objects scan-assembler-times \\tdiv.g\\t 1
FAIL: gcc.target/mips/loongson-muldiv-1.c -O2 -flto -fuse-linker-plugin -fno-fat-lto-objects scan-assembler-times \\tdivu.g\\t 1
FAIL: gcc.target/mips/loongson-muldiv-1.c -O2 -flto -fuse-linker-plugin -fno-fat-lto-objects scan-assembler-times \\tdivu.g\\t 1
FAIL: gcc.target/mips/loongson-muldiv-1.c -O2 -flto -fuse-linker-plugin -fno-fat-lto-objects scan-assembler-times \\tmod.g\\t 1
FAIL: gcc.target/mips/loongson-muldiv-1.c -O2 -flto -fuse-linker-plugin -fno-fat-lto-objects scan-assembler-times \\tmod.g\\t 1
FAIL: gcc.target/mips/loongson-muldiv-1.c -O2 -flto -fuse-linker-plugin -fno-fat-lto-objects scan-assembler-times \\tmodu.g\\t 1
FAIL: gcc.target/mips/loongson-muldiv-1.c -O2 -flto -fuse-linker-plugin -fno-fat-lto-objects scan-assembler-times \\tmodu.g\\t 1
FAIL: gcc.target/mips/loongson-muldiv-1.c -O3 -g scan-assembler-times \\tdiv.g\\t 1
FAIL: gcc.target/mips/loongson-muldiv-1.c -O3 -g scan-assembler-times \\tdiv.g\\t 1
FAIL: gcc.target/mips/loongson-muldiv-1.c -O3 -g scan-assembler-times \\tdivu.g\\t 1
FAIL: gcc.target/mips/loongson-muldiv-1.c -O3 -g scan-assembler-times \\tdivu.g\\t 1
FAIL: gcc.target/mips/loongson-muldiv-1.c -O3 -g scan-assembler-times \\tmod.g\\t 1
FAIL: gcc.target/mips/loongson-muldiv-1.c -O3 -g scan-assembler-times \\tmod.g\\t 1
FAIL: gcc.target/mips/loongson-muldiv-1.c -O3 -g scan-assembler-times \\tmodu.g\\t 1
FAIL: gcc.target/mips/loongson-muldiv-1.c -O3 -g scan-assembler-times \\tmodu.g\\t 1
FAIL: gcc.target/mips/loongson-muldiv-1.c -Os scan-assembler-times \\tdiv.g\\t 1
FAIL: gcc.target/mips/loongson-muldiv-1.c -Os scan-assembler-times \\tdiv.g\\t 1
FAIL: gcc.target/mips/loongson-muldiv-1.c -Os scan-assembler-times \\tdivu.g\\t 1
FAIL: gcc.target/mips/loongson-muldiv-1.c -Os scan-assembler-times \\tdivu.g\\t 1
FAIL: gcc.target/mips/loongson-muldiv-1.c -Os scan-assembler-times \\tmod.g\\t 1
FAIL: gcc.target/mips/loongson-muldiv-1.c -Os scan-assembler-times \\tmod.g\\t 1
FAIL: gcc.target/mips/loongson-muldiv-1.c -Os scan-assembler-times \\tmodu.g\\t 1
FAIL: gcc.target/mips/loongson-muldiv-1.c -Os scan-assembler-times \\tmodu.g\\t 1
FAIL: gcc.target/mips/loongson-muldiv-2.c -O2 scan-assembler-times \\tddiv.g\\t 1
FAIL: gcc.target/mips/loongson-muldiv-2.c -O2 scan-assembler-times \\tddiv.g\\t 1
FAIL: gcc.target/mips/loongson-muldiv-2.c -O2 scan-assembler-times \\tddivu.g\\t 1
FAIL: gcc.target/mips/loongson-muldiv-2.c -O2 scan-assembler-times \\tddivu.g\\t 1
FAIL: gcc.target/mips/loongson-muldiv-2.c -O2 scan-assembler-times \\tdmod.g\\t 1
FAIL: gcc.target/mips/loongson-muldiv-2.c -O2 scan-assembler-times \\tdmod.g\\t 1
FAIL: gcc.target/mips/loongson-muldiv-2.c -O2 scan-assembler-times \\tdmodu.g\\t 1
FAIL: gcc.target/mips/loongson-muldiv-2.c -O2 scan-assembler-times \\tdmodu.g\\t 1
FAIL: gcc.target/mips/loongson-muldiv-2.c -O2 -flto -fno-use-linker-plugin -flto-partition=none scan-assembler-times \\tddiv.g\\t 1
FAIL: gcc.target/mips/loongson-muldiv-2.c -O2 -flto -fno-use-linker-plugin -flto-partition=none scan-assembler-times \\tddiv.g\\t 1
FAIL: gcc.target/mips/loongson-muldiv-2.c -O2 -flto -fno-use-linker-plugin -flto-partition=none scan-assembler-times \\tddivu.g\\t 1
FAIL: gcc.target/mips/loongson-muldiv-2.c -O2 -flto -fno-use-linker-plugin -flto-partition=none scan-assembler-times \\tddivu.g\\t 1
FAIL: gcc.target/mips/loongson-muldiv-2.c -O2 -flto -fno-use-linker-plugin -flto-partition=none scan-assembler-times \\tdmod.g\\t 1
FAIL: gcc.target/mips/loongson-muldiv-2.c -O2 -flto -fno-use-linker-plugin -flto-partition=none scan-assembler-times \\tdmod.g\\t 1
FAIL: gcc.target/mips/loongson-muldiv-2.c -O2 -flto -fno-use-linker-plugin -flto-partition=none scan-assembler-times \\tdmodu.g\\t 1
FAIL: gcc.target/mips/loongson-muldiv-2.c -O2 -flto -fno-use-linker-plugin -flto-partition=none scan-assembler-times \\tdmodu.g\\t 1
FAIL: gcc.target/mips/loongson-muldiv-2.c -O2 -flto -fuse-linker-plugin -fno-fat-lto-objects scan-assembler-times \\tddiv.g\\t 1
FAIL: gcc.target/mips/loongson-muldiv-2.c -O2 -flto -fuse-linker-plugin -fno-fat-lto-objects scan-assembler-times \\tddiv.g\\t 1
FAIL: gcc.target/mips/loongson-muldiv-2.c -O2 -flto -fuse-linker-plugin -fno-fat-lto-objects scan-assembler-times \\tddivu.g\\t 1
FAIL: gcc.target/mips/loongson-muldiv-2.c -O2 -flto -fuse-linker-plugin -fno-fat-lto-objects scan-assembler-times \\tddivu.g\\t 1
FAIL: gcc.target/mips/loongson-muldiv-2.c -O2 -flto -fuse-linker-plugin -fno-fat-lto-objects scan-assembler-times \\tdmod.g\\t 1
FAIL: gcc.target/mips/loongson-muldiv-2.c -O2 -flto -fuse-linker-plugin -fno-fat-lto-objects scan-assembler-times \\tdmod.g\\t 1
FAIL: gcc.target/mips/loongson-muldiv-2.c -O2 -flto -fuse-linker-plugin -fno-fat-lto-objects scan-assembler-times \\tdmodu.g\\t 1
FAIL: gcc.target/mips/loongson-muldiv-2.c -O2 -flto -fuse-linker-plugin -fno-fat-lto-objects scan-assembler-times \\tdmodu.g\\t 1
FAIL: gcc.target/mips/loongson-muldiv-2.c -O3 -g scan-assembler-times \\tddiv.g\\t 1
FAIL: gcc.target/mips/loongson-muldiv-2.c -O3 -g scan-assembler-times \\tddiv.g\\t 1
FAIL: gcc.target/mips/loongson-muldiv-2.c -O3 -g scan-assembler-times \\tddivu.g\\t 1
FAIL: gcc.target/mips/loongson-muldiv-2.c -O3 -g scan-assembler-times \\tddivu.g\\t 1
FAIL: gcc.target/mips/loongson-muldiv-2.c -O3 -g scan-assembler-times \\tdmod.g\\t 1
FAIL: gcc.target/mips/loongson-muldiv-2.c -O3 -g scan-assembler-times \\tdmod.g\\t 1
FAIL: gcc.target/mips/loongson-muldiv-2.c -O3 -g scan-assembler-times \\tdmodu.g\\t 1
FAIL: gcc.target/mips/loongson-muldiv-2.c -O3 -g scan-assembler-times \\tdmodu.g\\t 1
FAIL: gcc.target/mips/loongson-muldiv-2.c -Os scan-assembler-times \\tddiv.g\\t 1
FAIL: gcc.target/mips/loongson-muldiv-2.c -Os scan-assembler-times \\tddiv.g\\t 1
FAIL: gcc.target/mips/loongson-muldiv-2.c -Os scan-assembler-times \\tddivu.g\\t 1
FAIL: gcc.target/mips/loongson-muldiv-2.c -Os scan-assembler-times \\tddivu.g\\t 1
FAIL: gcc.target/mips/loongson-muldiv-2.c -Os scan-assembler-times \\tdmod.g\\t 1
FAIL: gcc.target/mips/loongson-muldiv-2.c -Os scan-assembler-times \\tdmod.g\\t 1
FAIL: gcc.target/mips/loongson-muldiv-2.c -Os scan-assembler-times \\tdmodu.g\\t 1
FAIL: gcc.target/mips/loongson-muldiv-2.c -Os scan-assembler-times \\tdmodu.g\\t 1
FAIL: gcc.target/mips/loongson-shift-count-truncated-1.c -O0 (test for excess errors)
FAIL: gcc.target/mips/loongson-shift-count-truncated-1.c -O0 (test for excess errors)
FAIL: gcc.target/mips/loongson-shift-count-truncated-1.c -O1 (test for excess errors)
FAIL: gcc.target/mips/loongson-shift-count-truncated-1.c -O1 (test for excess errors)
FAIL: gcc.target/mips/loongson-shift-count-truncated-1.c -O2 (test for excess errors)
FAIL: gcc.target/mips/loongson-shift-count-truncated-1.c -O2 (test for excess errors)
FAIL: gcc.target/mips/loongson-shift-count-truncated-1.c -O2 -flto -fno-use-linker-plugin -flto-partition=none (test for excess errors)
FAIL: gcc.target/mips/loongson-shift-count-truncated-1.c -O2 -flto -fno-use-linker-plugin -flto-partition=none (test for excess errors)
FAIL: gcc.target/mips/loongson-shift-count-truncated-1.c -O3 -g (test for excess errors)
FAIL: gcc.target/mips/loongson-shift-count-truncated-1.c -O3 -g (test for excess errors)
FAIL: gcc.target/mips/loongson-shift-count-truncated-1.c -Os (test for excess errors)
FAIL: gcc.target/mips/loongson-shift-count-truncated-1.c -Os (test for excess errors)
FAIL: gcc.target/mips/loongson-simd.c -O0 (test for excess errors)
FAIL: gcc.target/mips/loongson-simd.c -O0 (test for excess errors)
FAIL: gcc.target/mips/loongson-simd.c -O1 (test for excess errors)
FAIL: gcc.target/mips/loongson-simd.c -O1 (test for excess errors)
FAIL: gcc.target/mips/loongson-simd.c -O2 (test for excess errors)
FAIL: gcc.target/mips/loongson-simd.c -O2 (test for excess errors)
FAIL: gcc.target/mips/loongson-simd.c -O2 -flto -fno-use-linker-plugin -flto-partition=none (test for excess errors)
FAIL: gcc.target/mips/loongson-simd.c -O2 -flto -fno-use-linker-plugin -flto-partition=none (test for excess errors)
FAIL: gcc.target/mips/loongson-simd.c -O3 -g (test for excess errors)
FAIL: gcc.target/mips/loongson-simd.c -O3 -g (test for excess errors)
FAIL: gcc.target/mips/loongson-simd.c -Os (test for excess errors)
FAIL: gcc.target/mips/loongson-simd.c -Os (test for excess errors)
FAIL: gcc.target/mips/loongson3a-muldiv-1.c -O2 scan-assembler-times \\tgsdiv\\t 1
FAIL: gcc.target/mips/loongson3a-muldiv-1.c -O2 scan-assembler-times \\tgsdiv\\t 1
FAIL: gcc.target/mips/loongson3a-muldiv-1.c -O2 scan-assembler-times \\tgsdivu\\t 1
FAIL: gcc.target/mips/loongson3a-muldiv-1.c -O2 scan-assembler-times \\tgsdivu\\t 1
FAIL: gcc.target/mips/loongson3a-muldiv-1.c -O2 scan-assembler-times \\tgsmod\\t 1
FAIL: gcc.target/mips/loongson3a-muldiv-1.c -O2 scan-assembler-times \\tgsmod\\t 1
FAIL: gcc.target/mips/loongson3a-muldiv-1.c -O2 scan-assembler-times \\tgsmodu\\t 1
FAIL: gcc.target/mips/loongson3a-muldiv-1.c -O2 scan-assembler-times \\tgsmodu\\t 1
FAIL: gcc.target/mips/loongson3a-muldiv-1.c -O2 -flto -fno-use-linker-plugin -flto-partition=none scan-assembler-times \\tgsdiv\\t 1
FAIL: gcc.target/mips/loongson3a-muldiv-1.c -O2 -flto -fno-use-linker-plugin -flto-partition=none scan-assembler-times \\tgsdiv\\t 1
FAIL: gcc.target/mips/loongson3a-muldiv-1.c -O2 -flto -fno-use-linker-plugin -flto-partition=none scan-assembler-times \\tgsdivu\\t 1
FAIL: gcc.target/mips/loongson3a-muldiv-1.c -O2 -flto -fno-use-linker-plugin -flto-partition=none scan-assembler-times \\tgsdivu\\t 1
FAIL: gcc.target/mips/loongson3a-muldiv-1.c -O2 -flto -fno-use-linker-plugin -flto-partition=none scan-assembler-times \\tgsmod\\t 1
FAIL: gcc.target/mips/loongson3a-muldiv-1.c -O2 -flto -fno-use-linker-plugin -flto-partition=none scan-assembler-times \\tgsmod\\t 1
FAIL: gcc.target/mips/loongson3a-muldiv-1.c -O2 -flto -fno-use-linker-plugin -flto-partition=none scan-assembler-times \\tgsmodu\\t 1
FAIL: gcc.target/mips/loongson3a-muldiv-1.c -O2 -flto -fno-use-linker-plugin -flto-partition=none scan-assembler-times \\tgsmodu\\t 1
FAIL: gcc.target/mips/loongson3a-muldiv-1.c -O2 -flto -fuse-linker-plugin -fno-fat-lto-objects scan-assembler-times \\tgsdiv\\t 1
FAIL: gcc.target/mips/loongson3a-muldiv-1.c -O2 -flto -fuse-linker-plugin -fno-fat-lto-objects scan-assembler-times \\tgsdiv\\t 1
FAIL: gcc.target/mips/loongson3a-muldiv-1.c -O2 -flto -fuse-linker-plugin -fno-fat-lto-objects scan-assembler-times \\tgsdivu\\t 1
FAIL: gcc.target/mips/loongson3a-muldiv-1.c -O2 -flto -fuse-linker-plugin -fno-fat-lto-objects scan-assembler-times \\tgsdivu\\t 1
FAIL: gcc.target/mips/loongson3a-muldiv-1.c -O2 -flto -fuse-linker-plugin -fno-fat-lto-objects scan-assembler-times \\tgsmod\\t 1
FAIL: gcc.target/mips/loongson3a-muldiv-1.c -O2 -flto -fuse-linker-plugin -fno-fat-lto-objects scan-assembler-times \\tgsmod\\t 1
FAIL: gcc.target/mips/loongson3a-muldiv-1.c -O2 -flto -fuse-linker-plugin -fno-fat-lto-objects scan-assembler-times \\tgsmodu\\t 1
FAIL: gcc.target/mips/loongson3a-muldiv-1.c -O2 -flto -fuse-linker-plugin -fno-fat-lto-objects scan-assembler-times \\tgsmodu\\t 1
FAIL: gcc.target/mips/loongson3a-muldiv-1.c -O3 -g scan-assembler-times \\tgsdiv\\t 1
FAIL: gcc.target/mips/loongson3a-muldiv-1.c -O3 -g scan-assembler-times \\tgsdiv\\t 1
FAIL: gcc.target/mips/loongson3a-muldiv-1.c -O3 -g scan-assembler-times \\tgsdivu\\t 1
FAIL: gcc.target/mips/loongson3a-muldiv-1.c -O3 -g scan-assembler-times \\tgsdivu\\t 1
FAIL: gcc.target/mips/loongson3a-muldiv-1.c -O3 -g scan-assembler-times \\tgsmod\\t 1
FAIL: gcc.target/mips/loongson3a-muldiv-1.c -O3 -g scan-assembler-times \\tgsmod\\t 1
FAIL: gcc.target/mips/loongson3a-muldiv-1.c -O3 -g scan-assembler-times \\tgsmodu\\t 1
FAIL: gcc.target/mips/loongson3a-muldiv-1.c -O3 -g scan-assembler-times \\tgsmodu\\t 1
FAIL: gcc.target/mips/loongson3a-muldiv-1.c -Os scan-assembler-times \\tgsdiv\\t 1
FAIL: gcc.target/mips/loongson3a-muldiv-1.c -Os scan-assembler-times \\tgsdiv\\t 1
FAIL: gcc.target/mips/loongson3a-muldiv-1.c -Os scan-assembler-times \\tgsdivu\\t 1
FAIL: gcc.target/mips/loongson3a-muldiv-1.c -Os scan-assembler-times \\tgsdivu\\t 1
FAIL: gcc.target/mips/loongson3a-muldiv-1.c -Os scan-assembler-times \\tgsmod\\t 1
FAIL: gcc.target/mips/loongson3a-muldiv-1.c -Os scan-assembler-times \\tgsmod\\t 1
FAIL: gcc.target/mips/loongson3a-muldiv-1.c -Os scan-assembler-times \\tgsmodu\\t 1
FAIL: gcc.target/mips/loongson3a-muldiv-1.c -Os scan-assembler-times \\tgsmodu\\t 1
FAIL: gcc.target/mips/loongson3a-muldiv-2.c -O2 scan-assembler-times \\tgsddiv\\t 1
FAIL: gcc.target/mips/loongson3a-muldiv-2.c -O2 scan-assembler-times \\tgsddiv\\t 1
FAIL: gcc.target/mips/loongson3a-muldiv-2.c -O2 scan-assembler-times \\tgsddivu\\t 1
FAIL: gcc.target/mips/loongson3a-muldiv-2.c -O2 scan-assembler-times \\tgsddivu\\t 1
FAIL: gcc.target/mips/loongson3a-muldiv-2.c -O2 scan-assembler-times \\tgsdmod\\t 1
FAIL: gcc.target/mips/loongson3a-muldiv-2.c -O2 scan-assembler-times \\tgsdmod\\t 1
FAIL: gcc.target/mips/loongson3a-muldiv-2.c -O2 scan-assembler-times \\tgsdmodu\\t 1
FAIL: gcc.target/mips/loongson3a-muldiv-2.c -O2 scan-assembler-times \\tgsdmodu\\t 1
FAIL: gcc.target/mips/loongson3a-muldiv-2.c -O2 -flto -fno-use-linker-plugin -flto-partition=none scan-assembler-times \\tgsddiv\\t 1
FAIL: gcc.target/mips/loongson3a-muldiv-2.c -O2 -flto -fno-use-linker-plugin -flto-partition=none scan-assembler-times \\tgsddiv\\t 1
FAIL: gcc.target/mips/loongson3a-muldiv-2.c -O2 -flto -fno-use-linker-plugin -flto-partition=none scan-assembler-times \\tgsddivu\\t 1
FAIL: gcc.target/mips/loongson3a-muldiv-2.c -O2 -flto -fno-use-linker-plugin -flto-partition=none scan-assembler-times \\tgsddivu\\t 1
FAIL: gcc.target/mips/loongson3a-muldiv-2.c -O2 -flto -fno-use-linker-plugin -flto-partition=none scan-assembler-times \\tgsdmod\\t 1
FAIL: gcc.target/mips/loongson3a-muldiv-2.c -O2 -flto -fno-use-linker-plugin -flto-partition=none scan-assembler-times \\tgsdmod\\t 1
FAIL: gcc.target/mips/loongson3a-muldiv-2.c -O2 -flto -fno-use-linker-plugin -flto-partition=none scan-assembler-times \\tgsdmodu\\t 1
FAIL: gcc.target/mips/loongson3a-muldiv-2.c -O2 -flto -fno-use-linker-plugin -flto-partition=none scan-assembler-times \\tgsdmodu\\t 1
FAIL: gcc.target/mips/loongson3a-muldiv-2.c -O2 -flto -fuse-linker-plugin -fno-fat-lto-objects scan-assembler-times \\tgsddiv\\t 1
FAIL: gcc.target/mips/loongson3a-muldiv-2.c -O2 -flto -fuse-linker-plugin -fno-fat-lto-objects scan-assembler-times \\tgsddiv\\t 1
FAIL: gcc.target/mips/loongson3a-muldiv-2.c -O2 -flto -fuse-linker-plugin -fno-fat-lto-objects scan-assembler-times \\tgsddivu\\t 1
FAIL: gcc.target/mips/loongson3a-muldiv-2.c -O2 -flto -fuse-linker-plugin -fno-fat-lto-objects scan-assembler-times \\tgsddivu\\t 1
FAIL: gcc.target/mips/loongson3a-muldiv-2.c -O2 -flto -fuse-linker-plugin -fno-fat-lto-objects scan-assembler-times \\tgsdmod\\t 1
FAIL: gcc.target/mips/loongson3a-muldiv-2.c -O2 -flto -fuse-linker-plugin -fno-fat-lto-objects scan-assembler-times \\tgsdmod\\t 1
FAIL: gcc.target/mips/loongson3a-muldiv-2.c -O2 -flto -fuse-linker-plugin -fno-fat-lto-objects scan-assembler-times \\tgsdmodu\\t 1
FAIL: gcc.target/mips/loongson3a-muldiv-2.c -O2 -flto -fuse-linker-plugin -fno-fat-lto-objects scan-assembler-times \\tgsdmodu\\t 1
FAIL: gcc.target/mips/loongson3a-muldiv-2.c -O3 -g scan-assembler-times \\tgsddiv\\t 1
FAIL: gcc.target/mips/loongson3a-muldiv-2.c -O3 -g scan-assembler-times \\tgsddiv\\t 1
FAIL: gcc.target/mips/loongson3a-muldiv-2.c -O3 -g scan-assembler-times \\tgsddivu\\t 1
FAIL: gcc.target/mips/loongson3a-muldiv-2.c -O3 -g scan-assembler-times \\tgsddivu\\t 1
FAIL: gcc.target/mips/loongson3a-muldiv-2.c -O3 -g scan-assembler-times \\tgsdmod\\t 1
FAIL: gcc.target/mips/loongson3a-muldiv-2.c -O3 -g scan-assembler-times \\tgsdmod\\t 1
FAIL: gcc.target/mips/loongson3a-muldiv-2.c -O3 -g scan-assembler-times \\tgsdmodu\\t 1
FAIL: gcc.target/mips/loongson3a-muldiv-2.c -O3 -g scan-assembler-times \\tgsdmodu\\t 1
FAIL: gcc.target/mips/loongson3a-muldiv-2.c -Os scan-assembler-times \\tgsddiv\\t 1
FAIL: gcc.target/mips/loongson3a-muldiv-2.c -Os scan-assembler-times \\tgsddiv\\t 1
FAIL: gcc.target/mips/loongson3a-muldiv-2.c -Os scan-assembler-times \\tgsddivu\\t 1
FAIL: gcc.target/mips/loongson3a-muldiv-2.c -Os scan-assembler-times \\tgsddivu\\t 1
FAIL: gcc.target/mips/loongson3a-muldiv-2.c -Os scan-assembler-times \\tgsdmod\\t 1
FAIL: gcc.target/mips/loongson3a-muldiv-2.c -Os scan-assembler-times \\tgsdmod\\t 1
FAIL: gcc.target/mips/loongson3a-muldiv-2.c -Os scan-assembler-times \\tgsdmodu\\t 1
FAIL: gcc.target/mips/loongson3a-muldiv-2.c -Os scan-assembler-times \\tgsdmodu\\t 1
FAIL: gcc.target/mips/madd-7.c -O1 scan-assembler \\tmadd\\t
FAIL: gcc.target/mips/madd-7.c -O1 scan-assembler \\tmadd\\t
FAIL: gcc.target/mips/madd-7.c -O1 scan-assembler-not \\tmul\\t
FAIL: gcc.target/mips/madd-7.c -O1 scan-assembler-not \\tmul\\t
FAIL: gcc.target/mips/mips-ps-1.c -O0 execution test
FAIL: gcc.target/mips/mips-ps-1.c -O0 execution test
FAIL: gcc.target/mips/mips-ps-1.c -O1 execution test
FAIL: gcc.target/mips/mips-ps-1.c -O1 execution test
FAIL: gcc.target/mips/mips-ps-1.c -O2 execution test
FAIL: gcc.target/mips/mips-ps-1.c -O2 execution test
FAIL: gcc.target/mips/mips-ps-1.c -O2 -flto -fno-use-linker-plugin -flto-partition=none execution test
FAIL: gcc.target/mips/mips-ps-1.c -O2 -flto -fno-use-linker-plugin -flto-partition=none execution test
FAIL: gcc.target/mips/mips-ps-1.c -O2 -flto -fuse-linker-plugin -fno-fat-lto-objects execution test
FAIL: gcc.target/mips/mips-ps-1.c -O2 -flto -fuse-linker-plugin -fno-fat-lto-objects execution test
FAIL: gcc.target/mips/mips-ps-1.c -O3 -fomit-frame-pointer -funroll-loops -fpeel-loops -ftracer -finline-functions execution test
FAIL: gcc.target/mips/mips-ps-1.c -O3 -fomit-frame-pointer -funroll-loops -fpeel-loops -ftracer -finline-functions execution test
FAIL: gcc.target/mips/mips-ps-1.c -O3 -g execution test
FAIL: gcc.target/mips/mips-ps-1.c -O3 -g execution test
FAIL: gcc.target/mips/mips-ps-1.c -Os execution test
FAIL: gcc.target/mips/mips-ps-1.c -Os execution test
FAIL: gcc.target/mips/mips-ps-2.c -O0 execution test
FAIL: gcc.target/mips/mips-ps-2.c -O0 execution test
FAIL: gcc.target/mips/mips-ps-2.c -O1 execution test
FAIL: gcc.target/mips/mips-ps-2.c -O1 execution test
FAIL: gcc.target/mips/mips-ps-2.c -O2 execution test
FAIL: gcc.target/mips/mips-ps-2.c -O2 execution test
FAIL: gcc.target/mips/mips-ps-2.c -O2 -flto -fno-use-linker-plugin -flto-partition=none execution test
FAIL: gcc.target/mips/mips-ps-2.c -O2 -flto -fno-use-linker-plugin -flto-partition=none execution test
FAIL: gcc.target/mips/mips-ps-2.c -O2 -flto -fuse-linker-plugin -fno-fat-lto-objects execution test
FAIL: gcc.target/mips/mips-ps-2.c -O2 -flto -fuse-linker-plugin -fno-fat-lto-objects execution test
FAIL: gcc.target/mips/mips-ps-2.c -O3 -fomit-frame-pointer -funroll-loops -fpeel-loops -ftracer -finline-functions execution test
FAIL: gcc.target/mips/mips-ps-2.c -O3 -fomit-frame-pointer -funroll-loops -fpeel-loops -ftracer -finline-functions execution test
FAIL: gcc.target/mips/mips-ps-2.c -O3 -g execution test
FAIL: gcc.target/mips/mips-ps-2.c -O3 -g execution test
FAIL: gcc.target/mips/mips-ps-2.c -Os execution test
FAIL: gcc.target/mips/mips-ps-2.c -Os execution test
FAIL: gcc.target/mips/mips-ps-3.c -O0 execution test
FAIL: gcc.target/mips/mips-ps-3.c -O0 execution test
FAIL: gcc.target/mips/mips-ps-3.c -O1 execution test
FAIL: gcc.target/mips/mips-ps-3.c -O1 execution test
FAIL: gcc.target/mips/mips-ps-3.c -O2 execution test
FAIL: gcc.target/mips/mips-ps-3.c -O2 execution test
FAIL: gcc.target/mips/mips-ps-3.c -O2 -flto -fno-use-linker-plugin -flto-partition=none execution test
FAIL: gcc.target/mips/mips-ps-3.c -O2 -flto -fno-use-linker-plugin -flto-partition=none execution test
FAIL: gcc.target/mips/mips-ps-3.c -O2 -flto -fuse-linker-plugin -fno-fat-lto-objects execution test
FAIL: gcc.target/mips/mips-ps-3.c -O2 -flto -fuse-linker-plugin -fno-fat-lto-objects execution test
FAIL: gcc.target/mips/mips-ps-3.c -O3 -fomit-frame-pointer -funroll-loops -fpeel-loops -ftracer -finline-functions execution test
FAIL: gcc.target/mips/mips-ps-3.c -O3 -fomit-frame-pointer -funroll-loops -fpeel-loops -ftracer -finline-functions execution test
FAIL: gcc.target/mips/mips-ps-3.c -O3 -g execution test
FAIL: gcc.target/mips/mips-ps-3.c -O3 -g execution test
FAIL: gcc.target/mips/mips-ps-3.c -Os execution test
FAIL: gcc.target/mips/mips-ps-3.c -Os execution test
FAIL: gcc.target/mips/mips-ps-4.c -O0 execution test
FAIL: gcc.target/mips/mips-ps-4.c -O0 execution test
FAIL: gcc.target/mips/mips-ps-4.c -O1 execution test
FAIL: gcc.target/mips/mips-ps-4.c -O1 execution test
FAIL: gcc.target/mips/mips-ps-4.c -O2 execution test
FAIL: gcc.target/mips/mips-ps-4.c -O2 execution test
FAIL: gcc.target/mips/mips-ps-4.c -O2 -flto -fno-use-linker-plugin -flto-partition=none execution test
FAIL: gcc.target/mips/mips-ps-4.c -O2 -flto -fno-use-linker-plugin -flto-partition=none execution test
FAIL: gcc.target/mips/mips-ps-4.c -O2 -flto -fuse-linker-plugin -fno-fat-lto-objects execution test
FAIL: gcc.target/mips/mips-ps-4.c -O2 -flto -fuse-linker-plugin -fno-fat-lto-objects execution test
FAIL: gcc.target/mips/mips-ps-4.c -O3 -fomit-frame-pointer -funroll-loops -fpeel-loops -ftracer -finline-functions execution test
FAIL: gcc.target/mips/mips-ps-4.c -O3 -fomit-frame-pointer -funroll-loops -fpeel-loops -ftracer -finline-functions execution test
FAIL: gcc.target/mips/mips-ps-4.c -O3 -g execution test
FAIL: gcc.target/mips/mips-ps-4.c -O3 -g execution test
FAIL: gcc.target/mips/mips-ps-4.c -Os execution test
FAIL: gcc.target/mips/mips-ps-4.c -Os execution test
FAIL: gcc.target/mips/mips-ps-6.c -O0 execution test
FAIL: gcc.target/mips/mips-ps-6.c -O0 execution test
FAIL: gcc.target/mips/mips-ps-6.c -O1 execution test
FAIL: gcc.target/mips/mips-ps-6.c -O1 execution test
FAIL: gcc.target/mips/mips-ps-6.c -O2 execution test
FAIL: gcc.target/mips/mips-ps-6.c -O2 execution test
FAIL: gcc.target/mips/mips-ps-6.c -O2 -flto -fno-use-linker-plugin -flto-partition=none execution test
FAIL: gcc.target/mips/mips-ps-6.c -O2 -flto -fno-use-linker-plugin -flto-partition=none execution test
FAIL: gcc.target/mips/mips-ps-6.c -O2 -flto -fuse-linker-plugin -fno-fat-lto-objects execution test
FAIL: gcc.target/mips/mips-ps-6.c -O2 -flto -fuse-linker-plugin -fno-fat-lto-objects execution test
FAIL: gcc.target/mips/mips-ps-6.c -O3 -fomit-frame-pointer -funroll-loops -fpeel-loops -ftracer -finline-functions execution test
FAIL: gcc.target/mips/mips-ps-6.c -O3 -fomit-frame-pointer -funroll-loops -fpeel-loops -ftracer -finline-functions execution test
FAIL: gcc.target/mips/mips-ps-6.c -O3 -g execution test
FAIL: gcc.target/mips/mips-ps-6.c -O3 -g execution test
FAIL: gcc.target/mips/mips-ps-6.c -Os execution test
FAIL: gcc.target/mips/mips-ps-6.c -Os execution test
FAIL: gcc.target/mips/msub-7.c -O1 scan-assembler \\tmsub\\t
FAIL: gcc.target/mips/msub-7.c -O1 scan-assembler \\tmsub\\t
FAIL: gcc.target/mips/msub-7.c -O1 scan-assembler-not \\tmul\\t
FAIL: gcc.target/mips/msub-7.c -O1 scan-assembler-not \\tmul\\t
FAIL: gcc.target/mips/save-restore-3.c -O0 scan-assembler \\tsave\\t\\\\\$4-\\\\\$6,
FAIL: gcc.target/mips/save-restore-3.c -O0 scan-assembler \\tsave\\t\\\\\$4-\\\\\$6,
=== gcc Summary ===
# of expected passes 230856
# of unexpected failures 538
# of unexpected successes 42
# of expected failures 626
# of unsupported tests 7158
/build/gcc-snapshot-4XZYor/gcc-snapshot-20161231/build/gcc/xgcc version 7.0.0 20161231 (experimental) [trunk revision 243987] (Debian 20161231-1)
=== gfortran tests ===
Running target unix
FAIL: gfortran.dg/bind_c_array_params_2.f90 -O scan-assembler-times [ \\t][\$,_0-9]*myBindC 1
FAIL: gfortran.dg/bind_c_array_params_2.f90 -O scan-assembler-times [ \\t][\$,_0-9]*myBindC 1
=== gfortran Summary ===
# of expected passes 86808
# of unexpected failures 2
# of expected failures 176
# of unsupported tests 666
/build/gcc-snapshot-4XZYor/gcc-snapshot-20161231/build/gcc/gfortran version 7.0.0 20161231 (experimental) [trunk revision 243987] (Debian 20161231-1)
=== gnat tests ===
Running target unix
FAIL: gnat.dg/trampoline4.adb scan-assembler GNU-stack.*x
FAIL: gnat.dg/trampoline4.adb scan-assembler GNU-stack.*x
XPASS: gnat.dg/specs/atomic1.ads (test for errors, line 13)
XPASS: gnat.dg/specs/atomic1.ads (test for errors, line 13)
XPASS: gnat.dg/specs/atomic1.ads (test for errors, line 9)
XPASS: gnat.dg/specs/atomic1.ads (test for errors, line 9)
=== gnat Summary ===
# of expected passes 5032
# of unexpected failures 2
# of unexpected successes 4
# of expected failures 48
# of unsupported tests 42
/build/gcc-snapshot-4XZYor/gcc-snapshot-20161231/build/gcc/gnatmake version 7.0.0 20161231 (experimental) [trunk revision 243987]
=== go tests ===
Running target unix
FAIL: ./index0-out.go compilation, -O0 -g -fno-var-tracking-assignments
FAIL: ./index0-out.go compilation, -O0 -g -fno-var-tracking-assignments
FAIL: go.test/test/cmplxdivide.go
FAIL: go.test/test/cmplxdivide.go
FAIL: go.test/test/ken/cplx2.go execution, -O2 -g
FAIL: go.test/test/ken/cplx2.go execution, -O2 -g
WARNING: program timed out
WARNING: program timed out
WARNING: program timed out
WARNING: program timed out
=== go Summary ===
# of expected passes 14722
# of unexpected failures 6
# of expected failures 2
# of untested testcases 22
# of unsupported tests 6
/build/gcc-snapshot-4XZYor/gcc-snapshot-20161231/build/gcc/gccgo version 7.0.0 20161231 (experimental) [trunk revision 243987] (Debian 20161231-1)
=== obj-c++ tests ===
Running target unix
FAIL: obj-c++.dg/property/dotsyntax-6.mm -fgnu-runtime (internal compiler error)
FAIL: obj-c++.dg/property/dotsyntax-6.mm -fgnu-runtime (test for excess errors)
UNRESOLVED: obj-c++.dg/property/dotsyntax-6.mm -fgnu-runtime compilation failed to produce executable
=== obj-c++ Summary for unix ===
# of expected passes 1456
# of unexpected failures 2
# of expected failures 2
# of unresolved testcases 1
# of unsupported tests 77
Running target unix
FAIL: obj-c++.dg/property/dotsyntax-6.mm -fgnu-runtime (internal compiler error)
FAIL: obj-c++.dg/property/dotsyntax-6.mm -fgnu-runtime (test for excess errors)
UNRESOLVED: obj-c++.dg/property/dotsyntax-6.mm -fgnu-runtime compilation failed to produce executable
=== obj-c++ Summary for unix ===
# of expected passes 1456
# of unexpected failures 2
# of expected failures 2
# of unresolved testcases 1
# of unsupported tests 77
=== obj-c++ Summary ===
# of expected passes 2912
# of unexpected failures 4
# of expected failures 4
# of unresolved testcases 2
# of unsupported tests 154
/build/gcc-snapshot-4XZYor/gcc-snapshot-20161231/build/gcc/xg++ version 7.0.0 20161231 (experimental) [trunk revision 243987] (Debian 20161231-1)
=== objc tests ===
Running target unix
FAIL: objc.dg/property/dotsyntax-6.m -fgnu-runtime (internal compiler error)
FAIL: objc.dg/property/dotsyntax-6.m -fgnu-runtime (internal compiler error)
FAIL: objc.dg/property/dotsyntax-6.m -fgnu-runtime (test for excess errors)
FAIL: objc.dg/property/dotsyntax-6.m -fgnu-runtime (test for excess errors)
UNRESOLVED: objc.dg/property/dotsyntax-6.m -fgnu-runtime compilation failed to produce executable
UNRESOLVED: objc.dg/property/dotsyntax-6.m -fgnu-runtime compilation failed to produce executable
=== objc Summary ===
# of expected passes 5602
# of unexpected failures 4
# of unresolved testcases 2
# of unsupported tests 136
/build/gcc-snapshot-4XZYor/gcc-snapshot-20161231/build/gcc/xgcc version 7.0.0 20161231 (experimental) [trunk revision 243987] (Debian 20161231-1)
=== libatomic tests ===
Running target unix
=== libatomic Summary for unix ===
# of expected passes 44
# of unsupported tests 5
Running target unix
=== libatomic Summary for unix ===
# of expected passes 44
# of unsupported tests 5
=== libatomic Summary ===
# of expected passes 88
# of unsupported tests 10
=== libffi tests ===
Running target unix
=== libffi Summary for unix ===
# of expected passes 1934
# of unsupported tests 28
Running target unix
=== libffi Summary for unix ===
# of expected passes 1934
# of unsupported tests 28
=== libffi Summary ===
# of expected passes 3868
# of unsupported tests 56
=== libgo tests ===
Running target unix
FAIL: net
FAIL: runtime
FAIL: sync/atomic
FAIL: testing/quick
=== libgo Summary for unix ===
# of expected passes 134
# of unexpected failures 4
Running target unix/-mabi=n32
FAIL: reflect
FAIL: runtime
FAIL: debug/pe
FAIL: net/http/httptrace
=== libgo Summary for unix/-mabi=n32 ===
# of expected passes 134
# of unexpected failures 4
Running target unix/-mabi=64
FAIL: bufio
FAIL: bytes
FAIL: context
FAIL: errors
FAIL: expvar
FAIL: flag
FAIL: fmt
FAIL: html
FAIL: image
FAIL: io
FAIL: log
FAIL: math
FAIL: mime
FAIL: net
FAIL: os
FAIL: path
FAIL: reflect
FAIL: regexp
FAIL: runtime
FAIL: sort
FAIL: strconv
FAIL: strings
FAIL: sync
FAIL: syscall
FAIL: time
FAIL: unicode
FAIL: archive/tar
FAIL: archive/zip
FAIL: compress/bzip2
FAIL: compress/flate
FAIL: compress/gzip
FAIL: compress/lzw
FAIL: compress/zlib
FAIL: container/heap
FAIL: container/list
FAIL: container/ring
FAIL: crypto/aes
FAIL: crypto/cipher
FAIL: crypto/des
FAIL: crypto/dsa
FAIL: crypto/ecdsa
FAIL: crypto/elliptic
FAIL: crypto/hmac
FAIL: crypto/md5
FAIL: crypto/rand
FAIL: crypto/rc4
FAIL: crypto/rsa
FAIL: crypto/sha1
FAIL: crypto/sha256
FAIL: crypto/sha512
FAIL: crypto/subtle
FAIL: crypto/tls
FAIL: crypto/x509
FAIL: database/sql
FAIL: database/sql/driver
FAIL: debug/dwarf
FAIL: debug/elf
FAIL: debug/macho
FAIL: debug/pe
FAIL: debug/plan9obj
FAIL: encoding/ascii85
FAIL: encoding/asn1
FAIL: encoding/base32
FAIL: encoding/base64
FAIL: encoding/binary
FAIL: encoding/csv
FAIL: encoding/gob
FAIL: encoding/hex
FAIL: encoding/json
FAIL: encoding/pem
FAIL: encoding/xml
FAIL: exp/proxy
FAIL: exp/terminal
FAIL: html/template
FAIL: go/ast
FAIL: go/build
FAIL: go/constant
FAIL: go/doc
FAIL: go/format
FAIL: go/internal/gcimporter
FAIL: go/internal/gccgoimporter
FAIL: go/parser
FAIL: go/printer
FAIL: go/scanner
FAIL: go/token
FAIL: go/types
FAIL: golang_org/x/net/http2/hpack
FAIL: golang_org/x/net/lex/httplex
FAIL: hash/adler32
FAIL: hash/crc32
FAIL: hash/crc64
FAIL: hash/fnv
FAIL: image/color
FAIL: image/draw
FAIL: image/jpeg
FAIL: image/png
FAIL: index/suffixarray
FAIL: internal/singleflight
FAIL: internal/trace
FAIL: io/ioutil
FAIL: log/syslog
FAIL: math/big
FAIL: math/cmplx
FAIL: math/rand
FAIL: mime/multipart
FAIL: mime/quotedprintable
FAIL: net/http
FAIL: net/http/cgi
FAIL: net/http/cookiejar
FAIL: net/http/fcgi
FAIL: net/http/httptest
FAIL: net/http/httptrace
FAIL: net/http/httputil
FAIL: net/http/internal
FAIL: net/internal/socktest
FAIL: net/mail
FAIL: net/rpc
FAIL: net/smtp
FAIL: net/textproto
FAIL: net/url
FAIL: net/rpc/jsonrpc
FAIL: os/exec
FAIL: os/signal
FAIL: os/user
FAIL: path/filepath
FAIL: regexp/syntax
FAIL: runtime/debug
FAIL: runtime/pprof
FAIL: runtime/internal/atomic
FAIL: runtime/internal/sys
FAIL: sync/atomic
FAIL: text/scanner
FAIL: text/tabwriter
FAIL: text/template
FAIL: text/template/parse
FAIL: testing/quick
FAIL: unicode/utf16
FAIL: unicode/utf8
=== libgo Summary for unix/-mabi=64 ===
# of unexpected failures 138
=== libgo Summary ===
# of expected passes 268
# of unexpected failures 146
/build/gcc-snapshot-4XZYor/gcc-snapshot-20161231/build/./gcc/gccgo version 7.0.0 20161231 (experimental) [trunk revision 243987] (Debian 20161231-1)
=== libgomp tests ===
Running target unix
WARNING: program timed out
FAIL: libgomp.c/for-5.c (test for excess errors)
UNRESOLVED: libgomp.c/for-5.c compilation failed to produce executable
WARNING: program timed out
FAIL: libgomp.c++/for-13.C (test for excess errors)
UNRESOLVED: libgomp.c++/for-13.C compilation failed to produce executable
FAIL: libgomp.oacc-c/../libgomp.oacc-c-c++-common/atomic_update-1.c -DACC_DEVICE_TYPE_host=1 -DACC_MEM_SHARED=1 -O2 execution test
FAIL: libgomp.oacc-c++/../libgomp.oacc-c-c++-common/atomic_update-1.c -DACC_DEVICE_TYPE_host=1 -DACC_MEM_SHARED=1 -O2 execution test
=== libgomp Summary for unix ===
# of expected passes 5044
# of unexpected failures 4
# of unresolved testcases 2
# of unsupported tests 380
Running target unix
WARNING: program timed out
FAIL: libgomp.c/for-5.c (test for excess errors)
UNRESOLVED: libgomp.c/for-5.c compilation failed to produce executable
WARNING: program timed out
FAIL: libgomp.c++/for-13.C (test for excess errors)
UNRESOLVED: libgomp.c++/for-13.C compilation failed to produce executable
FAIL: libgomp.oacc-c/../libgomp.oacc-c-c++-common/atomic_update-1.c -DACC_DEVICE_TYPE_host=1 -DACC_MEM_SHARED=1 -O2 execution test
FAIL: libgomp.oacc-c++/../libgomp.oacc-c-c++-common/atomic_update-1.c -DACC_DEVICE_TYPE_host=1 -DACC_MEM_SHARED=1 -O2 execution test
=== libgomp Summary for unix ===
# of expected passes 5044
# of unexpected failures 4
# of unresolved testcases 2
# of unsupported tests 380
=== libgomp Summary ===
# of expected passes 10088
# of unexpected failures 8
# of unresolved testcases 4
# of unsupported tests 760
=== libstdc++ tests ===
Running target unix
FAIL: libstdc++-abi/abi_check
FAIL: libstdc++-abi/abi_check
FAIL: 22_locale/time_get/get_date/wchar_t/4.cc execution test
FAIL: 22_locale/time_get/get_date/wchar_t/4.cc execution test
FAIL: 23_containers/vector/requirements/exception/propagation_consistent.cc execution test
FAIL: 23_containers/vector/requirements/exception/propagation_consistent.cc execution test
FAIL: 26_numerics/headers/cmath/hypot.cc execution test
FAIL: 26_numerics/headers/cmath/hypot.cc execution test
FAIL: ext/special_functions/hyperg/check_value.cc execution test
FAIL: ext/special_functions/hyperg/check_value.cc execution test
=== libstdc++ Summary ===
# of expected passes 23504
# of unexpected failures 10
# of expected failures 132
# of unsupported tests 586
Compiler version: 7.0.0 20161231 (experimental) [trunk revision 243987] (Debian 20161231-1)
Platform: mipsel-unknown-linux-gnu
configure flags: -v --with-pkgversion='Debian 20161231-1' --with-bugurl=file:///usr/share/doc/gcc-snapshot/README.Bugs --enable-languages=c,ada,c++,go,fortran,objc,obj-c++ --prefix=/usr/lib/gcc-snapshot --program-prefix= --enable-shared --enable-linker-build-id --disable-nls --with-sysroot=/ --enable-clocale=gnu --enable-libstdcxx-debug --enable-libstdcxx-time=yes --with-default-libstdcxx-abi=new --enable-gnu-unique-object --disable-libitm --disable-libsanitizer --disable-libquadmath --enable-plugin --with-system-zlib --enable-multiarch --disable-werror --enable-multilib --with-arch-32=mips32r2 --with-fp-32=xx --enable-targets=all --with-arch-64=mips64r2 --enable-checking=yes --build=mipsel-linux-gnu --host=mipsel-linux-gnu --target=mipsel-linux-gnu
BOOT_CFLAGS=
Build Dependencies:
Desired=Unknown/Install/Remove/Purge/Hold
| Status=Not/Inst/Conf-files/Unpacked/halF-conf/Half-inst/trig-aWait/Trig-pend
|/ Err?=(none)/Reinst-required (Status,Err: uppercase=bad)
||/ Name Version Architecture Description
+++-=========================-==================-============-===============================================================================
ii binutils 2.27.90.20161231-1 mipsel GNU assembler, linker and binary utilities
ii g++-6 6.3.0-2 mipsel GNU C++ compiler
ii g++-6-multilib 6.3.0-2 mipsel GNU C++ compiler (multilib support)
ii g++-multilib 4:6.2.1-1 mipsel GNU C++ compiler (multilib files)
ii libc6:mipsel 2.24-8 mipsel GNU C Library: Shared libraries
ii libgmp-dev:mipsel 2:6.1.2+dfsg-1 mipsel Multiprecision arithmetic library developers tools
ii libisl-dev:mipsel 0.18-1 mipsel manipulating sets and relations of integer points bounded by linear constraints
ii libmpc-dev:mipsel 1.0.3-1+b1 mipsel multiple precision complex floating-point library development package
ii libmpfr-dev:mipsel 3.1.5-1 mipsel multiple precision floating-point computation developers tools
sys-auxv-header:
Check for the sys/auxv.h header file.
libcilkrts-targets:
Disable libcilkrts on KFreeBSD and the Hurd. See #734973.
arm-multilib-soft:
ARM hard/soft float multilib support
arm-multilib-defaults:
Set MULTILIB_DEFAULTS for ARM multilib builds
gcc-ice-dump:
For ICEs, dump the preprocessed source file to stderr
when in a distro build environment.
gcc-ice-apport:
Report an ICE to apport (if apport is available
and the environment variable GCC_NOAPPORT is not set)
skip-bootstrap-multilib:
Skip non-default multilib and libstdc++-v3 debug builds in bootstrap builds
libffi-ro-eh_frame_sect:
PR libffi/47248, force a read only eh frame section.
libffi-mips:
Backport Mips go closure support, taken from libffi issue #197.
ada-kfreebsd:
add support for GNU/kFreeBSD.
gcc-multiarch:
- Remaining multiarch patches, not yet submitted upstream.
- Add MULTIARCH_DIRNAME definitions for multilib configurations,
which are used for the non-multilib builds.
config-ml:
- Disable some biarch libraries for biarch builds.
- Fix multilib builds on kernels which don't support all multilibs.
gcc-multilib-multiarch:
Don't auto-detect multilib osdirnames.
libgomp-kfreebsd-testsuite:
Disable lock-2.c test on kfreebsd-*
go-testsuite:
Skip Go testcase on AArch64 which hangs on the buildds.
ada-749574:
ada-mips:
Improve support for mips.
pr65618:
Proposed patch for PR target/65618.
Counting all warnings,
there are 0 warnings in stage3 of this bootstrap.
Number of warnings per file:
Number of warning types:
More information about the Gcc-testresults
mailing list