Results for 7.0.0 20170111 (experimental) [master revision b0f26d5:6fb337a:a7065f8699d6ad4ca86b639398d96217bf4684d9] (Cavium Inc. (Build 978)) testsuite on aarch64-unknown-linux-gnu
Jenkins
jenkins@cavium.com
Wed Jan 11 15:26:00 GMT 2017
LAST_UPDATED: Wed Jan 11 12:24:12 UTC 2017 (revision b0f26d5:6fb337a:a7065f8699d6ad4ca86b639398d96217bf4684d9)
Native configuration is aarch64-unknown-linux-gnu
=== libatomic tests ===
Running target unix
=== libatomic Summary ===
# of expected passes 54
=== libffi tests ===
Running target unix
=== libffi Summary ===
# of expected passes 2214
=== libgo tests ===
Running target unix
=== libgo Summary ===
# of expected passes 138
/home/jenkins/workspace/BuildThunderX_native_gcc_upstream/objdir/./gcc/gccgo version 7.0.0 20170111 (experimental) [master revision b0f26d5:6fb337a:a7065f8699d6ad4ca86b639398d96217bf4684d9] (Cavium Inc. (Build 978))
=== libgomp tests ===
Running target unix
=== libgomp Summary ===
# of expected passes 5004
# of unsupported tests 380
=== libitm tests ===
Running target unix
=== libitm Summary ===
# of expected passes 42
# of expected failures 3
# of unsupported tests 1
=== libstdc++ tests ===
Running target unix
FAIL: 27_io/manipulators/extended/get_money/char/1.cc execution test
=== libstdc++ Summary ===
# of expected passes 11245
# of unexpected failures 1
# of expected failures 66
# of unsupported tests 556
=== gcc tests ===
Running target unix
XPASS: gcc.dg/attr-alloc_size-11.c missing range info for short (test for warnings, line 50)
XPASS: gcc.dg/attr-alloc_size-11.c missing range info for signed char (test for warnings, line 49)
FAIL: gcc.dg/zero_bits_compound-2.c scan-assembler-times \\\\(and: 2
FAIL: gcc.dg/tree-ssa/flatten-3.c scan-assembler cycle[123][: \\t\\n]
FAIL: gcc.dg/tree-ssa/pr69270-3.c scan-tree-dump-times uncprop1 ", 1" 4
FAIL: gcc.dg/tree-ssa/scev-4.c scan-tree-dump-times optimized "&a" 1
FAIL: c-c++-common/ubsan/overflow-mul-4.c -O2 -flto -fno-use-linker-plugin -flto-partition=none output pattern test
FAIL: c-c++-common/ubsan/overflow-mul-4.c -O2 -flto -fuse-linker-plugin -fno-fat-lto-objects output pattern test
XPASS: gcc.dg/vect/vect-24.c -flto -ffat-lto-objects scan-tree-dump-times vect "vectorized 3 loops" 1
XPASS: gcc.dg/vect/vect-24.c scan-tree-dump-times vect "vectorized 3 loops" 1
FAIL: gcc.target/aarch64/ldp_vec_64_1.c scan-assembler ldp\\td[0-9]+, d[0-9]
FAIL: gcc.target/aarch64/vect-abs-compile.c scan-assembler abs\\\\tv[0-9]+.16b
FAIL: gcc.target/aarch64/vect-abs-compile.c scan-assembler abs\\\\tv[0-9]+.8h
FAIL: gcc.target/aarch64/vect-compile.c scan-assembler-times addp 2
FAIL: gcc.target/aarch64/vect-compile.c scan-assembler-times addv 2
FAIL: gcc.target/aarch64/vect-faddv-compile.c scan-assembler-times faddp\\\\tv 2
FAIL: gcc.target/aarch64/vector_initialization_nostack.c scan-assembler-not sp
=== gcc Summary ===
# of expected passes 110195
# of unexpected failures 13
# of unexpected successes 4
# of expected failures 307
# of unsupported tests 3081
/home/jenkins/workspace/BuildThunderX_native_gcc_upstream/objdir/gcc/xgcc version 7.0.0 20170111 (experimental) [master revision b0f26d5:6fb337a:a7065f8699d6ad4ca86b639398d96217bf4684d9] (Cavium Inc. (Build 978))
=== gfortran tests ===
Running target unix
FAIL: gfortran.dg/vect/fast-math-mgrid-resid.f -O scan-tree-dump pcom "Executing predictive commoning without unrolling"
FAIL: gfortran.dg/vect/fast-math-mgrid-resid.f -O scan-tree-dump pcom "vectp_u.*__lsm.* = PHI <.*vectp_u.*__lsm"
FAIL: gfortran.dg/vect/pr62283.f -O scan-tree-dump-times vect "vectorized 1 loops" 2
=== gfortran Summary ===
# of expected passes 43754
# of unexpected failures 3
# of expected failures 85
# of unsupported tests 67
/home/jenkins/workspace/BuildThunderX_native_gcc_upstream/objdir/gcc/testsuite/gfortran/../../gfortran version 7.0.0 20170111 (experimental) [master revision b0f26d5:6fb337a:a7065f8699d6ad4ca86b639398d96217bf4684d9] (Cavium Inc. (Build 978))
=== g++ tests ===
Running target unix
XPASS: g++.dg/tls/thread_local-order2.C -std=c++11 execution test
XPASS: g++.dg/tls/thread_local-order2.C -std=c++14 execution test
FAIL: c-c++-common/ubsan/overflow-mul-4.c -O0 output pattern test
FAIL: c-c++-common/ubsan/overflow-mul-4.c -O1 output pattern test
FAIL: c-c++-common/ubsan/overflow-mul-4.c -O2 -flto -fno-use-linker-plugin -flto-partition=none output pattern test
FAIL: c-c++-common/ubsan/overflow-mul-4.c -O3 -fomit-frame-pointer -funroll-loops -fpeel-loops -ftracer -finline-functions output pattern test
FAIL: g++.dg/vect/slp-pr56812.cc -std=c++11 scan-tree-dump-times slp1 "basic block vectorized" 1
FAIL: g++.dg/vect/slp-pr56812.cc -std=c++14 scan-tree-dump-times slp1 "basic block vectorized" 1
FAIL: g++.dg/vect/slp-pr56812.cc -std=c++98 scan-tree-dump-times slp1 "basic block vectorized" 1
=== g++ Summary ===
# of expected passes 105254
# of unexpected failures 7
# of unexpected successes 2
# of expected failures 329
# of unsupported tests 4489
/home/jenkins/workspace/BuildThunderX_native_gcc_upstream/objdir/gcc/testsuite/g++/../../xg++ version 7.0.0 20170111 (experimental) [master revision b0f26d5:6fb337a:a7065f8699d6ad4ca86b639398d96217bf4684d9] (Cavium Inc. (Build 978))
=== go tests ===
Running target unix
FAIL: go.test/test/ken/cplx2.go execution, -O2 -g
=== go Summary ===
# of expected passes 7244
# of unexpected failures 1
# of expected failures 1
# of untested testcases 10
# of unsupported tests 3
/home/jenkins/workspace/BuildThunderX_native_gcc_upstream/objdir/gcc/testsuite/go/../../gccgo version 7.0.0 20170111 (experimental) [master revision b0f26d5:6fb337a:a7065f8699d6ad4ca86b639398d96217bf4684d9] (Cavium Inc. (Build 978))
Compiler version: 7.0.0 20170111 (experimental) [master revision b0f26d5:6fb337a:a7065f8699d6ad4ca86b639398d96217bf4684d9] (Cavium Inc. (Build 978))
Platform: aarch64-unknown-linux-gnu
configure flags: --prefix=/home/jenkins/workspace/BuildThunderX_native_gcc_upstream/objdir/../tools --enable-languages=c,c++,fortran,go --with-cpu=thunderx --disable-werror --with-sysroot=/ --enable-plugins --enable-gnu-indirect-function --with-pkgversion='Cavium Inc. (Build 978)'
More information about the Gcc-testresults
mailing list