Results for 6.3.1 20170106 (GCC) (build config: asan; languages: all; gcc-6-branch revision 244188) testsuite on x86_64-pc-linux-gnu
Toon Moene
toon@moene.org
Sat Jan 7 06:33:00 GMT 2017
LAST_UPDATED: Fri Jan 6 23:35:03 UTC 2017 (revision 244188)
Native configuration is x86_64-pc-linux-gnu
=== gcc tests ===
Running target unix
FAIL: gcc.c-torture/compile/20001226-1.c -O2 (test for excess errors)
FAIL: gcc.c-torture/compile/20001226-1.c -O2 -flto -fno-use-linker-plugin -flto-partition=none (test for excess errors)
FAIL: gcc.c-torture/compile/20001226-1.c -Os (test for excess errors)
FAIL: gcc.c-torture/compile/limits-externalid.c -O3 -g (test for excess errors)
WARNING: program timed out
WARNING: program timed out
WARNING: program timed out
WARNING: program timed out
XPASS: gcc.dg/guality/example.c -O0 execution test
XPASS: gcc.dg/guality/example.c -O1 execution test
XPASS: gcc.dg/guality/guality.c -O0 execution test
XPASS: gcc.dg/guality/guality.c -O1 execution test
XPASS: gcc.dg/guality/guality.c -O2 execution test
XPASS: gcc.dg/guality/guality.c -O2 -flto -fno-use-linker-plugin -flto-partition=none execution test
XPASS: gcc.dg/guality/guality.c -O2 -flto -fuse-linker-plugin -fno-fat-lto-objects execution test
XPASS: gcc.dg/guality/guality.c -O3 -g execution test
XPASS: gcc.dg/guality/guality.c -Os execution test
XPASS: gcc.dg/guality/inline-params.c -O2 execution test
XPASS: gcc.dg/guality/inline-params.c -O2 -flto -fno-use-linker-plugin -flto-partition=none execution test
XPASS: gcc.dg/guality/inline-params.c -O3 -g execution test
XPASS: gcc.dg/guality/inline-params.c -Os execution test
XPASS: gcc.dg/guality/pr41353-1.c -O0 line 28 j == 28 + 37
XPASS: gcc.dg/guality/pr41353-1.c -O1 line 28 j == 28 + 37
XPASS: gcc.dg/guality/pr41353-1.c -O2 line 28 j == 28 + 37
XPASS: gcc.dg/guality/pr41353-1.c -O2 -flto -fno-use-linker-plugin -flto-partition=none line 28 j == 28 + 37
XPASS: gcc.dg/guality/pr41353-1.c -O2 -flto -fuse-linker-plugin -fno-fat-lto-objects line 28 j == 28 + 37
XPASS: gcc.dg/guality/pr41353-1.c -O3 -g line 28 j == 28 + 37
XPASS: gcc.dg/guality/pr41353-1.c -Os line 28 j == 28 + 37
FAIL: gcc.dg/guality/pr41616-1.c -O2 -flto -fuse-linker-plugin -fno-fat-lto-objects execution test
FAIL: gcc.dg/guality/pr45882.c -O2 -flto -fuse-linker-plugin -fno-fat-lto-objects line 16 d == 112
FAIL: gcc.dg/guality/pr45882.c -O2 -flto -fuse-linker-plugin -fno-fat-lto-objects line 16 e == 142
FAIL: gcc.dg/guality/pr54200.c -Os line 20 z == 3
FAIL: gcc.dg/guality/pr54519-1.c -O2 -flto -fno-use-linker-plugin -flto-partition=none line 20 y == 25
FAIL: gcc.dg/guality/pr54519-1.c -O2 -flto -fno-use-linker-plugin -flto-partition=none line 20 z == 6
FAIL: gcc.dg/guality/pr54519-1.c -O2 -flto -fno-use-linker-plugin -flto-partition=none line 23 y == 117
FAIL: gcc.dg/guality/pr54519-1.c -O2 -flto -fno-use-linker-plugin -flto-partition=none line 23 z == 8
FAIL: gcc.dg/guality/pr54519-2.c -O2 -flto -fno-use-linker-plugin -flto-partition=none line 17 y == 25
FAIL: gcc.dg/guality/pr54519-2.c -O2 -flto -fuse-linker-plugin -fno-fat-lto-objects line 17 y == 25
FAIL: gcc.dg/guality/pr54519-3.c -O2 -flto -fno-use-linker-plugin -flto-partition=none line 20 y == 25
FAIL: gcc.dg/guality/pr54519-3.c -O2 -flto -fno-use-linker-plugin -flto-partition=none line 20 z == 6
FAIL: gcc.dg/guality/pr54519-3.c -O2 -flto -fno-use-linker-plugin -flto-partition=none line 23 y == 117
FAIL: gcc.dg/guality/pr54519-3.c -O2 -flto -fno-use-linker-plugin -flto-partition=none line 23 z == 8
FAIL: gcc.dg/guality/pr54519-3.c -O2 -flto -fuse-linker-plugin -fno-fat-lto-objects line 20 y == 25
FAIL: gcc.dg/guality/pr54519-3.c -O2 -flto -fuse-linker-plugin -fno-fat-lto-objects line 20 z == 6
FAIL: gcc.dg/guality/pr54519-3.c -O2 -flto -fuse-linker-plugin -fno-fat-lto-objects line 23 y == 117
FAIL: gcc.dg/guality/pr54519-3.c -O2 -flto -fuse-linker-plugin -fno-fat-lto-objects line 23 z == 8
FAIL: gcc.dg/guality/pr54519-4.c -O2 -flto -fno-use-linker-plugin -flto-partition=none line 17 y == 25
FAIL: gcc.dg/guality/pr54519-4.c -O2 -flto -fuse-linker-plugin -fno-fat-lto-objects line 17 y == 25
FAIL: gcc.dg/guality/pr54519-5.c -O2 -flto -fno-use-linker-plugin -flto-partition=none line 17 y == 25
FAIL: gcc.dg/guality/pr54519-5.c -O2 -flto -fuse-linker-plugin -fno-fat-lto-objects line 17 y == 25
FAIL: gcc.dg/guality/pr68860-1.c -O2 -flto -fno-use-linker-plugin -flto-partition=none line 14 arg1 == 1
FAIL: gcc.dg/guality/pr68860-1.c -O2 -flto -fno-use-linker-plugin -flto-partition=none line 14 arg2 == 2
FAIL: gcc.dg/guality/pr68860-1.c -O2 -flto -fno-use-linker-plugin -flto-partition=none line 14 arg3 == 3
FAIL: gcc.dg/guality/pr68860-1.c -O2 -flto -fno-use-linker-plugin -flto-partition=none line 14 arg4 == 4
FAIL: gcc.dg/guality/pr68860-1.c -O2 -flto -fno-use-linker-plugin -flto-partition=none line 14 arg5 == 5
FAIL: gcc.dg/guality/pr68860-1.c -O2 -flto -fno-use-linker-plugin -flto-partition=none line 14 arg6 == 6
FAIL: gcc.dg/guality/pr68860-1.c -O2 -flto -fno-use-linker-plugin -flto-partition=none line 16 arg1 == 1
FAIL: gcc.dg/guality/pr68860-1.c -O2 -flto -fno-use-linker-plugin -flto-partition=none line 16 arg2 == 2
FAIL: gcc.dg/guality/pr68860-1.c -O2 -flto -fno-use-linker-plugin -flto-partition=none line 16 arg3 == 3
FAIL: gcc.dg/guality/pr68860-1.c -O2 -flto -fno-use-linker-plugin -flto-partition=none line 16 arg4 == 4
FAIL: gcc.dg/guality/pr68860-1.c -O2 -flto -fno-use-linker-plugin -flto-partition=none line 16 arg5 == 5
FAIL: gcc.dg/guality/pr68860-1.c -O2 -flto -fno-use-linker-plugin -flto-partition=none line 16 arg6 == 6
FAIL: gcc.dg/guality/pr68860-1.c -O2 -flto -fuse-linker-plugin -fno-fat-lto-objects line 14 arg1 == 1
FAIL: gcc.dg/guality/pr68860-1.c -O2 -flto -fuse-linker-plugin -fno-fat-lto-objects line 14 arg2 == 2
FAIL: gcc.dg/guality/pr68860-1.c -O2 -flto -fuse-linker-plugin -fno-fat-lto-objects line 14 arg3 == 3
FAIL: gcc.dg/guality/pr68860-1.c -O2 -flto -fuse-linker-plugin -fno-fat-lto-objects line 14 arg4 == 4
FAIL: gcc.dg/guality/pr68860-1.c -O2 -flto -fuse-linker-plugin -fno-fat-lto-objects line 14 arg5 == 5
FAIL: gcc.dg/guality/pr68860-1.c -O2 -flto -fuse-linker-plugin -fno-fat-lto-objects line 14 arg6 == 6
FAIL: gcc.dg/guality/pr68860-1.c -O2 -flto -fuse-linker-plugin -fno-fat-lto-objects line 16 arg1 == 1
FAIL: gcc.dg/guality/pr68860-1.c -O2 -flto -fuse-linker-plugin -fno-fat-lto-objects line 16 arg2 == 2
FAIL: gcc.dg/guality/pr68860-1.c -O2 -flto -fuse-linker-plugin -fno-fat-lto-objects line 16 arg3 == 3
FAIL: gcc.dg/guality/pr68860-1.c -O2 -flto -fuse-linker-plugin -fno-fat-lto-objects line 16 arg4 == 4
FAIL: gcc.dg/guality/pr68860-1.c -O2 -flto -fuse-linker-plugin -fno-fat-lto-objects line 16 arg5 == 5
FAIL: gcc.dg/guality/pr68860-1.c -O2 -flto -fuse-linker-plugin -fno-fat-lto-objects line 16 arg6 == 6
FAIL: gcc.dg/guality/vla-1.c -O1 line 17 sizeof (a) == 6
FAIL: gcc.dg/guality/vla-1.c -O2 line 17 sizeof (a) == 6
FAIL: gcc.dg/guality/vla-1.c -O2 -flto -fno-use-linker-plugin -flto-partition=none line 17 sizeof (a) == 6
FAIL: gcc.dg/guality/vla-1.c -O2 -flto -fuse-linker-plugin -fno-fat-lto-objects line 17 sizeof (a) == 6
FAIL: gcc.dg/guality/vla-1.c -O3 -g line 17 sizeof (a) == 6
FAIL: gcc.dg/guality/vla-1.c -Os line 17 sizeof (a) == 6
FAIL: gcc.dg/plugin/diagnostic_plugin_show_trees.c compilation
FAIL: gcc.dg/plugin/diagnostic_plugin_test_show_locus.c compilation
FAIL: gcc.dg/plugin/diagnostic_plugin_test_tree_expression_range.c compilation
FAIL: gcc.dg/plugin/finish_unit_plugin.c compilation
FAIL: gcc.dg/plugin/ggcplug.c compilation
FAIL: gcc.dg/plugin/levenshtein_plugin.c compilation
FAIL: gcc.dg/plugin/location_overflow_plugin.c compilation
FAIL: gcc.dg/plugin/one_time_plugin.c compilation
FAIL: gcc.dg/plugin/selfassign.c compilation
FAIL: gcc.dg/plugin/sreal_plugin.c compilation
FAIL: gcc.dg/plugin/start_unit_plugin.c compilation
FAIL: gcc.dg/plugin/wide-int_plugin.c compilation
FAIL: gcc.dg/vect/no-section-anchors-vect-31.c scan-tree-dump-times vect "Alignment of access forced using peeling" 2
FAIL: gcc.dg/vect/no-section-anchors-vect-31.c scan-tree-dump-times vect "Vectorizing an unaligned access" 0
XPASS: gcc.dg/vect/pr61194.c -flto -ffat-lto-objects scan-tree-dump-times vect "vectorized 1 loops" 1
XPASS: gcc.dg/vect/pr61194.c scan-tree-dump-times vect "vectorized 1 loops" 1
XPASS: gcc.dg/vect/pr65947-1.c -flto -ffat-lto-objects scan-tree-dump-times vect "LOOP VECTORIZED" 2
XPASS: gcc.dg/vect/pr65947-1.c -flto -ffat-lto-objects scan-tree-dump-times vect "condition expression based on integer induction." 4
XPASS: gcc.dg/vect/pr65947-1.c scan-tree-dump-times vect "LOOP VECTORIZED" 2
XPASS: gcc.dg/vect/pr65947-1.c scan-tree-dump-times vect "condition expression based on integer induction." 4
XPASS: gcc.dg/vect/pr65947-10.c -flto -ffat-lto-objects scan-tree-dump-times vect "LOOP VECTORIZED" 2
XPASS: gcc.dg/vect/pr65947-10.c scan-tree-dump-times vect "LOOP VECTORIZED" 2
XPASS: gcc.dg/vect/pr65947-12.c -flto -ffat-lto-objects scan-tree-dump-times vect "LOOP VECTORIZED" 2
XPASS: gcc.dg/vect/pr65947-12.c scan-tree-dump-times vect "LOOP VECTORIZED" 2
XPASS: gcc.dg/vect/pr65947-13.c -flto -ffat-lto-objects scan-tree-dump-times vect "LOOP VECTORIZED" 2
XPASS: gcc.dg/vect/pr65947-13.c scan-tree-dump-times vect "LOOP VECTORIZED" 2
XPASS: gcc.dg/vect/pr65947-2.c -flto -ffat-lto-objects scan-tree-dump-times vect "LOOP VECTORIZED" 2
XPASS: gcc.dg/vect/pr65947-2.c scan-tree-dump-times vect "LOOP VECTORIZED" 2
XPASS: gcc.dg/vect/pr65947-3.c -flto -ffat-lto-objects scan-tree-dump-times vect "LOOP VECTORIZED" 2
XPASS: gcc.dg/vect/pr65947-3.c scan-tree-dump-times vect "LOOP VECTORIZED" 2
XPASS: gcc.dg/vect/pr65947-4.c -flto -ffat-lto-objects scan-tree-dump-times vect "LOOP VECTORIZED" 2
XPASS: gcc.dg/vect/pr65947-4.c -flto -ffat-lto-objects scan-tree-dump-times vect "condition expression based on integer induction." 4
XPASS: gcc.dg/vect/pr65947-4.c scan-tree-dump-times vect "LOOP VECTORIZED" 2
XPASS: gcc.dg/vect/pr65947-4.c scan-tree-dump-times vect "condition expression based on integer induction." 4
XPASS: gcc.dg/vect/pr65947-5.c -flto -ffat-lto-objects scan-tree-dump vect "loop size is greater than data size"
XPASS: gcc.dg/vect/pr65947-5.c scan-tree-dump vect "loop size is greater than data size"
XPASS: gcc.dg/vect/pr65947-6.c -flto -ffat-lto-objects scan-tree-dump-times vect "LOOP VECTORIZED" 2
XPASS: gcc.dg/vect/pr65947-6.c scan-tree-dump-times vect "LOOP VECTORIZED" 2
XPASS: gcc.dg/vect/pr65947-9.c -flto -ffat-lto-objects scan-tree-dump vect "loop size is greater than data size"
XPASS: gcc.dg/vect/pr65947-9.c scan-tree-dump vect "loop size is greater than data size"
FAIL: gcc.dg/vect/slp-perm-9.c -flto -ffat-lto-objects scan-tree-dump-times vect "vectorized 1 loops" 2
FAIL: gcc.dg/vect/slp-perm-9.c scan-tree-dump-times vect "vectorized 1 loops" 2
FAIL: gcc.dg/vect/vect-92.c -flto -ffat-lto-objects scan-tree-dump-times vect "Alignment of access forced using peeling" 3
FAIL: gcc.dg/vect/vect-92.c -flto -ffat-lto-objects scan-tree-dump-times vect "Vectorizing an unaligned access" 0
FAIL: gcc.dg/vect/vect-92.c scan-tree-dump-times vect "Alignment of access forced using peeling" 3
FAIL: gcc.dg/vect/vect-92.c scan-tree-dump-times vect "Vectorizing an unaligned access" 0
FAIL: gcc.dg/vect/vect-93.c -flto -ffat-lto-objects scan-tree-dump-times vect "Vectorizing an unaligned access" 1
FAIL: gcc.dg/vect/vect-93.c scan-tree-dump-times vect "Vectorizing an unaligned access" 1
=== gcc Summary ===
# of expected passes 121683
# of unexpected failures 78
# of unexpected successes 46
# of expected failures 310
# of unsupported tests 1764
/scratch/toon/build9188/gcc/xgcc version 6.3.1 20170106 (GCC)
=== gfortran tests ===
Running target unix
FAIL: gfortran.dg/import4.f90 -O0 3 blank line(s) in output
FAIL: gfortran.dg/import4.f90 -O0 (test for excess errors)
UNRESOLVED: gfortran.dg/import4.f90 -O0 compilation failed to produce executable
FAIL: gfortran.dg/import4.f90 -O1 3 blank line(s) in output
FAIL: gfortran.dg/import4.f90 -O1 (test for excess errors)
UNRESOLVED: gfortran.dg/import4.f90 -O1 compilation failed to produce executable
FAIL: gfortran.dg/import4.f90 -O2 3 blank line(s) in output
FAIL: gfortran.dg/import4.f90 -O2 (test for excess errors)
UNRESOLVED: gfortran.dg/import4.f90 -O2 compilation failed to produce executable
FAIL: gfortran.dg/import4.f90 -O3 -fomit-frame-pointer -funroll-loops -fpeel-loops -ftracer -finline-functions 3 blank line(s) in output
FAIL: gfortran.dg/import4.f90 -O3 -fomit-frame-pointer -funroll-loops -fpeel-loops -ftracer -finline-functions (test for excess errors)
UNRESOLVED: gfortran.dg/import4.f90 -O3 -fomit-frame-pointer -funroll-loops -fpeel-loops -ftracer -finline-functions compilation failed to produce executable
FAIL: gfortran.dg/import4.f90 -O3 -g 3 blank line(s) in output
FAIL: gfortran.dg/import4.f90 -O3 -g (test for excess errors)
UNRESOLVED: gfortran.dg/import4.f90 -O3 -g compilation failed to produce executable
FAIL: gfortran.dg/import4.f90 -Os 3 blank line(s) in output
FAIL: gfortran.dg/import4.f90 -Os (test for excess errors)
UNRESOLVED: gfortran.dg/import4.f90 -Os compilation failed to produce executable
FAIL: gfortran.dg/vect/fast-math-mgrid-resid.f -O scan-tree-dump-times pcom "Executing predictive commoning without unrolling" 1
FAIL: gfortran.dg/vect/fast-math-mgrid-resid.f -O scan-tree-dump-times pcom "Predictive commoning failed: no suitable chains" 0
=== gfortran Summary ===
# of expected passes 42908
# of unexpected failures 14
# of expected failures 78
# of unresolved testcases 6
# of unsupported tests 66
/scratch/toon/build9188/gcc/gfortran version 6.3.1 20170106 (GCC)
=== g++ tests ===
Running target unix
FAIL: g++.dg/guality/pr55665.C -O2 line 23 p == 40
FAIL: g++.dg/guality/pr55665.C -O3 -g line 23 p == 40
FAIL: g++.dg/plugin/../../gcc.dg/plugin/diagnostic_plugin_test_tree_expression_range.c compilation
FAIL: g++.dg/plugin/attribute_plugin.c compilation
FAIL: g++.dg/plugin/decl_plugin.c compilation
FAIL: g++.dg/plugin/def_plugin.c compilation
FAIL: g++.dg/plugin/dumb_plugin.c compilation
FAIL: g++.dg/plugin/header_plugin.c compilation
FAIL: g++.dg/plugin/pragma_plugin.c compilation
FAIL: g++.dg/plugin/selfassign.c compilation
XPASS: g++.dg/tls/thread_local-order2.C -std=c++11 execution test
XPASS: g++.dg/tls/thread_local-order2.C -std=c++14 execution test
FAIL: g++.dg/vect/slp-pr56812.cc -std=c++11 scan-tree-dump-times slp1 "basic block vectorized" 1
FAIL: g++.dg/vect/slp-pr56812.cc -std=c++14 scan-tree-dump-times slp1 "basic block vectorized" 1
FAIL: g++.dg/vect/slp-pr56812.cc -std=c++98 scan-tree-dump-times slp1 "basic block vectorized" 1
=== g++ Summary ===
# of expected passes 105840
# of unexpected failures 13
# of unexpected successes 2
# of expected failures 318
# of unsupported tests 3810
/scratch/toon/build9188/gcc/xg++ version 6.3.1 20170106 (GCC)
=== objc tests ===
Running target unix
FAIL: objc.dg/plugin/../../gcc.dg/plugin/diagnostic_plugin_test_tree_expression_range.c compilation
=== objc Summary ===
# of expected passes 2767
# of unexpected failures 1
# of expected failures 6
# of unsupported tests 68
/scratch/toon/build9188/gcc/xgcc version 6.3.1 20170106 (GCC)
=== boehm-gc tests ===
Running target unix
=== boehm-gc Summary ===
# of expected passes 12
# of unsupported tests 1
=== libatomic tests ===
Running target unix
=== libatomic Summary ===
# of expected passes 54
=== libffi tests ===
Running target unix
=== libffi Summary ===
# of expected passes 2214
=== libgomp tests ===
Running target unix
WARNING: program timed out
FAIL: libgomp.c/for-2.c (test for excess errors)
UNRESOLVED: libgomp.c/for-2.c compilation failed to produce executable
WARNING: program timed out
FAIL: libgomp.c/for-3.c (test for excess errors)
UNRESOLVED: libgomp.c/for-3.c compilation failed to produce executable
WARNING: program timed out
FAIL: libgomp.c/for-5.c (test for excess errors)
UNRESOLVED: libgomp.c/for-5.c compilation failed to produce executable
WARNING: program timed out
FAIL: libgomp.c/for-6.c (test for excess errors)
UNRESOLVED: libgomp.c/for-6.c compilation failed to produce executable
WARNING: program timed out
FAIL: libgomp.c++/for-10.C (test for excess errors)
UNRESOLVED: libgomp.c++/for-10.C compilation failed to produce executable
WARNING: program timed out
FAIL: libgomp.c++/for-11.C (test for excess errors)
UNRESOLVED: libgomp.c++/for-11.C compilation failed to produce executable
WARNING: program timed out
FAIL: libgomp.c++/for-13.C (test for excess errors)
UNRESOLVED: libgomp.c++/for-13.C compilation failed to produce executable
WARNING: program timed out
FAIL: libgomp.c++/for-14.C (test for excess errors)
UNRESOLVED: libgomp.c++/for-14.C compilation failed to produce executable
WARNING: program timed out
FAIL: libgomp.c++/for-9.C (test for excess errors)
UNRESOLVED: libgomp.c++/for-9.C compilation failed to produce executable
=== libgomp Summary ===
# of expected passes 5134
# of unexpected failures 9
# of unresolved testcases 9
# of unsupported tests 271
=== libitm tests ===
Running target unix
=== libitm Summary ===
# of expected passes 42
# of expected failures 3
# of unsupported tests 1
=== libjava tests ===
Running target unix
=== libjava Summary ===
# of expected passes 2582
# of expected failures 4
=== libstdc++ tests ===
Running target unix
FAIL: 21_strings/basic_string/allocator/char/move_assign.cc (test for excess errors)
UNRESOLVED: 21_strings/basic_string/allocator/char/move_assign.cc compilation failed to produce executable
FAIL: 21_strings/basic_string/allocator/wchar_t/move_assign.cc (test for excess errors)
UNRESOLVED: 21_strings/basic_string/allocator/wchar_t/move_assign.cc compilation failed to produce executable
FAIL: 21_strings/basic_string/requirements/exception/basic.cc (test for excess errors)
UNRESOLVED: 21_strings/basic_string/requirements/exception/basic.cc compilation failed to produce executable
WARNING: program timed out
WARNING: program timed out
WARNING: program timed out
=== libstdc++ Summary ===
# of expected passes 10481
# of unexpected failures 3
# of expected failures 66
# of unresolved testcases 3
# of unsupported tests 549
Compiler version: 6.3.1 20170106 (GCC)
Platform: x86_64-pc-linux-gnu
configure flags: --prefix=/home/toon/compilers/install --with-gnu-as --with-gnu-ld --enable-languages=all --disable-multilib --disable-nls --with-arch=haswell --with-tune=haswell --with-build-config=bootstrap-asan
More information about the Gcc-testresults
mailing list