Results for 7.0.0 20161231 (experimental) [trunk revision 243987] (GCC) testsuite on hppa2.0w-hp-hpux11.11
John David Anglin
dave@hiauly3.hia.nrc.ca
Wed Jan 4 00:51:00 GMT 2017
=== acats tests ===
FAIL: c974013
FAIL: c9a011b
=== acats Summary ===
# of expected passes 2318
# of unexpected failures 2
Native configuration is hppa2.0w-hp-hpux11.11
=== g++ tests ===
Running target unix
FAIL: g++.dg/abi/abi-tag18a.C -std=gnu++98 scan-assembler _ZZ1fB7__test1vEN1T1gB7__test2Ev
FAIL: g++.dg/abi/abi-tag18a.C -std=gnu++98 scan-assembler _ZZZ1fB7__test1vEN1T1gEvE1x
FAIL: g++.dg/abi/abi-tag18a.C -std=gnu++11 scan-assembler _ZZ1fB7__test1vEN1T1gB7__test2Ev
FAIL: g++.dg/abi/abi-tag18a.C -std=gnu++11 scan-assembler _ZZZ1fB7__test1vEN1T1gEvE1x
FAIL: g++.dg/abi/abi-tag18a.C -std=gnu++14 scan-assembler _ZZ1fB7__test1vEN1T1gB7__test2Ev
FAIL: g++.dg/abi/abi-tag18a.C -std=gnu++14 scan-assembler _ZZZ1fB7__test1vEN1T1gEvE1x
FAIL: g++.dg/pr78112-2.C (test for excess errors)
UNRESOLVED: g++.dg/pr78112-2.C scan-assembler-times DW_AT_object_pointer 18
FAIL: c-c++-common/gomp/clauses-2.c -std=c++98 (internal compiler error)
FAIL: c-c++-common/gomp/clauses-2.c -std=c++98 (test for errors, line 25)
FAIL: c-c++-common/gomp/clauses-2.c -std=c++98 (test for errors, line 39)
FAIL: c-c++-common/gomp/clauses-2.c -std=c++98 (test for errors, line 41)
FAIL: c-c++-common/gomp/clauses-2.c -std=c++98 (test for errors, line 43)
FAIL: c-c++-common/gomp/clauses-2.c -std=c++98 (test for excess errors)
FAIL: c-c++-common/gomp/clauses-2.c -std=c++11 (internal compiler error)
FAIL: c-c++-common/gomp/clauses-2.c -std=c++11 (test for errors, line 25)
FAIL: c-c++-common/gomp/clauses-2.c -std=c++11 (test for errors, line 39)
FAIL: c-c++-common/gomp/clauses-2.c -std=c++11 (test for errors, line 41)
FAIL: c-c++-common/gomp/clauses-2.c -std=c++11 (test for errors, line 43)
FAIL: c-c++-common/gomp/clauses-2.c -std=c++11 (test for excess errors)
FAIL: c-c++-common/gomp/clauses-2.c -std=c++14 (internal compiler error)
FAIL: c-c++-common/gomp/clauses-2.c -std=c++14 (test for errors, line 25)
FAIL: c-c++-common/gomp/clauses-2.c -std=c++14 (test for errors, line 39)
FAIL: c-c++-common/gomp/clauses-2.c -std=c++14 (test for errors, line 41)
FAIL: c-c++-common/gomp/clauses-2.c -std=c++14 (test for errors, line 43)
FAIL: c-c++-common/gomp/clauses-2.c -std=c++14 (test for excess errors)
WARNING: program timed out.
FAIL: g++.dg/tls/pr77285-2.C -std=c++11 scan-assembler _ZTH4var1B3tag
FAIL: g++.dg/tls/pr77285-2.C -std=c++14 scan-assembler _ZTH4var1B3tag
=== g++ Summary ===
# of expected passes 92027
# of unexpected failures 27
# of expected failures 315
# of unresolved testcases 1
# of unsupported tests 4659
/test/gnu/gcc/objdir/gcc/testsuite/g++/../../xg++ version 7.0.0 20161231 (experimental) [trunk revision 243987] (GCC)
=== gcc tests ===
Running target unix
FAIL: gcc.c-torture/compile/limits-exprparen.c -O0 (internal compiler error)
FAIL: gcc.c-torture/compile/limits-exprparen.c -O0 (test for excess errors)
FAIL: gcc.c-torture/compile/limits-exprparen.c -O1 (internal compiler error)
FAIL: gcc.c-torture/compile/limits-exprparen.c -O1 (test for excess errors)
FAIL: gcc.c-torture/compile/limits-exprparen.c -O2 (internal compiler error)
FAIL: gcc.c-torture/compile/limits-exprparen.c -O2 (test for excess errors)
FAIL: gcc.c-torture/compile/limits-exprparen.c -O3 -g (internal compiler error)
FAIL: gcc.c-torture/compile/limits-exprparen.c -O3 -g (test for excess errors)
FAIL: gcc.c-torture/compile/limits-exprparen.c -Os (internal compiler error)
FAIL: gcc.c-torture/compile/limits-exprparen.c -Os (test for excess errors)
FAIL: gcc.c-torture/execute/pr78622.c -O0 execution test
FAIL: gcc.c-torture/execute/pr78622.c -O1 execution test
FAIL: gcc.c-torture/execute/pr78622.c -O2 execution test
FAIL: gcc.c-torture/execute/pr78622.c -O3 -g execution test
FAIL: gcc.c-torture/execute/pr78622.c -Os execution test
FAIL: gcc.dg/atomic/c11-atomic-exec-5.c -O0 execution test
FAIL: gcc.dg/atomic/c11-atomic-exec-5.c -O1 execution test
FAIL: gcc.dg/atomic/c11-atomic-exec-5.c -O2 execution test
FAIL: gcc.dg/atomic/c11-atomic-exec-5.c -O3 -fomit-frame-pointer -funroll-loops -fpeel-loops -ftracer -finline-functions execution test
FAIL: gcc.dg/atomic/c11-atomic-exec-5.c -O3 -g execution test
FAIL: gcc.dg/atomic/c11-atomic-exec-5.c -Os execution test
FAIL: gcc.dg/pr77587.c (test for excess errors)
UNRESOLVED: gcc.dg/pr77587.c compilation failed to produce executable
FAIL: gcc.dg/pr77587a.c (test for excess errors)
FAIL: c-c++-common/Wunused-var-15.c -Wc++-compat (test for excess errors)
FAIL: c-c++-common/builtin-shuffle-1.c -Wc++-compat (test for excess errors)
FAIL: c-c++-common/gomp/clauses-2.c (internal compiler error)
FAIL: c-c++-common/gomp/clauses-2.c (test for errors, line 25)
FAIL: c-c++-common/gomp/clauses-2.c (test for errors, line 39)
FAIL: c-c++-common/gomp/clauses-2.c (test for errors, line 41)
FAIL: c-c++-common/gomp/clauses-2.c (test for errors, line 43)
FAIL: c-c++-common/gomp/clauses-2.c (test for excess errors)
FAIL: gcc.dg/graphite/scop-dsyr2k.c scan-tree-dump-times graphite "number of SCoPs: 1" 1
FAIL: gcc.dg/graphite/scop-dsyrk.c scan-tree-dump-times graphite "number of SCoPs: 1" 1
WARNING: program timed out.
FAIL: gcc.dg/ipa/ipcp-cstagg-7.c scan-ipa-dump-times cp "Discovered an indirect call to a known target" 3
FAIL: gcc.dg/ipa/pr77653.c scan-ipa-dump icf "Not unifying; address of original may be compared."
XPASS: gcc.dg/torture/pr47917.c -O1 execution test
XPASS: gcc.dg/torture/pr47917.c -O2 execution test
XPASS: gcc.dg/torture/pr47917.c -O3 -g execution test
XPASS: gcc.dg/torture/pr47917.c -Os execution test
FAIL: gcc.dg/tree-ssa/builtin-sprintf.c execution test
FAIL: gcc.dg/tree-ssa/pr69270-3.c scan-tree-dump-times uncprop1 ", 1" 4
FAIL: gcc.dg/tree-ssa/scev-4.c scan-tree-dump-times optimized "&a" 1
FAIL: gcc.dg/tree-ssa/scev-5.c scan-tree-dump-times optimized "&a" 1
=== gcc Summary ===
# of expected passes 72899
# of unexpected failures 39
# of unexpected successes 4
# of expected failures 179
# of unresolved testcases 1
# of unsupported tests 2147
/test/gnu/gcc/objdir/gcc/xgcc version 7.0.0 20161231 (experimental) [trunk revision 243987] (GCC)
=== gfortran tests ===
Running target unix
FAIL: gfortran.dg/coarray/event_2.f90 -fcoarray=lib -O2 -lcaf_single -latomic execution test
FAIL: gfortran.dg/alloc_comp_class_5.f03 -O0 execution test
FAIL: gfortran.dg/alloc_comp_class_5.f03 -O1 execution test
FAIL: gfortran.dg/alloc_comp_class_5.f03 -O2 execution test
FAIL: gfortran.dg/alloc_comp_class_5.f03 -O3 -fomit-frame-pointer -funroll-loops -fpeel-loops -ftracer -finline-functions execution test
FAIL: gfortran.dg/alloc_comp_class_5.f03 -O3 -g execution test
FAIL: gfortran.dg/alloc_comp_class_5.f03 -Os execution test
FAIL: gfortran.dg/coarray_lib_alloc_4.f90 -O0 (test for excess errors)
FAIL: gfortran.dg/coarray_lib_alloc_4.f90 -O0 execution test
FAIL: gfortran.dg/coarray_lib_alloc_4.f90 -O1 (test for excess errors)
FAIL: gfortran.dg/coarray_lib_alloc_4.f90 -O1 execution test
FAIL: gfortran.dg/coarray_lib_alloc_4.f90 -O2 (test for excess errors)
FAIL: gfortran.dg/coarray_lib_alloc_4.f90 -O2 execution test
FAIL: gfortran.dg/coarray_lib_alloc_4.f90 -O3 -fomit-frame-pointer -funroll-loops -fpeel-loops -ftracer -finline-functions (test for excess errors)
FAIL: gfortran.dg/coarray_lib_alloc_4.f90 -O3 -fomit-frame-pointer -funroll-loops -fpeel-loops -ftracer -finline-functions execution test
FAIL: gfortran.dg/coarray_lib_alloc_4.f90 -O3 -g (test for excess errors)
FAIL: gfortran.dg/coarray_lib_alloc_4.f90 -O3 -g execution test
FAIL: gfortran.dg/coarray_lib_alloc_4.f90 -Os (test for excess errors)
FAIL: gfortran.dg/coarray_lib_alloc_4.f90 -Os execution test
FAIL: gfortran.dg/fmt_fw_d.f90 -O0 execution test
FAIL: gfortran.dg/fmt_fw_d.f90 -O1 execution test
FAIL: gfortran.dg/fmt_fw_d.f90 -O2 execution test
FAIL: gfortran.dg/fmt_fw_d.f90 -O3 -fomit-frame-pointer -funroll-loops -fpeel-loops -ftracer -finline-functions execution test
FAIL: gfortran.dg/fmt_fw_d.f90 -O3 -g execution test
FAIL: gfortran.dg/fmt_fw_d.f90 -Os execution test
=== gfortran Summary ===
# of expected passes 42547
# of unexpected failures 25
# of expected failures 104
# of unsupported tests 428
/test/gnu/gcc/objdir/gcc/testsuite/gfortran/../../gfortran version 7.0.0 20161231 (experimental) [trunk revision 243987] (GCC)
=== gnat tests ===
Running target unix
FAIL: gnat.dg/debug7.adb (test for excess errors)
UNRESOLVED: gnat.dg/debug7.adb scan-assembler DW_TAG_imported_decl
FAIL: gnat.dg/debug9.adb (test for excess errors)
UNRESOLVED: gnat.dg/debug9.adb scan-assembler-times \\\\(DIE \\\\(0x[a-f0-9]*\\\\) DW_TAG_type_unit\\\\) 0
XPASS: gnat.dg/lto19.adb (test for excess errors)
XPASS: gnat.dg/lto20.adb (test for excess errors)
=== gnat Summary ===
# of expected passes 2513
# of unexpected failures 2
# of unexpected successes 2
# of expected failures 22
# of unresolved testcases 2
# of unsupported tests 23
/test/gnu/gcc/objdir/gcc/gnatmake version 7.0.0 20161231 (experimental) [trunk revision 243987]
=== obj-c++ tests ===
Running target unix
=== obj-c++ Summary ===
# of expected passes 1400
# of expected failures 2
# of unsupported tests 60
/test/gnu/gcc/objdir/gcc/testsuite/obj-c++/../../xg++ version 7.0.0 20161231 (experimental) [trunk revision 243987] (GCC)
=== objc tests ===
Running target unix
=== objc Summary ===
# of expected passes 2705
# of unsupported tests 61
/test/gnu/gcc/objdir/gcc/xgcc version 7.0.0 20161231 (experimental) [trunk revision 243987] (GCC)
=== libatomic tests ===
Running target unix
=== libatomic Summary ===
# of expected passes 44
# of unsupported tests 5
=== libgomp tests ===
Running target unix
FAIL: libgomp.c/target-29.c (internal compiler error)
FAIL: libgomp.c/target-29.c (test for excess errors)
UNRESOLVED: libgomp.c/target-29.c compilation failed to produce executable
FAIL: libgomp.c++/member-5.C execution test
FAIL: libgomp.c++/target-15.C (internal compiler error)
FAIL: libgomp.c++/target-15.C (test for excess errors)
UNRESOLVED: libgomp.c++/target-15.C compilation failed to produce executable
FAIL: libgomp.c++/target-16.C (internal compiler error)
FAIL: libgomp.c++/target-16.C (test for excess errors)
UNRESOLVED: libgomp.c++/target-16.C compilation failed to produce executable
FAIL: libgomp.c++/target-17.C (internal compiler error)
FAIL: libgomp.c++/target-17.C (test for excess errors)
UNRESOLVED: libgomp.c++/target-17.C compilation failed to produce executable
FAIL: libgomp.c++/target-19.C (internal compiler error)
FAIL: libgomp.c++/target-19.C (test for excess errors)
UNRESOLVED: libgomp.c++/target-19.C compilation failed to produce executable
FAIL: libgomp.oacc-c/../libgomp.oacc-c-c++-common/atomic_update-1.c -DACC_DEVICE_TYPE_host=1 -DACC_MEM_SHARED=1 -O2 execution test
FAIL: libgomp.oacc-c++/../libgomp.oacc-c-c++-common/atomic_update-1.c -DACC_DEVICE_TYPE_host=1 -DACC_MEM_SHARED=1 -O2 execution test
FAIL: libgomp.oacc-c++/../libgomp.oacc-c-c++-common/loop-dim-default.c -DACC_DEVICE_TYPE_host=1 -DACC_MEM_SHARED=1 -O2 (test for excess errors)
UNRESOLVED: libgomp.oacc-c++/../libgomp.oacc-c-c++-common/loop-dim-default.c -DACC_DEVICE_TYPE_host=1 -DACC_MEM_SHARED=1 -O2 compilation failed to produce executable
=== libgomp Summary ===
# of expected passes 4991
# of unexpected failures 14
# of unresolved testcases 6
# of unsupported tests 402
=== libstdc++ tests ===
Running target unix
FAIL: 22_locale/num_put/put/char/14220.cc execution test
FAIL: 22_locale/num_put/put/wchar_t/14220.cc execution test
FAIL: 27_io/basic_ostream/inserters_arithmetic/char/4402.cc execution test
FAIL: 27_io/basic_ostream/inserters_arithmetic/wchar_t/4402.cc execution test
FAIL: 30_threads/call_once/constexpr.cc (test for excess errors)
FAIL: 30_threads/mutex/cons/constexpr.cc (test for excess errors)
FAIL: 30_threads/once_flag/cons/constexpr.cc (test for excess errors)
FAIL: libstdc++-prettyprinters/48362.cc
FAIL: libstdc++-prettyprinters/59161.cc
FAIL: libstdc++-prettyprinters/cxx11.cc
FAIL: libstdc++-prettyprinters/cxx17.cc
FAIL: libstdc++-prettyprinters/debug.cc
FAIL: libstdc++-prettyprinters/debug_cxx11.cc
FAIL: libstdc++-prettyprinters/libfundts.cc
FAIL: libstdc++-prettyprinters/shared_ptr.cc
FAIL: libstdc++-prettyprinters/simple.cc
FAIL: libstdc++-prettyprinters/simple11.cc
FAIL: libstdc++-prettyprinters/tr1.cc
FAIL: libstdc++-prettyprinters/whatis.cc
FAIL: libstdc++-xmethods/array.cc
FAIL: libstdc++-xmethods/associative-containers.cc
FAIL: libstdc++-xmethods/deque.cc
FAIL: libstdc++-xmethods/forwardlist.cc
FAIL: libstdc++-xmethods/list.cc
FAIL: libstdc++-xmethods/shared_ptr.cc
FAIL: libstdc++-xmethods/unique_ptr.cc
FAIL: libstdc++-xmethods/vector.cc
=== libstdc++ Summary ===
# of expected passes 9784
# of unexpected failures 27
# of expected failures 66
# of unsupported tests 1068
Compiler version: 7.0.0 20161231 (experimental) [trunk revision 243987] (GCC)
Platform: hppa2.0w-hp-hpux11.11
configure flags:Test Run By dave on Mon Jan 2 04:34:24 2017
More information about the Gcc-testresults
mailing list