Results for 7.0.1 20170222 (experimental) [master revision df6b27b:560aa3f:86f5bb84c26a7f95458f754c44d20a00f6369c98] (Cavium Inc. (Build 1168)) testsuite on aarch64-unknown-linux-gnu
Jenkins
jenkins@cavium.com
Wed Feb 22 18:21:00 GMT 2017
LAST_UPDATED: Wed Feb 22 16:24:23 UTC 2017 (revision df6b27b:560aa3f:86f5bb84c26a7f95458f754c44d20a00f6369c98)
Native configuration is aarch64-unknown-linux-gnu
=== libatomic tests ===
Running target unix
=== libatomic Summary ===
# of expected passes 54
=== libffi tests ===
Running target unix
=== libffi Summary ===
# of expected passes 2214
=== libgo tests ===
Running target unix
=== libgo Summary ===
# of expected passes 145
/home/jenkins/workspace/BuildThunderX_native_gcc_upstream/objdir/./gcc/gccgo version 7.0.1 20170222 (experimental) [master revision df6b27b:560aa3f:86f5bb84c26a7f95458f754c44d20a00f6369c98] (Cavium Inc. (Build 1168))
=== libgomp tests ===
Running target unix
=== libgomp Summary ===
# of expected passes 5008
# of unsupported tests 380
=== libitm tests ===
Running target unix
=== libitm Summary ===
# of expected passes 42
# of expected failures 3
# of unsupported tests 1
=== libstdc++ tests ===
Running target unix
FAIL: 27_io/manipulators/extended/get_money/char/1.cc execution test
=== libstdc++ Summary ===
# of expected passes 11270
# of unexpected failures 1
# of expected failures 66
# of unsupported tests 556
=== gcc tests ===
Running target unix
XPASS: gcc.dg/attr-alloc_size-11.c missing range info for short (test for warnings, line 50)
XPASS: gcc.dg/attr-alloc_size-11.c missing range info for signed char (test for warnings, line 49)
FAIL: c-c++-common/ubsan/overflow-mul-4.c -O0 output pattern test
FAIL: c-c++-common/ubsan/overflow-mul-4.c -O2 output pattern test
FAIL: c-c++-common/ubsan/overflow-mul-4.c -O2 -flto -fuse-linker-plugin -fno-fat-lto-objects output pattern test
FAIL: c-c++-common/ubsan/overflow-mul-4.c -O3 -g output pattern test
FAIL: gcc.target/aarch64/vect-abs-compile.c scan-assembler abs\\\\tv[0-9]+.16b
FAIL: gcc.target/aarch64/vect-abs-compile.c scan-assembler abs\\\\tv[0-9]+.8h
=== gcc Summary ===
# of expected passes 111525
# of unexpected failures 6
# of unexpected successes 2
# of expected failures 316
# of unsupported tests 3130
/home/jenkins/workspace/BuildThunderX_native_gcc_upstream/objdir/gcc/xgcc version 7.0.1 20170222 (experimental) [master revision df6b27b:560aa3f:86f5bb84c26a7f95458f754c44d20a00f6369c98] (Cavium Inc. (Build 1168))
=== gfortran tests ===
Running target unix
=== gfortran Summary ===
# of expected passes 43964
# of expected failures 84
# of unsupported tests 68
/home/jenkins/workspace/BuildThunderX_native_gcc_upstream/objdir/gcc/testsuite/gfortran/../../gfortran version 7.0.1 20170222 (experimental) [master revision df6b27b:560aa3f:86f5bb84c26a7f95458f754c44d20a00f6369c98] (Cavium Inc. (Build 1168))
=== g++ tests ===
Running target unix
FAIL: c-c++-common/ubsan/float-cast-overflow-1.c -O2 -flto -fno-use-linker-plugin -flto-partition=none output pattern test
FAIL: c-c++-common/ubsan/float-cast-overflow-2.c -O1 output pattern test
FAIL: c-c++-common/ubsan/float-cast-overflow-8.c -O2 output pattern test
FAIL: c-c++-common/ubsan/overflow-mul-4.c -O2 output pattern test
FAIL: c-c++-common/ubsan/overflow-mul-4.c -O2 -flto -fno-use-linker-plugin -flto-partition=none output pattern test
FAIL: c-c++-common/ubsan/overflow-mul-4.c -O3 -g output pattern test
=== g++ Summary ===
# of expected passes 107574
# of unexpected failures 6
# of expected failures 374
# of unsupported tests 4588
/home/jenkins/workspace/BuildThunderX_native_gcc_upstream/objdir/gcc/testsuite/g++/../../xg++ version 7.0.1 20170222 (experimental) [master revision df6b27b:560aa3f:86f5bb84c26a7f95458f754c44d20a00f6369c98] (Cavium Inc. (Build 1168))
=== go tests ===
Running target unix
FAIL: go.test/test/cmplxdivide.go
FAIL: go.test/test/ken/cplx2.go execution, -O2 -g
WARNING: program timed out.
=== go Summary ===
# of expected passes 7242
# of unexpected failures 2
# of expected failures 1
# of untested testcases 10
# of unsupported tests 3
/home/jenkins/workspace/BuildThunderX_native_gcc_upstream/objdir/gcc/testsuite/go/../../gccgo version 7.0.1 20170222 (experimental) [master revision df6b27b:560aa3f:86f5bb84c26a7f95458f754c44d20a00f6369c98] (Cavium Inc. (Build 1168))
Compiler version: 7.0.1 20170222 (experimental) [master revision df6b27b:560aa3f:86f5bb84c26a7f95458f754c44d20a00f6369c98] (Cavium Inc. (Build 1168))
Platform: aarch64-unknown-linux-gnu
configure flags: --prefix=/home/jenkins/workspace/BuildThunderX_native_gcc_upstream/objdir/../tools --enable-languages=c,c++,fortran,go --disable-werror --with-sysroot=/ --enable-plugins --enable-gnu-indirect-function --with-pkgversion='Cavium Inc. (Build 1168)'
More information about the Gcc-testresults
mailing list