Results for 7.0.1 20170216 (experimental) (GCC) testsuite on powerpc64-unknown-linux-gnu
Segher Boessenkool
segher@kernel.crashing.org
Fri Feb 17 00:46:00 GMT 2017
=== acats tests ===
=== acats Summary ===
# of expected passes 2320
# of unexpected failures 0
Native configuration is powerpc64-unknown-linux-gnu
=== g++ tests ===
Running target unix/-m32
FAIL: c-c++-common/asan/heap-overflow-1.c -O1 output pattern test
FAIL: c-c++-common/asan/heap-overflow-1.c -O2 output pattern test
FAIL: c-c++-common/asan/heap-overflow-1.c -O2 -flto -fno-use-linker-plugin -flto-partition=none output pattern test
FAIL: c-c++-common/asan/heap-overflow-1.c -O2 -flto -fuse-linker-plugin -fno-fat-lto-objects output pattern test
FAIL: c-c++-common/asan/heap-overflow-1.c -O3 -g output pattern test
FAIL: c-c++-common/asan/heap-overflow-1.c -Os output pattern test
FAIL: c-c++-common/asan/sanity-check-pure-c-1.c -O1 output pattern test
FAIL: c-c++-common/asan/sanity-check-pure-c-1.c -O2 output pattern test
FAIL: c-c++-common/asan/sanity-check-pure-c-1.c -O2 -flto -fno-use-linker-plugin -flto-partition=none output pattern test
FAIL: c-c++-common/asan/sanity-check-pure-c-1.c -O2 -flto -fuse-linker-plugin -fno-fat-lto-objects output pattern test
FAIL: c-c++-common/asan/sanity-check-pure-c-1.c -O3 -g output pattern test
FAIL: c-c++-common/asan/sanity-check-pure-c-1.c -Os output pattern test
FAIL: c-c++-common/asan/strncpy-overflow-1.c -O1 output pattern test
FAIL: c-c++-common/asan/strncpy-overflow-1.c -O2 output pattern test
FAIL: c-c++-common/asan/strncpy-overflow-1.c -O2 -flto -fno-use-linker-plugin -flto-partition=none output pattern test
FAIL: c-c++-common/asan/strncpy-overflow-1.c -O2 -flto -fuse-linker-plugin -fno-fat-lto-objects output pattern test
FAIL: c-c++-common/asan/strncpy-overflow-1.c -O3 -g output pattern test
FAIL: c-c++-common/asan/strncpy-overflow-1.c -Os output pattern test
FAIL: c-c++-common/asan/use-after-free-1.c -O1 output pattern test
FAIL: c-c++-common/asan/use-after-free-1.c -O2 output pattern test
FAIL: c-c++-common/asan/use-after-free-1.c -O2 -flto -fno-use-linker-plugin -flto-partition=none output pattern test
FAIL: c-c++-common/asan/use-after-free-1.c -O2 -flto -fuse-linker-plugin -fno-fat-lto-objects output pattern test
FAIL: c-c++-common/asan/use-after-free-1.c -O3 -g output pattern test
FAIL: c-c++-common/asan/use-after-free-1.c -Os output pattern test
FAIL: g++.dg/asan/deep-stack-uaf-1.C -O0 output pattern test
FAIL: g++.dg/asan/deep-stack-uaf-1.C -O1 output pattern test
FAIL: g++.dg/asan/deep-stack-uaf-1.C -O2 output pattern test
FAIL: g++.dg/asan/deep-stack-uaf-1.C -O3 -g output pattern test
FAIL: g++.dg/asan/deep-stack-uaf-1.C -Os output pattern test
=== g++ Summary for unix/-m32 ===
# of expected passes 107460
# of unexpected failures 29
# of expected failures 371
# of unsupported tests 4537
Running target unix/-m64
FAIL: c-c++-common/asan/swapcontext-test-1.c -O0 execution test
FAIL: c-c++-common/asan/swapcontext-test-1.c -O1 execution test
FAIL: c-c++-common/asan/swapcontext-test-1.c -O2 execution test
FAIL: c-c++-common/asan/swapcontext-test-1.c -O2 -flto -fno-use-linker-plugin -flto-partition=none execution test
FAIL: c-c++-common/asan/swapcontext-test-1.c -O2 -flto -fuse-linker-plugin -fno-fat-lto-objects execution test
FAIL: c-c++-common/asan/swapcontext-test-1.c -O3 -fomit-frame-pointer -funroll-loops -fpeel-loops -ftracer -finline-functions execution test
FAIL: c-c++-common/asan/swapcontext-test-1.c -O3 -g execution test
FAIL: c-c++-common/asan/swapcontext-test-1.c -Os execution test
FAIL: c-c++-common/tsan/race_on_mutex.c -O0 output pattern test
FAIL: c-c++-common/tsan/race_on_mutex.c -O2 output pattern test
=== g++ Summary for unix/-m64 ===
# of expected passes 109676
# of unexpected failures 10
# of expected failures 371
# of unsupported tests 4457
=== g++ Summary ===
# of expected passes 217136
# of unexpected failures 39
# of expected failures 742
# of unsupported tests 8994
/home/segher/build/tot-master/gcc/testsuite/g++/../../xg++ version 7.0.1 20170216 (experimental) (GCC)
=== gcc tests ===
Running target unix/-m32
FAIL: c-c++-common/asan/heap-overflow-1.c -O1 output pattern test
FAIL: c-c++-common/asan/heap-overflow-1.c -O2 output pattern test
FAIL: c-c++-common/asan/heap-overflow-1.c -O2 -flto -fno-use-linker-plugin -flto-partition=none output pattern test
FAIL: c-c++-common/asan/heap-overflow-1.c -O2 -flto -fuse-linker-plugin -fno-fat-lto-objects output pattern test
FAIL: c-c++-common/asan/heap-overflow-1.c -O3 -g output pattern test
FAIL: c-c++-common/asan/heap-overflow-1.c -Os output pattern test
FAIL: c-c++-common/asan/sanity-check-pure-c-1.c -O1 output pattern test
FAIL: c-c++-common/asan/sanity-check-pure-c-1.c -O2 output pattern test
FAIL: c-c++-common/asan/sanity-check-pure-c-1.c -O2 -flto -fno-use-linker-plugin -flto-partition=none output pattern test
FAIL: c-c++-common/asan/sanity-check-pure-c-1.c -O2 -flto -fuse-linker-plugin -fno-fat-lto-objects output pattern test
FAIL: c-c++-common/asan/sanity-check-pure-c-1.c -O3 -g output pattern test
FAIL: c-c++-common/asan/sanity-check-pure-c-1.c -Os output pattern test
FAIL: c-c++-common/asan/strncpy-overflow-1.c -O1 output pattern test
FAIL: c-c++-common/asan/strncpy-overflow-1.c -O2 output pattern test
FAIL: c-c++-common/asan/strncpy-overflow-1.c -O2 -flto -fno-use-linker-plugin -flto-partition=none output pattern test
FAIL: c-c++-common/asan/strncpy-overflow-1.c -O2 -flto -fuse-linker-plugin -fno-fat-lto-objects output pattern test
FAIL: c-c++-common/asan/strncpy-overflow-1.c -O3 -g output pattern test
FAIL: c-c++-common/asan/strncpy-overflow-1.c -Os output pattern test
FAIL: c-c++-common/asan/use-after-free-1.c -O1 output pattern test
FAIL: c-c++-common/asan/use-after-free-1.c -O2 output pattern test
FAIL: c-c++-common/asan/use-after-free-1.c -O2 -flto -fno-use-linker-plugin -flto-partition=none output pattern test
FAIL: c-c++-common/asan/use-after-free-1.c -O2 -flto -fuse-linker-plugin -fno-fat-lto-objects output pattern test
FAIL: c-c++-common/asan/use-after-free-1.c -O3 -g output pattern test
FAIL: c-c++-common/asan/use-after-free-1.c -Os output pattern test
XPASS: gcc.dg/attr-alloc_size-11.c missing range info for short (test for warnings, line 50)
XPASS: gcc.dg/attr-alloc_size-11.c missing range info for signed char (test for warnings, line 49)
FAIL: gcc.dg/pr59833.c execution test
FAIL: gcc.dg/ipa/iinline-attr.c scan-ipa-dump inline "hooray[^\\\\n]*inline copy in test"
UNRESOLVED: gcc.dg/lto/20110201-1 c_lto_20110201-1_0.o-c_lto_20110201-1_0.o execute -O0 -flto -fno-math-errno
FAIL: gcc.dg/lto/20110201-1 c_lto_20110201-1_0.o-c_lto_20110201-1_0.o link, -O0 -flto -fno-math-errno
FAIL: gcc.dg/plugin/diagnostic-test-expressions-1.c -fplugin=./diagnostic_plugin_test_tree_expression_range.so (test for excess errors)
FAIL: gcc.dg/torture/float128-basic.c -O0 (test for excess errors)
UNRESOLVED: gcc.dg/torture/float128-basic.c -O0 compilation failed to produce executable
FAIL: gcc.dg/torture/float128-basic.c -O1 (test for excess errors)
UNRESOLVED: gcc.dg/torture/float128-basic.c -O1 compilation failed to produce executable
FAIL: gcc.dg/torture/float128-basic.c -O2 (test for excess errors)
UNRESOLVED: gcc.dg/torture/float128-basic.c -O2 compilation failed to produce executable
FAIL: gcc.dg/torture/float128-basic.c -O2 -flto -fno-use-linker-plugin -flto-partition=none (test for excess errors)
UNRESOLVED: gcc.dg/torture/float128-basic.c -O2 -flto -fno-use-linker-plugin -flto-partition=none compilation failed to produce executable
FAIL: gcc.dg/torture/float128-basic.c -O2 -flto -fuse-linker-plugin -fno-fat-lto-objects (test for excess errors)
UNRESOLVED: gcc.dg/torture/float128-basic.c -O2 -flto -fuse-linker-plugin -fno-fat-lto-objects compilation failed to produce executable
FAIL: gcc.dg/torture/float128-basic.c -O3 -g (test for excess errors)
UNRESOLVED: gcc.dg/torture/float128-basic.c -O3 -g compilation failed to produce executable
FAIL: gcc.dg/torture/float128-basic.c -Os (test for excess errors)
UNRESOLVED: gcc.dg/torture/float128-basic.c -Os compilation failed to produce executable
FAIL: gcc.dg/torture/float128-builtin.c -O0 (test for excess errors)
UNRESOLVED: gcc.dg/torture/float128-builtin.c -O0 compilation failed to produce executable
FAIL: gcc.dg/torture/float128-builtin.c -O1 (test for excess errors)
UNRESOLVED: gcc.dg/torture/float128-builtin.c -O1 compilation failed to produce executable
FAIL: gcc.dg/torture/float128-builtin.c -O2 (test for excess errors)
UNRESOLVED: gcc.dg/torture/float128-builtin.c -O2 compilation failed to produce executable
FAIL: gcc.dg/torture/float128-builtin.c -O2 -flto -fno-use-linker-plugin -flto-partition=none (test for excess errors)
UNRESOLVED: gcc.dg/torture/float128-builtin.c -O2 -flto -fno-use-linker-plugin -flto-partition=none compilation failed to produce executable
FAIL: gcc.dg/torture/float128-builtin.c -O2 -flto -fuse-linker-plugin -fno-fat-lto-objects (test for excess errors)
UNRESOLVED: gcc.dg/torture/float128-builtin.c -O2 -flto -fuse-linker-plugin -fno-fat-lto-objects compilation failed to produce executable
FAIL: gcc.dg/torture/float128-builtin.c -O3 -g (test for excess errors)
UNRESOLVED: gcc.dg/torture/float128-builtin.c -O3 -g compilation failed to produce executable
FAIL: gcc.dg/torture/float128-builtin.c -Os (test for excess errors)
UNRESOLVED: gcc.dg/torture/float128-builtin.c -Os compilation failed to produce executable
FAIL: gcc.dg/torture/float128-complex.c -O0 (test for excess errors)
UNRESOLVED: gcc.dg/torture/float128-complex.c -O0 compilation failed to produce executable
FAIL: gcc.dg/torture/float128-complex.c -O1 (test for excess errors)
UNRESOLVED: gcc.dg/torture/float128-complex.c -O1 compilation failed to produce executable
FAIL: gcc.dg/torture/float128-complex.c -O2 (test for excess errors)
UNRESOLVED: gcc.dg/torture/float128-complex.c -O2 compilation failed to produce executable
FAIL: gcc.dg/torture/float128-complex.c -O2 -flto -fno-use-linker-plugin -flto-partition=none (test for excess errors)
UNRESOLVED: gcc.dg/torture/float128-complex.c -O2 -flto -fno-use-linker-plugin -flto-partition=none compilation failed to produce executable
FAIL: gcc.dg/torture/float128-complex.c -O2 -flto -fuse-linker-plugin -fno-fat-lto-objects (test for excess errors)
UNRESOLVED: gcc.dg/torture/float128-complex.c -O2 -flto -fuse-linker-plugin -fno-fat-lto-objects compilation failed to produce executable
FAIL: gcc.dg/torture/float128-complex.c -O3 -g (test for excess errors)
UNRESOLVED: gcc.dg/torture/float128-complex.c -O3 -g compilation failed to produce executable
FAIL: gcc.dg/torture/float128-complex.c -Os (test for excess errors)
UNRESOLVED: gcc.dg/torture/float128-complex.c -Os compilation failed to produce executable
FAIL: gcc.dg/torture/float128-floath.c -O0 (test for excess errors)
UNRESOLVED: gcc.dg/torture/float128-floath.c -O0 compilation failed to produce executable
FAIL: gcc.dg/torture/float128-floath.c -O1 (test for excess errors)
UNRESOLVED: gcc.dg/torture/float128-floath.c -O1 compilation failed to produce executable
FAIL: gcc.dg/torture/float128-floath.c -O2 (test for excess errors)
UNRESOLVED: gcc.dg/torture/float128-floath.c -O2 compilation failed to produce executable
FAIL: gcc.dg/torture/float128-floath.c -O2 -flto -fno-use-linker-plugin -flto-partition=none (test for excess errors)
UNRESOLVED: gcc.dg/torture/float128-floath.c -O2 -flto -fno-use-linker-plugin -flto-partition=none compilation failed to produce executable
FAIL: gcc.dg/torture/float128-floath.c -O2 -flto -fuse-linker-plugin -fno-fat-lto-objects (test for excess errors)
UNRESOLVED: gcc.dg/torture/float128-floath.c -O2 -flto -fuse-linker-plugin -fno-fat-lto-objects compilation failed to produce executable
FAIL: gcc.dg/torture/float128-floath.c -O3 -g (test for excess errors)
UNRESOLVED: gcc.dg/torture/float128-floath.c -O3 -g compilation failed to produce executable
FAIL: gcc.dg/torture/float128-floath.c -Os (test for excess errors)
UNRESOLVED: gcc.dg/torture/float128-floath.c -Os compilation failed to produce executable
FAIL: gcc.dg/torture/float128-ieee-nan.c -O0 (test for excess errors)
UNRESOLVED: gcc.dg/torture/float128-ieee-nan.c -O0 compilation failed to produce executable
FAIL: gcc.dg/torture/float128-ieee-nan.c -O1 (test for excess errors)
UNRESOLVED: gcc.dg/torture/float128-ieee-nan.c -O1 compilation failed to produce executable
FAIL: gcc.dg/torture/float128-ieee-nan.c -O2 (test for excess errors)
UNRESOLVED: gcc.dg/torture/float128-ieee-nan.c -O2 compilation failed to produce executable
FAIL: gcc.dg/torture/float128-ieee-nan.c -O2 -flto -fno-use-linker-plugin -flto-partition=none (test for excess errors)
UNRESOLVED: gcc.dg/torture/float128-ieee-nan.c -O2 -flto -fno-use-linker-plugin -flto-partition=none compilation failed to produce executable
FAIL: gcc.dg/torture/float128-ieee-nan.c -O2 -flto -fuse-linker-plugin -fno-fat-lto-objects (test for excess errors)
UNRESOLVED: gcc.dg/torture/float128-ieee-nan.c -O2 -flto -fuse-linker-plugin -fno-fat-lto-objects compilation failed to produce executable
FAIL: gcc.dg/torture/float128-ieee-nan.c -O3 -g (test for excess errors)
UNRESOLVED: gcc.dg/torture/float128-ieee-nan.c -O3 -g compilation failed to produce executable
FAIL: gcc.dg/torture/float128-ieee-nan.c -Os (test for excess errors)
UNRESOLVED: gcc.dg/torture/float128-ieee-nan.c -Os compilation failed to produce executable
FAIL: gcc.dg/torture/float128-tg-2.c -O0 (test for excess errors)
UNRESOLVED: gcc.dg/torture/float128-tg-2.c -O0 compilation failed to produce executable
FAIL: gcc.dg/torture/float128-tg-2.c -O1 (test for excess errors)
UNRESOLVED: gcc.dg/torture/float128-tg-2.c -O1 compilation failed to produce executable
FAIL: gcc.dg/torture/float128-tg-2.c -O2 (test for excess errors)
UNRESOLVED: gcc.dg/torture/float128-tg-2.c -O2 compilation failed to produce executable
FAIL: gcc.dg/torture/float128-tg-2.c -O2 -flto -fno-use-linker-plugin -flto-partition=none (test for excess errors)
UNRESOLVED: gcc.dg/torture/float128-tg-2.c -O2 -flto -fno-use-linker-plugin -flto-partition=none compilation failed to produce executable
FAIL: gcc.dg/torture/float128-tg-2.c -O2 -flto -fuse-linker-plugin -fno-fat-lto-objects (test for excess errors)
UNRESOLVED: gcc.dg/torture/float128-tg-2.c -O2 -flto -fuse-linker-plugin -fno-fat-lto-objects compilation failed to produce executable
FAIL: gcc.dg/torture/float128-tg-2.c -O3 -g (test for excess errors)
UNRESOLVED: gcc.dg/torture/float128-tg-2.c -O3 -g compilation failed to produce executable
FAIL: gcc.dg/torture/float128-tg-2.c -Os (test for excess errors)
UNRESOLVED: gcc.dg/torture/float128-tg-2.c -Os compilation failed to produce executable
FAIL: gcc.dg/torture/float128-tg-3.c -O0 (test for excess errors)
UNRESOLVED: gcc.dg/torture/float128-tg-3.c -O0 compilation failed to produce executable
FAIL: gcc.dg/torture/float128-tg-3.c -O1 (test for excess errors)
UNRESOLVED: gcc.dg/torture/float128-tg-3.c -O1 compilation failed to produce executable
FAIL: gcc.dg/torture/float128-tg-3.c -O2 (test for excess errors)
UNRESOLVED: gcc.dg/torture/float128-tg-3.c -O2 compilation failed to produce executable
FAIL: gcc.dg/torture/float128-tg-3.c -O2 -flto -fno-use-linker-plugin -flto-partition=none (test for excess errors)
UNRESOLVED: gcc.dg/torture/float128-tg-3.c -O2 -flto -fno-use-linker-plugin -flto-partition=none compilation failed to produce executable
FAIL: gcc.dg/torture/float128-tg-3.c -O2 -flto -fuse-linker-plugin -fno-fat-lto-objects (test for excess errors)
UNRESOLVED: gcc.dg/torture/float128-tg-3.c -O2 -flto -fuse-linker-plugin -fno-fat-lto-objects compilation failed to produce executable
FAIL: gcc.dg/torture/float128-tg-3.c -O3 -g (test for excess errors)
UNRESOLVED: gcc.dg/torture/float128-tg-3.c -O3 -g compilation failed to produce executable
FAIL: gcc.dg/torture/float128-tg-3.c -Os (test for excess errors)
UNRESOLVED: gcc.dg/torture/float128-tg-3.c -Os compilation failed to produce executable
FAIL: gcc.dg/torture/float128-tg.c -O0 (test for excess errors)
UNRESOLVED: gcc.dg/torture/float128-tg.c -O0 compilation failed to produce executable
FAIL: gcc.dg/torture/float128-tg.c -O1 (test for excess errors)
UNRESOLVED: gcc.dg/torture/float128-tg.c -O1 compilation failed to produce executable
FAIL: gcc.dg/torture/float128-tg.c -O2 (test for excess errors)
UNRESOLVED: gcc.dg/torture/float128-tg.c -O2 compilation failed to produce executable
FAIL: gcc.dg/torture/float128-tg.c -O2 -flto -fno-use-linker-plugin -flto-partition=none (test for excess errors)
UNRESOLVED: gcc.dg/torture/float128-tg.c -O2 -flto -fno-use-linker-plugin -flto-partition=none compilation failed to produce executable
FAIL: gcc.dg/torture/float128-tg.c -O2 -flto -fuse-linker-plugin -fno-fat-lto-objects (test for excess errors)
UNRESOLVED: gcc.dg/torture/float128-tg.c -O2 -flto -fuse-linker-plugin -fno-fat-lto-objects compilation failed to produce executable
FAIL: gcc.dg/torture/float128-tg.c -O3 -g (test for excess errors)
UNRESOLVED: gcc.dg/torture/float128-tg.c -O3 -g compilation failed to produce executable
FAIL: gcc.dg/torture/float128-tg.c -Os (test for excess errors)
UNRESOLVED: gcc.dg/torture/float128-tg.c -Os compilation failed to produce executable
FAIL: gcc.dg/torture/float32-basic.c -O0 execution test
FAIL: gcc.dg/torture/float32-basic.c -O1 execution test
FAIL: gcc.dg/torture/float32-basic.c -O2 execution test
FAIL: gcc.dg/torture/float32-basic.c -O2 -flto -fno-use-linker-plugin -flto-partition=none execution test
FAIL: gcc.dg/torture/float32-basic.c -O2 -flto -fuse-linker-plugin -fno-fat-lto-objects execution test
FAIL: gcc.dg/torture/float32-basic.c -O3 -g execution test
FAIL: gcc.dg/torture/float32-basic.c -Os execution test
FAIL: gcc.dg/torture/float64x-basic.c -O0 (test for excess errors)
UNRESOLVED: gcc.dg/torture/float64x-basic.c -O0 compilation failed to produce executable
FAIL: gcc.dg/torture/float64x-basic.c -O1 (test for excess errors)
UNRESOLVED: gcc.dg/torture/float64x-basic.c -O1 compilation failed to produce executable
FAIL: gcc.dg/torture/float64x-basic.c -O2 (test for excess errors)
UNRESOLVED: gcc.dg/torture/float64x-basic.c -O2 compilation failed to produce executable
FAIL: gcc.dg/torture/float64x-basic.c -O2 -flto -fno-use-linker-plugin -flto-partition=none (test for excess errors)
UNRESOLVED: gcc.dg/torture/float64x-basic.c -O2 -flto -fno-use-linker-plugin -flto-partition=none compilation failed to produce executable
FAIL: gcc.dg/torture/float64x-basic.c -O2 -flto -fuse-linker-plugin -fno-fat-lto-objects (test for excess errors)
UNRESOLVED: gcc.dg/torture/float64x-basic.c -O2 -flto -fuse-linker-plugin -fno-fat-lto-objects compilation failed to produce executable
FAIL: gcc.dg/torture/float64x-basic.c -O3 -g (test for excess errors)
UNRESOLVED: gcc.dg/torture/float64x-basic.c -O3 -g compilation failed to produce executable
FAIL: gcc.dg/torture/float64x-basic.c -Os (test for excess errors)
UNRESOLVED: gcc.dg/torture/float64x-basic.c -Os compilation failed to produce executable
FAIL: gcc.dg/torture/float64x-builtin.c -O0 (test for excess errors)
UNRESOLVED: gcc.dg/torture/float64x-builtin.c -O0 compilation failed to produce executable
FAIL: gcc.dg/torture/float64x-builtin.c -O1 (test for excess errors)
UNRESOLVED: gcc.dg/torture/float64x-builtin.c -O1 compilation failed to produce executable
FAIL: gcc.dg/torture/float64x-builtin.c -O2 (test for excess errors)
UNRESOLVED: gcc.dg/torture/float64x-builtin.c -O2 compilation failed to produce executable
FAIL: gcc.dg/torture/float64x-builtin.c -O2 -flto -fno-use-linker-plugin -flto-partition=none (test for excess errors)
UNRESOLVED: gcc.dg/torture/float64x-builtin.c -O2 -flto -fno-use-linker-plugin -flto-partition=none compilation failed to produce executable
FAIL: gcc.dg/torture/float64x-builtin.c -O2 -flto -fuse-linker-plugin -fno-fat-lto-objects (test for excess errors)
UNRESOLVED: gcc.dg/torture/float64x-builtin.c -O2 -flto -fuse-linker-plugin -fno-fat-lto-objects compilation failed to produce executable
FAIL: gcc.dg/torture/float64x-builtin.c -O3 -g (test for excess errors)
UNRESOLVED: gcc.dg/torture/float64x-builtin.c -O3 -g compilation failed to produce executable
FAIL: gcc.dg/torture/float64x-builtin.c -Os (test for excess errors)
UNRESOLVED: gcc.dg/torture/float64x-builtin.c -Os compilation failed to produce executable
FAIL: gcc.dg/torture/float64x-complex.c -O0 (test for excess errors)
UNRESOLVED: gcc.dg/torture/float64x-complex.c -O0 compilation failed to produce executable
FAIL: gcc.dg/torture/float64x-complex.c -O1 (test for excess errors)
UNRESOLVED: gcc.dg/torture/float64x-complex.c -O1 compilation failed to produce executable
FAIL: gcc.dg/torture/float64x-complex.c -O2 (test for excess errors)
UNRESOLVED: gcc.dg/torture/float64x-complex.c -O2 compilation failed to produce executable
FAIL: gcc.dg/torture/float64x-complex.c -O2 -flto -fno-use-linker-plugin -flto-partition=none (test for excess errors)
UNRESOLVED: gcc.dg/torture/float64x-complex.c -O2 -flto -fno-use-linker-plugin -flto-partition=none compilation failed to produce executable
FAIL: gcc.dg/torture/float64x-complex.c -O2 -flto -fuse-linker-plugin -fno-fat-lto-objects (test for excess errors)
UNRESOLVED: gcc.dg/torture/float64x-complex.c -O2 -flto -fuse-linker-plugin -fno-fat-lto-objects compilation failed to produce executable
FAIL: gcc.dg/torture/float64x-complex.c -O3 -g (test for excess errors)
UNRESOLVED: gcc.dg/torture/float64x-complex.c -O3 -g compilation failed to produce executable
FAIL: gcc.dg/torture/float64x-complex.c -Os (test for excess errors)
UNRESOLVED: gcc.dg/torture/float64x-complex.c -Os compilation failed to produce executable
FAIL: gcc.dg/torture/float64x-floath.c -O0 (test for excess errors)
UNRESOLVED: gcc.dg/torture/float64x-floath.c -O0 compilation failed to produce executable
FAIL: gcc.dg/torture/float64x-floath.c -O1 (test for excess errors)
UNRESOLVED: gcc.dg/torture/float64x-floath.c -O1 compilation failed to produce executable
FAIL: gcc.dg/torture/float64x-floath.c -O2 (test for excess errors)
UNRESOLVED: gcc.dg/torture/float64x-floath.c -O2 compilation failed to produce executable
FAIL: gcc.dg/torture/float64x-floath.c -O2 -flto -fno-use-linker-plugin -flto-partition=none (test for excess errors)
UNRESOLVED: gcc.dg/torture/float64x-floath.c -O2 -flto -fno-use-linker-plugin -flto-partition=none compilation failed to produce executable
FAIL: gcc.dg/torture/float64x-floath.c -O2 -flto -fuse-linker-plugin -fno-fat-lto-objects (test for excess errors)
UNRESOLVED: gcc.dg/torture/float64x-floath.c -O2 -flto -fuse-linker-plugin -fno-fat-lto-objects compilation failed to produce executable
FAIL: gcc.dg/torture/float64x-floath.c -O3 -g (test for excess errors)
UNRESOLVED: gcc.dg/torture/float64x-floath.c -O3 -g compilation failed to produce executable
FAIL: gcc.dg/torture/float64x-floath.c -Os (test for excess errors)
UNRESOLVED: gcc.dg/torture/float64x-floath.c -Os compilation failed to produce executable
FAIL: gcc.dg/torture/float64x-nan.c -O0 (test for excess errors)
UNRESOLVED: gcc.dg/torture/float64x-nan.c -O0 compilation failed to produce executable
FAIL: gcc.dg/torture/float64x-nan.c -O1 (test for excess errors)
UNRESOLVED: gcc.dg/torture/float64x-nan.c -O1 compilation failed to produce executable
FAIL: gcc.dg/torture/float64x-nan.c -O2 (test for excess errors)
UNRESOLVED: gcc.dg/torture/float64x-nan.c -O2 compilation failed to produce executable
FAIL: gcc.dg/torture/float64x-nan.c -O2 -flto -fno-use-linker-plugin -flto-partition=none (test for excess errors)
UNRESOLVED: gcc.dg/torture/float64x-nan.c -O2 -flto -fno-use-linker-plugin -flto-partition=none compilation failed to produce executable
FAIL: gcc.dg/torture/float64x-nan.c -O2 -flto -fuse-linker-plugin -fno-fat-lto-objects (test for excess errors)
UNRESOLVED: gcc.dg/torture/float64x-nan.c -O2 -flto -fuse-linker-plugin -fno-fat-lto-objects compilation failed to produce executable
FAIL: gcc.dg/torture/float64x-nan.c -O3 -g (test for excess errors)
UNRESOLVED: gcc.dg/torture/float64x-nan.c -O3 -g compilation failed to produce executable
FAIL: gcc.dg/torture/float64x-nan.c -Os (test for excess errors)
UNRESOLVED: gcc.dg/torture/float64x-nan.c -Os compilation failed to produce executable
FAIL: gcc.dg/torture/float64x-tg-2.c -O0 (test for excess errors)
UNRESOLVED: gcc.dg/torture/float64x-tg-2.c -O0 compilation failed to produce executable
FAIL: gcc.dg/torture/float64x-tg-2.c -O1 (test for excess errors)
UNRESOLVED: gcc.dg/torture/float64x-tg-2.c -O1 compilation failed to produce executable
FAIL: gcc.dg/torture/float64x-tg-2.c -O2 (test for excess errors)
UNRESOLVED: gcc.dg/torture/float64x-tg-2.c -O2 compilation failed to produce executable
FAIL: gcc.dg/torture/float64x-tg-2.c -O2 -flto -fno-use-linker-plugin -flto-partition=none (test for excess errors)
UNRESOLVED: gcc.dg/torture/float64x-tg-2.c -O2 -flto -fno-use-linker-plugin -flto-partition=none compilation failed to produce executable
FAIL: gcc.dg/torture/float64x-tg-2.c -O2 -flto -fuse-linker-plugin -fno-fat-lto-objects (test for excess errors)
UNRESOLVED: gcc.dg/torture/float64x-tg-2.c -O2 -flto -fuse-linker-plugin -fno-fat-lto-objects compilation failed to produce executable
FAIL: gcc.dg/torture/float64x-tg-2.c -O3 -g (test for excess errors)
UNRESOLVED: gcc.dg/torture/float64x-tg-2.c -O3 -g compilation failed to produce executable
FAIL: gcc.dg/torture/float64x-tg-2.c -Os (test for excess errors)
UNRESOLVED: gcc.dg/torture/float64x-tg-2.c -Os compilation failed to produce executable
FAIL: gcc.dg/torture/float64x-tg-3.c -O0 (test for excess errors)
UNRESOLVED: gcc.dg/torture/float64x-tg-3.c -O0 compilation failed to produce executable
FAIL: gcc.dg/torture/float64x-tg-3.c -O1 (test for excess errors)
UNRESOLVED: gcc.dg/torture/float64x-tg-3.c -O1 compilation failed to produce executable
FAIL: gcc.dg/torture/float64x-tg-3.c -O2 (test for excess errors)
UNRESOLVED: gcc.dg/torture/float64x-tg-3.c -O2 compilation failed to produce executable
FAIL: gcc.dg/torture/float64x-tg-3.c -O2 -flto -fno-use-linker-plugin -flto-partition=none (test for excess errors)
UNRESOLVED: gcc.dg/torture/float64x-tg-3.c -O2 -flto -fno-use-linker-plugin -flto-partition=none compilation failed to produce executable
FAIL: gcc.dg/torture/float64x-tg-3.c -O2 -flto -fuse-linker-plugin -fno-fat-lto-objects (test for excess errors)
UNRESOLVED: gcc.dg/torture/float64x-tg-3.c -O2 -flto -fuse-linker-plugin -fno-fat-lto-objects compilation failed to produce executable
FAIL: gcc.dg/torture/float64x-tg-3.c -O3 -g (test for excess errors)
UNRESOLVED: gcc.dg/torture/float64x-tg-3.c -O3 -g compilation failed to produce executable
FAIL: gcc.dg/torture/float64x-tg-3.c -Os (test for excess errors)
UNRESOLVED: gcc.dg/torture/float64x-tg-3.c -Os compilation failed to produce executable
FAIL: gcc.dg/torture/float64x-tg.c -O0 (test for excess errors)
UNRESOLVED: gcc.dg/torture/float64x-tg.c -O0 compilation failed to produce executable
FAIL: gcc.dg/torture/float64x-tg.c -O1 (test for excess errors)
UNRESOLVED: gcc.dg/torture/float64x-tg.c -O1 compilation failed to produce executable
FAIL: gcc.dg/torture/float64x-tg.c -O2 (test for excess errors)
UNRESOLVED: gcc.dg/torture/float64x-tg.c -O2 compilation failed to produce executable
FAIL: gcc.dg/torture/float64x-tg.c -O2 -flto -fno-use-linker-plugin -flto-partition=none (test for excess errors)
UNRESOLVED: gcc.dg/torture/float64x-tg.c -O2 -flto -fno-use-linker-plugin -flto-partition=none compilation failed to produce executable
FAIL: gcc.dg/torture/float64x-tg.c -O2 -flto -fuse-linker-plugin -fno-fat-lto-objects (test for excess errors)
UNRESOLVED: gcc.dg/torture/float64x-tg.c -O2 -flto -fuse-linker-plugin -fno-fat-lto-objects compilation failed to produce executable
FAIL: gcc.dg/torture/float64x-tg.c -O3 -g (test for excess errors)
UNRESOLVED: gcc.dg/torture/float64x-tg.c -O3 -g compilation failed to produce executable
FAIL: gcc.dg/torture/float64x-tg.c -Os (test for excess errors)
UNRESOLVED: gcc.dg/torture/float64x-tg.c -Os compilation failed to produce executable
FAIL: gcc.dg/torture/floatn-convert.c -O0 (test for excess errors)
UNRESOLVED: gcc.dg/torture/floatn-convert.c -O0 compilation failed to produce executable
FAIL: gcc.dg/torture/floatn-convert.c -O1 (test for excess errors)
UNRESOLVED: gcc.dg/torture/floatn-convert.c -O1 compilation failed to produce executable
FAIL: gcc.dg/torture/floatn-convert.c -O2 (test for excess errors)
UNRESOLVED: gcc.dg/torture/floatn-convert.c -O2 compilation failed to produce executable
FAIL: gcc.dg/torture/floatn-convert.c -O2 -flto -fno-use-linker-plugin -flto-partition=none (test for excess errors)
UNRESOLVED: gcc.dg/torture/floatn-convert.c -O2 -flto -fno-use-linker-plugin -flto-partition=none compilation failed to produce executable
FAIL: gcc.dg/torture/floatn-convert.c -O2 -flto -fuse-linker-plugin -fno-fat-lto-objects (test for excess errors)
UNRESOLVED: gcc.dg/torture/floatn-convert.c -O2 -flto -fuse-linker-plugin -fno-fat-lto-objects compilation failed to produce executable
FAIL: gcc.dg/torture/floatn-convert.c -O3 -fomit-frame-pointer -funroll-loops -fpeel-loops -ftracer -finline-functions (test for excess errors)
UNRESOLVED: gcc.dg/torture/floatn-convert.c -O3 -fomit-frame-pointer -funroll-loops -fpeel-loops -ftracer -finline-functions compilation failed to produce executable
FAIL: gcc.dg/torture/floatn-convert.c -O3 -g (test for excess errors)
UNRESOLVED: gcc.dg/torture/floatn-convert.c -O3 -g compilation failed to produce executable
FAIL: gcc.dg/torture/floatn-convert.c -Os (test for excess errors)
UNRESOLVED: gcc.dg/torture/floatn-convert.c -Os compilation failed to produce executable
FAIL: gcc.dg/torture/fp-int-convert-float128-ieee-timode.c -O0 (test for excess errors)
UNRESOLVED: gcc.dg/torture/fp-int-convert-float128-ieee-timode.c -O0 compilation failed to produce executable
FAIL: gcc.dg/torture/fp-int-convert-float128-ieee-timode.c -O1 (test for excess errors)
UNRESOLVED: gcc.dg/torture/fp-int-convert-float128-ieee-timode.c -O1 compilation failed to produce executable
FAIL: gcc.dg/torture/fp-int-convert-float128-ieee-timode.c -O2 (test for excess errors)
UNRESOLVED: gcc.dg/torture/fp-int-convert-float128-ieee-timode.c -O2 compilation failed to produce executable
FAIL: gcc.dg/torture/fp-int-convert-float128-ieee-timode.c -O2 -flto -fno-use-linker-plugin -flto-partition=none (test for excess errors)
UNRESOLVED: gcc.dg/torture/fp-int-convert-float128-ieee-timode.c -O2 -flto -fno-use-linker-plugin -flto-partition=none compilation failed to produce executable
FAIL: gcc.dg/torture/fp-int-convert-float128-ieee-timode.c -O2 -flto -fuse-linker-plugin -fno-fat-lto-objects (test for excess errors)
UNRESOLVED: gcc.dg/torture/fp-int-convert-float128-ieee-timode.c -O2 -flto -fuse-linker-plugin -fno-fat-lto-objects compilation failed to produce executable
FAIL: gcc.dg/torture/fp-int-convert-float128-ieee-timode.c -O3 -g (test for excess errors)
UNRESOLVED: gcc.dg/torture/fp-int-convert-float128-ieee-timode.c -O3 -g compilation failed to produce executable
FAIL: gcc.dg/torture/fp-int-convert-float128-ieee-timode.c -Os (test for excess errors)
UNRESOLVED: gcc.dg/torture/fp-int-convert-float128-ieee-timode.c -Os compilation failed to produce executable
FAIL: gcc.dg/torture/fp-int-convert-float128-ieee.c -O0 (test for excess errors)
UNRESOLVED: gcc.dg/torture/fp-int-convert-float128-ieee.c -O0 compilation failed to produce executable
FAIL: gcc.dg/torture/fp-int-convert-float128-ieee.c -O1 (test for excess errors)
UNRESOLVED: gcc.dg/torture/fp-int-convert-float128-ieee.c -O1 compilation failed to produce executable
FAIL: gcc.dg/torture/fp-int-convert-float128-ieee.c -O2 (test for excess errors)
UNRESOLVED: gcc.dg/torture/fp-int-convert-float128-ieee.c -O2 compilation failed to produce executable
FAIL: gcc.dg/torture/fp-int-convert-float128-ieee.c -O2 -flto -fno-use-linker-plugin -flto-partition=none (test for excess errors)
UNRESOLVED: gcc.dg/torture/fp-int-convert-float128-ieee.c -O2 -flto -fno-use-linker-plugin -flto-partition=none compilation failed to produce executable
FAIL: gcc.dg/torture/fp-int-convert-float128-ieee.c -O2 -flto -fuse-linker-plugin -fno-fat-lto-objects (test for excess errors)
UNRESOLVED: gcc.dg/torture/fp-int-convert-float128-ieee.c -O2 -flto -fuse-linker-plugin -fno-fat-lto-objects compilation failed to produce executable
FAIL: gcc.dg/torture/fp-int-convert-float128-ieee.c -O3 -g (test for excess errors)
UNRESOLVED: gcc.dg/torture/fp-int-convert-float128-ieee.c -O3 -g compilation failed to produce executable
FAIL: gcc.dg/torture/fp-int-convert-float128-ieee.c -Os (test for excess errors)
UNRESOLVED: gcc.dg/torture/fp-int-convert-float128-ieee.c -Os compilation failed to produce executable
FAIL: gcc.dg/torture/fp-int-convert-float64x-timode.c -O0 (test for excess errors)
UNRESOLVED: gcc.dg/torture/fp-int-convert-float64x-timode.c -O0 compilation failed to produce executable
FAIL: gcc.dg/torture/fp-int-convert-float64x-timode.c -O1 (test for excess errors)
UNRESOLVED: gcc.dg/torture/fp-int-convert-float64x-timode.c -O1 compilation failed to produce executable
FAIL: gcc.dg/torture/fp-int-convert-float64x-timode.c -O2 (test for excess errors)
UNRESOLVED: gcc.dg/torture/fp-int-convert-float64x-timode.c -O2 compilation failed to produce executable
FAIL: gcc.dg/torture/fp-int-convert-float64x-timode.c -O2 -flto -fno-use-linker-plugin -flto-partition=none (test for excess errors)
UNRESOLVED: gcc.dg/torture/fp-int-convert-float64x-timode.c -O2 -flto -fno-use-linker-plugin -flto-partition=none compilation failed to produce executable
FAIL: gcc.dg/torture/fp-int-convert-float64x-timode.c -O2 -flto -fuse-linker-plugin -fno-fat-lto-objects (test for excess errors)
UNRESOLVED: gcc.dg/torture/fp-int-convert-float64x-timode.c -O2 -flto -fuse-linker-plugin -fno-fat-lto-objects compilation failed to produce executable
FAIL: gcc.dg/torture/fp-int-convert-float64x-timode.c -O3 -g (test for excess errors)
UNRESOLVED: gcc.dg/torture/fp-int-convert-float64x-timode.c -O3 -g compilation failed to produce executable
FAIL: gcc.dg/torture/fp-int-convert-float64x-timode.c -Os (test for excess errors)
UNRESOLVED: gcc.dg/torture/fp-int-convert-float64x-timode.c -Os compilation failed to produce executable
FAIL: gcc.dg/torture/fp-int-convert-float64x.c -O0 (test for excess errors)
UNRESOLVED: gcc.dg/torture/fp-int-convert-float64x.c -O0 compilation failed to produce executable
FAIL: gcc.dg/torture/fp-int-convert-float64x.c -O1 (test for excess errors)
UNRESOLVED: gcc.dg/torture/fp-int-convert-float64x.c -O1 compilation failed to produce executable
FAIL: gcc.dg/torture/fp-int-convert-float64x.c -O2 (test for excess errors)
UNRESOLVED: gcc.dg/torture/fp-int-convert-float64x.c -O2 compilation failed to produce executable
FAIL: gcc.dg/torture/fp-int-convert-float64x.c -O2 -flto -fno-use-linker-plugin -flto-partition=none (test for excess errors)
UNRESOLVED: gcc.dg/torture/fp-int-convert-float64x.c -O2 -flto -fno-use-linker-plugin -flto-partition=none compilation failed to produce executable
FAIL: gcc.dg/torture/fp-int-convert-float64x.c -O2 -flto -fuse-linker-plugin -fno-fat-lto-objects (test for excess errors)
UNRESOLVED: gcc.dg/torture/fp-int-convert-float64x.c -O2 -flto -fuse-linker-plugin -fno-fat-lto-objects compilation failed to produce executable
FAIL: gcc.dg/torture/fp-int-convert-float64x.c -O3 -g (test for excess errors)
UNRESOLVED: gcc.dg/torture/fp-int-convert-float64x.c -O3 -g compilation failed to produce executable
FAIL: gcc.dg/torture/fp-int-convert-float64x.c -Os (test for excess errors)
UNRESOLVED: gcc.dg/torture/fp-int-convert-float64x.c -Os compilation failed to produce executable
FAIL: gcc.dg/tree-ssa/ivopts-lt-2.c scan-tree-dump-times ivopts "PHI <p_" 1
FAIL: gcc.dg/tree-ssa/ivopts-lt-2.c scan-tree-dump-times ivopts "PHI" 1
FAIL: gcc.dg/tree-ssa/ivopts-lt-2.c scan-tree-dump-times ivopts "p_[0-9]* <" 1
FAIL: gcc.dg/vect/bb-slp-pr65935.c -flto -ffat-lto-objects scan-tree-dump-times slp1 "basic block vectorized" 1
FAIL: gcc.dg/vect/bb-slp-pr65935.c scan-tree-dump-times slp1 "basic block vectorized" 1
FAIL: gcc.dg/vect/bb-slp-subgroups-1.c -flto -ffat-lto-objects scan-tree-dump-times slp2 "Basic block will be vectorized using SLP" 1
FAIL: gcc.dg/vect/bb-slp-subgroups-1.c -flto -ffat-lto-objects scan-tree-dump-times slp2 "basic block vectorized" 1
FAIL: gcc.dg/vect/bb-slp-subgroups-1.c scan-tree-dump-times slp2 "Basic block will be vectorized using SLP" 1
FAIL: gcc.dg/vect/bb-slp-subgroups-1.c scan-tree-dump-times slp2 "basic block vectorized" 1
FAIL: gcc.dg/vect/bb-slp-subgroups-2.c -flto -ffat-lto-objects scan-tree-dump-times slp2 "Basic block will be vectorized using SLP" 1
FAIL: gcc.dg/vect/bb-slp-subgroups-2.c -flto -ffat-lto-objects scan-tree-dump-times slp2 "basic block vectorized" 1
FAIL: gcc.dg/vect/bb-slp-subgroups-2.c scan-tree-dump-times slp2 "Basic block will be vectorized using SLP" 1
FAIL: gcc.dg/vect/bb-slp-subgroups-2.c scan-tree-dump-times slp2 "basic block vectorized" 1
FAIL: gcc.dg/vect/bb-slp-subgroups-3.c -flto -ffat-lto-objects scan-tree-dump-times slp2 "Basic block will be vectorized using SLP" 1
FAIL: gcc.dg/vect/bb-slp-subgroups-3.c -flto -ffat-lto-objects scan-tree-dump-times slp2 "basic block vectorized" 1
FAIL: gcc.dg/vect/bb-slp-subgroups-3.c scan-tree-dump-times slp2 "Basic block will be vectorized using SLP" 1
FAIL: gcc.dg/vect/bb-slp-subgroups-3.c scan-tree-dump-times slp2 "basic block vectorized" 1
FAIL: gcc.dg/vect/no-tree-sra-bb-slp-pr50730.c scan-tree-dump-times slp2 "basic block vectorized" 1
FAIL: gcc.dg/vect/no-vfa-vect-depend-2.c scan-tree-dump-times vect "vectorized 1 loops" 1
FAIL: gcc.dg/vect/no-vfa-vect-depend-3.c scan-tree-dump-times vect "vectorized 1 loops" 4
FAIL: gcc.dg/vect/pr25413.c -flto -ffat-lto-objects scan-tree-dump-times vect "not vectorized: unsupported unaligned store" 1
FAIL: gcc.dg/vect/pr25413.c -flto -ffat-lto-objects scan-tree-dump-times vect "vector alignment may not be reachable" 1
FAIL: gcc.dg/vect/pr25413.c -flto -ffat-lto-objects scan-tree-dump-times vect "vectorized 1 loops" 0
FAIL: gcc.dg/vect/pr25413.c scan-tree-dump-times vect "not vectorized: unsupported unaligned store" 1
FAIL: gcc.dg/vect/pr25413.c scan-tree-dump-times vect "vector alignment may not be reachable" 1
FAIL: gcc.dg/vect/pr25413.c scan-tree-dump-times vect "vectorized 1 loops" 0
FAIL: gcc.dg/vect/pr46032.c -flto -ffat-lto-objects scan-tree-dump-times vect "note: vectorized 1 loop" 1
FAIL: gcc.dg/vect/pr46032.c scan-tree-dump-times vect "note: vectorized 1 loop" 1
FAIL: gcc.dg/vect/pr62171.c -flto -ffat-lto-objects scan-tree-dump-not vect "versioned"
FAIL: gcc.dg/vect/pr62171.c scan-tree-dump-not vect "versioned"
FAIL: gcc.dg/vect/slp-43.c -flto -ffat-lto-objects scan-tree-dump-times vect "vectorized 1 loops" 2
FAIL: gcc.dg/vect/slp-43.c scan-tree-dump-times vect "vectorized 1 loops" 2
FAIL: gcc.dg/vect/slp-perm-8.c -flto -ffat-lto-objects scan-tree-dump-times vect "vectorized 1 loops" 1
FAIL: gcc.dg/vect/slp-perm-8.c scan-tree-dump-times vect "vectorized 1 loops" 1
FAIL: gcc.dg/vect/vect-117.c -flto -ffat-lto-objects scan-tree-dump-times vect "vectorized 1 loops" 1
FAIL: gcc.dg/vect/vect-117.c scan-tree-dump-times vect "vectorized 1 loops" 1
XPASS: gcc.dg/vect/vect-24.c -flto -ffat-lto-objects scan-tree-dump-times vect "vectorized 3 loops" 1
XPASS: gcc.dg/vect/vect-24.c scan-tree-dump-times vect "vectorized 3 loops" 1
FAIL: gcc.dg/vect/vect-31.c -flto -ffat-lto-objects scan-tree-dump-times vect "vectorized 4 loops" 1
FAIL: gcc.dg/vect/vect-31.c scan-tree-dump-times vect "vectorized 4 loops" 1
FAIL: gcc.dg/vect/vect-strided-a-u8-i2-gap.c -flto -ffat-lto-objects scan-tree-dump-times vect "vectorized 1 loops" 1
FAIL: gcc.dg/vect/vect-strided-a-u8-i2-gap.c scan-tree-dump-times vect "vectorized 1 loops" 1
FAIL: gcc.target/powerpc/vec-cmpne-long.c execution test
=== gcc Summary for unix/-m32 ===
# of expected passes 106590
# of unexpected failures 224
# of unexpected successes 4
# of expected failures 318
# of unresolved testcases 149
# of unsupported tests 2674
Running target unix/-m64
FAIL: c-c++-common/asan/swapcontext-test-1.c -O0 execution test
FAIL: c-c++-common/asan/swapcontext-test-1.c -O1 execution test
FAIL: c-c++-common/asan/swapcontext-test-1.c -O2 execution test
FAIL: c-c++-common/asan/swapcontext-test-1.c -O2 -flto -fno-use-linker-plugin -flto-partition=none execution test
FAIL: c-c++-common/asan/swapcontext-test-1.c -O2 -flto -fuse-linker-plugin -fno-fat-lto-objects execution test
FAIL: c-c++-common/asan/swapcontext-test-1.c -O3 -fomit-frame-pointer -funroll-loops -fpeel-loops -ftracer -finline-functions execution test
FAIL: c-c++-common/asan/swapcontext-test-1.c -O3 -g execution test
FAIL: c-c++-common/asan/swapcontext-test-1.c -Os execution test
XPASS: gcc.dg/attr-alloc_size-11.c missing range info for short (test for warnings, line 50)
XPASS: gcc.dg/attr-alloc_size-11.c missing range info for signed char (test for warnings, line 49)
FAIL: gcc.dg/pr59833.c execution test
FAIL: gcc.dg/sms-4.c scan-rtl-dump-times sms "SMS succeeded" 1
FAIL: gcc.dg/ipa/iinline-attr.c scan-ipa-dump inline "hooray[^\\\\n]*inline copy in test"
UNRESOLVED: gcc.dg/lto/20110201-1 c_lto_20110201-1_0.o-c_lto_20110201-1_0.o execute -O0 -flto -fno-math-errno
FAIL: gcc.dg/lto/20110201-1 c_lto_20110201-1_0.o-c_lto_20110201-1_0.o link, -O0 -flto -fno-math-errno
FAIL: gcc.dg/tree-ssa/ivopts-lt-2.c scan-tree-dump-times ivopts "PHI <p_" 1
FAIL: gcc.dg/tree-ssa/ivopts-lt-2.c scan-tree-dump-times ivopts "PHI" 1
FAIL: gcc.dg/tree-ssa/ivopts-lt-2.c scan-tree-dump-times ivopts "p_[0-9]* <" 1
FAIL: c-c++-common/tsan/race_on_mutex.c -O0 output pattern test
FAIL: c-c++-common/tsan/race_on_mutex.c -O2 output pattern test
FAIL: gcc.dg/vect/bb-slp-pr65935.c -flto -ffat-lto-objects scan-tree-dump-times slp1 "basic block vectorized" 1
FAIL: gcc.dg/vect/bb-slp-pr65935.c scan-tree-dump-times slp1 "basic block vectorized" 1
FAIL: gcc.dg/vect/bb-slp-subgroups-1.c -flto -ffat-lto-objects scan-tree-dump-times slp2 "Basic block will be vectorized using SLP" 1
FAIL: gcc.dg/vect/bb-slp-subgroups-1.c -flto -ffat-lto-objects scan-tree-dump-times slp2 "basic block vectorized" 1
FAIL: gcc.dg/vect/bb-slp-subgroups-1.c scan-tree-dump-times slp2 "Basic block will be vectorized using SLP" 1
FAIL: gcc.dg/vect/bb-slp-subgroups-1.c scan-tree-dump-times slp2 "basic block vectorized" 1
FAIL: gcc.dg/vect/bb-slp-subgroups-2.c -flto -ffat-lto-objects scan-tree-dump-times slp2 "Basic block will be vectorized using SLP" 1
FAIL: gcc.dg/vect/bb-slp-subgroups-2.c -flto -ffat-lto-objects scan-tree-dump-times slp2 "basic block vectorized" 1
FAIL: gcc.dg/vect/bb-slp-subgroups-2.c scan-tree-dump-times slp2 "Basic block will be vectorized using SLP" 1
FAIL: gcc.dg/vect/bb-slp-subgroups-2.c scan-tree-dump-times slp2 "basic block vectorized" 1
FAIL: gcc.dg/vect/bb-slp-subgroups-3.c -flto -ffat-lto-objects scan-tree-dump-times slp2 "Basic block will be vectorized using SLP" 1
FAIL: gcc.dg/vect/bb-slp-subgroups-3.c -flto -ffat-lto-objects scan-tree-dump-times slp2 "basic block vectorized" 1
FAIL: gcc.dg/vect/bb-slp-subgroups-3.c scan-tree-dump-times slp2 "Basic block will be vectorized using SLP" 1
FAIL: gcc.dg/vect/bb-slp-subgroups-3.c scan-tree-dump-times slp2 "basic block vectorized" 1
FAIL: gcc.dg/vect/no-tree-sra-bb-slp-pr50730.c scan-tree-dump-times slp2 "basic block vectorized" 1
FAIL: gcc.dg/vect/no-vfa-vect-depend-2.c scan-tree-dump-times vect "vectorized 1 loops" 1
FAIL: gcc.dg/vect/no-vfa-vect-depend-3.c scan-tree-dump-times vect "vectorized 1 loops" 4
FAIL: gcc.dg/vect/pr46032.c -flto -ffat-lto-objects scan-tree-dump-times vect "note: vectorized 1 loop" 1
FAIL: gcc.dg/vect/pr46032.c scan-tree-dump-times vect "note: vectorized 1 loop" 1
FAIL: gcc.dg/vect/pr62171.c -flto -ffat-lto-objects scan-tree-dump-not vect "versioned"
FAIL: gcc.dg/vect/pr62171.c scan-tree-dump-not vect "versioned"
FAIL: gcc.dg/vect/slp-43.c -flto -ffat-lto-objects scan-tree-dump-times vect "vectorized 1 loops" 2
FAIL: gcc.dg/vect/slp-43.c scan-tree-dump-times vect "vectorized 1 loops" 2
FAIL: gcc.dg/vect/slp-perm-8.c -flto -ffat-lto-objects scan-tree-dump-times vect "vectorized 1 loops" 1
FAIL: gcc.dg/vect/slp-perm-8.c scan-tree-dump-times vect "vectorized 1 loops" 1
FAIL: gcc.dg/vect/vect-117.c -flto -ffat-lto-objects scan-tree-dump-times vect "vectorized 1 loops" 1
FAIL: gcc.dg/vect/vect-117.c scan-tree-dump-times vect "vectorized 1 loops" 1
XPASS: gcc.dg/vect/vect-24.c -flto -ffat-lto-objects scan-tree-dump-times vect "vectorized 3 loops" 1
XPASS: gcc.dg/vect/vect-24.c scan-tree-dump-times vect "vectorized 3 loops" 1
FAIL: gcc.dg/vect/vect-31.c -flto -ffat-lto-objects scan-tree-dump-times vect "vectorized 4 loops" 1
FAIL: gcc.dg/vect/vect-31.c scan-tree-dump-times vect "vectorized 4 loops" 1
FAIL: gcc.dg/vect/vect-strided-a-u8-i2-gap.c -flto -ffat-lto-objects scan-tree-dump-times vect "vectorized 1 loops" 1
FAIL: gcc.dg/vect/vect-strided-a-u8-i2-gap.c scan-tree-dump-times vect "vectorized 1 loops" 1
FAIL: gcc.target/powerpc/bool3-p7.c scan-assembler-not [ \\t]xxlnor
FAIL: gcc.target/powerpc/bool3-p8.c scan-assembler-not [ \\t]xxlnor
FAIL: gcc.target/powerpc/vec-cmpne-long.c execution test
=== gcc Summary for unix/-m64 ===
# of expected passes 109003
# of unexpected failures 51
# of unexpected successes 4
# of expected failures 331
# of unresolved testcases 1
# of unsupported tests 2285
=== gcc Summary ===
# of expected passes 215593
# of unexpected failures 275
# of unexpected successes 8
# of expected failures 649
# of unresolved testcases 150
# of unsupported tests 4959
/home/segher/build/tot-master/gcc/xgcc version 7.0.1 20170216 (experimental) (GCC)
=== gfortran tests ===
Running target unix/-m32
FAIL: gfortran.dg/erf_3.F90 -O0 execution test
FAIL: gfortran.dg/erf_3.F90 -O1 execution test
FAIL: gfortran.dg/erf_3.F90 -O2 execution test
FAIL: gfortran.dg/erf_3.F90 -O3 -fomit-frame-pointer -funroll-loops -fpeel-loops -ftracer -finline-functions execution test
FAIL: gfortran.dg/erf_3.F90 -O3 -g execution test
FAIL: gfortran.dg/erf_3.F90 -Os execution test
XPASS: gfortran.dg/nint_2.f90 -O0 execution test
FAIL: gfortran.dg/ieee/large_2.f90 -O0 execution test
FAIL: gfortran.dg/ieee/large_2.f90 -O1 execution test
FAIL: gfortran.dg/ieee/large_2.f90 -O2 execution test
FAIL: gfortran.dg/ieee/large_2.f90 -O3 -fomit-frame-pointer -funroll-loops -fpeel-loops -ftracer -finline-functions execution test
FAIL: gfortran.dg/ieee/large_2.f90 -O3 -g execution test
FAIL: gfortran.dg/ieee/large_2.f90 -Os execution test
FAIL: gfortran.dg/vect/fast-math-mgrid-resid.f -O scan-tree-dump pcom "vectp_u.*__lsm.* = PHI <.*vectp_u.*__lsm"
FAIL: gfortran.dg/vect/fast-math-pr37021.f90 -O scan-tree-dump vect "vectorized 2 loops"
FAIL: gfortran.dg/vect/pr52580.f -O scan-tree-dump-times vect "LOOP VECTORIZED" 1
FAIL: gfortran.dg/vect/pr62283-2.f -O scan-tree-dump slp2 "basic block vectorized"
FAIL: gfortran.dg/vect/vect-8.f90 -O scan-tree-dump-times vect "vectorized 21 loops" 1
FAIL: gfortran.dg/vect/vect-gems.f90 -O scan-tree-dump-times vect "vectorized 1 loops" 1
=== gfortran Summary for unix/-m32 ===
# of expected passes 44226
# of unexpected failures 18
# of unexpected successes 1
# of expected failures 95
# of unsupported tests 204
Running target unix/-m64
FAIL: gfortran.dg/erf_3.F90 -O0 execution test
FAIL: gfortran.dg/erf_3.F90 -O1 execution test
FAIL: gfortran.dg/erf_3.F90 -O2 execution test
FAIL: gfortran.dg/erf_3.F90 -O3 -fomit-frame-pointer -funroll-loops -fpeel-loops -ftracer -finline-functions execution test
FAIL: gfortran.dg/erf_3.F90 -O3 -g execution test
FAIL: gfortran.dg/erf_3.F90 -Os execution test
XPASS: gfortran.dg/nint_2.f90 -O0 execution test
FAIL: gfortran.dg/ieee/large_2.f90 -O0 execution test
FAIL: gfortran.dg/ieee/large_2.f90 -O1 execution test
FAIL: gfortran.dg/ieee/large_2.f90 -O2 execution test
FAIL: gfortran.dg/ieee/large_2.f90 -O3 -fomit-frame-pointer -funroll-loops -fpeel-loops -ftracer -finline-functions execution test
FAIL: gfortran.dg/ieee/large_2.f90 -O3 -g execution test
FAIL: gfortran.dg/ieee/large_2.f90 -Os execution test
FAIL: gfortran.dg/vect/fast-math-mgrid-resid.f -O scan-tree-dump pcom "Executing predictive commoning without unrolling"
FAIL: gfortran.dg/vect/fast-math-mgrid-resid.f -O scan-tree-dump pcom "vectp_u.*__lsm.* = PHI <.*vectp_u.*__lsm"
FAIL: gfortran.dg/vect/fast-math-pr37021.f90 -O scan-tree-dump vect "vectorized 2 loops"
FAIL: gfortran.dg/vect/pr52580.f -O scan-tree-dump-times vect "LOOP VECTORIZED" 1
FAIL: gfortran.dg/vect/pr62283-2.f -O scan-tree-dump slp2 "basic block vectorized"
FAIL: gfortran.dg/vect/vect-8.f90 -O scan-tree-dump-times vect "vectorized 21 loops" 1
FAIL: gfortran.dg/vect/vect-gems.f90 -O scan-tree-dump-times vect "vectorized 1 loops" 1
=== gfortran Summary for unix/-m64 ===
# of expected passes 44484
# of unexpected failures 19
# of unexpected successes 1
# of expected failures 95
# of unsupported tests 77
=== gfortran Summary ===
# of expected passes 88710
# of unexpected failures 37
# of unexpected successes 2
# of expected failures 190
# of unsupported tests 281
/home/segher/build/tot-master/gcc/testsuite/gfortran/../../gfortran version 7.0.1 20170216 (experimental) (GCC)
=== gnat tests ===
Running target unix/-m32
=== gnat Summary for unix/-m32 ===
# of expected passes 2533
# of expected failures 24
# of unsupported tests 20
Running target unix/-m64
=== gnat Summary for unix/-m64 ===
# of expected passes 2533
# of expected failures 24
# of unsupported tests 20
=== gnat Summary ===
# of expected passes 5066
# of expected failures 48
# of unsupported tests 40
/home/segher/build/tot-master/gcc/gnatmake version 7.0.1 20170216 (experimental)
=== go tests ===
Running target unix/-m32
FAIL: go.test/test/ken/cplx2.go execution, -O2 -g
=== go Summary for unix/-m32 ===
# of expected passes 7361
# of unexpected failures 1
# of expected failures 1
# of untested testcases 11
# of unsupported tests 3
Running target unix/-m64
FAIL: go.test/test/ken/cplx2.go execution, -O2 -g
=== go Summary for unix/-m64 ===
# of expected passes 7249
# of unexpected failures 1
# of expected failures 1
# of untested testcases 7
# of unsupported tests 3
=== go Summary ===
# of expected passes 14610
# of unexpected failures 2
# of expected failures 2
# of untested testcases 18
# of unsupported tests 6
/home/segher/build/tot-master/gcc/testsuite/go/../../gccgo version 7.0.1 20170216 (experimental) (GCC)
=== obj-c++ tests ===
Running target unix/-m64
=== obj-c++ Summary for unix/-m64 ===
# of expected passes 1451
# of expected failures 10
# of unsupported tests 77
Running target unix/-m32
=== obj-c++ Summary for unix/-m32 ===
# of expected passes 1459
# of expected failures 2
# of unsupported tests 77
=== obj-c++ Summary ===
# of expected passes 2910
# of expected failures 12
# of unsupported tests 154
/home/segher/build/tot-master/gcc/testsuite/obj-c++/../../xg++ version 7.0.1 20170216 (experimental) (GCC)
=== objc tests ===
Running target unix/-m32
=== objc Summary for unix/-m32 ===
# of expected passes 2803
# of unsupported tests 68
Running target unix/-m64
=== objc Summary for unix/-m64 ===
# of expected passes 2803
# of unsupported tests 68
=== objc Summary ===
# of expected passes 5606
# of unsupported tests 136
/home/segher/build/tot-master/gcc/xgcc version 7.0.1 20170216 (experimental) (GCC)
=== libatomic tests ===
Running target unix/-m64
=== libatomic Summary for unix/-m64 ===
# of expected passes 54
Running target unix/-m32
=== libatomic Summary for unix/-m32 ===
# of expected passes 44
# of unsupported tests 5
=== libatomic Summary ===
# of expected passes 98
# of unsupported tests 5
=== libffi tests ===
Running target unix/-m64
=== libffi Summary for unix/-m64 ===
# of expected passes 1934
# of unsupported tests 28
Running target unix/-m32
=== libffi Summary for unix/-m32 ===
# of expected passes 1934
# of unsupported tests 28
=== libffi Summary ===
# of expected passes 3868
# of unsupported tests 56
=== libgo tests ===
Running target unix
=== libgo Summary for unix ===
# of expected passes 145
Running target unix/-m32
FAIL: runtime
FAIL: net/http
FAIL: runtime/internal/atomic
FAIL: sync/atomic
=== libgo Summary for unix/-m32 ===
# of expected passes 141
# of unexpected failures 4
=== libgo Summary ===
# of expected passes 286
# of unexpected failures 4
/home/segher/build/tot-master/./gcc/gccgo version 7.0.1 20170216 (experimental) (GCC)
=== libitm tests ===
Running target unix/-m64
=== libitm Summary for unix/-m64 ===
# of expected passes 42
# of expected failures 3
# of unsupported tests 1
Running target unix/-m32
=== libitm Summary for unix/-m32 ===
# of expected passes 42
# of expected failures 3
# of unsupported tests 1
=== libitm Summary ===
# of expected passes 84
# of expected failures 6
# of unsupported tests 2
=== libstdc++ tests ===
Running target unix/-m32
=== libstdc++ Summary for unix/-m32 ===
# of expected passes 11856
# of expected failures 66
# of unsupported tests 256
Running target unix/-m64
XPASS: 26_numerics/complex/13450.cc execution test
XPASS: 26_numerics/complex/pow.cc execution test
XPASS: 26_numerics/complex/value_operations/1.cc execution test
=== libstdc++ Summary for unix/-m64 ===
# of expected passes 11854
# of unexpected successes 3
# of expected failures 66
# of unsupported tests 255
=== libstdc++ Summary ===
# of expected passes 23710
# of unexpected successes 3
# of expected failures 132
# of unsupported tests 511
Compiler version: 7.0.1 20170216 (experimental) (GCC)
Platform: powerpc64-unknown-linux-gnu
configure flags: --prefix=/home/segher/tot --enable-languages=all,ada,go,obj-c++ --disable-libgomp
More information about the Gcc-testresults
mailing list