Results for 6.3.1 20170210 [gcc-6-branch revision 245319] (GCC) testsuite on i386-pc-solaris2.12
Rainer Orth
ro@CeBiTec.Uni-Bielefeld.DE
Fri Feb 10 19:27:00 GMT 2017
LAST_UPDATED: Fri Feb 10 10:05:03 UTC 2017 (revision 245319)
=== acats tests ===
=== acats Summary ===
# of expected passes 2320
# of unexpected failures 0
Native configuration is i386-pc-solaris2.12
=== g++ tests ===
Running target unix
=== g++ Summary for unix ===
# of expected passes 97374
# of expected failures 323
# of unsupported tests 3496
Running target unix/-m64
UNRESOLVED: g++.dg/lto/pr60150 cp_lto_pr60150_0.o-cp_lto_pr60150_1.o execute -O2 -flto -flto-partition=1to1
UNRESOLVED: g++.dg/lto/pr60150 cp_lto_pr60150_0.o-cp_lto_pr60150_1.o link -O2 -flto -flto-partition=1to1
FAIL: g++.dg/lto/pr60150 cp_lto_pr60150_1.o assemble, -O2 -flto -flto-partition=1to1
WARNING: program timed out.
FAIL: g++.old-deja/g++.robertl/eb113.C -std=c++14 (test for excess errors)
FAIL: g++.old-deja/g++.robertl/eb130.C -std=gnu++11 (test for excess errors)
FAIL: g++.old-deja/g++.robertl/eb27.C -std=gnu++14 (test for errors, line 32)
FAIL: g++.old-deja/g++.robertl/eb27.C -std=gnu++14 (test for errors, line 33)
FAIL: g++.old-deja/g++.robertl/eb27.C -std=gnu++14 (test for excess errors)
FAIL: g++.old-deja/g++.robertl/eb4.C -std=c++11 (test for errors, line 42)
FAIL: g++.old-deja/g++.robertl/eb4.C -std=c++11 (test for errors, line 43)
FAIL: g++.old-deja/g++.robertl/eb4.C -std=c++11 (test for errors, line 48)
FAIL: g++.old-deja/g++.robertl/eb4.C -std=c++11 (test for warnings, line 10)
FAIL: g++.old-deja/g++.robertl/eb4.C -std=c++11 (test for warnings, line 19)
FAIL: g++.old-deja/g++.robertl/eb4.C -std=c++11 (test for excess errors)
FAIL: g++.old-deja/g++.robertl/eb4.C -std=c++11 exp (test for errors, line 33)
FAIL: g++.old-deja/g++.robertl/eb4.C -std=c++11 type (test for errors, line 33)
FAIL: g++.old-deja/g++.robertl/eb54.C -std=c++11 (test for excess errors)
WARNING: g++.old-deja/g++.robertl/eb54.C -std=c++11 compilation failed to produce executable
FAIL: g++.old-deja/g++.robertl/eb66.C -std=c++14 (test for excess errors)
WARNING: g++.old-deja/g++.robertl/eb66.C -std=c++14 compilation failed to produce executable
WARNING: program timed out.
WARNING: program timed out.
WARNING: program timed out.
WARNING: program timed out.
WARNING: program timed out.
WARNING: program timed out.
=== g++ Summary for unix/-m64 ===
# of expected passes 98696
# of unexpected failures 16
# of expected failures 323
# of unresolved testcases 2
# of unsupported tests 3748
=== g++ Summary ===
# of expected passes 196070
# of unexpected failures 16
# of expected failures 646
# of unresolved testcases 2
# of unsupported tests 7244
/var/gcc/regression/gcc-6-branch/12-gcc/build/gcc/testsuite/g++/../../xg++ version 6.3.1 20170210 [gcc-6-branch revision 245319] (GCC)
=== gcc tests ===
Running target unix
FAIL: gcc.c-torture/execute/builtins/memcpy-chk.c compilation, -O2 -flto -flto-partition=none
UNRESOLVED: gcc.c-torture/execute/builtins/memcpy-chk.c execution, -O2 -flto -flto-partition=none
FAIL: gcc.c-torture/execute/builtins/memmove-chk.c compilation, -O2 -flto -flto-partition=none
UNRESOLVED: gcc.c-torture/execute/builtins/memmove-chk.c execution, -O2 -flto -flto-partition=none
FAIL: gcc.c-torture/execute/builtins/mempcpy-chk.c compilation, -O2 -flto -flto-partition=none
UNRESOLVED: gcc.c-torture/execute/builtins/mempcpy-chk.c execution, -O2 -flto -flto-partition=none
FAIL: gcc.dg/attr-weakref-1.c (test for excess errors)
WARNING: gcc.dg/attr-weakref-1.c compilation failed to produce executable
FAIL: gcc.dg/vect/vect-105-big-array.c (test for excess errors)
FAIL: gcc.dg/vect/vect-105-big-array.c -flto -ffat-lto-objects (test for excess errors)
WARNING: gcc.dg/vect/vect-105-big-array.c -flto -ffat-lto-objects compilation failed to produce executable
WARNING: gcc.dg/vect/vect-105-big-array.c compilation failed to produce executable
=== gcc Summary for unix ===
# of expected passes 108152
# of unexpected failures 6
# of expected failures 324
# of unresolved testcases 3
# of unsupported tests 1616
Running target unix/-m64
FAIL: gcc.dg/attr-weakref-1.c (test for excess errors)
WARNING: gcc.dg/attr-weakref-1.c compilation failed to produce executable
FAIL: gcc.target/i386/pr58218.c (test for excess errors)
FAIL: gcc.target/i386/pr61599-1.c (test for excess errors)
WARNING: gcc.target/i386/pr61599-1.c compilation failed to produce executable
=== gcc Summary for unix/-m64 ===
# of expected passes 109253
# of unexpected failures 3
# of expected failures 320
# of unsupported tests 1715
=== gcc Summary ===
# of expected passes 217405
# of unexpected failures 9
# of expected failures 644
# of unresolved testcases 3
# of unsupported tests 3331
/var/gcc/regression/gcc-6-branch/12-gcc/build/gcc/xgcc version 6.3.1 20170210 [gcc-6-branch revision 245319] (GCC)
=== gfortran tests ===
Running target unix
=== gfortran Summary for unix ===
# of expected passes 42678
# of expected failures 77
# of unsupported tests 175
Running target unix/-m64
=== gfortran Summary for unix/-m64 ===
# of expected passes 42895
# of expected failures 77
# of unsupported tests 72
=== gfortran Summary ===
# of expected passes 85573
# of expected failures 154
# of unsupported tests 247
/var/gcc/regression/gcc-6-branch/12-gcc/build/gcc/testsuite/gfortran/../../gfortran version 6.3.1 20170210 [gcc-6-branch revision 245319] (GCC)
=== gnat tests ===
Running target unix
=== gnat Summary for unix ===
# of expected passes 2527
# of expected failures 22
# of unsupported tests 5
Running target unix/-m64
=== gnat Summary for unix/-m64 ===
# of expected passes 2527
# of expected failures 22
# of unsupported tests 5
=== gnat Summary ===
# of expected passes 5054
# of expected failures 44
# of unsupported tests 10
/var/gcc/regression/gcc-6-branch/12-gcc/build/gcc/gnatmake version 6.3.1 20170210 [gcc-6-branch revision 245319]
=== go tests ===
Running target unix
=== go Summary for unix ===
# of expected passes 7366
# of expected failures 1
# of untested testcases 10
# of unsupported tests 2
Running target unix/-m64
=== go Summary for unix/-m64 ===
# of expected passes 7247
# of expected failures 1
# of untested testcases 10
# of unsupported tests 1
=== go Summary ===
# of expected passes 14613
# of expected failures 2
# of untested testcases 20
# of unsupported tests 3
=== obj-c++ tests ===
Running target unix
=== obj-c++ Summary for unix ===
# of expected passes 1454
# of expected failures 2
# of unsupported tests 77
Running target unix/-m64
=== obj-c++ Summary for unix/-m64 ===
# of expected passes 1446
# of expected failures 10
# of unsupported tests 77
=== obj-c++ Summary ===
# of expected passes 2900
# of expected failures 12
# of unsupported tests 154
/var/gcc/regression/gcc-6-branch/12-gcc/build/gcc/testsuite/obj-c++/../../xg++ version 6.3.1 20170210 [gcc-6-branch revision 245319] (GCC)
=== objc tests ===
Running target unix
=== objc Summary for unix ===
# of expected passes 2783
# of expected failures 6
# of unsupported tests 68
Running target unix/-m64
=== objc Summary for unix/-m64 ===
# of expected passes 2783
# of expected failures 6
# of unsupported tests 68
=== objc Summary ===
# of expected passes 5566
# of expected failures 12
# of unsupported tests 136
/var/gcc/regression/gcc-6-branch/12-gcc/build/gcc/xgcc version 6.3.1 20170210 [gcc-6-branch revision 245319] (GCC)
=== boehm-gc tests ===
Running target unix
=== boehm-gc Summary for unix ===
# of expected passes 12
# of unsupported tests 1
Running target unix/-m64
=== boehm-gc Summary for unix/-m64 ===
# of expected passes 12
# of unsupported tests 1
=== boehm-gc Summary ===
# of expected passes 24
# of unsupported tests 2
=== libatomic tests ===
Running target unix
=== libatomic Summary for unix ===
# of expected passes 44
# of unsupported tests 5
Running target unix/-m64
=== libatomic Summary for unix/-m64 ===
# of expected passes 54
=== libatomic Summary ===
# of expected passes 98
# of unsupported tests 5
=== libffi tests ===
Running target unix
=== libffi Summary for unix ===
# of expected passes 2799
Running target unix/-m64
=== libffi Summary for unix/-m64 ===
# of expected passes 2214
=== libffi Summary ===
# of expected passes 5013
=== libgo tests ===
Running target unix
FAIL: go/build
=== libgo Summary for unix ===
# of expected passes 133
# of unexpected failures 1
Running target unix/-m64
FAIL: go/build
=== libgo Summary for unix/-m64 ===
# of expected passes 133
# of unexpected failures 1
=== libgo Summary ===
# of expected passes 266
# of unexpected failures 2
/var/gcc/regression/gcc-6-branch/12-gcc/build/./gcc/gccgo version 6.3.1 20170210 [gcc-6-branch revision 245319] (GCC)
=== libgomp tests ===
Running target unix
=== libgomp Summary for unix ===
# of expected passes 5148
# of unsupported tests 274
Running target unix/-m64
=== libgomp Summary for unix/-m64 ===
# of expected passes 5148
# of unsupported tests 274
=== libgomp Summary ===
# of expected passes 10296
# of unsupported tests 548
=== libitm tests ===
Running target unix
=== libitm Summary for unix ===
# of expected passes 42
# of expected failures 3
# of unsupported tests 1
Running target unix/-m64
=== libitm Summary for unix/-m64 ===
# of expected passes 42
# of expected failures 3
# of unsupported tests 1
=== libitm Summary ===
# of expected passes 84
# of expected failures 6
# of unsupported tests 2
=== libjava tests ===
Running target unix
=== libjava Summary for unix ===
# of expected passes 2582
# of expected failures 4
Running target unix/-m64
=== libjava Summary for unix/-m64 ===
# of expected passes 2582
# of expected failures 4
=== libjava Summary ===
# of expected passes 5164
# of expected failures 8
=== libstdc++ tests ===
Running target unix
=== libstdc++ Summary for unix ===
# of expected passes 10176
# of expected failures 67
# of unsupported tests 609
Running target unix/-m64
=== libstdc++ Summary for unix/-m64 ===
# of expected passes 10176
# of expected failures 67
# of unsupported tests 609
=== libstdc++ Summary ===
# of expected passes 20352
# of expected failures 134
# of unsupported tests 1218
Compiler version: 6.3.1 20170210 [gcc-6-branch revision 245319] (GCC)
Platform: i386-pc-solaris2.12
configure flags: --prefix=/vol/gcc --target=i386-pc-solaris2.12 --enable-objc-gc --with-as=/usr/ccs/bin/as --without-gnu-as --with-gmp-include=/vol/gcc/include --with-gmp-lib=/vol/gcc/lib --with-mpfr-include=/vol/gcc/include --with-mpfr-lib=/vol/gcc/lib --with-mpc-include=/vol/gcc/include --with-mpc-lib=/vol/gcc/lib --enable-languages=all,ada,obj-c++,go --with-isl-include=/vol/gcc/include --with-isl-lib=/vol/gcc/lib --build=i386-pc-solaris2.12 --host=i386-pc-solaris2.12
BOOT_CFLAGS=-g -O2
More information about the Gcc-testresults
mailing list