Results for 7.0.1 20170206 (experimental) [master revision 88fe7f7:20bc4a3:715a2a1555baf4045c0f2c6f858fa66643a577c3] (Cavium Inc. (Build 1079)) testsuite on aarch64-unknown-linux-gnu
Jenkins
jenkins@cavium.com
Mon Feb 6 05:28:00 GMT 2017
LAST_UPDATED: Mon Feb 6 03:24:57 UTC 2017 (revision 88fe7f7:20bc4a3:715a2a1555baf4045c0f2c6f858fa66643a577c3)
Native configuration is aarch64-unknown-linux-gnu
=== libatomic tests ===
Running target unix
=== libatomic Summary ===
# of expected passes 54
=== libffi tests ===
Running target unix
=== libffi Summary ===
# of expected passes 2214
=== libgo tests ===
Running target unix
=== libgo Summary ===
# of expected passes 145
/home/jenkins/workspace/BuildThunderX_native_gcc_upstream/objdir/./gcc/gccgo version 7.0.1 20170206 (experimental) [master revision 88fe7f7:20bc4a3:715a2a1555baf4045c0f2c6f858fa66643a577c3] (Cavium Inc. (Build 1079))
=== libgomp tests ===
Running target unix
=== libgomp Summary ===
# of expected passes 5004
# of unsupported tests 380
=== libitm tests ===
Running target unix
=== libitm Summary ===
# of expected passes 42
# of expected failures 3
# of unsupported tests 1
=== libstdc++ tests ===
Running target unix
FAIL: 27_io/manipulators/extended/get_money/char/1.cc execution test
=== libstdc++ Summary ===
# of expected passes 11266
# of unexpected failures 1
# of expected failures 66
# of unsupported tests 556
=== gcc tests ===
Running target unix
XPASS: gcc.dg/attr-alloc_size-11.c missing range info for short (test for warnings, line 50)
XPASS: gcc.dg/attr-alloc_size-11.c missing range info for signed char (test for warnings, line 49)
FAIL: c-c++-common/ubsan/float-cast-overflow-1.c -O1 output pattern test
FAIL: c-c++-common/ubsan/float-cast-overflow-1.c -O2 -flto -fno-use-linker-plugin -flto-partition=none output pattern test
FAIL: c-c++-common/ubsan/overflow-mul-4.c -O1 output pattern test
FAIL: c-c++-common/ubsan/overflow-mul-4.c -O2 output pattern test
FAIL: c-c++-common/ubsan/overflow-mul-4.c -Os output pattern test
FAIL: gcc.target/aarch64/test_frame_1.c scan-assembler-times ldr\\tx30, \\\\[sp\\\\], [0-9]+ 2
FAIL: gcc.target/aarch64/test_frame_2.c scan-assembler-times ldp\\tx19, x30, \\\\[sp\\\\], [0-9]+ 1
FAIL: gcc.target/aarch64/test_frame_4.c scan-assembler-times ldp\\tx19, x30, \\\\[sp\\\\], [0-9]+ 1
FAIL: gcc.target/aarch64/test_frame_6.c scan-assembler-times ldr\\tx30, \\\\[sp\\\\] 2
FAIL: gcc.target/aarch64/test_frame_7.c scan-assembler-times ldp\\tx19, x30, \\\\[sp\\\\] 1
FAIL: gcc.target/aarch64/vect-abs-compile.c scan-assembler abs\\\\tv[0-9]+.16b
FAIL: gcc.target/aarch64/vect-abs-compile.c scan-assembler abs\\\\tv[0-9]+.8h
=== gcc Summary ===
# of expected passes 111237
# of unexpected failures 12
# of unexpected successes 2
# of expected failures 317
# of unsupported tests 3128
/home/jenkins/workspace/BuildThunderX_native_gcc_upstream/objdir/gcc/xgcc version 7.0.1 20170206 (experimental) [master revision 88fe7f7:20bc4a3:715a2a1555baf4045c0f2c6f858fa66643a577c3] (Cavium Inc. (Build 1079))
=== gfortran tests ===
Running target unix
=== gfortran Summary ===
# of expected passes 43888
# of expected failures 85
# of unsupported tests 68
/home/jenkins/workspace/BuildThunderX_native_gcc_upstream/objdir/gcc/testsuite/gfortran/../../gfortran version 7.0.1 20170206 (experimental) [master revision 88fe7f7:20bc4a3:715a2a1555baf4045c0f2c6f858fa66643a577c3] (Cavium Inc. (Build 1079))
=== g++ tests ===
Running target unix
XPASS: g++.dg/tls/thread_local-order2.C -std=c++11 execution test
XPASS: g++.dg/tls/thread_local-order2.C -std=c++14 execution test
FAIL: c-c++-common/ubsan/overflow-mul-4.c -O0 output pattern test
FAIL: c-c++-common/ubsan/overflow-mul-4.c -O1 output pattern test
FAIL: c-c++-common/ubsan/overflow-mul-4.c -O2 output pattern test
FAIL: c-c++-common/ubsan/overflow-mul-4.c -O2 -flto -fuse-linker-plugin -fno-fat-lto-objects output pattern test
FAIL: c-c++-common/ubsan/overflow-mul-4.c -O3 -fomit-frame-pointer -funroll-loops -fpeel-loops -ftracer -finline-functions output pattern test
=== g++ Summary ===
# of expected passes 107202
# of unexpected failures 5
# of unexpected successes 2
# of expected failures 377
# of unsupported tests 4546
/home/jenkins/workspace/BuildThunderX_native_gcc_upstream/objdir/gcc/testsuite/g++/../../xg++ version 7.0.1 20170206 (experimental) [master revision 88fe7f7:20bc4a3:715a2a1555baf4045c0f2c6f858fa66643a577c3] (Cavium Inc. (Build 1079))
=== go tests ===
Running target unix
FAIL: go.test/test/cmplxdivide.go
FAIL: go.test/test/ken/cplx2.go execution, -O2 -g
WARNING: program timed out.
=== go Summary ===
# of expected passes 7242
# of unexpected failures 2
# of expected failures 1
# of untested testcases 10
# of unsupported tests 3
/home/jenkins/workspace/BuildThunderX_native_gcc_upstream/objdir/gcc/testsuite/go/../../gccgo version 7.0.1 20170206 (experimental) [master revision 88fe7f7:20bc4a3:715a2a1555baf4045c0f2c6f858fa66643a577c3] (Cavium Inc. (Build 1079))
Compiler version: 7.0.1 20170206 (experimental) [master revision 88fe7f7:20bc4a3:715a2a1555baf4045c0f2c6f858fa66643a577c3] (Cavium Inc. (Build 1079))
Platform: aarch64-unknown-linux-gnu
configure flags: --prefix=/home/jenkins/workspace/BuildThunderX_native_gcc_upstream/objdir/../tools --enable-languages=c,c++,fortran,go --disable-werror --with-sysroot=/ --enable-plugins --enable-gnu-indirect-function --with-pkgversion='Cavium Inc. (Build 1079)'
More information about the Gcc-testresults
mailing list